--
-- Host: localhost    Database: dolibarrmt
-- ------------------------------------------------------


--
-- Table structure for table `llx_accounting_account`
--

CREATE TABLE `llx_accounting_account` (
  `rowid` int(11) NOT NULL AUTO_INCREMENT,
  `entity` int(11) NOT NULL DEFAULT '1',
  `datec` datetime DEFAULT NULL,
  `tms` timestamp NOT NULL DEFAULT CURRENT_TIMESTAMP ON UPDATE CURRENT_TIMESTAMP,
  `fk_pcg_version` varchar(32) COLLATE utf8_unicode_ci NOT NULL,
  `pcg_type` varchar(20) COLLATE utf8_unicode_ci NOT NULL,
  `pcg_subtype` varchar(20) COLLATE utf8_unicode_ci NOT NULL,
  `account_number` varchar(32) COLLATE utf8_unicode_ci NOT NULL,
  `account_parent` int(11) DEFAULT '0',
  `label` varchar(255) COLLATE utf8_unicode_ci NOT NULL,
  `fk_accounting_category` int(11) DEFAULT '0',
  `fk_user_author` int(11) DEFAULT NULL,
  `fk_user_modif` int(11) DEFAULT NULL,
  `active` tinyint(4) NOT NULL DEFAULT '1',
  `import_key` varchar(14) COLLATE utf8_unicode_ci DEFAULT NULL,
  `extraparams` varchar(255) COLLATE utf8_unicode_ci DEFAULT NULL,
  PRIMARY KEY (`rowid`),
  UNIQUE KEY `uk_accounting_account` (`account_number`,`entity`,`fk_pcg_version`),
  KEY `idx_accounting_account_fk_pcg_version` (`fk_pcg_version`),
  KEY `idx_accounting_account_account_parent` (`account_parent`),
  CONSTRAINT `fk_accounting_account_fk_pcg_version` FOREIGN KEY (`fk_pcg_version`) REFERENCES `llx_accounting_system` (`pcg_version`)
) ENGINE=InnoDB DEFAULT CHARSET=utf8 COLLATE=utf8_unicode_ci;

--
-- Dumping data for table `llx_accounting_account`
--


--
-- Table structure for table `llx_accounting_bookkeeping`
--

CREATE TABLE `llx_accounting_bookkeeping` (
  `rowid` int(11) NOT NULL AUTO_INCREMENT,
  `entity` int(11) NOT NULL DEFAULT '1',
  `doc_date` date NOT NULL,
  `doc_type` varchar(30) COLLATE utf8_unicode_ci NOT NULL,
  `doc_ref` varchar(300) COLLATE utf8_unicode_ci NOT NULL,
  `fk_doc` int(11) NOT NULL,
  `fk_docdet` int(11) NOT NULL,
  `thirdparty_code` varchar(32) COLLATE utf8_unicode_ci DEFAULT NULL,
  `subledger_account` varchar(32) COLLATE utf8_unicode_ci DEFAULT NULL,
  `subledger_label` varchar(255) COLLATE utf8_unicode_ci DEFAULT NULL,
  `numero_compte` varchar(32) COLLATE utf8_unicode_ci NOT NULL,
  `label_compte` varchar(255) COLLATE utf8_unicode_ci NOT NULL,
  `label_operation` varchar(255) COLLATE utf8_unicode_ci DEFAULT NULL,
  `debit` double(24,8) NOT NULL,
  `credit` double(24,8) NOT NULL,
  `montant` double(24,8) NOT NULL,
  `sens` varchar(1) COLLATE utf8_unicode_ci DEFAULT NULL,
  `multicurrency_amount` double(24,8) DEFAULT NULL,
  `multicurrency_code` varchar(255) COLLATE utf8_unicode_ci DEFAULT NULL,
  `lettering_code` varchar(255) COLLATE utf8_unicode_ci DEFAULT NULL,
  `date_lettering` datetime DEFAULT NULL,
  `date_lim_reglement` datetime DEFAULT NULL,
  `fk_user_author` int(11) NOT NULL,
  `fk_user_modif` int(11) DEFAULT NULL,
  `date_creation` datetime DEFAULT NULL,
  `tms` timestamp NOT NULL DEFAULT CURRENT_TIMESTAMP ON UPDATE CURRENT_TIMESTAMP,
  `fk_user` int(11) DEFAULT NULL,
  `code_journal` varchar(32) COLLATE utf8_unicode_ci NOT NULL,
  `journal_label` varchar(255) COLLATE utf8_unicode_ci DEFAULT NULL,
  `piece_num` int(11) NOT NULL,
  `validated` tinyint(4) NOT NULL DEFAULT '0',
  `date_validated` datetime DEFAULT NULL,
  `import_key` varchar(14) COLLATE utf8_unicode_ci DEFAULT NULL,
  `extraparams` varchar(255) COLLATE utf8_unicode_ci DEFAULT NULL,
  PRIMARY KEY (`rowid`),
  KEY `idx_accounting_bookkeeping_doc_date` (`doc_date`),
  KEY `idx_accounting_bookkeeping_fk_doc` (`fk_doc`),
  KEY `idx_accounting_bookkeeping_fk_docdet` (`fk_docdet`),
  KEY `idx_accounting_bookkeeping_numero_compte` (`numero_compte`),
  KEY `idx_accounting_bookkeeping_code_journal` (`code_journal`)
) ENGINE=InnoDB DEFAULT CHARSET=utf8 COLLATE=utf8_unicode_ci;

--
-- Dumping data for table `llx_accounting_bookkeeping`
--


--
-- Table structure for table `llx_accounting_bookkeeping_tmp`
--

CREATE TABLE `llx_accounting_bookkeeping_tmp` (
  `rowid` int(11) NOT NULL AUTO_INCREMENT,
  `entity` int(11) NOT NULL DEFAULT '1',
  `doc_date` date NOT NULL,
  `doc_type` varchar(30) COLLATE utf8_unicode_ci NOT NULL,
  `doc_ref` varchar(300) COLLATE utf8_unicode_ci NOT NULL,
  `fk_doc` int(11) NOT NULL,
  `fk_docdet` int(11) NOT NULL,
  `thirdparty_code` varchar(32) COLLATE utf8_unicode_ci DEFAULT NULL,
  `subledger_account` varchar(32) COLLATE utf8_unicode_ci DEFAULT NULL,
  `subledger_label` varchar(255) COLLATE utf8_unicode_ci DEFAULT NULL,
  `numero_compte` varchar(32) COLLATE utf8_unicode_ci DEFAULT NULL,
  `label_compte` varchar(255) COLLATE utf8_unicode_ci NOT NULL,
  `label_operation` varchar(255) COLLATE utf8_unicode_ci DEFAULT NULL,
  `debit` double(24,8) NOT NULL,
  `credit` double(24,8) NOT NULL,
  `montant` double(24,8) NOT NULL,
  `sens` varchar(1) COLLATE utf8_unicode_ci DEFAULT NULL,
  `multicurrency_amount` double(24,8) DEFAULT NULL,
  `multicurrency_code` varchar(255) COLLATE utf8_unicode_ci DEFAULT NULL,
  `lettering_code` varchar(255) COLLATE utf8_unicode_ci DEFAULT NULL,
  `date_lettering` datetime DEFAULT NULL,
  `date_lim_reglement` datetime DEFAULT NULL,
  `fk_user_author` int(11) NOT NULL,
  `fk_user_modif` int(11) DEFAULT NULL,
  `date_creation` datetime DEFAULT NULL,
  `tms` timestamp NOT NULL DEFAULT CURRENT_TIMESTAMP ON UPDATE CURRENT_TIMESTAMP,
  `fk_user` int(11) DEFAULT NULL,
  `code_journal` varchar(32) COLLATE utf8_unicode_ci NOT NULL,
  `journal_label` varchar(255) COLLATE utf8_unicode_ci DEFAULT NULL,
  `piece_num` int(11) NOT NULL,
  `validated` tinyint(4) NOT NULL DEFAULT '0',
  `date_validated` datetime DEFAULT NULL,
  `import_key` varchar(14) COLLATE utf8_unicode_ci DEFAULT NULL,
  `extraparams` varchar(255) COLLATE utf8_unicode_ci DEFAULT NULL,
  PRIMARY KEY (`rowid`),
  KEY `idx_accounting_bookkeeping_tmp_doc_date` (`doc_date`),
  KEY `idx_accounting_bookkeeping_tmp_fk_docdet` (`fk_docdet`),
  KEY `idx_accounting_bookkeeping_tmp_numero_compte` (`numero_compte`),
  KEY `idx_accounting_bookkeeping_tmp_code_journal` (`code_journal`)
) ENGINE=InnoDB DEFAULT CHARSET=utf8 COLLATE=utf8_unicode_ci;

--
-- Dumping data for table `llx_accounting_bookkeeping_tmp`
--


--
-- Table structure for table `llx_accounting_fiscalyear`
--

CREATE TABLE `llx_accounting_fiscalyear` (
  `rowid` int(11) NOT NULL AUTO_INCREMENT,
  `label` varchar(128) COLLATE utf8_unicode_ci NOT NULL,
  `date_start` date DEFAULT NULL,
  `date_end` date DEFAULT NULL,
  `statut` tinyint(4) NOT NULL DEFAULT '0',
  `entity` int(11) NOT NULL DEFAULT '1',
  `datec` datetime NOT NULL,
  `tms` timestamp NOT NULL DEFAULT CURRENT_TIMESTAMP ON UPDATE CURRENT_TIMESTAMP,
  `fk_user_author` int(11) DEFAULT NULL,
  `fk_user_modif` int(11) DEFAULT NULL,
  PRIMARY KEY (`rowid`)
) ENGINE=InnoDB DEFAULT CHARSET=utf8 COLLATE=utf8_unicode_ci;

--
-- Dumping data for table `llx_accounting_fiscalyear`
--


--
-- Table structure for table `llx_accounting_journal`
--

CREATE TABLE `llx_accounting_journal` (
  `rowid` int(11) NOT NULL AUTO_INCREMENT,
  `entity` int(11) NOT NULL DEFAULT '1',
  `code` varchar(32) COLLATE utf8_unicode_ci NOT NULL,
  `label` varchar(128) COLLATE utf8_unicode_ci NOT NULL,
  `nature` smallint(6) NOT NULL DEFAULT '1',
  `active` smallint(6) DEFAULT '0',
  PRIMARY KEY (`rowid`),
  UNIQUE KEY `uk_accounting_journal_code` (`code`,`entity`)
) ENGINE=InnoDB AUTO_INCREMENT=8 DEFAULT CHARSET=utf8 COLLATE=utf8_unicode_ci;

--
-- Dumping data for table `llx_accounting_journal`
--

INSERT INTO `llx_accounting_journal` (`rowid`, `entity`, `code`, `label`, `nature`, `active`) VALUES (1,1,'VT','ACCOUNTING_SELL_JOURNAL',2,1),(2,1,'AC','ACCOUNTING_PURCHASE_JOURNAL',3,1),(3,1,'BQ','FinanceJournal',4,1),(4,1,'OD','ACCOUNTING_MISCELLANEOUS_JOURNAL',1,1),(5,1,'AN','ACCOUNTING_HAS_NEW_JOURNAL',9,1),(6,1,'ER','ExpenseReportsJournal',5,1),(7,1,'INV','InventoryJournal',8,1);

--
-- Table structure for table `llx_accounting_system`
--

CREATE TABLE `llx_accounting_system` (
  `rowid` int(11) NOT NULL AUTO_INCREMENT,
  `fk_country` int(11) DEFAULT NULL,
  `pcg_version` varchar(32) COLLATE utf8_unicode_ci NOT NULL,
  `label` varchar(128) COLLATE utf8_unicode_ci NOT NULL,
  `active` smallint(6) DEFAULT '0',
  PRIMARY KEY (`rowid`),
  UNIQUE KEY `uk_accounting_system_pcg_version` (`pcg_version`)
) ENGINE=InnoDB AUTO_INCREMENT=31 DEFAULT CHARSET=utf8 COLLATE=utf8_unicode_ci;

--
-- Dumping data for table `llx_accounting_system`
--

INSERT INTO `llx_accounting_system` (`rowid`, `fk_country`, `pcg_version`, `label`, `active`) VALUES (1,1,'PCG99-ABREGE','The simple accountancy french plan',1),(2,1,'PCG99-BASE','The base accountancy french plan',1),(3,1,'PCG14-DEV','The developed accountancy french plan 2014',1),(4,2,'PCMN-BASE','The base accountancy belgium plan',1),(5,4,'PCG08-PYME','The PYME accountancy spanish plan',1),(6,5,'SKR03','Standardkontenrahmen SKR 03',1),(7,5,'SKR04','Standardkontenrahmen SKR 04',1),(8,6,'PCG_SUISSE','Switzerland plan',1),(9,7,'ENG-BASE','England plan',1),(10,10,'PCT','The Tunisia plan',1),(11,67,'PC-MIPYME','The PYME accountancy Chile plan',1),(12,80,'DK-STD','Standardkontoplan fra SKAT',1),(13,140,'PCN-LUXEMBURG','Plan comptable normalisé Luxembourgeois',1),(14,12,'PCG','The Moroccan chart of accounts',1),(15,49,'SYSCOHADA-BJ','Plan comptable Ouest-Africain',1),(16,60,'SYSCOHADA-BF','Plan comptable Ouest-Africain',1),(17,24,'SYSCOHADA-CM','Plan comptable Ouest-Africain',1),(18,65,'SYSCOHADA-CF','Plan comptable Ouest-Africain',1),(19,71,'SYSCOHADA-KM','Plan comptable Ouest-Africain',1),(20,72,'SYSCOHADA-CG','Plan comptable Ouest-Africain',1),(21,21,'SYSCOHADA-CI','Plan comptable Ouest-Africain',1),(22,16,'SYSCOHADA-GA','Plan comptable Ouest-Africain',1),(23,87,'SYSCOHADA-GQ','Plan comptable Ouest-Africain',1),(24,147,'SYSCOHADA-ML','Plan comptable Ouest-Africain',1),(25,168,'SYSCOHADA-NE','Plan comptable Ouest-Africain',1),(26,73,'SYSCOHADA-CD','Plan comptable Ouest-Africain',1),(27,22,'SYSCOHADA-SN','Plan comptable Ouest-Africain',1),(28,66,'SYSCOHADA-TD','Plan comptable Ouest-Africain',1),(29,15,'SYSCOHADA-TG','Plan comptable Ouest-Africain',1),(30,188,'RO-BASE','Plan de conturi romanesc',1);

--
-- Table structure for table `llx_actioncomm`
--

CREATE TABLE `llx_actioncomm` (
  `id` int(11) NOT NULL AUTO_INCREMENT,
  `ref_ext` varchar(255) COLLATE utf8_unicode_ci DEFAULT NULL,
  `entity` int(11) NOT NULL DEFAULT '1',
  `datep` datetime DEFAULT NULL,
  `datep2` datetime DEFAULT NULL,
  `fk_action` int(11) DEFAULT NULL,
  `code` varchar(32) COLLATE utf8_unicode_ci DEFAULT NULL,
  `datec` datetime DEFAULT NULL,
  `tms` timestamp NOT NULL DEFAULT CURRENT_TIMESTAMP ON UPDATE CURRENT_TIMESTAMP,
  `fk_user_author` int(11) DEFAULT NULL,
  `fk_user_mod` int(11) DEFAULT NULL,
  `fk_project` int(11) DEFAULT NULL,
  `fk_soc` int(11) DEFAULT NULL,
  `fk_contact` int(11) DEFAULT NULL,
  `fk_parent` int(11) NOT NULL DEFAULT '0',
  `fk_user_action` int(11) DEFAULT NULL,
  `fk_user_done` int(11) DEFAULT NULL,
  `transparency` int(11) DEFAULT NULL,
  `priority` smallint(6) DEFAULT NULL,
  `fulldayevent` smallint(6) NOT NULL DEFAULT '0',
  `punctual` smallint(6) NOT NULL DEFAULT '1',
  `percent` smallint(6) NOT NULL DEFAULT '0',
  `location` varchar(128) COLLATE utf8_unicode_ci DEFAULT NULL,
  `durationp` double DEFAULT NULL,
  `label` varchar(255) COLLATE utf8_unicode_ci NOT NULL,
  `note` text COLLATE utf8_unicode_ci,
  `email_subject` varchar(255) COLLATE utf8_unicode_ci DEFAULT NULL,
  `email_msgid` varchar(255) COLLATE utf8_unicode_ci DEFAULT NULL,
  `email_from` varchar(255) COLLATE utf8_unicode_ci DEFAULT NULL,
  `email_sender` varchar(255) COLLATE utf8_unicode_ci DEFAULT NULL,
  `email_to` varchar(255) COLLATE utf8_unicode_ci DEFAULT NULL,
  `email_tocc` varchar(255) COLLATE utf8_unicode_ci DEFAULT NULL,
  `email_tobcc` varchar(255) COLLATE utf8_unicode_ci DEFAULT NULL,
  `errors_to` varchar(255) COLLATE utf8_unicode_ci DEFAULT NULL,
  `recurid` varchar(128) COLLATE utf8_unicode_ci DEFAULT NULL,
  `recurrule` varchar(128) COLLATE utf8_unicode_ci DEFAULT NULL,
  `recurdateend` datetime DEFAULT NULL,
  `fk_element` int(11) DEFAULT NULL,
  `elementtype` varchar(255) COLLATE utf8_unicode_ci DEFAULT NULL,
  `import_key` varchar(14) COLLATE utf8_unicode_ci DEFAULT NULL,
  `extraparams` varchar(255) COLLATE utf8_unicode_ci DEFAULT NULL,
  PRIMARY KEY (`id`),
  KEY `idx_actioncomm_fk_soc` (`fk_soc`),
  KEY `idx_actioncomm_fk_contact` (`fk_contact`),
  KEY `idx_actioncomm_code` (`code`),
  KEY `idx_actioncomm_fk_element` (`fk_element`),
  KEY `idx_actioncomm_fk_user_action` (`fk_user_action`),
  KEY `idx_actioncomm_fk_project` (`fk_project`),
  KEY `idx_actioncomm_datep` (`datep`),
  KEY `idx_actioncomm_datep2` (`datep2`),
  KEY `idx_actioncomm_recurid` (`recurid`),
  KEY `idx_actioncomm_ref_ext` (`ref_ext`)
) ENGINE=InnoDB AUTO_INCREMENT=322 DEFAULT CHARSET=utf8 COLLATE=utf8_unicode_ci;

--
-- Dumping data for table `llx_actioncomm`
--

INSERT INTO `llx_actioncomm` (`id`, `ref_ext`, `entity`, `datep`, `datep2`, `fk_action`, `code`, `datec`, `tms`, `fk_user_author`, `fk_user_mod`, `fk_project`, `fk_soc`, `fk_contact`, `fk_parent`, `fk_user_action`, `fk_user_done`, `transparency`, `priority`, `fulldayevent`, `punctual`, `percent`, `location`, `durationp`, `label`, `note`, `email_subject`, `email_msgid`, `email_from`, `email_sender`, `email_to`, `email_tocc`, `email_tobcc`, `errors_to`, `recurid`, `recurrule`, `recurdateend`, `fk_element`, `elementtype`, `import_key`, `extraparams`) VALUES (1,NULL,1,'2019-01-21 18:22:14','2019-01-21 18:22:14',40,'AC_PROJECT_CREATE','2019-01-21 18:22:14','2019-01-21 18:22:14',2,NULL,1,7,NULL,0,2,NULL,0,0,0,1,-1,'',NULL,'Projet PJ1901-0001 créé','Projet PJ1901-0001 créé\nProjet: PJ1901-0001\nAuteur: cedric',NULL,NULL,NULL,NULL,NULL,NULL,NULL,NULL,NULL,NULL,NULL,1,'project',NULL,NULL),(2,NULL,1,'2019-01-21 18:23:37','2019-01-21 18:23:37',40,'AC_PROJECT_VALIDATE','2019-01-21 18:23:37','2019-01-21 18:23:37',2,NULL,1,7,NULL,0,2,NULL,0,0,0,1,-1,'',NULL,'Projet PJ1901-0001 validé','Projet PJ1901-0001 validé\nProjet: PJ1901-0001\nAuteur: cedric',NULL,NULL,NULL,NULL,NULL,NULL,NULL,NULL,NULL,NULL,NULL,1,'project',NULL,NULL),(3,NULL,1,'2019-01-21 18:24:46','2019-01-21 18:24:46',40,'AC_PROJECT_DELETE','2019-01-21 18:24:46','2019-01-21 18:24:46',2,NULL,1,7,NULL,0,2,NULL,0,0,0,1,-1,'',NULL,'Projet PJ1901-0001 supprimé','Projet PJ1901-0001 supprimé\nAuteur: cedric',NULL,NULL,NULL,NULL,NULL,NULL,NULL,NULL,NULL,NULL,NULL,1,'project',NULL,NULL),(4,NULL,1,'2019-01-21 18:49:38','2019-01-21 18:49:38',40,'AC_PROJECT_CREATE','2019-01-21 18:49:38','2019-01-21 18:49:38',2,NULL,2,NULL,NULL,0,2,NULL,0,0,0,1,-1,'',NULL,'Projet PJ1901-0001 créé','Projet PJ1901-0001 créé\nProjet: PJ1901-0001\nAuteur: cedric',NULL,NULL,NULL,NULL,NULL,NULL,NULL,NULL,NULL,NULL,NULL,2,'project',NULL,NULL),(5,NULL,1,'2019-01-21 18:50:59','2019-01-21 18:50:59',40,'AC_PROJECT_VALIDATE','2019-01-21 18:50:59','2019-01-21 18:50:59',2,NULL,2,NULL,NULL,0,2,NULL,0,0,0,1,-1,'',NULL,'Projet PJ1901-0001 validé','Projet PJ1901-0001 validé\nProjet: PJ1901-0001\nAuteur: cedric',NULL,NULL,NULL,NULL,NULL,NULL,NULL,NULL,NULL,NULL,NULL,2,'project',NULL,NULL),(6,NULL,1,'2019-01-21 19:00:15','2019-01-21 19:00:15',40,'AC_PROJECT_CREATE','2019-01-21 19:00:15','2019-01-21 19:00:15',2,NULL,3,10,NULL,0,2,NULL,0,0,0,1,-1,'',NULL,'Projet PJ1901-0002 créé','Projet PJ1901-0002 créé\nProjet: PJ1901-0002\nAuteur: cedric',NULL,NULL,NULL,NULL,NULL,NULL,NULL,NULL,NULL,NULL,NULL,3,'project',NULL,NULL),(7,NULL,1,'2019-01-21 19:01:01','2019-01-21 19:01:01',40,'AC_PROJECT_MODIFY','2019-01-21 19:01:01','2019-01-21 19:01:01',2,NULL,3,NULL,NULL,0,2,NULL,0,0,0,1,-1,'',NULL,'Projet PJ1901-0002 modifié','Projet PJ1901-0002 modifié\nTâche: PJ1901-0002\nAuteur: cedric',NULL,NULL,NULL,NULL,NULL,NULL,NULL,NULL,NULL,NULL,NULL,3,'project',NULL,NULL),(8,NULL,1,'2019-01-21 19:01:07','2019-01-21 19:01:07',40,'AC_PROJECT_VALIDATE','2019-01-21 19:01:07','2019-01-21 19:01:07',2,NULL,3,NULL,NULL,0,2,NULL,0,0,0,1,-1,'',NULL,'Projet PJ1901-0002 validé','Projet PJ1901-0002 validé\nProjet: PJ1901-0002\nAuteur: cedric',NULL,NULL,NULL,NULL,NULL,NULL,NULL,NULL,NULL,NULL,NULL,3,'project',NULL,NULL),(9,NULL,1,'2019-01-21 19:02:51','2019-01-21 19:02:51',40,'AC_PROJECT_CREATE','2019-01-21 19:02:51','2019-01-21 19:02:51',2,NULL,4,NULL,NULL,0,2,NULL,0,0,0,1,-1,'',NULL,'Projet PJ1901-0003 créé','Projet PJ1901-0003 créé\nProjet: PJ1901-0003\nAuteur: cedric',NULL,NULL,NULL,NULL,NULL,NULL,NULL,NULL,NULL,NULL,NULL,4,'project',NULL,NULL),(10,NULL,1,'2019-01-21 19:03:00','2019-01-21 19:03:00',40,'AC_PROJECT_VALIDATE','2019-01-21 19:03:00','2019-01-21 19:03:00',2,NULL,4,NULL,NULL,0,2,NULL,0,0,0,1,-1,'',NULL,'Projet PJ1901-0003 validé','Projet PJ1901-0003 validé\nProjet: PJ1901-0003\nAuteur: cedric',NULL,NULL,NULL,NULL,NULL,NULL,NULL,NULL,NULL,NULL,NULL,4,'project',NULL,NULL),(11,NULL,1,'2019-01-21 19:03:42','2019-01-21 19:03:42',40,'AC_PROJECT_CREATE','2019-01-21 19:03:42','2019-01-21 19:03:42',2,NULL,5,NULL,NULL,0,2,NULL,0,0,0,1,-1,'',NULL,'Projet PJ1901-0004 créé','Projet PJ1901-0004 créé\nProjet: PJ1901-0004\nAuteur: cedric',NULL,NULL,NULL,NULL,NULL,NULL,NULL,NULL,NULL,NULL,NULL,5,'project',NULL,NULL),(12,NULL,1,'2019-01-21 19:03:51','2019-01-21 19:03:51',40,'AC_PROJECT_VALIDATE','2019-01-21 19:03:51','2019-01-21 19:03:51',2,NULL,5,NULL,NULL,0,2,NULL,0,0,0,1,-1,'',NULL,'Projet PJ1901-0004 validé','Projet PJ1901-0004 validé\nProjet: PJ1901-0004\nAuteur: cedric',NULL,NULL,NULL,NULL,NULL,NULL,NULL,NULL,NULL,NULL,NULL,5,'project',NULL,NULL),(13,NULL,1,'2019-01-21 19:15:36','2019-01-21 19:15:36',40,'AC_COMPANY_CREATE','2019-01-21 19:15:36','2019-01-21 19:15:36',2,NULL,NULL,19,NULL,0,2,NULL,0,0,0,1,-1,'',NULL,'Tiers HELENE K LA BOUTIQUE créé','Tiers HELENE K LA BOUTIQUE créé\nAuteur: cedric',NULL,NULL,NULL,NULL,NULL,NULL,NULL,NULL,NULL,NULL,NULL,19,'societe',NULL,NULL),(14,NULL,1,'2019-01-21 19:25:23','2019-01-21 19:25:23',40,'AC_BILL_VALIDATE','2019-01-21 19:25:23','2019-01-21 19:25:23',2,NULL,5,19,NULL,0,2,NULL,0,0,0,1,-1,'',NULL,'Facture FA1901-0004 validée','Facture FA1901-0004 validée\nAuteur: cedric',NULL,NULL,NULL,NULL,NULL,NULL,NULL,NULL,NULL,NULL,NULL,9,'invoice',NULL,NULL),(15,NULL,1,'2019-01-22 17:22:42','2019-01-22 17:22:42',40,'AC_COMPANY_CREATE','2019-01-22 17:22:42','2019-01-22 17:22:42',2,NULL,NULL,20,NULL,0,2,NULL,0,0,0,1,-1,'',NULL,'Tiers Rama DIALLO créé','Tiers Rama DIALLO créé\nAuteur: cedric',NULL,NULL,NULL,NULL,NULL,NULL,NULL,NULL,NULL,NULL,NULL,20,'societe',NULL,NULL),(16,NULL,1,'2019-01-22 17:40:58','2019-01-22 17:40:58',40,'AC_PROPAL_VALIDATE','2019-01-22 17:40:58','2019-01-22 17:40:58',2,NULL,NULL,20,NULL,0,2,NULL,0,0,0,1,-1,'',NULL,'Proposition PR1901-0001 validée','Proposition PR1901-0001 validée\nAuteur: cedric',NULL,NULL,NULL,NULL,NULL,NULL,NULL,NULL,NULL,NULL,NULL,2,'propal',NULL,NULL),(17,NULL,1,'2019-01-22 17:42:17','2019-01-22 17:42:17',40,'AC_PROPAL_VALIDATE','2019-01-22 17:42:17','2019-01-22 17:42:17',2,NULL,NULL,20,NULL,0,2,NULL,0,0,0,1,-1,'',NULL,'Proposition PR1901-0001 validée','Proposition PR1901-0001 validée\nAuteur: cedric',NULL,NULL,NULL,NULL,NULL,NULL,NULL,NULL,NULL,NULL,NULL,2,'propal',NULL,NULL),(18,NULL,1,'2019-01-23 15:47:04','2019-01-23 15:47:04',40,'AC_COMPANY_CREATE','2019-01-23 15:47:04','2019-01-23 15:47:04',2,NULL,NULL,21,NULL,0,2,NULL,0,0,0,1,-1,'',NULL,'Tiers Ministère des Travaux Publics créé','Tiers Ministère des Travaux Publics créé\nAuteur: cedric',NULL,NULL,NULL,NULL,NULL,NULL,NULL,NULL,NULL,NULL,NULL,21,'societe',NULL,NULL),(19,NULL,1,'2019-01-26 16:35:39','2019-01-26 16:35:39',40,'AC_COMPANY_CREATE','2019-01-26 16:35:40','2019-01-26 16:35:40',2,NULL,NULL,22,NULL,0,2,NULL,0,0,0,1,-1,'',NULL,'Tiers SOCK Marcel créé','Tiers SOCK Marcel créé\nAuteur: cedric',NULL,NULL,NULL,NULL,NULL,NULL,NULL,NULL,NULL,NULL,NULL,22,'societe',NULL,NULL),(20,NULL,1,'2019-01-26 17:17:57','2019-01-26 17:17:57',40,'AC_PROPAL_VALIDATE','2019-01-26 17:17:57','2019-01-26 17:17:57',2,NULL,NULL,22,NULL,0,2,NULL,0,0,0,1,-1,'',NULL,'Proposition PR1901-0002 validée','Proposition PR1901-0002 validée\nAuteur: cedric',NULL,NULL,NULL,NULL,NULL,NULL,NULL,NULL,NULL,NULL,NULL,3,'propal',NULL,NULL),(21,NULL,1,'2019-01-26 17:27:45','2019-01-26 17:27:45',40,'AC_PROPAL_VALIDATE','2019-01-26 17:27:45','2019-01-26 17:27:45',2,NULL,NULL,22,NULL,0,2,NULL,0,0,0,1,-1,'',NULL,'Proposition PR1901-0002 validée','Proposition PR1901-0002 validée\nAuteur: cedric',NULL,NULL,NULL,NULL,NULL,NULL,NULL,NULL,NULL,NULL,NULL,3,'propal',NULL,NULL),(22,NULL,1,'2019-01-28 15:15:13','2019-01-28 15:15:13',40,'AC_BILL_UNVALIDATE','2019-01-28 15:15:13','2019-01-28 15:15:13',2,NULL,NULL,4,NULL,0,2,NULL,0,0,0,1,-1,'',NULL,'Facture FA1901-0001 repassée en brouillon','Facture FA1901-0001 repassée en brouillon\nAuteur: cedric',NULL,NULL,NULL,NULL,NULL,NULL,NULL,NULL,NULL,NULL,NULL,2,'invoice',NULL,NULL),(23,NULL,1,'2019-01-28 15:38:26','2019-01-28 15:38:26',40,'AC_BILL_VALIDATE','2019-01-28 15:38:26','2019-01-28 15:38:26',2,NULL,NULL,4,NULL,0,2,NULL,0,0,0,1,-1,'',NULL,'Facture FA1901-0001 validée','Facture FA1901-0001 validée\nAuteur: cedric',NULL,NULL,NULL,NULL,NULL,NULL,NULL,NULL,NULL,NULL,NULL,2,'invoice',NULL,NULL),(24,NULL,1,'2019-01-28 15:41:18','2019-01-28 15:41:18',40,'AC_BILL_UNVALIDATE','2019-01-28 15:41:18','2019-01-28 15:41:18',2,NULL,NULL,4,NULL,0,2,NULL,0,0,0,1,-1,'',NULL,'Facture FA1901-0001 repassée en brouillon','Facture FA1901-0001 repassée en brouillon\nAuteur: cedric',NULL,NULL,NULL,NULL,NULL,NULL,NULL,NULL,NULL,NULL,NULL,2,'invoice',NULL,NULL),(25,NULL,1,'2019-01-28 15:41:28','2019-01-28 15:41:28',40,'AC_BILL_VALIDATE','2019-01-28 15:41:28','2019-01-28 15:41:28',2,NULL,NULL,4,NULL,0,2,NULL,0,0,0,1,-1,'',NULL,'Facture FA1901-0001 validée','Facture FA1901-0001 validée\nAuteur: cedric',NULL,NULL,NULL,NULL,NULL,NULL,NULL,NULL,NULL,NULL,NULL,2,'invoice',NULL,NULL),(26,NULL,1,'2019-01-28 18:17:57','2019-01-28 18:17:57',40,'AC_PROPAL_VALIDATE','2019-01-28 18:17:57','2019-01-28 18:17:57',2,NULL,NULL,7,NULL,0,2,NULL,0,0,0,1,-1,'',NULL,'Proposition PR1901-0003 validée','Proposition PR1901-0003 validée\nAuteur: cedric',NULL,NULL,NULL,NULL,NULL,NULL,NULL,NULL,NULL,NULL,NULL,1,'propal',NULL,NULL),(27,NULL,1,'2019-01-29 08:14:53','2019-01-29 08:14:53',40,'AC_BILL_UNVALIDATE','2019-01-29 08:14:53','2019-01-29 08:14:53',2,NULL,NULL,4,NULL,0,2,NULL,0,0,0,1,-1,'',NULL,'Facture FA1901-0001 repassée en brouillon','Facture FA1901-0001 repassée en brouillon\nAuteur: cedric',NULL,NULL,NULL,NULL,NULL,NULL,NULL,NULL,NULL,NULL,NULL,2,'invoice',NULL,NULL),(28,NULL,1,'2019-01-29 08:17:19','2019-01-29 08:17:19',40,'AC_BILL_VALIDATE','2019-01-29 08:17:19','2019-01-29 08:17:19',2,NULL,NULL,4,NULL,0,2,NULL,0,0,0,1,-1,'',NULL,'Facture FA1901-0001 validée','Facture FA1901-0001 validée\nAuteur: cedric',NULL,NULL,NULL,NULL,NULL,NULL,NULL,NULL,NULL,NULL,NULL,2,'invoice',NULL,NULL),(29,NULL,1,'2019-01-29 08:18:06','2019-01-29 08:18:06',40,'AC_BILL_UNVALIDATE','2019-01-29 08:18:06','2019-01-29 08:18:06',2,NULL,NULL,4,NULL,0,2,NULL,0,0,0,1,-1,'',NULL,'Facture FA1901-0001 repassée en brouillon','Facture FA1901-0001 repassée en brouillon\nAuteur: cedric',NULL,NULL,NULL,NULL,NULL,NULL,NULL,NULL,NULL,NULL,NULL,2,'invoice',NULL,NULL),(30,NULL,1,'2019-01-29 08:20:20','2019-01-29 08:20:20',40,'AC_BILL_VALIDATE','2019-01-29 08:20:20','2019-01-29 08:20:20',2,NULL,NULL,4,NULL,0,2,NULL,0,0,0,1,-1,'',NULL,'Facture FA1901-0001 validée','Facture FA1901-0001 validée\nAuteur: cedric',NULL,NULL,NULL,NULL,NULL,NULL,NULL,NULL,NULL,NULL,NULL,2,'invoice',NULL,NULL),(31,NULL,1,'2019-01-29 09:31:15','2019-01-29 09:31:15',40,'AC_PRODUCT_CREATE','2019-01-29 09:31:15','2019-01-29 09:31:15',2,NULL,NULL,NULL,NULL,0,2,NULL,0,0,0,1,-1,'',NULL,'Produit BA13-001 créé','Produit BA13-001 créé\nAuteur: cedric',NULL,NULL,NULL,NULL,NULL,NULL,NULL,NULL,NULL,NULL,NULL,1,'product',NULL,NULL),(32,NULL,1,'2019-01-29 09:32:57','2019-01-29 09:32:57',40,'AC_PRODUCT_CREATE','2019-01-29 09:32:57','2019-01-29 09:32:57',2,NULL,NULL,NULL,NULL,0,2,NULL,0,0,0,1,-1,'',NULL,'Produit PLA-BA13-001 créé','Produit PLA-BA13-001 créé\nAuteur: cedric',NULL,NULL,NULL,NULL,NULL,NULL,NULL,NULL,NULL,NULL,NULL,2,'product',NULL,NULL),(33,NULL,1,'2019-01-29 09:34:07','2019-01-29 09:34:07',40,'AC_PRODUCT_CREATE','2019-01-29 09:34:07','2019-01-29 09:34:07',2,NULL,NULL,NULL,NULL,0,2,NULL,0,0,0,1,-1,'',NULL,'Produit RAI-300 créé','Produit RAI-300 créé\nAuteur: cedric',NULL,NULL,NULL,NULL,NULL,NULL,NULL,NULL,NULL,NULL,NULL,3,'product',NULL,NULL),(34,NULL,1,'2019-01-29 09:50:53','2019-01-29 09:50:53',40,'AC_BILL_UNVALIDATE','2019-01-29 09:50:53','2019-01-29 09:50:53',2,NULL,NULL,6,NULL,0,2,NULL,0,0,0,1,-1,'',NULL,'Facture FA1901-0003 repassée en brouillon','Facture FA1901-0003 repassée en brouillon\nAuteur: cedric',NULL,NULL,NULL,NULL,NULL,NULL,NULL,NULL,NULL,NULL,NULL,5,'invoice',NULL,NULL),(35,NULL,1,'2019-01-29 09:54:41','2019-01-29 09:54:41',40,'AC_BILL_VALIDATE','2019-01-29 09:54:41','2019-01-29 09:54:41',2,NULL,NULL,6,NULL,0,2,NULL,0,0,0,1,-1,'',NULL,'Facture AC1811-0002 validée','Facture AC1811-0002 validée\nAuteur: cedric',NULL,NULL,NULL,NULL,NULL,NULL,NULL,NULL,NULL,NULL,NULL,10,'invoice',NULL,NULL),(36,NULL,1,'2019-01-29 10:05:09','2019-01-29 10:05:09',40,'AC_PROJECT_CREATE','2019-01-29 10:05:09','2019-01-29 10:05:09',2,NULL,6,6,NULL,0,2,NULL,0,0,0,1,-1,'',NULL,'Projet PJ1901-0005 créé','Projet PJ1901-0005 créé\nProjet: PJ1901-0005\nAuteur: cedric',NULL,NULL,NULL,NULL,NULL,NULL,NULL,NULL,NULL,NULL,NULL,6,'project',NULL,NULL),(37,NULL,1,'2019-01-29 10:05:20','2019-01-29 10:05:20',40,'AC_PROJECT_VALIDATE','2019-01-29 10:05:20','2019-01-29 10:05:20',2,NULL,6,6,NULL,0,2,NULL,0,0,0,1,-1,'',NULL,'Projet PJ1901-0005 validé','Projet PJ1901-0005 validé\nProjet: PJ1901-0005\nAuteur: cedric',NULL,NULL,NULL,NULL,NULL,NULL,NULL,NULL,NULL,NULL,NULL,6,'project',NULL,NULL),(38,NULL,1,'2019-01-29 10:50:40','2019-01-29 10:50:40',40,'AC_PRODUCT_MODIFY','2019-01-29 10:50:40','2019-01-29 10:50:40',2,NULL,NULL,NULL,NULL,0,2,NULL,0,0,0,1,-1,'',NULL,'Produit PLA-BA13-STD280 modifié','Produit PLA-BA13-STD280 modifié\nAuteur: cedric',NULL,NULL,NULL,NULL,NULL,NULL,NULL,NULL,NULL,NULL,NULL,2,'product',NULL,NULL),(39,NULL,1,'2019-01-29 10:54:02','2019-01-29 10:54:02',40,'AC_COMPANY_CREATE','2019-01-29 10:54:02','2019-01-29 10:54:02',2,NULL,NULL,23,NULL,0,2,NULL,0,0,0,1,-1,'',NULL,'Tiers PLADIS créé','Tiers PLADIS créé\nAuteur: cedric',NULL,NULL,NULL,NULL,NULL,NULL,NULL,NULL,NULL,NULL,NULL,23,'societe',NULL,NULL),(40,NULL,1,'2019-01-29 10:59:05','2019-01-29 10:59:05',40,'AC_PRODUCT_MODIFY','2019-01-29 10:59:05','2019-01-29 10:59:05',2,NULL,NULL,NULL,NULL,0,2,NULL,0,0,0,1,-1,'',NULL,'Produit PLA-BA13-STD280 modifié','Produit PLA-BA13-STD280 modifié\nAuteur: cedric',NULL,NULL,NULL,NULL,NULL,NULL,NULL,NULL,NULL,NULL,NULL,2,'product',NULL,NULL),(41,NULL,1,'2019-01-29 12:18:18','2019-01-29 12:18:18',40,'AC_PRODUCT_MODIFY','2019-01-29 12:18:18','2019-01-29 12:18:18',2,NULL,NULL,NULL,NULL,0,2,NULL,0,0,0,1,-1,'',NULL,'Produit RAI-300 modifié','Produit RAI-300 modifié\nAuteur: cedric',NULL,NULL,NULL,NULL,NULL,NULL,NULL,NULL,NULL,NULL,NULL,3,'product',NULL,NULL),(42,NULL,1,'2019-01-29 12:21:23','2019-01-29 12:21:23',40,'AC_PRODUCT_CREATE','2019-01-29 12:21:23','2019-01-29 12:21:23',2,NULL,NULL,NULL,NULL,0,2,NULL,0,0,0,1,-1,'',NULL,'Produit MON-300 créé','Produit MON-300 créé\nAuteur: cedric',NULL,NULL,NULL,NULL,NULL,NULL,NULL,NULL,NULL,NULL,NULL,4,'product',NULL,NULL),(43,NULL,1,'2019-01-29 12:26:54','2019-01-29 12:26:54',40,'AC_PRODUCT_CREATE','2019-01-29 12:26:54','2019-01-29 12:26:54',2,NULL,NULL,NULL,NULL,0,2,NULL,0,0,0,1,-1,'',NULL,'Produit VIS-25 créé','Produit VIS-25 créé\nAuteur: cedric',NULL,NULL,NULL,NULL,NULL,NULL,NULL,NULL,NULL,NULL,NULL,5,'product',NULL,NULL),(44,NULL,1,'2019-01-29 12:29:09','2019-01-29 12:29:09',40,'AC_PRODUCT_CREATE','2019-01-29 12:29:09','2019-01-29 12:29:09',2,NULL,NULL,NULL,NULL,0,2,NULL,0,0,0,1,-1,'',NULL,'Produit VIS-FRAP créé','Produit VIS-FRAP créé\nAuteur: cedric',NULL,NULL,NULL,NULL,NULL,NULL,NULL,NULL,NULL,NULL,NULL,6,'product',NULL,NULL),(45,NULL,1,'2019-01-29 12:31:34','2019-01-29 12:31:34',40,'AC_PRODUCT_CREATE','2019-01-29 12:31:34','2019-01-29 12:31:34',2,NULL,NULL,NULL,NULL,0,2,NULL,0,0,0,1,-1,'',NULL,'Produit BAN-STD créé','Produit BAN-STD créé\nAuteur: cedric',NULL,NULL,NULL,NULL,NULL,NULL,NULL,NULL,NULL,NULL,NULL,7,'product',NULL,NULL),(46,NULL,1,'2019-01-29 12:33:38','2019-01-29 12:33:38',40,'AC_PRODUCT_CREATE','2019-01-29 12:33:38','2019-01-29 12:33:38',2,NULL,NULL,NULL,NULL,0,2,NULL,0,0,0,1,-1,'',NULL,'Produit END-FIN créé','Produit END-FIN créé\nAuteur: cedric',NULL,NULL,NULL,NULL,NULL,NULL,NULL,NULL,NULL,NULL,NULL,8,'product',NULL,NULL),(47,NULL,1,'2019-01-29 12:49:09','2019-01-29 12:49:09',40,'AC_PRODUCT_MODIFY','2019-01-29 12:49:09','2019-01-29 12:49:09',2,NULL,NULL,NULL,NULL,0,2,NULL,0,0,0,1,-1,'',NULL,'Produit BA13-001 modifié','Produit BA13-001 modifié\nAuteur: cedric',NULL,NULL,NULL,NULL,NULL,NULL,NULL,NULL,NULL,NULL,NULL,1,'product',NULL,NULL),(48,NULL,1,'2019-01-29 12:53:12','2019-01-29 12:53:12',40,'AC_PRODUCT_MODIFY','2019-01-29 12:53:12','2019-01-29 12:53:12',2,NULL,NULL,NULL,NULL,0,2,NULL,0,0,0,1,-1,'',NULL,'Produit BA13-001 modifié','Produit BA13-001 modifié\nAuteur: cedric',NULL,NULL,NULL,NULL,NULL,NULL,NULL,NULL,NULL,NULL,NULL,1,'product',NULL,NULL),(49,NULL,1,'2019-01-29 12:55:43','2019-01-29 12:55:43',40,'AC_PRODUCT_CREATE','2019-01-29 12:55:43','2019-01-29 12:55:43',2,NULL,NULL,NULL,NULL,0,2,NULL,0,0,0,1,-1,'',NULL,'Produit MO-PLAQ créé','Produit MO-PLAQ créé\nAuteur: cedric',NULL,NULL,NULL,NULL,NULL,NULL,NULL,NULL,NULL,NULL,NULL,9,'product',NULL,NULL),(50,NULL,1,'2019-01-29 12:56:12','2019-01-29 12:56:12',40,'AC_PRODUCT_MODIFY','2019-01-29 12:56:12','2019-01-29 12:56:12',2,NULL,NULL,NULL,NULL,0,2,NULL,0,0,0,1,-1,'',NULL,'Produit MO-PLAQ modifié','Produit MO-PLAQ modifié\nAuteur: cedric',NULL,NULL,NULL,NULL,NULL,NULL,NULL,NULL,NULL,NULL,NULL,9,'product',NULL,NULL),(51,NULL,1,'2019-01-29 15:04:18','2019-01-29 15:04:18',40,'AC_PRODUCT_MODIFY','2019-01-29 15:04:18','2019-01-29 15:04:18',2,NULL,NULL,NULL,NULL,0,2,NULL,0,0,0,1,-1,'',NULL,'Produit ENS-CCS-BA13-STD modifié','Produit ENS-CCS-BA13-STD modifié\nAuteur: cedric',NULL,NULL,NULL,NULL,NULL,NULL,NULL,NULL,NULL,NULL,NULL,1,'product',NULL,NULL),(52,NULL,1,'2019-01-29 15:05:35','2019-01-29 15:05:35',40,'AC_PRODUCT_MODIFY','2019-01-29 15:05:35','2019-01-29 15:05:35',2,NULL,NULL,NULL,NULL,0,2,NULL,0,0,0,1,-1,'',NULL,'Produit PV-CCS-BA13-STD modifié','Produit PV-CCS-BA13-STD modifié\nAuteur: cedric',NULL,NULL,NULL,NULL,NULL,NULL,NULL,NULL,NULL,NULL,NULL,1,'product',NULL,NULL),(53,NULL,1,'2019-01-29 15:07:41','2019-01-29 15:07:41',40,'AC_PRODUCT_CREATE','2019-01-29 15:07:41','2019-01-29 15:07:41',2,NULL,NULL,NULL,NULL,0,2,NULL,0,0,0,1,-1,'',NULL,'Produit FOUR-300 créé','Produit FOUR-300 créé\nAuteur: cedric',NULL,NULL,NULL,NULL,NULL,NULL,NULL,NULL,NULL,NULL,NULL,10,'product',NULL,NULL),(54,NULL,1,'2019-01-29 15:10:04','2019-01-29 15:10:04',40,'AC_PRODUCT_CREATE','2019-01-29 15:10:04','2019-01-29 15:10:04',2,NULL,NULL,NULL,NULL,0,2,NULL,0,0,0,1,-1,'',NULL,'Produit PLA-BA13-HYD280 créé','Produit PLA-BA13-HYD280 créé\nAuteur: cedric',NULL,NULL,NULL,NULL,NULL,NULL,NULL,NULL,NULL,NULL,NULL,11,'product',NULL,NULL),(55,NULL,1,'2019-01-29 15:12:00','2019-01-29 15:12:00',40,'AC_PRODUCT_CREATE','2019-01-29 15:12:00','2019-01-29 15:12:00',2,NULL,NULL,NULL,NULL,0,2,NULL,0,0,0,1,-1,'',NULL,'Produit PLA-BA13-FEU280 créé','Produit PLA-BA13-FEU280 créé\nAuteur: cedric',NULL,NULL,NULL,NULL,NULL,NULL,NULL,NULL,NULL,NULL,NULL,12,'product',NULL,NULL),(56,NULL,1,'2019-01-29 15:19:59','2019-01-29 15:19:59',40,'AC_PRODUCT_CREATE','2019-01-29 15:19:59','2019-01-29 15:19:59',2,NULL,NULL,NULL,NULL,0,2,NULL,0,0,0,1,-1,'',NULL,'Produit COR-300 créé','Produit COR-300 créé\nAuteur: cedric',NULL,NULL,NULL,NULL,NULL,NULL,NULL,NULL,NULL,NULL,NULL,13,'product',NULL,NULL),(57,NULL,1,'2019-01-29 15:21:22','2019-01-29 15:21:22',40,'AC_PRODUCT_MODIFY','2019-01-29 15:21:22','2019-01-29 15:21:22',2,NULL,NULL,NULL,NULL,0,2,NULL,0,0,0,1,-1,'',NULL,'Produit BAN-STD modifié','Produit BAN-STD modifié\nAuteur: cedric',NULL,NULL,NULL,NULL,NULL,NULL,NULL,NULL,NULL,NULL,NULL,7,'product',NULL,NULL),(58,NULL,1,'2019-01-29 15:21:52','2019-01-29 15:21:52',40,'AC_PRODUCT_MODIFY','2019-01-29 15:21:52','2019-01-29 15:21:52',2,NULL,NULL,NULL,NULL,0,2,NULL,0,0,0,1,-1,'',NULL,'Produit END-FIN modifié','Produit END-FIN modifié\nAuteur: cedric',NULL,NULL,NULL,NULL,NULL,NULL,NULL,NULL,NULL,NULL,NULL,8,'product',NULL,NULL),(59,NULL,1,'2019-01-29 15:22:17','2019-01-29 15:22:17',40,'AC_PRODUCT_MODIFY','2019-01-29 15:22:18','2019-01-29 15:22:18',2,NULL,NULL,NULL,NULL,0,2,NULL,0,0,0,1,-1,'',NULL,'Produit FOUR-300 modifié','Produit FOUR-300 modifié\nAuteur: cedric',NULL,NULL,NULL,NULL,NULL,NULL,NULL,NULL,NULL,NULL,NULL,10,'product',NULL,NULL),(60,NULL,1,'2019-01-29 15:22:39','2019-01-29 15:22:39',40,'AC_PRODUCT_MODIFY','2019-01-29 15:22:39','2019-01-29 15:22:39',2,NULL,NULL,NULL,NULL,0,2,NULL,0,0,0,1,-1,'',NULL,'Produit MON-300 modifié','Produit MON-300 modifié\nAuteur: cedric',NULL,NULL,NULL,NULL,NULL,NULL,NULL,NULL,NULL,NULL,NULL,4,'product',NULL,NULL),(61,NULL,1,'2019-01-29 15:23:09','2019-01-29 15:23:09',40,'AC_PRODUCT_MODIFY','2019-01-29 15:23:09','2019-01-29 15:23:09',2,NULL,NULL,NULL,NULL,0,2,NULL,0,0,0,1,-1,'',NULL,'Produit RAI-300 modifié','Produit RAI-300 modifié\nAuteur: cedric',NULL,NULL,NULL,NULL,NULL,NULL,NULL,NULL,NULL,NULL,NULL,3,'product',NULL,NULL),(62,NULL,1,'2019-01-29 15:23:45','2019-01-29 15:23:45',40,'AC_PRODUCT_MODIFY','2019-01-29 15:23:45','2019-01-29 15:23:45',2,NULL,NULL,NULL,NULL,0,2,NULL,0,0,0,1,-1,'',NULL,'Produit VIS-25 modifié','Produit VIS-25 modifié\nAuteur: cedric',NULL,NULL,NULL,NULL,NULL,NULL,NULL,NULL,NULL,NULL,NULL,5,'product',NULL,NULL),(63,NULL,1,'2019-01-29 15:24:06','2019-01-29 15:24:06',40,'AC_PRODUCT_MODIFY','2019-01-29 15:24:06','2019-01-29 15:24:06',2,NULL,NULL,NULL,NULL,0,2,NULL,0,0,0,1,-1,'',NULL,'Produit VIS-FRAP modifié','Produit VIS-FRAP modifié\nAuteur: cedric',NULL,NULL,NULL,NULL,NULL,NULL,NULL,NULL,NULL,NULL,NULL,6,'product',NULL,NULL),(64,NULL,1,'2019-01-29 15:26:16','2019-01-29 15:26:16',40,'AC_PRODUCT_CREATE','2019-01-29 15:26:16','2019-01-29 15:26:16',2,NULL,NULL,NULL,NULL,0,2,NULL,0,0,0,1,-1,'',NULL,'Produit SUS-PIV-S47 créé','Produit SUS-PIV-S47 créé\nAuteur: cedric',NULL,NULL,NULL,NULL,NULL,NULL,NULL,NULL,NULL,NULL,NULL,14,'product',NULL,NULL),(65,NULL,1,'2019-01-29 15:26:30','2019-01-29 15:26:30',40,'AC_PRODUCT_MODIFY','2019-01-29 15:26:30','2019-01-29 15:26:30',2,NULL,NULL,NULL,NULL,0,2,NULL,0,0,0,1,-1,'',NULL,'Produit SUS-PIV-S47 modifié','Produit SUS-PIV-S47 modifié\nAuteur: cedric',NULL,NULL,NULL,NULL,NULL,NULL,NULL,NULL,NULL,NULL,NULL,14,'product',NULL,NULL),(66,NULL,1,'2019-01-29 15:28:36','2019-01-29 15:28:36',40,'AC_PRODUCT_CREATE','2019-01-29 15:28:36','2019-01-29 15:28:36',2,NULL,NULL,NULL,NULL,0,2,NULL,0,0,0,1,-1,'',NULL,'Produit CHE-LAI-M6 créé','Produit CHE-LAI-M6 créé\nAuteur: cedric',NULL,NULL,NULL,NULL,NULL,NULL,NULL,NULL,NULL,NULL,NULL,15,'product',NULL,NULL),(67,NULL,1,'2019-01-29 15:30:59','2019-01-29 15:30:59',40,'AC_PRODUCT_CREATE','2019-01-29 15:30:59','2019-01-29 15:30:59',2,NULL,NULL,NULL,NULL,0,2,NULL,0,0,0,1,-1,'',NULL,'Produit RAC-FOU-F47 créé','Produit RAC-FOU-F47 créé\nAuteur: cedric',NULL,NULL,NULL,NULL,NULL,NULL,NULL,NULL,NULL,NULL,NULL,16,'product',NULL,NULL),(68,NULL,1,'2019-01-29 15:33:29','2019-01-29 15:33:29',40,'AC_PRODUCT_CREATE','2019-01-29 15:33:29','2019-01-29 15:33:29',2,NULL,NULL,NULL,NULL,0,2,NULL,0,0,0,1,-1,'',NULL,'Produit VIS-45 créé','Produit VIS-45 créé\nAuteur: cedric',NULL,NULL,NULL,NULL,NULL,NULL,NULL,NULL,NULL,NULL,NULL,17,'product',NULL,NULL),(69,NULL,1,'2019-01-29 15:35:31','2019-01-29 15:35:31',40,'AC_PRODUCT_CREATE','2019-01-29 15:35:31','2019-01-29 15:35:31',2,NULL,NULL,NULL,NULL,0,2,NULL,0,0,0,1,-1,'',NULL,'Produit BAN-ARM créé','Produit BAN-ARM créé\nAuteur: cedric',NULL,NULL,NULL,NULL,NULL,NULL,NULL,NULL,NULL,NULL,NULL,18,'product',NULL,NULL),(70,NULL,1,'2019-01-29 15:37:52','2019-01-29 15:37:52',40,'AC_PRODUCT_CREATE','2019-01-29 15:37:52','2019-01-29 15:37:52',2,NULL,NULL,NULL,NULL,0,2,NULL,0,0,0,1,-1,'',NULL,'Produit TIG-FIL-M6 créé','Produit TIG-FIL-M6 créé\nAuteur: cedric',NULL,NULL,NULL,NULL,NULL,NULL,NULL,NULL,NULL,NULL,NULL,19,'product',NULL,NULL),(71,NULL,1,'2019-01-29 15:40:51','2019-01-29 15:40:51',40,'AC_COMPANY_CREATE','2019-01-29 15:40:51','2019-01-29 15:40:51',2,NULL,NULL,24,NULL,0,2,NULL,0,0,0,1,-1,'',NULL,'Tiers MT-SOLUTIONS créé','Tiers MT-SOLUTIONS créé\nAuteur: cedric',NULL,NULL,NULL,NULL,NULL,NULL,NULL,NULL,NULL,NULL,NULL,24,'societe',NULL,NULL),(72,NULL,1,'2019-01-29 15:44:53','2019-01-29 15:44:53',40,'AC_COMPANY_CREATE','2019-01-29 15:44:53','2019-01-29 15:44:53',2,NULL,NULL,25,NULL,0,2,NULL,0,0,0,1,-1,'',NULL,'Tiers RESO créé','Tiers RESO créé\nAuteur: cedric',NULL,NULL,NULL,NULL,NULL,NULL,NULL,NULL,NULL,NULL,NULL,25,'societe',NULL,NULL),(73,NULL,1,'2019-01-29 15:45:47','2019-01-29 15:45:47',40,'AC_PRODUCT_MODIFY','2019-01-29 15:45:47','2019-01-29 15:45:48',2,NULL,NULL,NULL,NULL,0,2,NULL,0,0,0,1,-1,'',NULL,'Produit FOU-F47-300 modifié','Produit FOU-F47-300 modifié\nAuteur: cedric',NULL,NULL,NULL,NULL,NULL,NULL,NULL,NULL,NULL,NULL,NULL,10,'product',NULL,NULL),(74,NULL,1,'2019-01-29 15:46:22','2019-01-29 15:46:22',40,'AC_PRODUCT_MODIFY','2019-01-29 15:46:22','2019-01-29 15:46:22',2,NULL,NULL,NULL,NULL,0,2,NULL,0,0,0,1,-1,'',NULL,'Produit FOU-F47-300 modifié','Produit FOU-F47-300 modifié\nAuteur: cedric',NULL,NULL,NULL,NULL,NULL,NULL,NULL,NULL,NULL,NULL,NULL,10,'product',NULL,NULL),(75,NULL,1,'2019-01-29 15:48:57','2019-01-29 15:48:57',40,'AC_PRODUCT_MODIFY','2019-01-29 15:48:57','2019-01-29 15:48:57',2,NULL,NULL,NULL,NULL,0,2,NULL,0,0,0,1,-1,'',NULL,'Produit RAI-R48-300 modifié','Produit RAI-R48-300 modifié\nAuteur: cedric',NULL,NULL,NULL,NULL,NULL,NULL,NULL,NULL,NULL,NULL,NULL,3,'product',NULL,NULL),(76,NULL,1,'2019-01-29 15:51:55','2019-01-29 15:51:55',40,'AC_PRODUCT_CREATE','2019-01-29 15:51:55','2019-01-29 15:51:55',2,NULL,NULL,NULL,NULL,0,2,NULL,0,0,0,1,-1,'',NULL,'Produit ISO-ULT-60 créé','Produit ISO-ULT-60 créé\nAuteur: cedric',NULL,NULL,NULL,NULL,NULL,NULL,NULL,NULL,NULL,NULL,NULL,20,'product',NULL,NULL),(77,NULL,1,'2019-01-29 15:58:25','2019-01-29 15:58:25',40,'AC_PRODUCT_CREATE','2019-01-29 15:58:25','2019-01-29 15:58:25',2,NULL,NULL,NULL,NULL,0,2,NULL,0,0,0,1,-1,'',NULL,'Produit COL-DEM créé','Produit COL-DEM créé\nAuteur: cedric',NULL,NULL,NULL,NULL,NULL,NULL,NULL,NULL,NULL,NULL,NULL,21,'product',NULL,NULL),(78,NULL,1,'2019-01-29 16:51:45','2019-01-29 16:51:45',40,'AC_PRODUCT_MODIFY','2019-01-29 16:51:45','2019-01-29 16:51:45',2,NULL,NULL,NULL,NULL,0,2,NULL,0,0,0,1,-1,'',NULL,'Produit MON-M48-300 modifié','Produit MON-M48-300 modifié\nAuteur: cedric',NULL,NULL,NULL,NULL,NULL,NULL,NULL,NULL,NULL,NULL,NULL,4,'product',NULL,NULL),(79,NULL,1,'2019-01-29 16:54:10','2019-01-29 16:54:10',40,'AC_PRODUCT_CREATE','2019-01-29 16:54:10','2019-01-29 16:54:10',2,NULL,NULL,NULL,NULL,0,2,NULL,0,0,0,1,-1,'',NULL,'Produit PV-PLA-BA13 créé','Produit PV-PLA-BA13 créé\nAuteur: cedric',NULL,NULL,NULL,NULL,NULL,NULL,NULL,NULL,NULL,NULL,NULL,22,'product',NULL,NULL),(80,NULL,1,'2019-01-29 16:54:23','2019-01-29 16:54:23',40,'AC_PRODUCT_MODIFY','2019-01-29 16:54:23','2019-01-29 16:54:23',2,NULL,NULL,NULL,NULL,0,2,NULL,0,0,0,1,-1,'',NULL,'Produit PV-PLA-BA13 modifié','Produit PV-PLA-BA13 modifié\nAuteur: cedric',NULL,NULL,NULL,NULL,NULL,NULL,NULL,NULL,NULL,NULL,NULL,22,'product',NULL,NULL),(81,NULL,1,'2019-01-29 17:58:24','2019-01-29 17:58:24',40,'AC_BILL_UNVALIDATE','2019-01-29 17:58:24','2019-01-29 17:58:24',2,NULL,NULL,4,NULL,0,2,NULL,0,0,0,1,-1,'',NULL,'Facture FA1901-0001 repassée en brouillon','Facture FA1901-0001 repassée en brouillon\nAuteur: cedric',NULL,NULL,NULL,NULL,NULL,NULL,NULL,NULL,NULL,NULL,NULL,2,'invoice',NULL,NULL),(82,NULL,1,'2019-01-29 18:05:04','2019-01-29 18:05:04',40,'AC_BILL_VALIDATE','2019-01-29 18:05:04','2019-01-29 18:05:04',2,NULL,NULL,4,NULL,0,2,NULL,0,0,0,1,-1,'',NULL,'Facture FA1901-0001 validée','Facture FA1901-0001 validée\nAuteur: cedric',NULL,NULL,NULL,NULL,NULL,NULL,NULL,NULL,NULL,NULL,NULL,2,'invoice',NULL,NULL),(83,NULL,1,'2019-01-29 18:05:48','2019-01-29 18:05:48',40,'AC_BILL_UNVALIDATE','2019-01-29 18:05:48','2019-01-29 18:05:48',2,NULL,NULL,4,NULL,0,2,NULL,0,0,0,1,-1,'',NULL,'Facture FA1901-0001 repassée en brouillon','Facture FA1901-0001 repassée en brouillon\nAuteur: cedric',NULL,NULL,NULL,NULL,NULL,NULL,NULL,NULL,NULL,NULL,NULL,2,'invoice',NULL,NULL),(84,NULL,1,'2019-01-29 18:06:17','2019-01-29 18:06:17',40,'AC_BILL_VALIDATE','2019-01-29 18:06:17','2019-01-29 18:06:17',2,NULL,NULL,4,NULL,0,2,NULL,0,0,0,1,-1,'',NULL,'Facture FA1901-0001 validée','Facture FA1901-0001 validée\nAuteur: cedric',NULL,NULL,NULL,NULL,NULL,NULL,NULL,NULL,NULL,NULL,NULL,2,'invoice',NULL,NULL),(85,NULL,1,'2019-01-29 18:20:39','2019-01-29 18:20:39',40,'AC_BILL_UNVALIDATE','2019-01-29 18:20:39','2019-01-29 18:20:39',2,NULL,NULL,4,NULL,0,2,NULL,0,0,0,1,-1,'',NULL,'Facture FA1901-0001 repassée en brouillon','Facture FA1901-0001 repassée en brouillon\nAuteur: cedric',NULL,NULL,NULL,NULL,NULL,NULL,NULL,NULL,NULL,NULL,NULL,2,'invoice',NULL,NULL),(86,NULL,1,'2019-01-29 18:21:08','2019-01-29 18:21:08',40,'AC_BILL_VALIDATE','2019-01-29 18:21:08','2019-01-29 18:21:08',2,NULL,NULL,4,NULL,0,2,NULL,0,0,0,1,-1,'',NULL,'Facture FA1901-0001 validée','Facture FA1901-0001 validée\nAuteur: cedric',NULL,NULL,NULL,NULL,NULL,NULL,NULL,NULL,NULL,NULL,NULL,2,'invoice',NULL,NULL),(87,NULL,1,'2019-01-29 18:26:31','2019-01-29 18:26:31',40,'AC_BILL_UNVALIDATE','2019-01-29 18:26:31','2019-01-29 18:26:31',2,NULL,NULL,4,NULL,0,2,NULL,0,0,0,1,-1,'',NULL,'Facture FA1901-0001 repassée en brouillon','Facture FA1901-0001 repassée en brouillon\nAuteur: cedric',NULL,NULL,NULL,NULL,NULL,NULL,NULL,NULL,NULL,NULL,NULL,2,'invoice',NULL,NULL),(88,NULL,1,'2019-01-31 16:57:59','2019-01-31 16:57:59',40,'AC_PRODUCT_MODIFY','2019-01-31 16:57:59','2019-01-31 16:57:59',2,NULL,NULL,NULL,NULL,0,2,NULL,0,0,0,1,-1,'',NULL,'Produit PLA-BA13-HYD280 modifié','Produit PLA-BA13-HYD280 modifié\nAuteur: cedric',NULL,NULL,NULL,NULL,NULL,NULL,NULL,NULL,NULL,NULL,NULL,11,'product',NULL,NULL),(89,NULL,1,'2019-01-31 17:07:10','2019-01-31 17:07:10',40,'AC_PRODUCT_MODIFY','2019-01-31 17:07:10','2019-01-31 17:07:10',2,NULL,NULL,NULL,NULL,0,2,NULL,0,0,0,1,-1,'',NULL,'Produit MO-PLAQ modifié','Produit MO-PLAQ modifié\nAuteur: cedric',NULL,NULL,NULL,NULL,NULL,NULL,NULL,NULL,NULL,NULL,NULL,9,'product',NULL,NULL),(90,NULL,1,'2019-01-31 17:34:01','2019-01-31 17:34:01',40,'AC_PRODUCT_CREATE','2019-01-31 17:34:01','2019-01-31 17:34:01',2,NULL,NULL,NULL,NULL,0,2,NULL,0,0,0,1,-1,'',NULL,'Produit PV-CLS-BA13 créé','Produit PV-CLS-BA13 créé\nAuteur: cedric',NULL,NULL,NULL,NULL,NULL,NULL,NULL,NULL,NULL,NULL,NULL,23,'product',NULL,NULL),(91,NULL,1,'2019-01-31 17:34:50','2019-01-31 17:34:50',40,'AC_PRODUCT_MODIFY','2019-01-31 17:34:50','2019-01-31 17:34:50',2,NULL,NULL,NULL,NULL,0,2,NULL,0,0,0,1,-1,'',NULL,'Produit PV-CLS-BA13-STD modifié','Produit PV-CLS-BA13-STD modifié\nAuteur: cedric',NULL,NULL,NULL,NULL,NULL,NULL,NULL,NULL,NULL,NULL,NULL,23,'product',NULL,NULL),(92,NULL,1,'2019-01-31 17:40:33','2019-01-31 17:40:33',40,'AC_PRODUCT_MODIFY','2019-01-31 17:40:33','2019-01-31 17:40:33',2,NULL,NULL,NULL,NULL,0,2,NULL,0,0,0,1,-1,'',NULL,'Produit PV-CLS-BA13-STD modifié','Produit PV-CLS-BA13-STD modifié\nAuteur: cedric',NULL,NULL,NULL,NULL,NULL,NULL,NULL,NULL,NULL,NULL,NULL,23,'product',NULL,NULL),(93,NULL,1,'2019-01-31 17:43:52','2019-01-31 17:43:52',40,'AC_PRODUCT_MODIFY','2019-01-31 17:43:52','2019-01-31 17:43:52',2,NULL,NULL,NULL,NULL,0,2,NULL,0,0,0,1,-1,'',NULL,'Produit PV-CLS-BA13-STD modifié','Produit PV-CLS-BA13-STD modifié\nAuteur: cedric',NULL,NULL,NULL,NULL,NULL,NULL,NULL,NULL,NULL,NULL,NULL,23,'product',NULL,NULL),(94,NULL,1,'2019-01-31 17:44:09','2019-01-31 17:44:09',40,'AC_PRODUCT_MODIFY','2019-01-31 17:44:09','2019-01-31 17:44:09',2,NULL,NULL,NULL,NULL,0,2,NULL,0,0,0,1,-1,'',NULL,'Produit PV-CLS-BA13-STD modifié','Produit PV-CLS-BA13-STD modifié\nAuteur: cedric',NULL,NULL,NULL,NULL,NULL,NULL,NULL,NULL,NULL,NULL,NULL,23,'product',NULL,NULL),(95,NULL,1,'2019-01-31 17:50:58','2019-01-31 17:50:58',40,'AC_PRODUCT_CREATE','2019-01-31 17:50:58','2019-01-31 17:50:58',2,NULL,NULL,NULL,NULL,0,2,NULL,0,0,0,1,-1,'',NULL,'Produit PEI-IMP-BA13 créé','Produit PEI-IMP-BA13 créé\nAuteur: cedric',NULL,NULL,NULL,NULL,NULL,NULL,NULL,NULL,NULL,NULL,NULL,24,'product',NULL,NULL),(96,NULL,1,'2019-01-31 17:57:42','2019-01-31 17:57:42',40,'AC_PRODUCT_CREATE','2019-01-31 17:57:42','2019-01-31 17:57:42',2,NULL,NULL,NULL,NULL,0,2,NULL,0,0,0,1,-1,'',NULL,'Produit PEI-FIN-BLANC créé','Produit PEI-FIN-BLANC créé\nAuteur: cedric',NULL,NULL,NULL,NULL,NULL,NULL,NULL,NULL,NULL,NULL,NULL,25,'product',NULL,NULL),(97,NULL,1,'2019-01-31 18:00:03','2019-01-31 18:00:03',40,'AC_PRODUCT_MODIFY','2019-01-31 18:00:03','2019-01-31 18:00:03',2,NULL,NULL,NULL,NULL,0,2,NULL,0,0,0,1,-1,'',NULL,'Produit PEI-FIN-BLANC modifié','Produit PEI-FIN-BLANC modifié\nAuteur: cedric',NULL,NULL,NULL,NULL,NULL,NULL,NULL,NULL,NULL,NULL,NULL,25,'product',NULL,NULL),(98,NULL,1,'2019-01-31 18:00:32','2019-01-31 18:00:32',40,'AC_PRODUCT_MODIFY','2019-01-31 18:00:32','2019-01-31 18:00:32',2,NULL,NULL,NULL,NULL,0,2,NULL,0,0,0,1,-1,'',NULL,'Produit PEI-FIN-BLANC modifié','Produit PEI-FIN-BLANC modifié\nAuteur: cedric',NULL,NULL,NULL,NULL,NULL,NULL,NULL,NULL,NULL,NULL,NULL,25,'product',NULL,NULL),(99,NULL,1,'2019-01-31 18:02:52','2019-01-31 18:02:52',40,'AC_PRODUCT_MODIFY','2019-01-31 18:02:52','2019-01-31 18:02:52',2,NULL,NULL,NULL,NULL,0,2,NULL,0,0,0,1,-1,'',NULL,'Produit PEI-FIN-BLANC modifié','Produit PEI-FIN-BLANC modifié\nAuteur: cedric',NULL,NULL,NULL,NULL,NULL,NULL,NULL,NULL,NULL,NULL,NULL,25,'product',NULL,NULL),(100,NULL,1,'2019-01-31 18:03:34','2019-01-31 18:03:34',40,'AC_PRODUCT_MODIFY','2019-01-31 18:03:34','2019-01-31 18:03:34',2,NULL,NULL,NULL,NULL,0,2,NULL,0,0,0,1,-1,'',NULL,'Produit PEI-IMP-BA13 modifié','Produit PEI-IMP-BA13 modifié\nAuteur: cedric',NULL,NULL,NULL,NULL,NULL,NULL,NULL,NULL,NULL,NULL,NULL,24,'product',NULL,NULL),(101,NULL,1,'2019-01-31 18:04:14','2019-01-31 18:04:14',40,'AC_PRODUCT_MODIFY','2019-01-31 18:04:14','2019-01-31 18:04:14',2,NULL,NULL,NULL,NULL,0,2,NULL,0,0,0,1,-1,'',NULL,'Produit PEI-IMP-BA13 modifié','Produit PEI-IMP-BA13 modifié\nAuteur: cedric',NULL,NULL,NULL,NULL,NULL,NULL,NULL,NULL,NULL,NULL,NULL,24,'product',NULL,NULL),(102,NULL,1,'2019-01-31 18:04:52','2019-01-31 18:04:52',40,'AC_PROPAL_VALIDATE','2019-01-31 18:04:52','2019-01-31 18:04:52',2,NULL,NULL,20,NULL,0,2,NULL,0,0,0,1,-1,'',NULL,'Proposition PR1901-0001 validée','Proposition PR1901-0001 validée\nAuteur: cedric',NULL,NULL,NULL,NULL,NULL,NULL,NULL,NULL,NULL,NULL,NULL,2,'propal',NULL,NULL),(103,NULL,1,'2019-01-31 18:07:19','2019-01-31 18:07:19',40,'AC_PRODUCT_CREATE','2019-01-31 18:07:19','2019-01-31 18:07:19',2,NULL,NULL,NULL,NULL,0,2,NULL,0,0,0,1,-1,'',NULL,'Produit MO-PEI créé','Produit MO-PEI créé\nAuteur: cedric',NULL,NULL,NULL,NULL,NULL,NULL,NULL,NULL,NULL,NULL,NULL,26,'product',NULL,NULL),(104,NULL,1,'2019-01-31 18:08:05','2019-01-31 18:08:05',40,'AC_PRODUCT_MODIFY','2019-01-31 18:08:05','2019-01-31 18:08:05',2,NULL,NULL,NULL,NULL,0,2,NULL,0,0,0,1,-1,'',NULL,'Produit MO-PEI modifié','Produit MO-PEI modifié\nAuteur: cedric',NULL,NULL,NULL,NULL,NULL,NULL,NULL,NULL,NULL,NULL,NULL,26,'product',NULL,NULL),(105,NULL,1,'2019-01-31 18:12:22','2019-01-31 18:12:22',40,'AC_PROPAL_VALIDATE','2019-01-31 18:12:22','2019-01-31 18:12:22',2,NULL,NULL,20,NULL,0,2,NULL,0,0,0,1,-1,'',NULL,'Proposition PR1901-0001 validée','Proposition PR1901-0001 validée\nAuteur: cedric',NULL,NULL,NULL,NULL,NULL,NULL,NULL,NULL,NULL,NULL,NULL,2,'propal',NULL,NULL),(106,NULL,1,'2019-01-31 18:16:10','2019-01-31 18:16:10',40,'AC_PRODUCT_MODIFY','2019-01-31 18:16:10','2019-01-31 18:16:10',2,NULL,NULL,NULL,NULL,0,2,NULL,0,0,0,1,-1,'',NULL,'Produit MO-PEI modifié','Produit MO-PEI modifié\nAuteur: cedric',NULL,NULL,NULL,NULL,NULL,NULL,NULL,NULL,NULL,NULL,NULL,26,'product',NULL,NULL),(107,NULL,1,'2019-01-31 18:17:13','2019-01-31 18:17:13',40,'AC_PRODUCT_MODIFY','2019-01-31 18:17:13','2019-01-31 18:17:13',2,NULL,NULL,NULL,NULL,0,2,NULL,0,0,0,1,-1,'',NULL,'Produit MO-PEI modifié','Produit MO-PEI modifié\nAuteur: cedric',NULL,NULL,NULL,NULL,NULL,NULL,NULL,NULL,NULL,NULL,NULL,26,'product',NULL,NULL),(108,NULL,1,'2019-01-31 18:20:03','2019-01-31 18:20:03',40,'AC_PRODUCT_CREATE','2019-01-31 18:20:03','2019-01-31 18:20:03',2,NULL,NULL,NULL,NULL,0,2,NULL,0,0,0,1,-1,'',NULL,'Produit CLIM-9000 créé','Produit CLIM-9000 créé\nAuteur: cedric',NULL,NULL,NULL,NULL,NULL,NULL,NULL,NULL,NULL,NULL,NULL,27,'product',NULL,NULL),(109,NULL,1,'2019-01-31 18:20:36','2019-01-31 18:20:36',40,'AC_PRODUCT_MODIFY','2019-01-31 18:20:36','2019-01-31 18:20:36',2,NULL,NULL,NULL,NULL,0,2,NULL,0,0,0,1,-1,'',NULL,'Produit CLIM-9000 modifié','Produit CLIM-9000 modifié\nAuteur: cedric',NULL,NULL,NULL,NULL,NULL,NULL,NULL,NULL,NULL,NULL,NULL,27,'product',NULL,NULL),(110,NULL,1,'2019-01-31 18:20:58','2019-01-31 18:20:58',40,'AC_PRODUCT_MODIFY','2019-01-31 18:20:58','2019-01-31 18:20:58',2,NULL,NULL,NULL,NULL,0,2,NULL,0,0,0,1,-1,'',NULL,'Produit CLIM-9000 modifié','Produit CLIM-9000 modifié\nAuteur: cedric',NULL,NULL,NULL,NULL,NULL,NULL,NULL,NULL,NULL,NULL,NULL,27,'product',NULL,NULL),(111,NULL,1,'2019-01-31 18:21:34','2019-01-31 18:21:34',40,'AC_PRODUCT_CREATE','2019-01-31 18:21:34','2019-01-31 18:21:34',2,NULL,NULL,NULL,NULL,0,2,NULL,0,0,0,1,-1,'',NULL,'Produit CLIM-12000 créé','Produit CLIM-12000 créé\nAuteur: cedric',NULL,NULL,NULL,NULL,NULL,NULL,NULL,NULL,NULL,NULL,NULL,28,'product',NULL,NULL),(112,NULL,1,'2019-01-31 18:22:06','2019-01-31 18:22:06',40,'AC_PRODUCT_MODIFY','2019-01-31 18:22:06','2019-01-31 18:22:06',2,NULL,NULL,NULL,NULL,0,2,NULL,0,0,0,1,-1,'',NULL,'Produit CLIM-12000 modifié','Produit CLIM-12000 modifié\nAuteur: cedric',NULL,NULL,NULL,NULL,NULL,NULL,NULL,NULL,NULL,NULL,NULL,28,'product',NULL,NULL),(113,NULL,1,'2019-01-31 18:22:36','2019-01-31 18:22:36',40,'AC_PRODUCT_CREATE','2019-01-31 18:22:36','2019-01-31 18:22:36',2,NULL,NULL,NULL,NULL,0,2,NULL,0,0,0,1,-1,'',NULL,'Produit CLM-18000 créé','Produit CLM-18000 créé\nAuteur: cedric',NULL,NULL,NULL,NULL,NULL,NULL,NULL,NULL,NULL,NULL,NULL,29,'product',NULL,NULL),(114,NULL,1,'2019-01-31 18:22:55','2019-01-31 18:22:55',40,'AC_PRODUCT_MODIFY','2019-01-31 18:22:55','2019-01-31 18:22:55',2,NULL,NULL,NULL,NULL,0,2,NULL,0,0,0,1,-1,'',NULL,'Produit CLM-18000 modifié','Produit CLM-18000 modifié\nAuteur: cedric',NULL,NULL,NULL,NULL,NULL,NULL,NULL,NULL,NULL,NULL,NULL,29,'product',NULL,NULL),(115,NULL,1,'2019-01-31 18:23:32','2019-01-31 18:23:32',40,'AC_PRODUCT_MODIFY','2019-01-31 18:23:32','2019-01-31 18:23:32',2,NULL,NULL,NULL,NULL,0,2,NULL,0,0,0,1,-1,'',NULL,'Produit CLM-18000 modifié','Produit CLM-18000 modifié\nAuteur: cedric',NULL,NULL,NULL,NULL,NULL,NULL,NULL,NULL,NULL,NULL,NULL,29,'product',NULL,NULL),(116,NULL,1,'2019-01-31 18:23:59','2019-01-31 18:23:59',40,'AC_PRODUCT_CREATE','2019-01-31 18:23:59','2019-01-31 18:23:59',2,NULL,NULL,NULL,NULL,0,2,NULL,0,0,0,1,-1,'',NULL,'Produit CLIM-24000 créé','Produit CLIM-24000 créé\nAuteur: cedric',NULL,NULL,NULL,NULL,NULL,NULL,NULL,NULL,NULL,NULL,NULL,30,'product',NULL,NULL),(117,NULL,1,'2019-01-31 18:24:16','2019-01-31 18:24:16',40,'AC_PRODUCT_MODIFY','2019-01-31 18:24:16','2019-01-31 18:24:17',2,NULL,NULL,NULL,NULL,0,2,NULL,0,0,0,1,-1,'',NULL,'Produit CLIM-24000 modifié','Produit CLIM-24000 modifié\nAuteur: cedric',NULL,NULL,NULL,NULL,NULL,NULL,NULL,NULL,NULL,NULL,NULL,30,'product',NULL,NULL),(118,NULL,1,'2019-01-31 18:24:34','2019-01-31 18:24:34',40,'AC_PRODUCT_MODIFY','2019-01-31 18:24:34','2019-01-31 18:24:34',2,NULL,NULL,NULL,NULL,0,2,NULL,0,0,0,1,-1,'',NULL,'Produit CLIM-24000 modifié','Produit CLIM-24000 modifié\nAuteur: cedric',NULL,NULL,NULL,NULL,NULL,NULL,NULL,NULL,NULL,NULL,NULL,30,'product',NULL,NULL),(119,NULL,1,'2019-01-31 18:25:14','2019-01-31 18:25:14',40,'AC_PRODUCT_MODIFY','2019-01-31 18:25:14','2019-01-31 18:25:14',2,NULL,NULL,NULL,NULL,0,2,NULL,0,0,0,1,-1,'',NULL,'Produit CLIM-18000 modifié','Produit CLIM-18000 modifié\nAuteur: cedric',NULL,NULL,NULL,NULL,NULL,NULL,NULL,NULL,NULL,NULL,NULL,29,'product',NULL,NULL),(120,NULL,1,'2019-01-31 18:26:19','2019-01-31 18:26:19',40,'AC_PRODUCT_MODIFY','2019-01-31 18:26:19','2019-01-31 18:26:19',2,NULL,NULL,NULL,NULL,0,2,NULL,0,0,0,1,-1,'',NULL,'Produit CLIM-12000 modifié','Produit CLIM-12000 modifié\nAuteur: cedric',NULL,NULL,NULL,NULL,NULL,NULL,NULL,NULL,NULL,NULL,NULL,28,'product',NULL,NULL),(121,NULL,1,'2019-01-31 18:27:47','2019-01-31 18:27:47',40,'AC_PROPAL_VALIDATE','2019-01-31 18:27:47','2019-01-31 18:27:47',2,NULL,NULL,20,NULL,0,2,NULL,0,0,0,1,-1,'',NULL,'Proposition PR1901-0001 validée','Proposition PR1901-0001 validée\nAuteur: cedric',NULL,NULL,NULL,NULL,NULL,NULL,NULL,NULL,NULL,NULL,NULL,2,'propal',NULL,NULL),(122,NULL,1,'2019-01-31 18:29:57','2019-01-31 18:29:57',40,'AC_PRODUCT_MODIFY','2019-01-31 18:29:57','2019-01-31 18:29:57',2,NULL,NULL,NULL,NULL,0,2,NULL,0,0,0,1,-1,'',NULL,'Produit CLIM-9000 modifié','Produit CLIM-9000 modifié\nAuteur: cedric',NULL,NULL,NULL,NULL,NULL,NULL,NULL,NULL,NULL,NULL,NULL,27,'product',NULL,NULL),(123,NULL,1,'2019-01-31 18:30:56','2019-01-31 18:30:56',40,'AC_PRODUCT_MODIFY','2019-01-31 18:30:56','2019-01-31 18:30:56',2,NULL,NULL,NULL,NULL,0,2,NULL,0,0,0,1,-1,'',NULL,'Produit CLIM-9000 modifié','Produit CLIM-9000 modifié\nAuteur: cedric',NULL,NULL,NULL,NULL,NULL,NULL,NULL,NULL,NULL,NULL,NULL,27,'product',NULL,NULL),(124,NULL,1,'2019-01-31 18:31:39','2019-01-31 18:31:39',40,'AC_PRODUCT_MODIFY','2019-01-31 18:31:39','2019-01-31 18:31:39',2,NULL,NULL,NULL,NULL,0,2,NULL,0,0,0,1,-1,'',NULL,'Produit CLIM-12000 modifié','Produit CLIM-12000 modifié\nAuteur: cedric',NULL,NULL,NULL,NULL,NULL,NULL,NULL,NULL,NULL,NULL,NULL,28,'product',NULL,NULL),(125,NULL,1,'2019-01-31 18:32:10','2019-01-31 18:32:10',40,'AC_PRODUCT_MODIFY','2019-01-31 18:32:10','2019-01-31 18:32:10',2,NULL,NULL,NULL,NULL,0,2,NULL,0,0,0,1,-1,'',NULL,'Produit CLIM-18000 modifié','Produit CLIM-18000 modifié\nAuteur: cedric',NULL,NULL,NULL,NULL,NULL,NULL,NULL,NULL,NULL,NULL,NULL,29,'product',NULL,NULL),(126,NULL,1,'2019-01-31 18:32:37','2019-01-31 18:32:37',40,'AC_PRODUCT_MODIFY','2019-01-31 18:32:37','2019-01-31 18:32:37',2,NULL,NULL,NULL,NULL,0,2,NULL,0,0,0,1,-1,'',NULL,'Produit CLIM-24000 modifié','Produit CLIM-24000 modifié\nAuteur: cedric',NULL,NULL,NULL,NULL,NULL,NULL,NULL,NULL,NULL,NULL,NULL,30,'product',NULL,NULL),(127,NULL,1,'2019-01-31 18:33:53','2019-01-31 18:33:53',40,'AC_PROPAL_VALIDATE','2019-01-31 18:33:53','2019-01-31 18:33:53',2,NULL,NULL,20,NULL,0,2,NULL,0,0,0,1,-1,'',NULL,'Proposition PR1901-0001 validée','Proposition PR1901-0001 validée\nAuteur: cedric',NULL,NULL,NULL,NULL,NULL,NULL,NULL,NULL,NULL,NULL,NULL,2,'propal',NULL,NULL),(128,NULL,1,'2019-01-31 18:35:22','2019-01-31 18:35:22',40,'AC_PRODUCT_MODIFY','2019-01-31 18:35:22','2019-01-31 18:35:22',2,NULL,NULL,NULL,NULL,0,2,NULL,0,0,0,1,-1,'',NULL,'Produit PEI-FIN-BLANC modifié','Produit PEI-FIN-BLANC modifié\nAuteur: cedric',NULL,NULL,NULL,NULL,NULL,NULL,NULL,NULL,NULL,NULL,NULL,25,'product',NULL,NULL),(129,NULL,1,'2019-01-31 18:36:05','2019-01-31 18:36:05',40,'AC_PRODUCT_MODIFY','2019-01-31 18:36:05','2019-01-31 18:36:05',2,NULL,NULL,NULL,NULL,0,2,NULL,0,0,0,1,-1,'',NULL,'Produit PEI-IMP-BA13 modifié','Produit PEI-IMP-BA13 modifié\nAuteur: cedric',NULL,NULL,NULL,NULL,NULL,NULL,NULL,NULL,NULL,NULL,NULL,24,'product',NULL,NULL),(130,NULL,1,'2019-01-31 18:36:44','2019-01-31 18:36:44',40,'AC_PRODUCT_MODIFY','2019-01-31 18:36:44','2019-01-31 18:36:44',2,NULL,NULL,NULL,NULL,0,2,NULL,0,0,0,1,-1,'',NULL,'Produit CLIM-12000 modifié','Produit CLIM-12000 modifié\nAuteur: cedric',NULL,NULL,NULL,NULL,NULL,NULL,NULL,NULL,NULL,NULL,NULL,28,'product',NULL,NULL),(131,NULL,1,'2019-01-31 18:38:23','2019-01-31 18:38:23',40,'AC_PRODUCT_MODIFY','2019-01-31 18:38:23','2019-01-31 18:38:23',2,NULL,NULL,NULL,NULL,0,2,NULL,0,0,0,1,-1,'',NULL,'Produit PV-CLS-BA13-STD modifié','Produit PV-CLS-BA13-STD modifié\nAuteur: cedric',NULL,NULL,NULL,NULL,NULL,NULL,NULL,NULL,NULL,NULL,NULL,23,'product',NULL,NULL),(132,NULL,1,'2019-01-31 18:39:00','2019-01-31 18:39:00',40,'AC_PRODUCT_MODIFY','2019-01-31 18:39:00','2019-01-31 18:39:00',2,NULL,NULL,NULL,NULL,0,2,NULL,0,0,0,1,-1,'',NULL,'Produit MO-PEI modifié','Produit MO-PEI modifié\nAuteur: cedric',NULL,NULL,NULL,NULL,NULL,NULL,NULL,NULL,NULL,NULL,NULL,26,'product',NULL,NULL),(133,NULL,1,'2019-01-31 18:39:23','2019-01-31 18:39:23',40,'AC_PROPAL_VALIDATE','2019-01-31 18:39:23','2019-01-31 18:39:23',2,NULL,NULL,20,NULL,0,2,NULL,0,0,0,1,-1,'',NULL,'Proposition PR1901-0001 validée','Proposition PR1901-0001 validée\nAuteur: cedric',NULL,NULL,NULL,NULL,NULL,NULL,NULL,NULL,NULL,NULL,NULL,2,'propal',NULL,NULL),(134,NULL,1,'2019-01-31 18:42:44','2019-01-31 18:42:44',40,'AC_PROPAL_VALIDATE','2019-01-31 18:42:44','2019-01-31 18:42:44',2,NULL,NULL,20,NULL,0,2,NULL,0,0,0,1,-1,'',NULL,'Proposition PR1901-0001 validée','Proposition PR1901-0001 validée\nAuteur: cedric',NULL,NULL,NULL,NULL,NULL,NULL,NULL,NULL,NULL,NULL,NULL,2,'propal',NULL,NULL),(135,NULL,1,'2019-01-31 18:51:43','2019-01-31 18:51:43',40,'AC_PRODUCT_MODIFY','2019-01-31 18:51:43','2019-01-31 18:51:43',2,NULL,NULL,NULL,NULL,0,2,NULL,0,0,0,1,-1,'',NULL,'Produit CLIM-18000 modifié','Produit CLIM-18000 modifié\nAuteur: cedric',NULL,NULL,NULL,NULL,NULL,NULL,NULL,NULL,NULL,NULL,NULL,29,'product',NULL,NULL),(136,NULL,1,'2019-01-31 18:52:08','2019-01-31 18:52:08',40,'AC_PRODUCT_MODIFY','2019-01-31 18:52:08','2019-01-31 18:52:08',2,NULL,NULL,NULL,NULL,0,2,NULL,0,0,0,1,-1,'',NULL,'Produit CLIM-24000 modifié','Produit CLIM-24000 modifié\nAuteur: cedric',NULL,NULL,NULL,NULL,NULL,NULL,NULL,NULL,NULL,NULL,NULL,30,'product',NULL,NULL),(137,NULL,1,'2019-01-31 18:52:29','2019-01-31 18:52:29',40,'AC_PRODUCT_MODIFY','2019-01-31 18:52:29','2019-01-31 18:52:29',2,NULL,NULL,NULL,NULL,0,2,NULL,0,0,0,1,-1,'',NULL,'Produit CLIM-9000 modifié','Produit CLIM-9000 modifié\nAuteur: cedric',NULL,NULL,NULL,NULL,NULL,NULL,NULL,NULL,NULL,NULL,NULL,27,'product',NULL,NULL),(138,NULL,1,'2019-02-01 11:05:36','2019-02-01 11:05:36',40,'AC_PROPAL_VALIDATE','2019-02-01 11:05:36','2019-02-01 11:05:36',2,NULL,NULL,22,NULL,0,2,NULL,0,0,0,1,-1,'',NULL,'Proposition PR1901-0002 validée','Proposition PR1901-0002 validée\nAuteur: cedric',NULL,NULL,NULL,NULL,NULL,NULL,NULL,NULL,NULL,NULL,NULL,3,'propal',NULL,NULL),(139,NULL,1,'2019-02-01 12:16:26','2019-02-01 12:16:26',40,'AC_PRODUCT_MODIFY','2019-02-01 12:16:26','2019-02-01 12:16:26',2,NULL,NULL,NULL,NULL,0,2,NULL,0,0,0,1,-1,'',NULL,'Produit CLIM-24000 modifié','Produit CLIM-24000 modifié\nAuteur: cedric',NULL,NULL,NULL,NULL,NULL,NULL,NULL,NULL,NULL,NULL,NULL,30,'product',NULL,NULL),(140,NULL,1,'2019-02-01 12:42:19','2019-02-01 12:42:19',40,'AC_PROPAL_VALIDATE','2019-02-01 12:42:19','2019-02-01 12:42:19',2,NULL,NULL,20,NULL,0,2,NULL,0,0,0,1,-1,'',NULL,'Proposition PR1901-0001 validée','Proposition PR1901-0001 validée\nAuteur: cedric',NULL,NULL,NULL,NULL,NULL,NULL,NULL,NULL,NULL,NULL,NULL,2,'propal',NULL,NULL),(141,NULL,1,'2019-02-04 19:16:06','2019-02-04 19:16:06',40,'AC_PRODUCT_MODIFY','2019-02-04 19:16:06','2019-02-04 19:16:06',2,NULL,NULL,NULL,NULL,0,2,NULL,0,0,0,1,-1,'',NULL,'Produit PV-PLA-BA13 modifié','Produit PV-PLA-BA13 modifié\nAuteur: cedric',NULL,NULL,NULL,NULL,NULL,NULL,NULL,NULL,NULL,NULL,NULL,22,'product',NULL,NULL),(142,NULL,1,'2019-02-04 19:17:08','2019-02-04 19:17:08',40,'AC_PRODUCT_MODIFY','2019-02-04 19:17:08','2019-02-04 19:17:08',2,NULL,NULL,NULL,NULL,0,2,NULL,0,0,0,1,-1,'',NULL,'Produit PV-PLA-BA13 modifié','Produit PV-PLA-BA13 modifié\nAuteur: cedric',NULL,NULL,NULL,NULL,NULL,NULL,NULL,NULL,NULL,NULL,NULL,22,'product',NULL,NULL),(143,NULL,1,'2019-02-04 19:20:10','2019-02-04 19:20:10',40,'AC_PRODUCT_MODIFY','2019-02-04 19:20:10','2019-02-04 19:20:10',2,NULL,NULL,NULL,NULL,0,2,NULL,0,0,0,1,-1,'',NULL,'Produit PV-PLA-BA13 modifié','Produit PV-PLA-BA13 modifié\nAuteur: cedric',NULL,NULL,NULL,NULL,NULL,NULL,NULL,NULL,NULL,NULL,NULL,22,'product',NULL,NULL),(144,NULL,1,'2019-02-07 17:37:10','2019-02-07 17:37:10',40,'AC_PRODUCT_MODIFY','2019-02-07 17:37:10','2019-02-07 17:37:10',2,NULL,NULL,NULL,NULL,0,2,NULL,0,0,0,1,-1,'',NULL,'Produit PEI-MUR-BLA modifié','Produit PEI-MUR-BLA modifié\nAuteur: cedric',NULL,NULL,NULL,NULL,NULL,NULL,NULL,NULL,NULL,NULL,NULL,25,'product',NULL,NULL),(145,NULL,1,'2019-02-07 17:39:28','2019-02-07 17:39:28',40,'AC_PRODUCT_CREATE','2019-02-07 17:39:28','2019-02-07 17:39:28',2,NULL,NULL,NULL,NULL,0,2,NULL,0,0,0,1,-1,'',NULL,'Produit PEI-PLA-BLA créé','Produit PEI-PLA-BLA créé\nAuteur: cedric',NULL,NULL,NULL,NULL,NULL,NULL,NULL,NULL,NULL,NULL,NULL,31,'product',NULL,NULL),(146,NULL,1,'2019-02-07 17:43:46','2019-02-07 17:43:46',40,'AC_PRODUCT_MODIFY','2019-02-07 17:43:46','2019-02-07 17:43:46',2,NULL,NULL,NULL,NULL,0,2,NULL,0,0,0,1,-1,'',NULL,'Produit PEI-PLA-BLA modifié','Produit PEI-PLA-BLA modifié\nAuteur: cedric',NULL,NULL,NULL,NULL,NULL,NULL,NULL,NULL,NULL,NULL,NULL,31,'product',NULL,NULL),(147,NULL,1,'2019-02-07 17:45:25','2019-02-07 17:45:25',40,'AC_PRODUCT_MODIFY','2019-02-07 17:45:25','2019-02-07 17:45:25',2,NULL,NULL,NULL,NULL,0,2,NULL,0,0,0,1,-1,'',NULL,'Produit PEI-PLA-BLA modifié','Produit PEI-PLA-BLA modifié\nAuteur: cedric',NULL,NULL,NULL,NULL,NULL,NULL,NULL,NULL,NULL,NULL,NULL,31,'product',NULL,NULL),(148,NULL,1,'2019-02-07 17:47:37','2019-02-07 17:47:37',40,'AC_PRODUCT_MODIFY','2019-02-07 17:47:37','2019-02-07 17:47:37',2,NULL,NULL,NULL,NULL,0,2,NULL,0,0,0,1,-1,'',NULL,'Produit PEI-PRI-BA13 modifié','Produit PEI-PRI-BA13 modifié\nAuteur: cedric',NULL,NULL,NULL,NULL,NULL,NULL,NULL,NULL,NULL,NULL,NULL,24,'product',NULL,NULL),(149,NULL,1,'2019-02-07 17:49:08','2019-02-07 17:49:08',40,'AC_PRODUCT_MODIFY','2019-02-07 17:49:08','2019-02-07 17:49:08',2,NULL,NULL,NULL,NULL,0,2,NULL,0,0,0,1,-1,'',NULL,'Produit PEI-PRI-BA13 modifié','Produit PEI-PRI-BA13 modifié\nAuteur: cedric',NULL,NULL,NULL,NULL,NULL,NULL,NULL,NULL,NULL,NULL,NULL,24,'product',NULL,NULL),(150,NULL,1,'2019-02-07 17:53:07','2019-02-07 17:53:07',40,'AC_PROPAL_VALIDATE','2019-02-07 17:53:07','2019-02-07 17:53:07',2,NULL,NULL,7,NULL,0,2,NULL,0,0,0,1,-1,'',NULL,'Proposition PR1901-0003 validée','Proposition PR1901-0003 validée\nAuteur: cedric',NULL,NULL,NULL,NULL,NULL,NULL,NULL,NULL,NULL,NULL,NULL,1,'propal',NULL,NULL),(151,NULL,1,'2019-02-07 18:21:05','2019-02-07 18:21:05',40,'AC_BILL_VALIDATE','2019-02-07 18:21:05','2019-02-07 18:21:05',2,NULL,6,6,NULL,0,2,NULL,0,0,0,1,-1,'',NULL,'Facture AC1902-0003 validée','Facture AC1902-0003 validée\nAuteur: cedric',NULL,NULL,NULL,NULL,NULL,NULL,NULL,NULL,NULL,NULL,NULL,11,'invoice',NULL,NULL),(152,NULL,1,'2019-02-07 19:28:33','2019-02-07 19:28:33',40,'AC_PROJECT_CREATE','2019-02-07 19:28:33','2019-02-07 19:28:33',2,NULL,7,3,NULL,0,2,NULL,0,0,0,1,-1,'',NULL,'Projet PJ1902-0006 créé','Projet PJ1902-0006 créé\nProjet: PJ1902-0006\nAuteur: cedric',NULL,NULL,NULL,NULL,NULL,NULL,NULL,NULL,NULL,NULL,NULL,7,'project',NULL,NULL),(153,NULL,1,'2019-02-07 19:28:55','2019-02-07 19:28:55',40,'AC_PROJECT_VALIDATE','2019-02-07 19:28:55','2019-02-07 19:28:55',2,NULL,7,3,NULL,0,2,NULL,0,0,0,1,-1,'',NULL,'Projet PJ1902-0006 validé','Projet PJ1902-0006 validé\nProjet: PJ1902-0006\nAuteur: cedric',NULL,NULL,NULL,NULL,NULL,NULL,NULL,NULL,NULL,NULL,NULL,7,'project',NULL,NULL),(154,NULL,1,'2019-02-07 19:31:27','2019-02-07 19:31:27',40,'AC_BILL_SUPPLIER_VALIDATE','2019-02-07 19:31:27','2019-02-07 19:31:27',2,NULL,7,3,NULL,0,2,NULL,0,0,0,1,-1,'',NULL,'Facture SI1901-0014 validée','Facture SI1901-0014 validée\nAuteur: cedric',NULL,NULL,NULL,NULL,NULL,NULL,NULL,NULL,NULL,NULL,NULL,15,'invoice_supplier',NULL,NULL),(155,NULL,1,'2019-02-07 19:32:06','2019-02-07 19:32:06',40,'AC_BILL_SUPPLIER_PAYED','2019-02-07 19:32:06','2019-02-07 19:32:06',2,NULL,7,3,NULL,0,2,NULL,0,0,0,1,-1,'',NULL,'Facture SI1901-0014 passée à payée','Facture SI1901-0014 passée à payée\nAuteur: cedric',NULL,NULL,NULL,NULL,NULL,NULL,NULL,NULL,NULL,NULL,NULL,15,'invoice_supplier',NULL,NULL),(156,NULL,1,'2019-02-12 16:16:35','2019-02-12 16:16:35',40,'AC_PROPAL_VALIDATE','2019-02-12 16:16:35','2019-02-12 16:16:35',2,NULL,NULL,20,NULL,0,2,NULL,0,0,0,1,-1,'',NULL,'Proposition PR1901-0001 validée','Proposition PR1901-0001 validée\nAuteur: cedric',NULL,NULL,NULL,NULL,NULL,NULL,NULL,NULL,NULL,NULL,NULL,2,'propal',NULL,NULL),(157,NULL,1,'2019-02-18 11:18:02','2019-02-18 11:18:02',40,'AC_COMPANY_CREATE','2019-02-18 11:18:02','2019-02-18 11:18:02',2,NULL,NULL,26,NULL,0,2,NULL,0,0,0,1,-1,'',NULL,'Tiers E2CI créé','Tiers E2CI créé\nAuteur: cedric',NULL,NULL,NULL,NULL,NULL,NULL,NULL,NULL,NULL,NULL,NULL,26,'societe',NULL,NULL),(158,NULL,1,'2019-02-18 15:42:34','2019-02-18 15:42:34',40,'AC_PRODUCT_CREATE','2019-02-18 15:42:34','2019-02-18 15:42:34',2,NULL,NULL,NULL,NULL,0,2,NULL,0,0,0,1,-1,'',NULL,'Produit BRI-15 créé','Produit BRI-15 créé\nAuteur: cedric',NULL,NULL,NULL,NULL,NULL,NULL,NULL,NULL,NULL,NULL,NULL,32,'product',NULL,NULL),(159,NULL,1,'2019-02-18 15:42:50','2019-02-18 15:42:50',40,'AC_PRODUCT_MODIFY','2019-02-18 15:42:50','2019-02-18 15:42:50',2,NULL,NULL,NULL,NULL,0,2,NULL,0,0,0,1,-1,'',NULL,'Produit BRI-15 modifié','Produit BRI-15 modifié\nAuteur: cedric',NULL,NULL,NULL,NULL,NULL,NULL,NULL,NULL,NULL,NULL,NULL,32,'product',NULL,NULL),(160,NULL,1,'2019-02-18 15:43:02','2019-02-18 15:43:02',40,'AC_PRODUCT_MODIFY','2019-02-18 15:43:02','2019-02-18 15:43:02',2,NULL,NULL,NULL,NULL,0,2,NULL,0,0,0,1,-1,'',NULL,'Produit BRI-15 modifié','Produit BRI-15 modifié\nAuteur: cedric',NULL,NULL,NULL,NULL,NULL,NULL,NULL,NULL,NULL,NULL,NULL,32,'product',NULL,NULL),(161,NULL,1,'2019-02-18 15:43:54','2019-02-18 15:43:54',40,'AC_PRODUCT_CREATE','2019-02-18 15:43:54','2019-02-18 15:43:54',2,NULL,NULL,NULL,NULL,0,2,NULL,0,0,0,1,-1,'',NULL,'Produit CIM créé','Produit CIM créé\nAuteur: cedric',NULL,NULL,NULL,NULL,NULL,NULL,NULL,NULL,NULL,NULL,NULL,33,'product',NULL,NULL),(162,NULL,1,'2019-02-18 15:44:13','2019-02-18 15:44:13',40,'AC_PRODUCT_MODIFY','2019-02-18 15:44:13','2019-02-18 15:44:13',2,NULL,NULL,NULL,NULL,0,2,NULL,0,0,0,1,-1,'',NULL,'Produit CIM modifié','Produit CIM modifié\nAuteur: cedric',NULL,NULL,NULL,NULL,NULL,NULL,NULL,NULL,NULL,NULL,NULL,33,'product',NULL,NULL),(163,NULL,1,'2019-02-18 15:45:37','2019-02-18 15:45:37',40,'AC_PRODUCT_CREATE','2019-02-18 15:45:37','2019-02-18 15:45:37',2,NULL,NULL,NULL,NULL,0,2,NULL,0,0,0,1,-1,'',NULL,'Produit SAB créé','Produit SAB créé\nAuteur: cedric',NULL,NULL,NULL,NULL,NULL,NULL,NULL,NULL,NULL,NULL,NULL,34,'product',NULL,NULL),(164,NULL,1,'2019-02-18 15:45:59','2019-02-18 15:45:59',40,'AC_PRODUCT_MODIFY','2019-02-18 15:45:59','2019-02-18 15:45:59',2,NULL,NULL,NULL,NULL,0,2,NULL,0,0,0,1,-1,'',NULL,'Produit SAB modifié','Produit SAB modifié\nAuteur: cedric',NULL,NULL,NULL,NULL,NULL,NULL,NULL,NULL,NULL,NULL,NULL,34,'product',NULL,NULL),(165,NULL,1,'2019-02-18 15:56:14','2019-02-18 15:56:14',40,'AC_PRODUCT_MODIFY','2019-02-18 15:56:14','2019-02-18 15:56:14',2,NULL,NULL,NULL,NULL,0,2,NULL,0,0,0,1,-1,'',NULL,'Produit PV-CLS-BA13-STD modifié','Produit PV-CLS-BA13-STD modifié\nAuteur: cedric',NULL,NULL,NULL,NULL,NULL,NULL,NULL,NULL,NULL,NULL,NULL,23,'product',NULL,NULL),(166,NULL,1,'2019-02-18 16:11:23','2019-02-18 16:11:23',40,'AC_PRODUCT_CREATE','2019-02-18 16:11:23','2019-02-18 16:11:23',2,NULL,NULL,NULL,NULL,0,2,NULL,0,0,0,1,-1,'',NULL,'Produit POR-ALU-90 créé','Produit POR-ALU-90 créé\nAuteur: cedric',NULL,NULL,NULL,NULL,NULL,NULL,NULL,NULL,NULL,NULL,NULL,35,'product',NULL,NULL),(167,NULL,1,'2019-02-18 16:12:19','2019-02-18 16:12:19',40,'AC_PRODUCT_MODIFY','2019-02-18 16:12:19','2019-02-18 16:12:19',2,NULL,NULL,NULL,NULL,0,2,NULL,0,0,0,1,-1,'',NULL,'Produit POR-ALU-90 modifié','Produit POR-ALU-90 modifié\nAuteur: cedric',NULL,NULL,NULL,NULL,NULL,NULL,NULL,NULL,NULL,NULL,NULL,35,'product',NULL,NULL),(168,NULL,1,'2019-02-18 16:13:14','2019-02-18 16:13:14',40,'AC_PRODUCT_MODIFY','2019-02-18 16:13:14','2019-02-18 16:13:14',2,NULL,NULL,NULL,NULL,0,2,NULL,0,0,0,1,-1,'',NULL,'Produit POR-ALU-90 modifié','Produit POR-ALU-90 modifié\nAuteur: cedric',NULL,NULL,NULL,NULL,NULL,NULL,NULL,NULL,NULL,NULL,NULL,35,'product',NULL,NULL),(169,NULL,1,'2019-02-18 16:13:58','2019-02-18 16:13:58',40,'AC_PRODUCT_CREATE','2019-02-18 16:13:58','2019-02-18 16:13:58',2,NULL,NULL,NULL,NULL,0,2,NULL,0,0,0,1,-1,'',NULL,'Produit BAI-ALU créé','Produit BAI-ALU créé\nAuteur: cedric',NULL,NULL,NULL,NULL,NULL,NULL,NULL,NULL,NULL,NULL,NULL,36,'product',NULL,NULL),(170,NULL,1,'2019-02-18 16:14:13','2019-02-18 16:14:13',40,'AC_PRODUCT_MODIFY','2019-02-18 16:14:13','2019-02-18 16:14:13',2,NULL,NULL,NULL,NULL,0,2,NULL,0,0,0,1,-1,'',NULL,'Produit BAI-ALU modifié','Produit BAI-ALU modifié\nAuteur: cedric',NULL,NULL,NULL,NULL,NULL,NULL,NULL,NULL,NULL,NULL,NULL,36,'product',NULL,NULL),(171,NULL,1,'2019-02-18 16:14:46','2019-02-18 16:14:46',40,'AC_PRODUCT_MODIFY','2019-02-18 16:14:46','2019-02-18 16:14:46',2,NULL,NULL,NULL,NULL,0,2,NULL,0,0,0,1,-1,'',NULL,'Produit BAI-ALU modifié','Produit BAI-ALU modifié\nAuteur: cedric',NULL,NULL,NULL,NULL,NULL,NULL,NULL,NULL,NULL,NULL,NULL,36,'product',NULL,NULL),(172,NULL,1,'2019-02-18 16:15:57','2019-02-18 16:15:57',40,'AC_PRODUCT_MODIFY','2019-02-18 16:15:57','2019-02-18 16:15:57',2,NULL,NULL,NULL,NULL,0,2,NULL,0,0,0,1,-1,'',NULL,'Produit BAI-ALU modifié','Produit BAI-ALU modifié\nAuteur: cedric',NULL,NULL,NULL,NULL,NULL,NULL,NULL,NULL,NULL,NULL,NULL,36,'product',NULL,NULL),(173,NULL,1,'2019-02-18 16:18:12','2019-02-18 16:18:12',40,'AC_PRODUCT_MODIFY','2019-02-18 16:18:12','2019-02-18 16:18:12',2,NULL,NULL,NULL,NULL,0,2,NULL,0,0,0,1,-1,'',NULL,'Produit BAI-ALU modifié','Produit BAI-ALU modifié\nAuteur: cedric',NULL,NULL,NULL,NULL,NULL,NULL,NULL,NULL,NULL,NULL,NULL,36,'product',NULL,NULL),(174,NULL,1,'2019-02-18 18:14:51','2019-02-18 18:14:51',40,'AC_PROPAL_VALIDATE','2019-02-18 18:14:51','2019-02-18 18:14:51',2,NULL,NULL,26,NULL,0,2,NULL,0,0,0,1,-1,'',NULL,'Proposition PR1902-0004 validée','Proposition PR1902-0004 validée\nAuteur: cedric',NULL,NULL,NULL,NULL,NULL,NULL,NULL,NULL,NULL,NULL,NULL,4,'propal',NULL,NULL),(175,NULL,1,'2019-02-18 18:25:11','2019-02-18 18:25:11',40,'AC_PROPAL_VALIDATE','2019-02-18 18:25:11','2019-02-18 18:25:11',2,NULL,NULL,26,NULL,0,2,NULL,0,0,0,1,-1,'',NULL,'Proposition PR1902-0004 validée','Proposition PR1902-0004 validée\nAuteur: cedric',NULL,NULL,NULL,NULL,NULL,NULL,NULL,NULL,NULL,NULL,NULL,4,'propal',NULL,NULL),(176,NULL,1,'2019-02-21 18:26:09','2019-02-21 18:26:09',40,'AC_COMPANY_CREATE','2019-02-21 18:26:09','2019-02-21 18:26:09',2,NULL,NULL,27,NULL,0,2,NULL,0,0,0,1,-1,'',NULL,'Tiers BARRY Saïkou créé','Tiers BARRY Saïkou créé\nAuteur: cedric',NULL,NULL,NULL,NULL,NULL,NULL,NULL,NULL,NULL,NULL,NULL,27,'societe',NULL,NULL),(177,NULL,1,'2019-02-21 18:30:27','2019-02-21 18:30:27',40,'AC_BILL_VALIDATE','2019-02-21 18:30:27','2019-02-21 18:30:27',2,NULL,NULL,27,NULL,0,2,NULL,0,0,0,1,-1,'',NULL,'Facture FA1902-0005 validée','Facture FA1902-0005 validée\nAuteur: cedric',NULL,NULL,NULL,NULL,NULL,NULL,NULL,NULL,NULL,NULL,NULL,12,'invoice',NULL,NULL),(178,NULL,1,'2019-02-22 18:26:19','2019-02-22 18:26:19',40,'AC_PROPAL_VALIDATE','2019-02-22 18:26:20','2019-02-22 18:26:20',2,NULL,NULL,20,NULL,0,2,NULL,0,0,0,1,-1,'',NULL,'Proposition PR1901-0001 validée','Proposition PR1901-0001 validée\nAuteur: cedric',NULL,NULL,NULL,NULL,NULL,NULL,NULL,NULL,NULL,NULL,NULL,2,'propal',NULL,NULL),(179,NULL,1,'2019-02-22 18:26:36','2019-02-22 18:26:36',40,'AC_PROPAL_CLOSE_SIGNED','2019-02-22 18:26:36','2019-02-22 18:26:36',2,NULL,NULL,20,NULL,0,2,NULL,0,0,0,1,-1,'',NULL,'Proposition PR1901-0001 signée','Proposition PR1901-0001 signée\nAuteur: cedric',NULL,NULL,NULL,NULL,NULL,NULL,NULL,NULL,NULL,NULL,NULL,2,'propal',NULL,NULL),(180,NULL,1,'2019-02-25 16:32:57','2019-02-25 16:32:57',40,'AC_COMPANY_CREATE','2019-02-25 16:32:57','2019-02-25 16:32:57',2,NULL,NULL,28,NULL,0,2,NULL,0,0,0,1,-1,'',NULL,'Tiers Ibrahim CISSSE créé','Tiers Ibrahim CISSSE créé\nAuteur: cedric',NULL,NULL,NULL,NULL,NULL,NULL,NULL,NULL,NULL,NULL,NULL,28,'societe',NULL,NULL),(181,NULL,1,'2019-02-25 17:02:59','2019-02-25 17:02:59',40,'AC_PROPAL_VALIDATE','2019-02-25 17:02:59','2019-02-25 17:02:59',2,NULL,NULL,28,NULL,0,2,NULL,0,0,0,1,-1,'',NULL,'Proposition PR1902-0005 validée','Proposition PR1902-0005 validée\nAuteur: cedric',NULL,NULL,NULL,NULL,NULL,NULL,NULL,NULL,NULL,NULL,NULL,5,'propal',NULL,NULL),(182,NULL,1,'2019-02-25 17:16:59','2019-02-25 17:16:59',40,'AC_PROPAL_VALIDATE','2019-02-25 17:16:59','2019-02-25 17:16:59',2,NULL,NULL,28,NULL,0,2,NULL,0,0,0,1,-1,'',NULL,'Proposition PR1902-0005 validée','Proposition PR1902-0005 validée\nAuteur: cedric',NULL,NULL,NULL,NULL,NULL,NULL,NULL,NULL,NULL,NULL,NULL,5,'propal',NULL,NULL),(183,NULL,1,'2019-02-26 11:29:52','2019-02-26 11:29:52',40,'AC_BILL_VALIDATE','2019-02-26 11:29:52','2019-02-26 11:29:52',2,NULL,NULL,6,NULL,0,2,NULL,0,0,0,1,-1,'',NULL,'Facture AC1902-0004 validée','Facture AC1902-0004 validée\nAuteur: cedric',NULL,NULL,NULL,NULL,NULL,NULL,NULL,NULL,NULL,NULL,NULL,13,'invoice',NULL,NULL),(184,NULL,1,'2019-02-28 16:00:48','2019-02-28 16:00:48',40,'AC_COMPANY_CREATE','2019-02-28 16:00:48','2019-02-28 16:00:48',2,NULL,NULL,29,NULL,0,2,NULL,0,0,0,1,-1,'',NULL,'Tiers Carine REBOUL créé','Tiers Carine REBOUL créé\nAuteur: cedric',NULL,NULL,NULL,NULL,NULL,NULL,NULL,NULL,NULL,NULL,NULL,29,'societe',NULL,NULL),(185,NULL,1,'2019-02-28 16:55:04','2019-02-28 16:55:04',40,'AC_PROPAL_VALIDATE','2019-02-28 16:55:04','2019-02-28 16:55:04',2,NULL,NULL,29,NULL,0,2,NULL,0,0,0,1,-1,'',NULL,'Proposition PR1902-0006 validée','Proposition PR1902-0006 validée\nAuteur: cedric',NULL,NULL,NULL,NULL,NULL,NULL,NULL,NULL,NULL,NULL,NULL,6,'propal',NULL,NULL),(186,NULL,1,'2019-03-01 13:22:45','2019-03-01 13:22:45',40,'AC_PROPAL_CLOSE_SIGNED','2019-03-01 13:22:45','2019-03-01 13:22:45',2,NULL,NULL,22,NULL,0,2,NULL,0,0,0,1,-1,'',NULL,'Proposition PR1901-0002 signée','Proposition PR1901-0002 signée\nAuteur: cedric',NULL,NULL,NULL,NULL,NULL,NULL,NULL,NULL,NULL,NULL,NULL,3,'propal',NULL,NULL),(187,NULL,1,'2019-03-01 13:23:48','2019-03-01 13:23:48',40,'AC_BILL_VALIDATE','2019-03-01 13:23:48','2019-03-01 13:23:48',2,NULL,NULL,22,NULL,0,2,NULL,0,0,0,1,-1,'',NULL,'Facture FA1903-0006 validée','Facture FA1903-0006 validée\nAuteur: cedric',NULL,NULL,NULL,NULL,NULL,NULL,NULL,NULL,NULL,NULL,NULL,14,'invoice',NULL,NULL),(188,NULL,1,'2019-03-06 16:16:49','2019-03-06 16:16:49',40,'AC_PROPAL_VALIDATE','2019-03-06 16:16:49','2019-03-06 16:16:49',2,NULL,NULL,29,NULL,0,2,NULL,0,0,0,1,-1,'',NULL,'Proposition PR1902-0006 validée','Proposition PR1902-0006 validée\nAuteur: cedric',NULL,NULL,NULL,NULL,NULL,NULL,NULL,NULL,NULL,NULL,NULL,6,'propal',NULL,NULL),(189,NULL,1,'2019-03-06 17:45:42','2019-03-06 17:45:42',40,'AC_COMPANY_CREATE','2019-03-06 17:45:42','2019-03-06 17:45:42',2,NULL,NULL,30,NULL,0,2,NULL,0,0,0,1,-1,'',NULL,'Tiers NAITE Moustapha créé','Tiers NAITE Moustapha créé\nAuteur: cedric',NULL,NULL,NULL,NULL,NULL,NULL,NULL,NULL,NULL,NULL,NULL,30,'societe',NULL,NULL),(190,NULL,1,'2019-03-06 18:00:45','2019-03-06 18:00:45',40,'AC_BILL_VALIDATE','2019-03-06 18:00:45','2019-03-06 18:00:45',2,NULL,NULL,30,NULL,0,2,NULL,0,0,0,1,-1,'',NULL,'Facture FA1903-0007 validée','Facture FA1903-0007 validée\nAuteur: cedric',NULL,NULL,NULL,NULL,NULL,NULL,NULL,NULL,NULL,NULL,NULL,15,'invoice',NULL,NULL),(191,NULL,1,'2019-03-08 10:43:08','2019-03-08 10:43:08',40,'AC_PROPAL_VALIDATE','2019-03-08 10:43:08','2019-03-08 10:43:08',2,NULL,NULL,29,NULL,0,2,NULL,0,0,0,1,-1,'',NULL,'Proposition PR1903-0007 validée','Proposition PR1903-0007 validée\nAuteur: cedric',NULL,NULL,NULL,NULL,NULL,NULL,NULL,NULL,NULL,NULL,NULL,7,'propal',NULL,NULL),(192,NULL,1,'2019-03-08 11:04:02','2019-03-08 11:04:02',40,'AC_PROPAL_VALIDATE','2019-03-08 11:04:02','2019-03-08 11:04:02',2,NULL,NULL,29,NULL,0,2,NULL,0,0,0,1,-1,'',NULL,'Proposition PR1902-0006 validée','Proposition PR1902-0006 validée\nAuteur: cedric',NULL,NULL,NULL,NULL,NULL,NULL,NULL,NULL,NULL,NULL,NULL,6,'propal',NULL,NULL),(193,NULL,1,'2019-03-08 11:48:07','2019-03-08 11:48:07',40,'AC_PROPAL_VALIDATE','2019-03-08 11:48:07','2019-03-08 11:48:07',2,NULL,NULL,29,NULL,0,2,NULL,0,0,0,1,-1,'',NULL,'Proposition PR1902-0006 validée','Proposition PR1902-0006 validée\nAuteur: cedric',NULL,NULL,NULL,NULL,NULL,NULL,NULL,NULL,NULL,NULL,NULL,6,'propal',NULL,NULL),(194,NULL,1,'2019-03-08 16:47:49','2019-03-08 16:47:49',40,'AC_COMPANY_CREATE','2019-03-08 16:47:49','2019-03-08 16:47:49',2,NULL,NULL,31,NULL,0,2,NULL,0,0,0,1,-1,'',NULL,'Tiers Hôtel MLYS créé','Tiers Hôtel MLYS créé\nAuteur: cedric',NULL,NULL,NULL,NULL,NULL,NULL,NULL,NULL,NULL,NULL,NULL,31,'societe',NULL,NULL),(195,NULL,1,'2019-03-08 16:49:55','2019-03-08 16:49:55',40,'AC_PROJECT_CREATE','2019-03-08 16:49:55','2019-03-08 16:49:55',2,NULL,8,31,NULL,0,2,NULL,0,0,0,1,-1,'',NULL,'Projet PJ1903-0007 créé','Projet PJ1903-0007 créé\nProjet: PJ1903-0007\nAuteur: cedric',NULL,NULL,NULL,NULL,NULL,NULL,NULL,NULL,NULL,NULL,NULL,8,'project',NULL,NULL),(196,NULL,1,'2019-03-08 16:51:11','2019-03-08 16:51:11',40,'AC_PROJECT_VALIDATE','2019-03-08 16:51:11','2019-03-08 16:51:11',2,NULL,8,31,NULL,0,2,NULL,0,0,0,1,-1,'',NULL,'Projet PJ1903-0007 validé','Projet PJ1903-0007 validé\nProjet: PJ1903-0007\nAuteur: cedric',NULL,NULL,NULL,NULL,NULL,NULL,NULL,NULL,NULL,NULL,NULL,8,'project',NULL,NULL),(197,NULL,1,'2019-03-08 17:13:09','2019-03-08 17:13:09',40,'AC_PROPAL_VALIDATE','2019-03-08 17:13:09','2019-03-08 17:13:09',2,NULL,8,31,NULL,0,2,NULL,0,0,0,1,-1,'',NULL,'Proposition PR1903-0008 validée','Proposition PR1903-0008 validée\nAuteur: cedric',NULL,NULL,NULL,NULL,NULL,NULL,NULL,NULL,NULL,NULL,NULL,8,'propal',NULL,NULL),(198,NULL,1,'2019-03-11 09:01:20','2019-03-11 09:01:20',40,'AC_PROPAL_VALIDATE','2019-03-11 09:01:20','2019-03-11 09:01:20',2,NULL,NULL,29,NULL,0,2,NULL,0,0,0,1,-1,'',NULL,'Proposition PR1902-0006 validée','Proposition PR1902-0006 validée\nAuteur: cedric',NULL,NULL,NULL,NULL,NULL,NULL,NULL,NULL,NULL,NULL,NULL,6,'propal',NULL,NULL),(199,NULL,1,'2019-03-11 10:43:41','2019-03-11 10:43:41',40,'AC_PROPAL_VALIDATE','2019-03-11 10:43:41','2019-03-11 10:43:41',2,NULL,NULL,29,NULL,0,2,NULL,0,0,0,1,-1,'',NULL,'Proposition PR1902-0006 validée','Proposition PR1902-0006 validée\nAuteur: cedric',NULL,NULL,NULL,NULL,NULL,NULL,NULL,NULL,NULL,NULL,NULL,6,'propal',NULL,NULL),(200,NULL,1,'2019-03-11 11:33:08','2019-03-11 11:33:08',40,'AC_PROPAL_VALIDATE','2019-03-11 11:33:08','2019-03-11 11:33:08',2,NULL,NULL,29,NULL,0,2,NULL,0,0,0,1,-1,'',NULL,'Proposition PR1902-0006 validée','Proposition PR1902-0006 validée\nAuteur: cedric',NULL,NULL,NULL,NULL,NULL,NULL,NULL,NULL,NULL,NULL,NULL,6,'propal',NULL,NULL),(201,NULL,1,'2019-03-11 11:47:53','2019-03-11 11:47:53',40,'AC_PROPAL_VALIDATE','2019-03-11 11:47:53','2019-03-11 11:47:53',2,NULL,NULL,29,NULL,0,2,NULL,0,0,0,1,-1,'',NULL,'Proposition PR1902-0006 validée','Proposition PR1902-0006 validée\nAuteur: cedric',NULL,NULL,NULL,NULL,NULL,NULL,NULL,NULL,NULL,NULL,NULL,6,'propal',NULL,NULL),(202,NULL,1,'2019-03-11 14:52:00','2019-03-11 14:52:00',40,'AC_COMPANY_CREATE','2019-03-11 14:52:00','2019-03-11 14:52:00',2,NULL,NULL,32,NULL,0,2,NULL,0,0,0,1,-1,'',NULL,'Tiers SELEG créé','Tiers SELEG créé\nAuteur: cedric',NULL,NULL,NULL,NULL,NULL,NULL,NULL,NULL,NULL,NULL,NULL,32,'societe',NULL,NULL),(203,NULL,1,'2019-03-11 15:07:13','2019-03-11 15:07:13',40,'AC_PROPAL_VALIDATE','2019-03-11 15:07:13','2019-03-11 15:07:13',2,NULL,NULL,32,NULL,0,2,NULL,0,0,0,1,-1,'',NULL,'Proposition PR1903-0009 validée','Proposition PR1903-0009 validée\nAuteur: cedric',NULL,NULL,NULL,NULL,NULL,NULL,NULL,NULL,NULL,NULL,NULL,9,'propal',NULL,NULL),(204,NULL,1,'2019-03-11 16:22:53','2019-03-11 16:22:53',40,'AC_PROPAL_VALIDATE','2019-03-11 16:22:53','2019-03-11 16:22:53',2,NULL,8,31,NULL,0,2,NULL,0,0,0,1,-1,'',NULL,'Proposition PR1903-0010 validée','Proposition PR1903-0010 validée\nAuteur: cedric',NULL,NULL,NULL,NULL,NULL,NULL,NULL,NULL,NULL,NULL,NULL,10,'propal',NULL,NULL),(205,NULL,1,'2019-03-11 16:24:00','2019-03-11 16:24:00',40,'AC_PROPAL_VALIDATE','2019-03-11 16:24:00','2019-03-11 16:24:00',2,NULL,8,31,NULL,0,2,NULL,0,0,0,1,-1,'',NULL,'Proposition PR1903-0010 validée','Proposition PR1903-0010 validée\nAuteur: cedric',NULL,NULL,NULL,NULL,NULL,NULL,NULL,NULL,NULL,NULL,NULL,10,'propal',NULL,NULL),(206,NULL,1,'2019-03-11 16:24:59','2019-03-11 16:24:59',40,'AC_PROPAL_VALIDATE','2019-03-11 16:24:59','2019-03-11 16:24:59',2,NULL,8,31,NULL,0,2,NULL,0,0,0,1,-1,'',NULL,'Proposition PR1903-0010 validée','Proposition PR1903-0010 validée\nAuteur: cedric',NULL,NULL,NULL,NULL,NULL,NULL,NULL,NULL,NULL,NULL,NULL,10,'propal',NULL,NULL),(207,NULL,1,'2019-03-11 16:43:34','2019-03-11 16:43:34',40,'AC_COMPANY_CREATE','2019-03-11 16:43:34','2019-03-11 16:43:34',2,NULL,NULL,33,NULL,0,2,NULL,0,0,0,1,-1,'',NULL,'Tiers ROZAN Denis créé','Tiers ROZAN Denis créé\nAuteur: cedric',NULL,NULL,NULL,NULL,NULL,NULL,NULL,NULL,NULL,NULL,NULL,33,'societe',NULL,NULL),(208,NULL,1,'2019-03-12 09:55:45','2019-03-12 09:55:45',40,'AC_PROPAL_VALIDATE','2019-03-12 09:55:45','2019-03-12 09:55:45',2,NULL,NULL,29,NULL,0,2,NULL,0,0,0,1,-1,'',NULL,'Proposition PR1902-0006 validée','Proposition PR1902-0006 validée\nAuteur: cedric',NULL,NULL,NULL,NULL,NULL,NULL,NULL,NULL,NULL,NULL,NULL,6,'propal',NULL,NULL),(209,NULL,1,'2019-03-12 11:51:27','2019-03-12 11:51:27',40,'AC_COMPANY_CREATE','2019-03-12 11:51:27','2019-03-12 11:51:27',2,NULL,NULL,34,NULL,0,2,NULL,0,0,0,1,-1,'',NULL,'Tiers PARQUE Véronique créé','Tiers PARQUE Véronique créé\nAuteur: cedric',NULL,NULL,NULL,NULL,NULL,NULL,NULL,NULL,NULL,NULL,NULL,34,'societe',NULL,NULL),(210,NULL,1,'2019-03-12 12:01:20','2019-03-12 12:01:20',40,'AC_BILL_VALIDATE','2019-03-12 12:01:20','2019-03-12 12:01:20',2,NULL,NULL,34,NULL,0,2,NULL,0,0,0,1,-1,'',NULL,'Facture FA1903-0008 validée','Facture FA1903-0008 validée\nAuteur: cedric',NULL,NULL,NULL,NULL,NULL,NULL,NULL,NULL,NULL,NULL,NULL,16,'invoice',NULL,NULL),(211,NULL,1,'2019-03-13 11:02:11','2019-03-13 11:02:11',40,'AC_PROPAL_CLOSE_SIGNED','2019-03-13 11:02:11','2019-03-13 11:02:11',2,NULL,NULL,29,NULL,0,2,NULL,0,0,0,1,-1,'',NULL,'Proposition PR1902-0006 signée','Proposition PR1902-0006 signée\nAuteur: cedric',NULL,NULL,NULL,NULL,NULL,NULL,NULL,NULL,NULL,NULL,NULL,6,'propal',NULL,NULL),(212,NULL,1,'2019-03-13 11:04:53','2019-03-13 11:04:53',40,'AC_PROJECT_CREATE','2019-03-13 11:04:54','2019-03-13 11:04:54',2,NULL,9,29,NULL,0,2,NULL,0,0,0,1,-1,'',NULL,'Projet PJ1903-0008 créé','Projet PJ1903-0008 créé\nProjet: PJ1903-0008\nAuteur: cedric',NULL,NULL,NULL,NULL,NULL,NULL,NULL,NULL,NULL,NULL,NULL,9,'project',NULL,NULL),(213,NULL,1,'2019-03-13 11:06:50','2019-03-13 11:06:50',40,'AC_PROPAL_CLASSIFY_BILLED','2019-03-13 11:06:50','2019-03-13 11:06:50',2,NULL,NULL,29,NULL,0,2,NULL,0,0,0,1,-1,'',NULL,'Proposition PR1902-0006 classée payée','Proposition PR1902-0006 classée payée\nAuteur: cedric',NULL,NULL,NULL,NULL,NULL,NULL,NULL,NULL,NULL,NULL,NULL,6,'propal',NULL,NULL),(214,NULL,1,'2019-03-13 11:08:09','2019-03-13 11:08:09',40,'AC_PROPAL_CLOSE_SIGNED','2019-03-13 11:08:09','2019-03-13 11:08:09',2,NULL,NULL,29,NULL,0,2,NULL,0,0,0,1,-1,'',NULL,'Proposition PR1902-0006 signée','Proposition PR1902-0006 signée\nAuteur: cedric',NULL,NULL,NULL,NULL,NULL,NULL,NULL,NULL,NULL,NULL,NULL,6,'propal',NULL,NULL),(215,NULL,1,'2019-03-13 11:09:58','2019-03-13 11:09:58',40,'AC_BILL_VALIDATE','2019-03-13 11:09:58','2019-03-13 11:09:58',2,NULL,9,29,NULL,0,2,NULL,0,0,0,1,-1,'',NULL,'Facture FA1903-0009 validée','Facture FA1903-0009 validée\nAuteur: cedric',NULL,NULL,NULL,NULL,NULL,NULL,NULL,NULL,NULL,NULL,NULL,18,'invoice',NULL,NULL),(216,NULL,1,'2019-03-13 17:00:59','2019-03-13 17:00:59',40,'AC_BILL_UNVALIDATE','2019-03-13 17:00:59','2019-03-13 17:00:59',2,NULL,NULL,30,NULL,0,2,NULL,0,0,0,1,-1,'',NULL,'Facture FA1903-0007 repassée en brouillon','Facture FA1903-0007 repassée en brouillon\nAuteur: cedric',NULL,NULL,NULL,NULL,NULL,NULL,NULL,NULL,NULL,NULL,NULL,15,'invoice',NULL,NULL),(217,NULL,1,'2019-03-13 17:07:07','2019-03-13 17:07:07',40,'AC_BILL_VALIDATE','2019-03-13 17:07:07','2019-03-13 17:07:07',2,NULL,NULL,30,NULL,0,2,NULL,0,0,0,1,-1,'',NULL,'Facture FA1903-0007 validée','Facture FA1903-0007 validée\nAuteur: cedric',NULL,NULL,NULL,NULL,NULL,NULL,NULL,NULL,NULL,NULL,NULL,15,'invoice',NULL,NULL),(218,NULL,1,'2019-03-13 19:15:06','2019-03-13 19:15:06',40,'AC_PROPAL_VALIDATE','2019-03-13 19:15:06','2019-03-13 19:15:06',2,NULL,NULL,26,NULL,0,2,NULL,0,0,0,1,-1,'',NULL,'Proposition PR1902-0004 validée','Proposition PR1902-0004 validée\nAuteur: cedric',NULL,NULL,NULL,NULL,NULL,NULL,NULL,NULL,NULL,NULL,NULL,4,'propal',NULL,NULL),(219,NULL,1,'2019-03-13 19:20:31','2019-03-13 19:20:31',40,'AC_PROPAL_VALIDATE','2019-03-13 19:20:32','2019-03-13 19:20:32',2,NULL,NULL,26,NULL,0,2,NULL,0,0,0,1,-1,'',NULL,'Proposition PR1902-0004 validée','Proposition PR1902-0004 validée\nAuteur: cedric',NULL,NULL,NULL,NULL,NULL,NULL,NULL,NULL,NULL,NULL,NULL,4,'propal',NULL,NULL),(220,NULL,1,'2019-03-13 19:48:00','2019-03-13 19:48:00',40,'AC_PROPAL_VALIDATE','2019-03-13 19:48:00','2019-03-13 19:48:00',2,NULL,NULL,32,NULL,0,2,NULL,0,0,0,1,-1,'',NULL,'Proposition PR1903-0009 validée','Proposition PR1903-0009 validée\nAuteur: cedric',NULL,NULL,NULL,NULL,NULL,NULL,NULL,NULL,NULL,NULL,NULL,9,'propal',NULL,NULL),(221,NULL,1,'2019-03-14 11:53:16','2019-03-14 11:53:16',40,'AC_PROPAL_VALIDATE','2019-03-14 11:53:16','2019-03-14 11:53:16',2,NULL,NULL,26,NULL,0,2,NULL,0,0,0,1,-1,'',NULL,'Proposition PR1902-0004 validée','Proposition PR1902-0004 validée\nAuteur: cedric',NULL,NULL,NULL,NULL,NULL,NULL,NULL,NULL,NULL,NULL,NULL,4,'propal',NULL,NULL),(222,NULL,1,'2019-03-18 14:23:46','2019-03-18 14:23:46',40,'AC_PROPAL_VALIDATE','2019-03-18 14:23:46','2019-03-18 14:23:46',2,NULL,NULL,26,NULL,0,2,NULL,0,0,0,1,-1,'',NULL,'Proposition PR1902-0004 validée','Proposition PR1902-0004 validée\nAuteur: cedric',NULL,NULL,NULL,NULL,NULL,NULL,NULL,NULL,NULL,NULL,NULL,4,'propal',NULL,NULL),(223,NULL,1,'2019-03-18 14:32:26','2019-03-18 14:32:26',40,'AC_PROPAL_VALIDATE','2019-03-18 14:32:26','2019-03-18 14:32:26',2,NULL,NULL,26,NULL,0,2,NULL,0,0,0,1,-1,'',NULL,'Proposition PR1902-0004 validée','Proposition PR1902-0004 validée\nAuteur: cedric',NULL,NULL,NULL,NULL,NULL,NULL,NULL,NULL,NULL,NULL,NULL,4,'propal',NULL,NULL),(224,NULL,1,'2019-03-18 14:44:25','2019-03-18 14:44:25',40,'AC_PROJECT_CREATE','2019-03-18 14:44:25','2019-03-18 14:44:25',2,NULL,10,26,NULL,0,2,NULL,0,0,0,1,-1,'',NULL,'Projet PJ1903-0009 créé','Projet PJ1903-0009 créé\nProjet: PJ1903-0009\nAuteur: cedric',NULL,NULL,NULL,NULL,NULL,NULL,NULL,NULL,NULL,NULL,NULL,10,'project',NULL,NULL),(225,NULL,1,'2019-03-18 14:44:38','2019-03-18 14:44:38',40,'AC_PROJECT_VALIDATE','2019-03-18 14:44:38','2019-03-18 14:44:38',2,NULL,10,26,NULL,0,2,NULL,0,0,0,1,-1,'',NULL,'Projet PJ1903-0009 validé','Projet PJ1903-0009 validé\nProjet: PJ1903-0009\nAuteur: cedric',NULL,NULL,NULL,NULL,NULL,NULL,NULL,NULL,NULL,NULL,NULL,10,'project',NULL,NULL),(226,NULL,1,'2019-03-18 14:47:27','2019-03-18 14:47:27',40,'AC_BILL_VALIDATE','2019-03-18 14:47:27','2019-03-18 14:47:27',2,NULL,10,26,NULL,0,2,NULL,0,0,0,1,-1,'',NULL,'Facture AC1903-0005 validée','Facture AC1903-0005 validée\nAuteur: cedric',NULL,NULL,NULL,NULL,NULL,NULL,NULL,NULL,NULL,NULL,NULL,19,'invoice',NULL,NULL),(227,NULL,1,'2019-03-18 14:48:49','2019-03-18 14:48:49',40,'AC_BILL_UNVALIDATE','2019-03-18 14:48:49','2019-03-18 14:48:49',2,NULL,10,26,NULL,0,2,NULL,0,0,0,1,-1,'',NULL,'Facture AC1903-0005 repassée en brouillon','Facture AC1903-0005 repassée en brouillon\nAuteur: cedric',NULL,NULL,NULL,NULL,NULL,NULL,NULL,NULL,NULL,NULL,NULL,19,'invoice',NULL,NULL),(228,NULL,1,'2019-03-18 14:49:00','2019-03-18 14:49:00',40,'AC_BILL_VALIDATE','2019-03-18 14:49:00','2019-03-18 14:49:00',2,NULL,10,26,NULL,0,2,NULL,0,0,0,1,-1,'',NULL,'Facture AC1903-0005 validée','Facture AC1903-0005 validée\nAuteur: cedric',NULL,NULL,NULL,NULL,NULL,NULL,NULL,NULL,NULL,NULL,NULL,19,'invoice',NULL,NULL),(229,NULL,1,'2019-03-18 14:49:51','2019-03-18 14:49:51',40,'AC_BILL_UNVALIDATE','2019-03-18 14:49:51','2019-03-18 14:49:51',2,NULL,10,26,NULL,0,2,NULL,0,0,0,1,-1,'',NULL,'Facture AC1903-0005 repassée en brouillon','Facture AC1903-0005 repassée en brouillon\nAuteur: cedric',NULL,NULL,NULL,NULL,NULL,NULL,NULL,NULL,NULL,NULL,NULL,19,'invoice',NULL,NULL),(230,NULL,1,'2019-03-18 14:50:01','2019-03-18 14:50:01',40,'AC_BILL_VALIDATE','2019-03-18 14:50:01','2019-03-18 14:50:01',2,NULL,10,26,NULL,0,2,NULL,0,0,0,1,-1,'',NULL,'Facture AC1903-0005 validée','Facture AC1903-0005 validée\nAuteur: cedric',NULL,NULL,NULL,NULL,NULL,NULL,NULL,NULL,NULL,NULL,NULL,19,'invoice',NULL,NULL),(231,NULL,1,'2019-03-18 15:58:23','2019-03-18 15:58:23',40,'AC_BILL_PAYED','2019-03-18 15:58:23','2019-03-18 15:58:23',2,NULL,NULL,22,NULL,0,2,NULL,0,0,0,1,-1,'',NULL,'Facture FA1903-0006 passée à payée','Facture FA1903-0006 passée à payée\nAuteur: cedric',NULL,NULL,NULL,NULL,NULL,NULL,NULL,NULL,NULL,NULL,NULL,14,'invoice',NULL,NULL),(232,NULL,1,'2019-03-19 16:00:26','2019-03-19 16:00:26',40,'AC_PROPAL_VALIDATE','2019-03-19 16:00:26','2019-03-19 16:00:26',2,NULL,NULL,26,NULL,0,2,NULL,0,0,0,1,-1,'',NULL,'Proposition PR1902-0004 validée','Proposition PR1902-0004 validée\nAuteur: cedric',NULL,NULL,NULL,NULL,NULL,NULL,NULL,NULL,NULL,NULL,NULL,4,'propal',NULL,NULL),(233,NULL,1,'2019-03-19 17:44:44','2019-03-19 17:44:44',40,'AC_PROPAL_VALIDATE','2019-03-19 17:44:44','2019-03-19 17:44:44',2,NULL,NULL,26,NULL,0,2,NULL,0,0,0,1,-1,'',NULL,'Proposition PR1902-0004 validée','Proposition PR1902-0004 validée\nAuteur: cedric',NULL,NULL,NULL,NULL,NULL,NULL,NULL,NULL,NULL,NULL,NULL,4,'propal',NULL,NULL),(234,NULL,1,'2019-03-19 17:45:38','2019-03-19 17:45:38',40,'AC_BILL_UNVALIDATE','2019-03-19 17:45:38','2019-03-19 17:45:38',2,NULL,10,26,NULL,0,2,NULL,0,0,0,1,-1,'',NULL,'Facture AC1903-0005 repassée en brouillon','Facture AC1903-0005 repassée en brouillon\nAuteur: cedric',NULL,NULL,NULL,NULL,NULL,NULL,NULL,NULL,NULL,NULL,NULL,19,'invoice',NULL,NULL),(235,NULL,1,'2019-03-19 17:46:39','2019-03-19 17:46:39',40,'AC_BILL_VALIDATE','2019-03-19 17:46:39','2019-03-19 17:46:39',2,NULL,10,26,NULL,0,2,NULL,0,0,0,1,-1,'',NULL,'Facture AC1903-0005 validée','Facture AC1903-0005 validée\nAuteur: cedric',NULL,NULL,NULL,NULL,NULL,NULL,NULL,NULL,NULL,NULL,NULL,19,'invoice',NULL,NULL),(236,NULL,1,'2019-03-19 18:11:42','2019-03-19 18:11:42',40,'AC_BILL_UNVALIDATE','2019-03-19 18:11:42','2019-03-19 18:11:42',2,NULL,10,26,NULL,0,2,NULL,0,0,0,1,-1,'',NULL,'Facture AC1903-0005 repassée en brouillon','Facture AC1903-0005 repassée en brouillon\nAuteur: cedric',NULL,NULL,NULL,NULL,NULL,NULL,NULL,NULL,NULL,NULL,NULL,19,'invoice',NULL,NULL),(237,NULL,1,'2019-03-19 18:52:13','2019-03-19 18:52:13',40,'AC_PROPAL_VALIDATE','2019-03-19 18:52:13','2019-03-19 18:52:13',2,NULL,NULL,26,NULL,0,2,NULL,0,0,0,1,-1,'',NULL,'Proposition PR1902-0004 validée','Proposition PR1902-0004 validée\nAuteur: cedric',NULL,NULL,NULL,NULL,NULL,NULL,NULL,NULL,NULL,NULL,NULL,4,'propal',NULL,NULL),(238,NULL,1,'2019-03-19 19:01:27','2019-03-19 19:01:27',40,'AC_BILL_VALIDATE','2019-03-19 19:01:27','2019-03-19 19:01:27',2,NULL,10,26,NULL,0,2,NULL,0,0,0,1,-1,'',NULL,'Facture AC1903-0005 validée','Facture AC1903-0005 validée\nAuteur: cedric',NULL,NULL,NULL,NULL,NULL,NULL,NULL,NULL,NULL,NULL,NULL,19,'invoice',NULL,NULL),(239,NULL,1,'2019-03-20 17:08:08','2019-03-20 17:08:08',40,'AC_PRODUCT_MODIFY','2019-03-20 17:08:08','2019-03-20 17:08:08',2,NULL,NULL,NULL,NULL,0,2,NULL,0,0,0,1,-1,'',NULL,'Produit PV-CCS-BA13-STD modifié','Produit PV-CCS-BA13-STD modifié\nAuteur: cedric',NULL,NULL,NULL,NULL,NULL,NULL,NULL,NULL,NULL,NULL,NULL,1,'product',NULL,NULL),(240,NULL,1,'2019-03-20 17:08:59','2019-03-20 17:08:59',40,'AC_BILL_VALIDATE','2019-03-20 17:08:59','2019-03-20 17:08:59',2,NULL,NULL,27,NULL,0,2,NULL,0,0,0,1,-1,'',NULL,'Facture FA1903-0010 validée','Facture FA1903-0010 validée\nAuteur: cedric',NULL,NULL,NULL,NULL,NULL,NULL,NULL,NULL,NULL,NULL,NULL,21,'invoice',NULL,NULL),(241,NULL,1,'2019-03-20 17:10:46','2019-03-20 17:10:46',40,'AC_BILL_UNVALIDATE','2019-03-20 17:10:46','2019-03-20 17:10:46',2,NULL,NULL,27,NULL,0,2,NULL,0,0,0,1,-1,'',NULL,'Facture FA1903-0010 repassée en brouillon','Facture FA1903-0010 repassée en brouillon\nAuteur: cedric',NULL,NULL,NULL,NULL,NULL,NULL,NULL,NULL,NULL,NULL,NULL,21,'invoice',NULL,NULL),(242,NULL,1,'2019-03-20 17:11:35','2019-03-20 17:11:35',40,'AC_BILL_VALIDATE','2019-03-20 17:11:35','2019-03-20 17:11:35',2,NULL,NULL,27,NULL,0,2,NULL,0,0,0,1,-1,'',NULL,'Facture FA1903-0010 validée','Facture FA1903-0010 validée\nAuteur: cedric',NULL,NULL,NULL,NULL,NULL,NULL,NULL,NULL,NULL,NULL,NULL,21,'invoice',NULL,NULL),(243,NULL,1,'2019-03-22 16:12:54','2019-03-22 16:12:54',40,'AC_PROPAL_VALIDATE','2019-03-22 16:12:54','2019-03-22 16:12:54',2,NULL,8,31,NULL,0,2,NULL,0,0,0,1,-1,'',NULL,'Proposition PR1903-0008 validée','Proposition PR1903-0008 validée\nAuteur: cedric',NULL,NULL,NULL,NULL,NULL,NULL,NULL,NULL,NULL,NULL,NULL,8,'propal',NULL,NULL),(244,NULL,1,'2019-03-23 14:51:27','2019-03-23 14:51:27',40,'AC_COMPANY_CREATE','2019-03-23 14:51:27','2019-03-23 14:51:27',2,NULL,NULL,35,NULL,0,2,NULL,0,0,0,1,-1,'',NULL,'Tiers Webb Fontaine créé','Tiers Webb Fontaine créé\nAuteur: cedric',NULL,NULL,NULL,NULL,NULL,NULL,NULL,NULL,NULL,NULL,NULL,35,'societe',NULL,NULL),(245,NULL,1,'2019-03-23 16:46:53','2019-03-23 16:46:53',40,'AC_PROPAL_VALIDATE','2019-03-23 16:46:53','2019-03-23 16:46:53',2,NULL,NULL,5,NULL,0,2,NULL,0,0,0,1,-1,'',NULL,'Proposition PR1903-0011 validée','Proposition PR1903-0011 validée\nAuteur: cedric',NULL,NULL,NULL,NULL,NULL,NULL,NULL,NULL,NULL,NULL,NULL,13,'propal',NULL,NULL),(246,NULL,1,'2019-03-25 16:46:38','2019-03-25 16:46:38',40,'AC_PROPAL_VALIDATE','2019-03-25 16:46:38','2019-03-25 16:46:38',2,NULL,NULL,35,NULL,0,2,NULL,0,0,0,1,-1,'',NULL,'Proposition PR1903-0012 validée','Proposition PR1903-0012 validée\nAuteur: cedric',NULL,NULL,NULL,NULL,NULL,NULL,NULL,NULL,NULL,NULL,NULL,12,'propal',NULL,NULL),(247,NULL,1,'2019-03-25 17:16:09','2019-03-25 17:16:09',40,'AC_PROPAL_VALIDATE','2019-03-25 17:16:09','2019-03-25 17:16:09',2,NULL,8,31,NULL,0,2,NULL,0,0,0,1,-1,'',NULL,'Proposition PR1903-0008 validée','Proposition PR1903-0008 validée\nAuteur: cedric',NULL,NULL,NULL,NULL,NULL,NULL,NULL,NULL,NULL,NULL,NULL,8,'propal',NULL,NULL),(248,NULL,1,'2019-03-25 17:17:12','2019-03-25 17:17:12',40,'AC_PROPAL_VALIDATE','2019-03-25 17:17:12','2019-03-25 17:17:12',2,NULL,8,31,NULL,0,2,NULL,0,0,0,1,-1,'',NULL,'Proposition PR1903-0008 validée','Proposition PR1903-0008 validée\nAuteur: cedric',NULL,NULL,NULL,NULL,NULL,NULL,NULL,NULL,NULL,NULL,NULL,8,'propal',NULL,NULL),(249,NULL,1,'2019-03-25 17:17:23','2019-03-25 17:17:23',40,'AC_PROPAL_CLOSE_SIGNED','2019-03-25 17:17:23','2019-03-25 17:17:23',2,NULL,8,31,NULL,0,2,NULL,0,0,0,1,-1,'',NULL,'Proposition PR1903-0008 signée','Proposition PR1903-0008 signée\nAuteur: cedric',NULL,NULL,NULL,NULL,NULL,NULL,NULL,NULL,NULL,NULL,NULL,8,'propal',NULL,NULL),(250,NULL,1,'2019-03-25 17:29:18','2019-03-25 17:29:18',40,'AC_BILL_VALIDATE','2019-03-25 17:29:18','2019-03-25 17:29:18',2,NULL,8,31,NULL,0,2,NULL,0,0,0,1,-1,'',NULL,'Facture FA1903-0011 validée','Facture FA1903-0011 validée\nAuteur: cedric',NULL,NULL,NULL,NULL,NULL,NULL,NULL,NULL,NULL,NULL,NULL,22,'invoice',NULL,NULL),(251,NULL,1,'2019-03-27 15:25:21','2019-03-27 15:25:21',40,'AC_PROPAL_VALIDATE','2019-03-27 15:25:21','2019-03-27 15:25:21',2,NULL,NULL,35,NULL,0,2,NULL,0,0,0,1,-1,'',NULL,'Proposition PR1903-0013 validée','Proposition PR1903-0013 validée\nAuteur: cedric',NULL,NULL,NULL,NULL,NULL,NULL,NULL,NULL,NULL,NULL,NULL,14,'propal',NULL,NULL),(252,NULL,1,'2019-04-01 17:12:13','2019-04-01 17:12:13',40,'AC_BILL_VALIDATE','2019-04-01 17:12:13','2019-04-01 17:12:13',2,NULL,10,26,NULL,0,2,NULL,0,0,0,1,-1,'',NULL,'Facture AC1904-0006 validée','Facture AC1904-0006 validée\nAuteur: cedric',NULL,NULL,NULL,NULL,NULL,NULL,NULL,NULL,NULL,NULL,NULL,23,'invoice',NULL,NULL),(253,NULL,1,'2019-04-01 19:19:13','2019-04-01 19:19:13',40,'AC_BILL_UNVALIDATE','2019-04-01 19:19:13','2019-04-01 19:19:13',2,NULL,8,31,NULL,0,2,NULL,0,0,0,1,-1,'',NULL,'Facture FA1903-0011 repassée en brouillon','Facture FA1903-0011 repassée en brouillon\nAuteur: cedric',NULL,NULL,NULL,NULL,NULL,NULL,NULL,NULL,NULL,NULL,NULL,22,'invoice',NULL,NULL),(254,NULL,1,'2019-04-01 19:20:19','2019-04-01 19:20:19',40,'AC_BILL_VALIDATE','2019-04-01 19:20:19','2019-04-01 19:20:19',2,NULL,8,31,NULL,0,2,NULL,0,0,0,1,-1,'',NULL,'Facture FA1904-0012 validée','Facture FA1904-0012 validée\nAuteur: cedric',NULL,NULL,NULL,NULL,NULL,NULL,NULL,NULL,NULL,NULL,NULL,24,'invoice',NULL,NULL),(255,NULL,1,'2019-04-03 16:56:13','2019-04-03 16:56:13',40,'AC_PROPAL_VALIDATE','2019-04-03 16:56:13','2019-04-03 16:56:13',2,NULL,NULL,35,NULL,0,2,NULL,0,0,0,1,-1,'',NULL,'Proposition PR1903-0012 validée','Proposition PR1903-0012 validée\nAuteur: cedric',NULL,NULL,NULL,NULL,NULL,NULL,NULL,NULL,NULL,NULL,NULL,12,'propal',NULL,NULL),(256,NULL,1,'2019-04-03 16:57:32','2019-04-03 16:57:32',40,'AC_PROPAL_VALIDATE','2019-04-03 16:57:32','2019-04-03 16:57:32',2,NULL,NULL,35,NULL,0,2,NULL,0,0,0,1,-1,'',NULL,'Proposition PR1903-0013 validée','Proposition PR1903-0013 validée\nAuteur: cedric',NULL,NULL,NULL,NULL,NULL,NULL,NULL,NULL,NULL,NULL,NULL,14,'propal',NULL,NULL),(257,NULL,1,'2019-04-03 17:16:27','2019-04-03 17:16:27',40,'AC_PROPAL_VALIDATE','2019-04-03 17:16:27','2019-04-03 17:16:27',2,NULL,NULL,5,NULL,0,2,NULL,0,0,0,1,-1,'',NULL,'Proposition PR1903-0011 validée','Proposition PR1903-0011 validée\nAuteur: cedric',NULL,NULL,NULL,NULL,NULL,NULL,NULL,NULL,NULL,NULL,NULL,13,'propal',NULL,NULL),(258,NULL,1,'2019-04-04 17:55:23','2019-04-04 17:55:23',40,'AC_COMPANY_CREATE','2019-04-04 17:55:23','2019-04-04 17:55:23',2,NULL,NULL,36,NULL,0,2,NULL,0,0,0,1,-1,'',NULL,'Tiers ARCANE créé','Tiers ARCANE créé\nAuteur: cedric',NULL,NULL,NULL,NULL,NULL,NULL,NULL,NULL,NULL,NULL,NULL,36,'societe',NULL,NULL),(259,NULL,1,'2019-04-04 19:10:15','2019-04-04 19:10:15',40,'AC_PROPAL_VALIDATE','2019-04-04 19:10:15','2019-04-04 19:10:15',2,NULL,NULL,36,NULL,0,2,NULL,0,0,0,1,-1,'',NULL,'Proposition PR1904-0014 validée','Proposition PR1904-0014 validée\nAuteur: cedric',NULL,NULL,NULL,NULL,NULL,NULL,NULL,NULL,NULL,NULL,NULL,15,'propal',NULL,NULL),(260,NULL,1,'2019-04-04 19:11:17','2019-04-04 19:11:17',40,'AC_PROPAL_VALIDATE','2019-04-04 19:11:17','2019-04-04 19:11:17',2,NULL,NULL,36,NULL,0,2,NULL,0,0,0,1,-1,'',NULL,'Proposition PR1904-0014 validée','Proposition PR1904-0014 validée\nAuteur: cedric',NULL,NULL,NULL,NULL,NULL,NULL,NULL,NULL,NULL,NULL,NULL,15,'propal',NULL,NULL),(261,NULL,1,'2019-04-06 13:14:29','2019-04-06 13:14:29',40,'AC_PROPAL_VALIDATE','2019-04-06 13:14:29','2019-04-06 13:14:29',2,NULL,NULL,36,NULL,0,2,NULL,0,0,0,1,-1,'',NULL,'Proposition PR1904-0014 validée','Proposition PR1904-0014 validée\nAuteur: cedric',NULL,NULL,NULL,NULL,NULL,NULL,NULL,NULL,NULL,NULL,NULL,15,'propal',NULL,NULL),(262,NULL,1,'2019-04-08 16:57:24','2019-04-08 16:57:24',40,'AC_PROPAL_VALIDATE','2019-04-08 16:57:24','2019-04-08 16:57:24',2,NULL,9,29,NULL,0,2,NULL,0,0,0,1,-1,'',NULL,'Proposition PR1904-0015 validée','Proposition PR1904-0015 validée\nAuteur: cedric',NULL,NULL,NULL,NULL,NULL,NULL,NULL,NULL,NULL,NULL,NULL,16,'propal',NULL,NULL),(263,NULL,1,'2019-04-08 17:16:33','2019-04-08 17:16:33',40,'AC_BILL_VALIDATE','2019-04-08 17:16:33','2019-04-08 17:16:33',2,NULL,NULL,34,NULL,0,2,NULL,0,0,0,1,-1,'',NULL,'Facture FA1904-0013 validée','Facture FA1904-0013 validée\nAuteur: cedric',NULL,NULL,NULL,NULL,NULL,NULL,NULL,NULL,NULL,NULL,NULL,25,'invoice',NULL,NULL),(264,NULL,1,'2019-04-08 17:21:40','2019-04-08 17:21:40',40,'AC_COMPANY_CREATE','2019-04-08 17:21:40','2019-04-08 17:21:40',2,NULL,NULL,37,NULL,0,2,NULL,0,0,0,1,-1,'',NULL,'Tiers Marifala créé','Tiers Marifala créé\nAuteur: cedric',NULL,NULL,NULL,NULL,NULL,NULL,NULL,NULL,NULL,NULL,NULL,37,'societe',NULL,NULL),(265,NULL,1,'2019-04-08 17:27:31','2019-04-08 17:27:31',40,'AC_PROPAL_VALIDATE','2019-04-08 17:27:31','2019-04-08 17:27:31',2,NULL,NULL,37,NULL,0,2,NULL,0,0,0,1,-1,'',NULL,'Proposition PR1904-0016 validée','Proposition PR1904-0016 validée\nAuteur: cedric',NULL,NULL,NULL,NULL,NULL,NULL,NULL,NULL,NULL,NULL,NULL,17,'propal',NULL,NULL),(266,NULL,1,'2019-04-09 10:26:21','2019-04-09 10:26:21',40,'AC_PROPAL_VALIDATE','2019-04-09 10:26:21','2019-04-09 10:26:21',2,NULL,NULL,36,NULL,0,2,NULL,0,0,0,1,-1,'',NULL,'Proposition PR1904-0014 validée','Proposition PR1904-0014 validée\nAuteur: cedric',NULL,NULL,NULL,NULL,NULL,NULL,NULL,NULL,NULL,NULL,NULL,15,'propal',NULL,NULL),(267,NULL,1,'2019-04-10 16:51:44','2019-04-10 16:51:44',40,'AC_PROPAL_VALIDATE','2019-04-10 16:51:44','2019-04-10 16:51:44',2,NULL,9,29,NULL,0,2,NULL,0,0,0,1,-1,'',NULL,'Proposition PR1904-0015 validée','Proposition PR1904-0015 validée\nAuteur: cedric',NULL,NULL,NULL,NULL,NULL,NULL,NULL,NULL,NULL,NULL,NULL,16,'propal',NULL,NULL),(268,NULL,1,'2019-04-10 17:43:34','2019-04-10 17:43:34',40,'AC_BILL_VALIDATE','2019-04-10 17:43:34','2019-04-10 17:43:34',2,NULL,8,31,NULL,0,2,NULL,0,0,0,1,-1,'',NULL,'Facture FA1904-0014 validée','Facture FA1904-0014 validée\nAuteur: cedric',NULL,NULL,NULL,NULL,NULL,NULL,NULL,NULL,NULL,NULL,NULL,26,'invoice',NULL,NULL),(269,NULL,1,'2019-04-10 18:57:13','2019-04-10 18:57:13',40,'AC_BILL_UNVALIDATE','2019-04-10 18:57:13','2019-04-10 18:57:13',2,NULL,8,31,NULL,0,2,NULL,0,0,0,1,-1,'',NULL,'Facture FA1904-0014 repassée en brouillon','Facture FA1904-0014 repassée en brouillon\nAuteur: cedric',NULL,NULL,NULL,NULL,NULL,NULL,NULL,NULL,NULL,NULL,NULL,26,'invoice',NULL,NULL),(270,NULL,1,'2019-04-10 18:57:54','2019-04-10 18:57:54',40,'AC_BILL_VALIDATE','2019-04-10 18:57:54','2019-04-10 18:57:54',2,NULL,8,31,NULL,0,2,NULL,0,0,0,1,-1,'',NULL,'Facture FA1904-0014 validée','Facture FA1904-0014 validée\nAuteur: cedric',NULL,NULL,NULL,NULL,NULL,NULL,NULL,NULL,NULL,NULL,NULL,26,'invoice',NULL,NULL),(271,NULL,1,'2019-04-10 19:16:31','2019-04-10 19:16:31',40,'AC_BILL_UNVALIDATE','2019-04-10 19:16:31','2019-04-10 19:16:31',2,NULL,8,31,NULL,0,2,NULL,0,0,0,1,-1,'',NULL,'Facture FA1904-0014 repassée en brouillon','Facture FA1904-0014 repassée en brouillon\nAuteur: cedric',NULL,NULL,NULL,NULL,NULL,NULL,NULL,NULL,NULL,NULL,NULL,26,'invoice',NULL,NULL),(272,NULL,1,'2019-04-10 19:16:51','2019-04-10 19:16:51',40,'AC_BILL_VALIDATE','2019-04-10 19:16:51','2019-04-10 19:16:51',2,NULL,8,31,NULL,0,2,NULL,0,0,0,1,-1,'',NULL,'Facture FA1904-0014 validée','Facture FA1904-0014 validée\nAuteur: cedric',NULL,NULL,NULL,NULL,NULL,NULL,NULL,NULL,NULL,NULL,NULL,26,'invoice',NULL,NULL),(273,NULL,1,'2019-04-11 17:30:12','2019-04-11 17:30:12',40,'AC_PROPAL_VALIDATE','2019-04-11 17:30:12','2019-04-11 17:30:12',2,NULL,NULL,35,NULL,0,2,NULL,0,0,0,1,-1,'',NULL,'Proposition PR1903-0012 validée','Proposition PR1903-0012 validée\nAuteur: cedric',NULL,NULL,NULL,NULL,NULL,NULL,NULL,NULL,NULL,NULL,NULL,12,'propal',NULL,NULL),(274,NULL,1,'2019-04-11 17:49:19','2019-04-11 17:49:19',40,'AC_PROPAL_VALIDATE','2019-04-11 17:49:19','2019-04-11 17:49:19',2,NULL,NULL,35,NULL,0,2,NULL,0,0,0,1,-1,'',NULL,'Proposition PR1903-0012 validée','Proposition PR1903-0012 validée\nAuteur: cedric',NULL,NULL,NULL,NULL,NULL,NULL,NULL,NULL,NULL,NULL,NULL,12,'propal',NULL,NULL),(275,NULL,1,'2019-04-11 17:52:24','2019-04-11 17:52:24',40,'AC_PROPAL_VALIDATE','2019-04-11 17:52:24','2019-04-11 17:52:24',2,NULL,NULL,35,NULL,0,2,NULL,0,0,0,1,-1,'',NULL,'Proposition PR1903-0013 validée','Proposition PR1903-0013 validée\nAuteur: cedric',NULL,NULL,NULL,NULL,NULL,NULL,NULL,NULL,NULL,NULL,NULL,14,'propal',NULL,NULL),(276,NULL,1,'2019-04-12 17:59:15','2019-04-12 17:59:15',40,'AC_BILL_VALIDATE','2019-04-12 17:59:15','2019-04-12 17:59:15',2,NULL,NULL,35,NULL,0,2,NULL,0,0,0,1,-1,'',NULL,'Facture FA1904-0015 validée','Facture FA1904-0015 validée\nAuteur: cedric',NULL,NULL,NULL,NULL,NULL,NULL,NULL,NULL,NULL,NULL,NULL,27,'invoice',NULL,NULL),(277,NULL,1,'2019-04-13 14:36:57','2019-04-13 14:36:57',40,'AC_PROPAL_VALIDATE','2019-04-13 14:36:57','2019-04-13 14:36:57',2,NULL,NULL,35,NULL,0,2,NULL,0,0,0,1,-1,'',NULL,'Proposition PR1903-0012 validée','Proposition PR1903-0012 validée\nAuteur: cedric',NULL,NULL,NULL,NULL,NULL,NULL,NULL,NULL,NULL,NULL,NULL,12,'propal',NULL,NULL),(278,NULL,1,'2019-04-13 14:38:32','2019-04-13 14:38:32',40,'AC_PROPAL_CLOSE_SIGNED','2019-04-13 14:38:32','2019-04-13 14:38:32',2,NULL,NULL,35,NULL,0,2,NULL,0,0,0,1,-1,'',NULL,'Proposition PR1903-0012 signée','Proposition PR1903-0012 signée\nAuteur: cedric',NULL,NULL,NULL,NULL,NULL,NULL,NULL,NULL,NULL,NULL,NULL,12,'propal',NULL,NULL),(279,NULL,1,'2019-04-13 14:42:01','2019-04-13 14:42:01',40,'AC_BILL_VALIDATE','2019-04-13 14:42:01','2019-04-13 14:42:01',2,NULL,NULL,35,NULL,0,2,NULL,0,0,0,1,-1,'',NULL,'Facture AC1904-0007 validée','Facture AC1904-0007 validée\nAuteur: cedric',NULL,NULL,NULL,NULL,NULL,NULL,NULL,NULL,NULL,NULL,NULL,29,'invoice',NULL,NULL),(280,NULL,1,'2019-04-13 14:49:38','2019-04-13 14:49:38',40,'AC_PROJECT_CREATE','2019-04-13 14:49:38','2019-04-13 14:49:38',2,NULL,11,35,NULL,0,2,NULL,0,0,0,1,-1,'',NULL,'Projet PJ1904-0010 créé','Projet PJ1904-0010 créé\nProjet: PJ1904-0010\nAuteur: cedric',NULL,NULL,NULL,NULL,NULL,NULL,NULL,NULL,NULL,NULL,NULL,11,'project',NULL,NULL),(281,NULL,1,'2019-04-13 14:50:14','2019-04-13 14:50:14',40,'AC_PROJECT_VALIDATE','2019-04-13 14:50:14','2019-04-13 14:50:14',2,NULL,11,35,NULL,0,2,NULL,0,0,0,1,-1,'',NULL,'Projet PJ1904-0010 validé','Projet PJ1904-0010 validé\nProjet: PJ1904-0010\nAuteur: cedric',NULL,NULL,NULL,NULL,NULL,NULL,NULL,NULL,NULL,NULL,NULL,11,'project',NULL,NULL),(282,NULL,1,'2019-04-13 14:55:10','2019-04-13 14:55:10',40,'AC_PROPAL_CLOSE_SIGNED','2019-04-13 14:55:10','2019-04-13 14:55:10',2,NULL,11,35,NULL,0,2,NULL,0,0,0,1,-1,'',NULL,'Proposition PR1903-0013 signée','Proposition PR1903-0013 signée\nAuteur: cedric',NULL,NULL,NULL,NULL,NULL,NULL,NULL,NULL,NULL,NULL,NULL,14,'propal',NULL,NULL),(283,NULL,1,'2019-04-13 14:55:52','2019-04-13 14:55:52',40,'AC_BILL_VALIDATE','2019-04-13 14:55:52','2019-04-13 14:55:52',2,NULL,11,35,NULL,0,2,NULL,0,0,0,1,-1,'',NULL,'Facture AC1904-0008 validée','Facture AC1904-0008 validée\nAuteur: cedric',NULL,NULL,NULL,NULL,NULL,NULL,NULL,NULL,NULL,NULL,NULL,30,'invoice',NULL,NULL),(284,NULL,1,'2019-04-15 11:51:29','2019-04-15 11:51:29',40,'AC_PROPAL_VALIDATE','2019-04-15 11:51:29','2019-04-15 11:51:29',2,NULL,11,35,NULL,0,2,NULL,0,0,0,1,-1,'',NULL,'Proposition PR1904-0017 validée','Proposition PR1904-0017 validée\nAuteur: cedric',NULL,NULL,NULL,NULL,NULL,NULL,NULL,NULL,NULL,NULL,NULL,19,'propal',NULL,NULL),(285,NULL,1,'2019-04-15 12:23:18','2019-04-15 12:23:18',40,'AC_PROPAL_VALIDATE','2019-04-15 12:23:18','2019-04-15 12:23:18',2,NULL,11,35,NULL,0,2,NULL,0,0,0,1,-1,'',NULL,'Proposition PR1904-0017 validée','Proposition PR1904-0017 validée\nAuteur: cedric',NULL,NULL,NULL,NULL,NULL,NULL,NULL,NULL,NULL,NULL,NULL,19,'propal',NULL,NULL),(286,NULL,1,'2019-04-15 18:14:02','2019-04-15 18:14:02',40,'AC_BILL_PAYED','2019-04-15 18:14:03','2019-04-15 18:14:03',2,NULL,11,35,NULL,0,2,NULL,0,0,0,1,-1,'',NULL,'Facture AC1904-0008 passée à payée','Facture AC1904-0008 passée à payée\nAuteur: cedric',NULL,NULL,NULL,NULL,NULL,NULL,NULL,NULL,NULL,NULL,NULL,30,'invoice',NULL,NULL),(287,NULL,1,'2019-04-15 18:15:46','2019-04-15 18:15:46',40,'AC_BILL_PAYED','2019-04-15 18:15:46','2019-04-15 18:15:46',2,NULL,11,35,NULL,0,2,NULL,0,0,0,1,-1,'',NULL,'Facture AC1904-0007 passée à payée','Facture AC1904-0007 passée à payée\nAuteur: cedric',NULL,NULL,NULL,NULL,NULL,NULL,NULL,NULL,NULL,NULL,NULL,29,'invoice',NULL,NULL),(288,NULL,1,'2019-04-24 13:51:44','2019-04-24 13:51:44',40,'AC_PROPAL_VALIDATE','2019-04-24 13:51:44','2019-04-24 13:51:44',2,NULL,NULL,6,NULL,0,2,NULL,0,0,0,1,-1,'',NULL,'Proposition PR1904-0018 validée','Proposition PR1904-0018 validée\nAuteur: cedric',NULL,NULL,NULL,NULL,NULL,NULL,NULL,NULL,NULL,NULL,NULL,21,'propal',NULL,NULL),(289,NULL,1,'2019-04-24 13:57:52','2019-04-24 13:57:52',40,'AC_PROPAL_VALIDATE','2019-04-24 13:57:52','2019-04-24 13:57:52',2,NULL,11,35,NULL,0,2,NULL,0,0,0,1,-1,'',NULL,'Proposition PR1904-0019 validée','Proposition PR1904-0019 validée\nAuteur: cedric',NULL,NULL,NULL,NULL,NULL,NULL,NULL,NULL,NULL,NULL,NULL,20,'propal',NULL,NULL),(290,NULL,1,'2019-04-24 14:01:47','2019-04-24 14:01:47',40,'AC_PROPAL_VALIDATE','2019-04-24 14:01:47','2019-04-24 14:01:47',2,NULL,NULL,6,NULL,0,2,NULL,0,0,0,1,-1,'',NULL,'Proposition PR1904-0018 validée','Proposition PR1904-0018 validée\nAuteur: cedric',NULL,NULL,NULL,NULL,NULL,NULL,NULL,NULL,NULL,NULL,NULL,21,'propal',NULL,NULL),(291,NULL,1,'2019-04-24 14:04:04','2019-04-24 14:04:04',40,'AC_PROPAL_VALIDATE','2019-04-24 14:04:04','2019-04-24 14:04:04',2,NULL,NULL,6,NULL,0,2,NULL,0,0,0,1,-1,'',NULL,'Proposition PR1904-0018 validée','Proposition PR1904-0018 validée\nAuteur: cedric',NULL,NULL,NULL,NULL,NULL,NULL,NULL,NULL,NULL,NULL,NULL,21,'propal',NULL,NULL),(292,NULL,1,'2019-04-24 14:06:42','2019-04-24 14:06:42',40,'AC_PROPAL_VALIDATE','2019-04-24 14:06:42','2019-04-24 14:06:42',2,NULL,11,35,NULL,0,2,NULL,0,0,0,1,-1,'',NULL,'Proposition PR1904-0019 validée','Proposition PR1904-0019 validée\nAuteur: cedric',NULL,NULL,NULL,NULL,NULL,NULL,NULL,NULL,NULL,NULL,NULL,20,'propal',NULL,NULL),(293,NULL,1,'2019-04-24 14:15:06','2019-04-24 14:15:06',40,'AC_PROPAL_VALIDATE','2019-04-24 14:15:06','2019-04-24 14:15:06',2,NULL,11,35,NULL,0,2,NULL,0,0,0,1,-1,'',NULL,'Proposition PR1904-0019 validée','Proposition PR1904-0019 validée\nAuteur: cedric',NULL,NULL,NULL,NULL,NULL,NULL,NULL,NULL,NULL,NULL,NULL,20,'propal',NULL,NULL),(294,NULL,1,'2019-04-24 14:16:38','2019-04-24 14:16:38',40,'AC_PROPAL_VALIDATE','2019-04-24 14:16:38','2019-04-24 14:16:38',2,NULL,11,35,NULL,0,2,NULL,0,0,0,1,-1,'',NULL,'Proposition PR1904-0019 validée','Proposition PR1904-0019 validée\nAuteur: cedric',NULL,NULL,NULL,NULL,NULL,NULL,NULL,NULL,NULL,NULL,NULL,20,'propal',NULL,NULL),(295,NULL,1,'2019-04-24 14:17:42','2019-04-24 14:17:42',40,'AC_PROPAL_CLOSE_REFUSED','2019-04-24 14:17:42','2019-04-24 14:17:42',2,NULL,11,35,NULL,0,2,NULL,0,0,0,1,-1,'',NULL,'Proposition PR1904-0019 refusée','Proposition PR1904-0019 refusée\nAuteur: cedric',NULL,NULL,NULL,NULL,NULL,NULL,NULL,NULL,NULL,NULL,NULL,20,'propal',NULL,NULL),(296,NULL,1,'2019-04-24 14:25:19','2019-04-24 14:25:19',40,'AC_PROPAL_CLOSE_REFUSED','2019-04-24 14:25:19','2019-04-24 14:25:19',2,NULL,11,35,NULL,0,2,NULL,0,0,0,1,-1,'',NULL,'Proposition PR1904-0019 refusée','Proposition PR1904-0019 refusée\nAuteur: cedric',NULL,NULL,NULL,NULL,NULL,NULL,NULL,NULL,NULL,NULL,NULL,20,'propal',NULL,NULL),(297,NULL,1,'2019-04-24 14:29:12','2019-04-24 14:29:12',40,'AC_PROPAL_VALIDATE','2019-04-24 14:29:12','2019-04-24 14:29:12',2,NULL,11,35,NULL,0,2,NULL,0,0,0,1,-1,'',NULL,'Proposition PR1904-0019 validée','Proposition PR1904-0019 validée\nAuteur: cedric',NULL,NULL,NULL,NULL,NULL,NULL,NULL,NULL,NULL,NULL,NULL,20,'propal',NULL,NULL),(298,NULL,1,'2019-04-24 14:30:33','2019-04-24 14:30:33',40,'AC_PROPAL_CLOSE_SIGNED','2019-04-24 14:30:33','2019-04-24 14:30:33',2,NULL,11,35,NULL,0,2,NULL,0,0,0,1,-1,'',NULL,'Proposition PR1904-0019 signée','Proposition PR1904-0019 signée\nAuteur: cedric',NULL,NULL,NULL,NULL,NULL,NULL,NULL,NULL,NULL,NULL,NULL,20,'propal',NULL,NULL),(299,NULL,1,'2019-04-26 16:07:32','2019-04-26 16:07:32',40,'AC_BILL_VALIDATE','2019-04-26 16:07:32','2019-04-26 16:07:32',2,NULL,11,35,NULL,0,2,NULL,0,0,0,1,-1,'',NULL,'Facture AC1904-0009 validée','Facture AC1904-0009 validée\nAuteur: cedric',NULL,NULL,NULL,NULL,NULL,NULL,NULL,NULL,NULL,NULL,NULL,35,'invoice',NULL,NULL),(300,NULL,1,'2019-04-29 12:58:04','2019-04-29 12:58:04',40,'AC_PROPAL_CLOSE_SIGNED','2019-04-29 12:58:04','2019-04-29 12:58:04',2,NULL,NULL,26,NULL,0,2,NULL,0,0,0,1,-1,'',NULL,'Proposition PR1902-0004 signée','Proposition PR1902-0004 signée\nAuteur: cedric',NULL,NULL,NULL,NULL,NULL,NULL,NULL,NULL,NULL,NULL,NULL,4,'propal',NULL,NULL),(301,NULL,1,'2019-04-29 12:58:49','2019-04-29 12:58:49',40,'AC_BILL_VALIDATE','2019-04-29 12:58:49','2019-04-29 12:58:49',2,NULL,10,26,NULL,0,2,NULL,0,0,0,1,-1,'',NULL,'Facture AC1904-0010 validée','Facture AC1904-0010 validée\nAuteur: cedric',NULL,NULL,NULL,NULL,NULL,NULL,NULL,NULL,NULL,NULL,NULL,36,'invoice',NULL,NULL),(302,NULL,1,'2019-04-29 16:52:38','2019-04-29 16:52:38',40,'AC_PROPAL_VALIDATE','2019-04-29 16:52:38','2019-04-29 16:52:38',2,NULL,NULL,6,NULL,0,2,NULL,0,0,0,1,-1,'',NULL,'Proposition PR1904-0018 validée','Proposition PR1904-0018 validée\nAuteur: cedric',NULL,NULL,NULL,NULL,NULL,NULL,NULL,NULL,NULL,NULL,NULL,21,'propal',NULL,NULL),(303,NULL,1,'2019-04-30 14:24:08','2019-04-30 14:24:08',40,'AC_PROPAL_VALIDATE','2019-04-30 14:24:08','2019-04-30 14:24:08',2,NULL,11,35,NULL,0,2,NULL,0,0,0,1,-1,'',NULL,'Proposition PR1904-0020 validée','Proposition PR1904-0020 validée\nAuteur: cedric',NULL,NULL,NULL,NULL,NULL,NULL,NULL,NULL,NULL,NULL,NULL,24,'propal',NULL,NULL),(304,NULL,1,'2019-05-03 17:07:01','2019-05-03 17:07:01',40,'AC_PROPAL_VALIDATE','2019-05-03 17:07:01','2019-05-03 17:07:01',2,NULL,11,35,NULL,0,2,NULL,0,0,0,1,-1,'',NULL,'Proposition PR1904-0020 validée','Proposition PR1904-0020 validée\nAuteur: cedric',NULL,NULL,NULL,NULL,NULL,NULL,NULL,NULL,NULL,NULL,NULL,24,'propal',NULL,NULL),(305,NULL,1,'2019-05-06 16:36:41','2019-05-06 16:36:41',40,'AC_BILL_VALIDATE','2019-05-06 16:36:41','2019-05-06 16:36:41',2,NULL,10,26,NULL,0,2,NULL,0,0,0,1,-1,'',NULL,'Facture FA1905-0016 validée','Facture FA1905-0016 validée\nAuteur: cedric',NULL,NULL,NULL,NULL,NULL,NULL,NULL,NULL,NULL,NULL,NULL,37,'invoice',NULL,NULL),(306,NULL,1,'2019-05-06 16:37:23','2019-05-06 16:37:23',40,'AC_BILL_UNVALIDATE','2019-05-06 16:37:23','2019-05-06 16:37:23',2,NULL,10,26,NULL,0,2,NULL,0,0,0,1,-1,'',NULL,'Facture FA1905-0016 repassée en brouillon','Facture FA1905-0016 repassée en brouillon\nAuteur: cedric',NULL,NULL,NULL,NULL,NULL,NULL,NULL,NULL,NULL,NULL,NULL,37,'invoice',NULL,NULL),(307,NULL,1,'2019-05-06 16:43:58','2019-05-06 16:43:58',40,'AC_BILL_VALIDATE','2019-05-06 16:43:58','2019-05-06 16:43:58',2,NULL,10,26,NULL,0,2,NULL,0,0,0,1,-1,'',NULL,'Facture FA1905-0016 validée','Facture FA1905-0016 validée\nAuteur: cedric',NULL,NULL,NULL,NULL,NULL,NULL,NULL,NULL,NULL,NULL,NULL,37,'invoice',NULL,NULL),(308,NULL,1,'2019-05-06 18:50:09','2019-05-06 18:50:09',40,'AC_PROPAL_VALIDATE','2019-05-06 18:50:09','2019-05-06 18:50:09',2,NULL,NULL,31,NULL,0,2,NULL,0,0,0,1,-1,'',NULL,'Proposition PR1905-0021 validée','Proposition PR1905-0021 validée\nAuteur: cedric',NULL,NULL,NULL,NULL,NULL,NULL,NULL,NULL,NULL,NULL,NULL,25,'propal',NULL,NULL),(309,NULL,1,'2019-05-06 18:51:28','2019-05-06 18:51:28',40,'AC_PROPAL_VALIDATE','2019-05-06 18:51:28','2019-05-06 18:51:28',2,NULL,NULL,31,NULL,0,2,NULL,0,0,0,1,-1,'',NULL,'Proposition PR1905-0021 validée','Proposition PR1905-0021 validée\nAuteur: cedric',NULL,NULL,NULL,NULL,NULL,NULL,NULL,NULL,NULL,NULL,NULL,25,'propal',NULL,NULL),(310,NULL,1,'2019-05-06 18:55:21','2019-05-06 18:55:21',40,'AC_COMPANY_CREATE','2019-05-06 18:55:21','2019-05-06 18:55:21',2,NULL,NULL,38,NULL,0,2,NULL,0,0,0,1,-1,'',NULL,'Tiers FOFANA Almamy créé','Tiers FOFANA Almamy créé\nAuteur: cedric',NULL,NULL,NULL,NULL,NULL,NULL,NULL,NULL,NULL,NULL,NULL,38,'societe',NULL,NULL),(311,NULL,1,'2019-05-06 19:21:39','2019-05-06 19:21:39',40,'AC_PROPAL_VALIDATE','2019-05-06 19:21:39','2019-05-06 19:21:39',2,NULL,NULL,38,NULL,0,2,NULL,0,0,0,1,-1,'',NULL,'Proposition PR1905-0022 validée','Proposition PR1905-0022 validée\nAuteur: cedric',NULL,NULL,NULL,NULL,NULL,NULL,NULL,NULL,NULL,NULL,NULL,26,'propal',NULL,NULL),(312,NULL,1,'2019-05-06 19:23:50','2019-05-06 19:23:50',40,'AC_COMPANY_CREATE','2019-05-06 19:23:50','2019-05-06 19:23:50',2,NULL,NULL,39,NULL,0,2,NULL,0,0,0,1,-1,'',NULL,'Tiers Cabinet du ministère des eaux et forêt créé','Tiers Cabinet du ministère des eaux et forêt créé\nAuteur: cedric',NULL,NULL,NULL,NULL,NULL,NULL,NULL,NULL,NULL,NULL,NULL,39,'societe',NULL,NULL),(313,NULL,1,'2019-05-06 19:28:30','2019-05-06 19:28:30',40,'AC_PROPAL_VALIDATE','2019-05-06 19:28:30','2019-05-06 19:28:30',2,NULL,NULL,39,NULL,0,2,NULL,0,0,0,1,-1,'',NULL,'Proposition PR1905-0023 validée','Proposition PR1905-0023 validée\nAuteur: cedric',NULL,NULL,NULL,NULL,NULL,NULL,NULL,NULL,NULL,NULL,NULL,27,'propal',NULL,NULL),(314,NULL,1,'2019-05-07 13:42:55','2019-05-07 13:42:55',40,'AC_PROPAL_VALIDATE','2019-05-07 13:42:55','2019-05-07 13:42:55',2,NULL,NULL,39,NULL,0,2,NULL,0,0,0,1,-1,'',NULL,'Proposition PR1905-0023 validée','Proposition PR1905-0023 validée\nAuteur: cedric',NULL,NULL,NULL,NULL,NULL,NULL,NULL,NULL,NULL,NULL,NULL,27,'propal',NULL,NULL),(315,NULL,1,'2019-05-10 15:51:18','2019-05-10 15:51:18',40,'AC_BILL_VALIDATE','2019-05-10 15:51:18','2019-05-10 15:51:18',2,NULL,8,31,NULL,0,2,NULL,0,0,0,1,-1,'',NULL,'Facture FA1903-0011 validée','Facture FA1903-0011 validée\nAuteur: cedric',NULL,NULL,NULL,NULL,NULL,NULL,NULL,NULL,NULL,NULL,NULL,22,'invoice',NULL,NULL),(316,NULL,1,'2019-05-10 16:23:09','2019-05-10 16:23:09',40,'AC_COMPANY_CREATE','2019-05-10 16:23:09','2019-05-10 16:23:09',2,NULL,NULL,40,NULL,0,2,NULL,0,0,0,1,-1,'',NULL,'Tiers CAPAGO créé','Tiers CAPAGO créé\nAuteur: cedric',NULL,NULL,NULL,NULL,NULL,NULL,NULL,NULL,NULL,NULL,NULL,40,'societe',NULL,NULL),(317,NULL,1,'2019-05-10 16:26:51','2019-05-10 16:26:51',40,'AC_BILL_VALIDATE','2019-05-10 16:26:51','2019-05-10 16:26:51',2,NULL,NULL,40,NULL,0,2,NULL,0,0,0,1,-1,'',NULL,'Facture FA1905-0017 validée','Facture FA1905-0017 validée\nAuteur: cedric',NULL,NULL,NULL,NULL,NULL,NULL,NULL,NULL,NULL,NULL,NULL,38,'invoice',NULL,NULL),(318,NULL,1,'2019-05-11 13:19:44','2019-05-11 13:19:44',40,'AC_BILL_SENTBYMAIL','2019-05-11 13:19:44','2019-05-11 13:19:44',1,NULL,8,31,NULL,0,1,NULL,0,0,0,1,-1,'',NULL,'Mail envoyé par SuperAdmin To cedric@mt-solutions.africa','Émetteur: SuperAdmin &lt;info@mt-solutions.africa&gt;<br>\nDestinataire(s): cedric@mt-solutions.africa<br>\nObjet: Envoi de la facture FA1903-0011<br>\nCorps du message:<br>\nBonjour<br />\r\n<br />\r\nVous trouverez ci-joint la facture FA1903-0011<br />\r\n<br />\r\n<br />\r\n<br />\r\nSinc&egrave;rement\nAuteur: admin<br>\n<br>\nFichiers et documents joints: FA1903-0011.pdf',NULL,NULL,NULL,NULL,NULL,NULL,NULL,NULL,NULL,NULL,NULL,22,'invoice',NULL,NULL),(319,NULL,1,'2019-05-11 13:22:04','2019-05-11 13:22:04',40,'AC_BILL_SENTBYMAIL','2019-05-11 13:22:04','2019-05-11 13:22:04',2,NULL,8,31,NULL,0,2,NULL,0,0,0,1,-1,'',NULL,'Mail envoyé par cedric To cedric@mt-solutions.africa','Émetteur: cedric &lt;info@mt-solutions.africa&gt;<br>\nDestinataire(s): cedric@mt-solutions.africa<br>\nObjet: Envoi de la facture FA1903-0011<br>\nCorps du message:<br>\nBonjour<br />\r\n<br />\r\nVous trouverez ci-joint la facture FA1903-0011<br />\r\n<br />\r\n<br />\r\n<br />\r\nSinc&egrave;rement\nAuteur: cedric<br>\n<br>\nFichiers et documents joints: FA1903-0011.pdf',NULL,NULL,NULL,NULL,NULL,NULL,NULL,NULL,NULL,NULL,NULL,22,'invoice',NULL,NULL),(320,NULL,1,'2019-05-11 13:23:44','2019-05-11 13:23:44',40,'AC_BILL_SENTBYMAIL','2019-05-11 13:23:44','2019-05-11 13:23:44',2,NULL,8,31,NULL,0,2,NULL,0,0,0,1,-1,'',NULL,'Mail envoyé par cedric To cedric@mt-solutions.africa...','Émetteur: cedric &lt;info@mt-solutions.africa&gt;<br>\nDestinataire(s): cedric@mt-solutions.africa,H&ocirc;tel MLYS &lt;contact@hotelmlys.com&gt;<br>\nObjet: Envoi de la facture FA1903-0011<br>\nCorps du message:<br>\nBonjour<br />\r\n<br />\r\nVous trouverez ci-joint la facture FA1903-0011<br />\r\n<br />\r\n<br />\r\n<br />\r\nSinc&egrave;rement\nAuteur: cedric<br>\n<br>\nFichiers et documents joints: FA1903-0011.pdf',NULL,NULL,NULL,NULL,NULL,NULL,NULL,NULL,NULL,NULL,NULL,22,'invoice',NULL,NULL),(321,NULL,1,'2019-05-11 13:24:07','2019-05-11 13:24:07',40,'AC_BILL_SENTBYMAIL','2019-05-11 13:24:07','2019-05-11 13:24:07',2,NULL,8,31,NULL,0,2,NULL,0,0,0,1,-1,'',NULL,'Mail envoyé par cedric To cedric@mt-solutions.africa','Émetteur: cedric &lt;info@mt-solutions.africa&gt;<br>\nDestinataire(s): cedric@mt-solutions.africa<br>\nObjet: Envoi de la facture FA1903-0011<br>\nCorps du message:<br>\nBonjour<br />\r\n<br />\r\nVous trouverez ci-joint la facture FA1903-0011<br />\r\n<br />\r\n<br />\r\n<br />\r\nSinc&egrave;rement\nAuteur: cedric<br>\n<br>\nFichiers et documents joints: FA1903-0011.pdf',NULL,NULL,NULL,NULL,NULL,NULL,NULL,NULL,NULL,NULL,NULL,22,'invoice',NULL,NULL);

--
-- Table structure for table `llx_actioncomm_extrafields`
--

CREATE TABLE `llx_actioncomm_extrafields` (
  `rowid` int(11) NOT NULL AUTO_INCREMENT,
  `tms` timestamp NOT NULL DEFAULT CURRENT_TIMESTAMP ON UPDATE CURRENT_TIMESTAMP,
  `fk_object` int(11) NOT NULL,
  `import_key` varchar(14) COLLATE utf8_unicode_ci DEFAULT NULL,
  PRIMARY KEY (`rowid`),
  KEY `idx_actioncomm_extrafields` (`fk_object`)
) ENGINE=InnoDB DEFAULT CHARSET=utf8 COLLATE=utf8_unicode_ci;

--
-- Dumping data for table `llx_actioncomm_extrafields`
--


--
-- Table structure for table `llx_actioncomm_reminder`
--

CREATE TABLE `llx_actioncomm_reminder` (
  `rowid` int(11) NOT NULL AUTO_INCREMENT,
  `dateremind` datetime NOT NULL,
  `typeremind` varchar(32) COLLATE utf8_unicode_ci NOT NULL,
  `fk_user` int(11) NOT NULL,
  `offsetvalue` int(11) NOT NULL,
  `offsetunit` varchar(1) COLLATE utf8_unicode_ci NOT NULL,
  `status` int(11) NOT NULL DEFAULT '0',
  PRIMARY KEY (`rowid`),
  UNIQUE KEY `uk_actioncomm_reminder_unique` (`fk_user`,`typeremind`,`offsetvalue`,`offsetunit`),
  KEY `idx_actioncomm_reminder_rowid` (`rowid`),
  KEY `idx_actioncomm_reminder_dateremind` (`dateremind`),
  KEY `idx_actioncomm_reminder_fk_user` (`fk_user`)
) ENGINE=InnoDB DEFAULT CHARSET=utf8 COLLATE=utf8_unicode_ci;

--
-- Dumping data for table `llx_actioncomm_reminder`
--


--
-- Table structure for table `llx_actioncomm_resources`
--

CREATE TABLE `llx_actioncomm_resources` (
  `rowid` int(11) NOT NULL AUTO_INCREMENT,
  `fk_actioncomm` int(11) NOT NULL,
  `element_type` varchar(50) COLLATE utf8_unicode_ci NOT NULL,
  `fk_element` int(11) NOT NULL,
  `answer_status` varchar(50) COLLATE utf8_unicode_ci DEFAULT NULL,
  `mandatory` smallint(6) DEFAULT NULL,
  `transparency` smallint(6) DEFAULT '1',
  PRIMARY KEY (`rowid`),
  UNIQUE KEY `uk_actioncomm_resources` (`fk_actioncomm`,`element_type`,`fk_element`),
  KEY `idx_actioncomm_resources_fk_element` (`fk_element`)
) ENGINE=InnoDB AUTO_INCREMENT=322 DEFAULT CHARSET=utf8 COLLATE=utf8_unicode_ci;

--
-- Dumping data for table `llx_actioncomm_resources`
--

INSERT INTO `llx_actioncomm_resources` (`rowid`, `fk_actioncomm`, `element_type`, `fk_element`, `answer_status`, `mandatory`, `transparency`) VALUES (1,1,'user',2,'0',0,0),(2,2,'user',2,'0',0,0),(3,3,'user',2,'0',0,0),(4,4,'user',2,'0',0,0),(5,5,'user',2,'0',0,0),(6,6,'user',2,'0',0,0),(7,7,'user',2,'0',0,0),(8,8,'user',2,'0',0,0),(9,9,'user',2,'0',0,0),(10,10,'user',2,'0',0,0),(11,11,'user',2,'0',0,0),(12,12,'user',2,'0',0,0),(13,13,'user',2,'0',0,0),(14,14,'user',2,'0',0,0),(15,15,'user',2,'0',0,0),(16,16,'user',2,'0',0,0),(17,17,'user',2,'0',0,0),(18,18,'user',2,'0',0,0),(19,19,'user',2,'0',0,0),(20,20,'user',2,'0',0,0),(21,21,'user',2,'0',0,0),(22,22,'user',2,'0',0,0),(23,23,'user',2,'0',0,0),(24,24,'user',2,'0',0,0),(25,25,'user',2,'0',0,0),(26,26,'user',2,'0',0,0),(27,27,'user',2,'0',0,0),(28,28,'user',2,'0',0,0),(29,29,'user',2,'0',0,0),(30,30,'user',2,'0',0,0),(31,31,'user',2,'0',0,0),(32,32,'user',2,'0',0,0),(33,33,'user',2,'0',0,0),(34,34,'user',2,'0',0,0),(35,35,'user',2,'0',0,0),(36,36,'user',2,'0',0,0),(37,37,'user',2,'0',0,0),(38,38,'user',2,'0',0,0),(39,39,'user',2,'0',0,0),(40,40,'user',2,'0',0,0),(41,41,'user',2,'0',0,0),(42,42,'user',2,'0',0,0),(43,43,'user',2,'0',0,0),(44,44,'user',2,'0',0,0),(45,45,'user',2,'0',0,0),(46,46,'user',2,'0',0,0),(47,47,'user',2,'0',0,0),(48,48,'user',2,'0',0,0),(49,49,'user',2,'0',0,0),(50,50,'user',2,'0',0,0),(51,51,'user',2,'0',0,0),(52,52,'user',2,'0',0,0),(53,53,'user',2,'0',0,0),(54,54,'user',2,'0',0,0),(55,55,'user',2,'0',0,0),(56,56,'user',2,'0',0,0),(57,57,'user',2,'0',0,0),(58,58,'user',2,'0',0,0),(59,59,'user',2,'0',0,0),(60,60,'user',2,'0',0,0),(61,61,'user',2,'0',0,0),(62,62,'user',2,'0',0,0),(63,63,'user',2,'0',0,0),(64,64,'user',2,'0',0,0),(65,65,'user',2,'0',0,0),(66,66,'user',2,'0',0,0),(67,67,'user',2,'0',0,0),(68,68,'user',2,'0',0,0),(69,69,'user',2,'0',0,0),(70,70,'user',2,'0',0,0),(71,71,'user',2,'0',0,0),(72,72,'user',2,'0',0,0),(73,73,'user',2,'0',0,0),(74,74,'user',2,'0',0,0),(75,75,'user',2,'0',0,0),(76,76,'user',2,'0',0,0),(77,77,'user',2,'0',0,0),(78,78,'user',2,'0',0,0),(79,79,'user',2,'0',0,0),(80,80,'user',2,'0',0,0),(81,81,'user',2,'0',0,0),(82,82,'user',2,'0',0,0),(83,83,'user',2,'0',0,0),(84,84,'user',2,'0',0,0),(85,85,'user',2,'0',0,0),(86,86,'user',2,'0',0,0),(87,87,'user',2,'0',0,0),(88,88,'user',2,'0',0,0),(89,89,'user',2,'0',0,0),(90,90,'user',2,'0',0,0),(91,91,'user',2,'0',0,0),(92,92,'user',2,'0',0,0),(93,93,'user',2,'0',0,0),(94,94,'user',2,'0',0,0),(95,95,'user',2,'0',0,0),(96,96,'user',2,'0',0,0),(97,97,'user',2,'0',0,0),(98,98,'user',2,'0',0,0),(99,99,'user',2,'0',0,0),(100,100,'user',2,'0',0,0),(101,101,'user',2,'0',0,0),(102,102,'user',2,'0',0,0),(103,103,'user',2,'0',0,0),(104,104,'user',2,'0',0,0),(105,105,'user',2,'0',0,0),(106,106,'user',2,'0',0,0),(107,107,'user',2,'0',0,0),(108,108,'user',2,'0',0,0),(109,109,'user',2,'0',0,0),(110,110,'user',2,'0',0,0),(111,111,'user',2,'0',0,0),(112,112,'user',2,'0',0,0),(113,113,'user',2,'0',0,0),(114,114,'user',2,'0',0,0),(115,115,'user',2,'0',0,0),(116,116,'user',2,'0',0,0),(117,117,'user',2,'0',0,0),(118,118,'user',2,'0',0,0),(119,119,'user',2,'0',0,0),(120,120,'user',2,'0',0,0),(121,121,'user',2,'0',0,0),(122,122,'user',2,'0',0,0),(123,123,'user',2,'0',0,0),(124,124,'user',2,'0',0,0),(125,125,'user',2,'0',0,0),(126,126,'user',2,'0',0,0),(127,127,'user',2,'0',0,0),(128,128,'user',2,'0',0,0),(129,129,'user',2,'0',0,0),(130,130,'user',2,'0',0,0),(131,131,'user',2,'0',0,0),(132,132,'user',2,'0',0,0),(133,133,'user',2,'0',0,0),(134,134,'user',2,'0',0,0),(135,135,'user',2,'0',0,0),(136,136,'user',2,'0',0,0),(137,137,'user',2,'0',0,0),(138,138,'user',2,'0',0,0),(139,139,'user',2,'0',0,0),(140,140,'user',2,'0',0,0),(141,141,'user',2,'0',0,0),(142,142,'user',2,'0',0,0),(143,143,'user',2,'0',0,0),(144,144,'user',2,'0',0,0),(145,145,'user',2,'0',0,0),(146,146,'user',2,'0',0,0),(147,147,'user',2,'0',0,0),(148,148,'user',2,'0',0,0),(149,149,'user',2,'0',0,0),(150,150,'user',2,'0',0,0),(151,151,'user',2,'0',0,0),(152,152,'user',2,'0',0,0),(153,153,'user',2,'0',0,0),(154,154,'user',2,'0',0,0),(155,155,'user',2,'0',0,0),(156,156,'user',2,'0',0,0),(157,157,'user',2,'0',0,0),(158,158,'user',2,'0',0,0),(159,159,'user',2,'0',0,0),(160,160,'user',2,'0',0,0),(161,161,'user',2,'0',0,0),(162,162,'user',2,'0',0,0),(163,163,'user',2,'0',0,0),(164,164,'user',2,'0',0,0),(165,165,'user',2,'0',0,0),(166,166,'user',2,'0',0,0),(167,167,'user',2,'0',0,0),(168,168,'user',2,'0',0,0),(169,169,'user',2,'0',0,0),(170,170,'user',2,'0',0,0),(171,171,'user',2,'0',0,0),(172,172,'user',2,'0',0,0),(173,173,'user',2,'0',0,0),(174,174,'user',2,'0',0,0),(175,175,'user',2,'0',0,0),(176,176,'user',2,'0',0,0),(177,177,'user',2,'0',0,0),(178,178,'user',2,'0',0,0),(179,179,'user',2,'0',0,0),(180,180,'user',2,'0',0,0),(181,181,'user',2,'0',0,0),(182,182,'user',2,'0',0,0),(183,183,'user',2,'0',0,0),(184,184,'user',2,'0',0,0),(185,185,'user',2,'0',0,0),(186,186,'user',2,'0',0,0),(187,187,'user',2,'0',0,0),(188,188,'user',2,'0',0,0),(189,189,'user',2,'0',0,0),(190,190,'user',2,'0',0,0),(191,191,'user',2,'0',0,0),(192,192,'user',2,'0',0,0),(193,193,'user',2,'0',0,0),(194,194,'user',2,'0',0,0),(195,195,'user',2,'0',0,0),(196,196,'user',2,'0',0,0),(197,197,'user',2,'0',0,0),(198,198,'user',2,'0',0,0),(199,199,'user',2,'0',0,0),(200,200,'user',2,'0',0,0),(201,201,'user',2,'0',0,0),(202,202,'user',2,'0',0,0),(203,203,'user',2,'0',0,0),(204,204,'user',2,'0',0,0),(205,205,'user',2,'0',0,0),(206,206,'user',2,'0',0,0),(207,207,'user',2,'0',0,0),(208,208,'user',2,'0',0,0),(209,209,'user',2,'0',0,0),(210,210,'user',2,'0',0,0),(211,211,'user',2,'0',0,0),(212,212,'user',2,'0',0,0),(213,213,'user',2,'0',0,0),(214,214,'user',2,'0',0,0),(215,215,'user',2,'0',0,0),(216,216,'user',2,'0',0,0),(217,217,'user',2,'0',0,0),(218,218,'user',2,'0',0,0),(219,219,'user',2,'0',0,0),(220,220,'user',2,'0',0,0),(221,221,'user',2,'0',0,0),(222,222,'user',2,'0',0,0),(223,223,'user',2,'0',0,0),(224,224,'user',2,'0',0,0),(225,225,'user',2,'0',0,0),(226,226,'user',2,'0',0,0),(227,227,'user',2,'0',0,0),(228,228,'user',2,'0',0,0),(229,229,'user',2,'0',0,0),(230,230,'user',2,'0',0,0),(231,231,'user',2,'0',0,0),(232,232,'user',2,'0',0,0),(233,233,'user',2,'0',0,0),(234,234,'user',2,'0',0,0),(235,235,'user',2,'0',0,0),(236,236,'user',2,'0',0,0),(237,237,'user',2,'0',0,0),(238,238,'user',2,'0',0,0),(239,239,'user',2,'0',0,0),(240,240,'user',2,'0',0,0),(241,241,'user',2,'0',0,0),(242,242,'user',2,'0',0,0),(243,243,'user',2,'0',0,0),(244,244,'user',2,'0',0,0),(245,245,'user',2,'0',0,0),(246,246,'user',2,'0',0,0),(247,247,'user',2,'0',0,0),(248,248,'user',2,'0',0,0),(249,249,'user',2,'0',0,0),(250,250,'user',2,'0',0,0),(251,251,'user',2,'0',0,0),(252,252,'user',2,'0',0,0),(253,253,'user',2,'0',0,0),(254,254,'user',2,'0',0,0),(255,255,'user',2,'0',0,0),(256,256,'user',2,'0',0,0),(257,257,'user',2,'0',0,0),(258,258,'user',2,'0',0,0),(259,259,'user',2,'0',0,0),(260,260,'user',2,'0',0,0),(261,261,'user',2,'0',0,0),(262,262,'user',2,'0',0,0),(263,263,'user',2,'0',0,0),(264,264,'user',2,'0',0,0),(265,265,'user',2,'0',0,0),(266,266,'user',2,'0',0,0),(267,267,'user',2,'0',0,0),(268,268,'user',2,'0',0,0),(269,269,'user',2,'0',0,0),(270,270,'user',2,'0',0,0),(271,271,'user',2,'0',0,0),(272,272,'user',2,'0',0,0),(273,273,'user',2,'0',0,0),(274,274,'user',2,'0',0,0),(275,275,'user',2,'0',0,0),(276,276,'user',2,'0',0,0),(277,277,'user',2,'0',0,0),(278,278,'user',2,'0',0,0),(279,279,'user',2,'0',0,0),(280,280,'user',2,'0',0,0),(281,281,'user',2,'0',0,0),(282,282,'user',2,'0',0,0),(283,283,'user',2,'0',0,0),(284,284,'user',2,'0',0,0),(285,285,'user',2,'0',0,0),(286,286,'user',2,'0',0,0),(287,287,'user',2,'0',0,0),(288,288,'user',2,'0',0,0),(289,289,'user',2,'0',0,0),(290,290,'user',2,'0',0,0),(291,291,'user',2,'0',0,0),(292,292,'user',2,'0',0,0),(293,293,'user',2,'0',0,0),(294,294,'user',2,'0',0,0),(295,295,'user',2,'0',0,0),(296,296,'user',2,'0',0,0),(297,297,'user',2,'0',0,0),(298,298,'user',2,'0',0,0),(299,299,'user',2,'0',0,0),(300,300,'user',2,'0',0,0),(301,301,'user',2,'0',0,0),(302,302,'user',2,'0',0,0),(303,303,'user',2,'0',0,0),(304,304,'user',2,'0',0,0),(305,305,'user',2,'0',0,0),(306,306,'user',2,'0',0,0),(307,307,'user',2,'0',0,0),(308,308,'user',2,'0',0,0),(309,309,'user',2,'0',0,0),(310,310,'user',2,'0',0,0),(311,311,'user',2,'0',0,0),(312,312,'user',2,'0',0,0),(313,313,'user',2,'0',0,0),(314,314,'user',2,'0',0,0),(315,315,'user',2,'0',0,0),(316,316,'user',2,'0',0,0),(317,317,'user',2,'0',0,0),(318,318,'user',1,'0',0,0),(319,319,'user',2,'0',0,0),(320,320,'user',2,'0',0,0),(321,321,'user',2,'0',0,0);

--
-- Table structure for table `llx_adherent`
--

CREATE TABLE `llx_adherent` (
  `rowid` int(11) NOT NULL AUTO_INCREMENT,
  `entity` int(11) NOT NULL DEFAULT '1',
  `ref_ext` varchar(128) COLLATE utf8_unicode_ci DEFAULT NULL,
  `civility` varchar(6) COLLATE utf8_unicode_ci DEFAULT NULL,
  `lastname` varchar(50) COLLATE utf8_unicode_ci DEFAULT NULL,
  `firstname` varchar(50) COLLATE utf8_unicode_ci DEFAULT NULL,
  `login` varchar(50) COLLATE utf8_unicode_ci DEFAULT NULL,
  `pass` varchar(50) COLLATE utf8_unicode_ci DEFAULT NULL,
  `pass_crypted` varchar(128) COLLATE utf8_unicode_ci DEFAULT NULL,
  `fk_adherent_type` int(11) NOT NULL,
  `morphy` varchar(3) COLLATE utf8_unicode_ci NOT NULL,
  `societe` varchar(128) COLLATE utf8_unicode_ci DEFAULT NULL,
  `fk_soc` int(11) DEFAULT NULL,
  `address` text COLLATE utf8_unicode_ci,
  `zip` varchar(30) COLLATE utf8_unicode_ci DEFAULT NULL,
  `town` varchar(50) COLLATE utf8_unicode_ci DEFAULT NULL,
  `state_id` int(11) DEFAULT NULL,
  `country` int(11) DEFAULT NULL,
  `email` varchar(255) COLLATE utf8_unicode_ci DEFAULT NULL,
  `skype` varchar(255) COLLATE utf8_unicode_ci DEFAULT NULL,
  `phone` varchar(30) COLLATE utf8_unicode_ci DEFAULT NULL,
  `phone_perso` varchar(30) COLLATE utf8_unicode_ci DEFAULT NULL,
  `phone_mobile` varchar(30) COLLATE utf8_unicode_ci DEFAULT NULL,
  `birth` date DEFAULT NULL,
  `photo` varchar(255) COLLATE utf8_unicode_ci DEFAULT NULL,
  `statut` smallint(6) NOT NULL DEFAULT '0',
  `public` smallint(6) NOT NULL DEFAULT '0',
  `datefin` datetime DEFAULT NULL,
  `note_private` text COLLATE utf8_unicode_ci,
  `note_public` text COLLATE utf8_unicode_ci,
  `model_pdf` varchar(255) COLLATE utf8_unicode_ci DEFAULT NULL,
  `datevalid` datetime DEFAULT NULL,
  `datec` datetime DEFAULT NULL,
  `tms` timestamp NOT NULL DEFAULT CURRENT_TIMESTAMP ON UPDATE CURRENT_TIMESTAMP,
  `fk_user_author` int(11) DEFAULT NULL,
  `fk_user_mod` int(11) DEFAULT NULL,
  `fk_user_valid` int(11) DEFAULT NULL,
  `canvas` varchar(32) COLLATE utf8_unicode_ci DEFAULT NULL,
  `import_key` varchar(14) COLLATE utf8_unicode_ci DEFAULT NULL,
  PRIMARY KEY (`rowid`),
  UNIQUE KEY `uk_adherent_login` (`login`,`entity`),
  UNIQUE KEY `uk_adherent_fk_soc` (`fk_soc`),
  KEY `idx_adherent_fk_adherent_type` (`fk_adherent_type`),
  CONSTRAINT `adherent_fk_soc` FOREIGN KEY (`fk_soc`) REFERENCES `llx_societe` (`rowid`),
  CONSTRAINT `fk_adherent_adherent_type` FOREIGN KEY (`fk_adherent_type`) REFERENCES `llx_adherent_type` (`rowid`)
) ENGINE=InnoDB DEFAULT CHARSET=utf8 COLLATE=utf8_unicode_ci;

--
-- Dumping data for table `llx_adherent`
--


--
-- Table structure for table `llx_adherent_extrafields`
--

CREATE TABLE `llx_adherent_extrafields` (
  `rowid` int(11) NOT NULL AUTO_INCREMENT,
  `tms` timestamp NOT NULL DEFAULT CURRENT_TIMESTAMP ON UPDATE CURRENT_TIMESTAMP,
  `fk_object` int(11) NOT NULL,
  `import_key` varchar(14) COLLATE utf8_unicode_ci DEFAULT NULL,
  PRIMARY KEY (`rowid`),
  KEY `idx_adherent_extrafields` (`fk_object`)
) ENGINE=InnoDB DEFAULT CHARSET=utf8 COLLATE=utf8_unicode_ci;

--
-- Dumping data for table `llx_adherent_extrafields`
--


--
-- Table structure for table `llx_adherent_type`
--

CREATE TABLE `llx_adherent_type` (
  `rowid` int(11) NOT NULL AUTO_INCREMENT,
  `entity` int(11) NOT NULL DEFAULT '1',
  `tms` timestamp NOT NULL DEFAULT CURRENT_TIMESTAMP ON UPDATE CURRENT_TIMESTAMP,
  `statut` smallint(6) NOT NULL DEFAULT '0',
  `libelle` varchar(50) COLLATE utf8_unicode_ci NOT NULL,
  `subscription` varchar(3) COLLATE utf8_unicode_ci NOT NULL DEFAULT 'yes',
  `vote` varchar(3) COLLATE utf8_unicode_ci NOT NULL DEFAULT 'yes',
  `note` text COLLATE utf8_unicode_ci,
  `mail_valid` text COLLATE utf8_unicode_ci,
  PRIMARY KEY (`rowid`),
  UNIQUE KEY `uk_adherent_type_libelle` (`libelle`,`entity`)
) ENGINE=InnoDB DEFAULT CHARSET=utf8 COLLATE=utf8_unicode_ci;

--
-- Dumping data for table `llx_adherent_type`
--


--
-- Table structure for table `llx_adherent_type_extrafields`
--

CREATE TABLE `llx_adherent_type_extrafields` (
  `rowid` int(11) NOT NULL AUTO_INCREMENT,
  `tms` timestamp NOT NULL DEFAULT CURRENT_TIMESTAMP ON UPDATE CURRENT_TIMESTAMP,
  `fk_object` int(11) NOT NULL,
  `import_key` varchar(14) COLLATE utf8_unicode_ci DEFAULT NULL,
  PRIMARY KEY (`rowid`),
  KEY `idx_adherent_type_extrafields` (`fk_object`)
) ENGINE=InnoDB DEFAULT CHARSET=utf8 COLLATE=utf8_unicode_ci;

--
-- Dumping data for table `llx_adherent_type_extrafields`
--


--
-- Table structure for table `llx_advtargetemailing`
--

CREATE TABLE `llx_advtargetemailing` (
  `rowid` int(11) NOT NULL AUTO_INCREMENT,
  `name` varchar(180) COLLATE utf8_unicode_ci NOT NULL,
  `entity` int(11) NOT NULL DEFAULT '1',
  `fk_element` int(11) NOT NULL,
  `type_element` varchar(180) COLLATE utf8_unicode_ci NOT NULL,
  `filtervalue` text COLLATE utf8_unicode_ci,
  `fk_user_author` int(11) NOT NULL,
  `datec` datetime NOT NULL,
  `fk_user_mod` int(11) NOT NULL,
  `tms` timestamp NOT NULL DEFAULT CURRENT_TIMESTAMP ON UPDATE CURRENT_TIMESTAMP,
  PRIMARY KEY (`rowid`),
  UNIQUE KEY `uk_advtargetemailing_name` (`name`)
) ENGINE=InnoDB DEFAULT CHARSET=utf8 COLLATE=utf8_unicode_ci;

--
-- Dumping data for table `llx_advtargetemailing`
--


--
-- Table structure for table `llx_asset`
--

CREATE TABLE `llx_asset` (
  `rowid` int(11) NOT NULL AUTO_INCREMENT,
  `ref` varchar(128) COLLATE utf8_unicode_ci NOT NULL,
  `entity` int(11) NOT NULL DEFAULT '1',
  `label` varchar(255) COLLATE utf8_unicode_ci DEFAULT NULL,
  `amount_ht` double(24,8) DEFAULT NULL,
  `amount_vat` double(24,8) DEFAULT NULL,
  `fk_asset_type` int(11) NOT NULL,
  `description` text COLLATE utf8_unicode_ci,
  `note_public` text COLLATE utf8_unicode_ci,
  `note_private` text COLLATE utf8_unicode_ci,
  `date_creation` datetime NOT NULL,
  `tms` timestamp NOT NULL DEFAULT CURRENT_TIMESTAMP ON UPDATE CURRENT_TIMESTAMP,
  `fk_user_creat` int(11) NOT NULL,
  `fk_user_modif` int(11) DEFAULT NULL,
  `import_key` varchar(14) COLLATE utf8_unicode_ci DEFAULT NULL,
  `status` int(11) NOT NULL,
  PRIMARY KEY (`rowid`),
  KEY `idx_asset_rowid` (`rowid`),
  KEY `idx_asset_ref` (`ref`),
  KEY `idx_asset_entity` (`entity`),
  KEY `idx_asset_fk_asset_type` (`fk_asset_type`),
  CONSTRAINT `fk_asset_asset_type` FOREIGN KEY (`fk_asset_type`) REFERENCES `llx_asset_type` (`rowid`)
) ENGINE=InnoDB DEFAULT CHARSET=utf8 COLLATE=utf8_unicode_ci;

--
-- Dumping data for table `llx_asset`
--


--
-- Table structure for table `llx_asset_extrafields`
--

CREATE TABLE `llx_asset_extrafields` (
  `rowid` int(11) NOT NULL AUTO_INCREMENT,
  `tms` timestamp NOT NULL DEFAULT CURRENT_TIMESTAMP ON UPDATE CURRENT_TIMESTAMP,
  `fk_object` int(11) NOT NULL,
  `import_key` varchar(14) COLLATE utf8_unicode_ci DEFAULT NULL,
  PRIMARY KEY (`rowid`)
) ENGINE=InnoDB DEFAULT CHARSET=utf8 COLLATE=utf8_unicode_ci;

--
-- Dumping data for table `llx_asset_extrafields`
--


--
-- Table structure for table `llx_asset_type`
--

CREATE TABLE `llx_asset_type` (
  `rowid` int(11) NOT NULL AUTO_INCREMENT,
  `entity` int(11) NOT NULL DEFAULT '1',
  `tms` timestamp NOT NULL DEFAULT CURRENT_TIMESTAMP ON UPDATE CURRENT_TIMESTAMP,
  `label` varchar(50) COLLATE utf8_unicode_ci NOT NULL,
  `accountancy_code_asset` varchar(32) COLLATE utf8_unicode_ci DEFAULT NULL,
  `accountancy_code_depreciation_asset` varchar(32) COLLATE utf8_unicode_ci DEFAULT NULL,
  `accountancy_code_depreciation_expense` varchar(32) COLLATE utf8_unicode_ci DEFAULT NULL,
  `note` text COLLATE utf8_unicode_ci,
  PRIMARY KEY (`rowid`),
  UNIQUE KEY `uk_asset_type_label` (`label`,`entity`)
) ENGINE=InnoDB DEFAULT CHARSET=utf8 COLLATE=utf8_unicode_ci;

--
-- Dumping data for table `llx_asset_type`
--


--
-- Table structure for table `llx_asset_type_extrafields`
--

CREATE TABLE `llx_asset_type_extrafields` (
  `rowid` int(11) NOT NULL AUTO_INCREMENT,
  `tms` timestamp NOT NULL DEFAULT CURRENT_TIMESTAMP ON UPDATE CURRENT_TIMESTAMP,
  `fk_object` int(11) NOT NULL,
  `import_key` varchar(14) COLLATE utf8_unicode_ci DEFAULT NULL,
  PRIMARY KEY (`rowid`),
  KEY `idx_asset_type_extrafields` (`fk_object`)
) ENGINE=InnoDB DEFAULT CHARSET=utf8 COLLATE=utf8_unicode_ci;

--
-- Dumping data for table `llx_asset_type_extrafields`
--


--
-- Table structure for table `llx_bank`
--

CREATE TABLE `llx_bank` (
  `rowid` int(11) NOT NULL AUTO_INCREMENT,
  `datec` datetime DEFAULT NULL,
  `tms` timestamp NOT NULL DEFAULT CURRENT_TIMESTAMP ON UPDATE CURRENT_TIMESTAMP,
  `datev` date DEFAULT NULL,
  `dateo` date DEFAULT NULL,
  `amount` double(24,8) NOT NULL DEFAULT '0.00000000',
  `label` varchar(255) COLLATE utf8_unicode_ci DEFAULT NULL,
  `fk_account` int(11) DEFAULT NULL,
  `fk_user_author` int(11) DEFAULT NULL,
  `fk_user_rappro` int(11) DEFAULT NULL,
  `fk_type` varchar(6) COLLATE utf8_unicode_ci DEFAULT NULL,
  `num_releve` varchar(50) COLLATE utf8_unicode_ci DEFAULT NULL,
  `num_chq` varchar(50) COLLATE utf8_unicode_ci DEFAULT NULL,
  `numero_compte` varchar(32) COLLATE utf8_unicode_ci DEFAULT NULL,
  `rappro` tinyint(4) DEFAULT '0',
  `note` text COLLATE utf8_unicode_ci,
  `fk_bordereau` int(11) DEFAULT '0',
  `banque` varchar(255) COLLATE utf8_unicode_ci DEFAULT NULL,
  `emetteur` varchar(255) COLLATE utf8_unicode_ci DEFAULT NULL,
  `author` varchar(40) COLLATE utf8_unicode_ci DEFAULT NULL,
  PRIMARY KEY (`rowid`),
  KEY `idx_bank_datev` (`datev`),
  KEY `idx_bank_dateo` (`dateo`),
  KEY `idx_bank_fk_account` (`fk_account`),
  KEY `idx_bank_rappro` (`rappro`),
  KEY `idx_bank_num_releve` (`num_releve`)
) ENGINE=InnoDB AUTO_INCREMENT=59 DEFAULT CHARSET=utf8 COLLATE=utf8_unicode_ci;

--
-- Dumping data for table `llx_bank`
--

INSERT INTO `llx_bank` (`rowid`, `datec`, `tms`, `datev`, `dateo`, `amount`, `label`, `fk_account`, `fk_user_author`, `fk_user_rappro`, `fk_type`, `num_releve`, `num_chq`, `numero_compte`, `rappro`, `note`, `fk_bordereau`, `banque`, `emetteur`, `author`) VALUES (1,'2019-01-14 16:02:57','2019-02-07 19:25:06','2019-01-01','2019-01-01',-299940862.00000000,'Solde initial',1,1,NULL,'',NULL,'','',0,NULL,0,'','',NULL),(3,'2019-01-16 18:19:16','2019-03-04 15:48:40','2018-04-16','2018-04-16',100000000.00000000,'(CustomerInvoicePayment)',1,2,NULL,'CHQ',NULL,'0614593','',0,NULL,1,'UBA','HASTINE',NULL),(4,'2019-01-16 18:22:04','2019-03-04 15:48:40','2018-05-10','2018-05-10',100000000.00000000,'(CustomerInvoicePayment)',1,2,NULL,'CHQ',NULL,'00726162','',0,NULL,1,'UBA','HASTINE',NULL),(7,'2019-01-21 14:40:09','2019-01-21 19:28:46','2019-01-01','2019-01-01',-6770000.00000000,'Solde initial',2,2,NULL,'',NULL,'','',0,NULL,0,'','',NULL),(8,'2019-01-21 14:52:28','2019-01-21 15:33:57','2019-01-03','2019-01-03',-355000.00000000,'INTERNET',2,2,NULL,'LIQ',NULL,'CA0103','',0,NULL,0,'','',NULL),(9,'2019-01-21 15:00:22','2019-01-21 15:33:32','2019-01-03','2019-01-03',-20000.00000000,'BUREAU',2,2,NULL,'LIQ',NULL,'CA0104','',0,NULL,0,'','',NULL),(10,'2019-01-21 15:06:41','2019-01-21 15:33:13','2019-01-03','2019-01-03',-15000.00000000,'BUREAU',2,2,NULL,'LIQ',NULL,'CA0105','',0,NULL,0,'','',NULL),(11,'2019-01-21 15:14:53','2019-01-21 15:32:51','2019-01-03','2019-01-03',-100000.00000000,'TELEPHONIE',2,2,NULL,'LIQ',NULL,'CA0106','',0,NULL,0,'','',NULL),(12,'2019-01-21 15:30:22','2019-01-21 15:31:54','2019-01-04','2019-01-04',-25000.00000000,'BUREAU',2,2,NULL,'LIQ',NULL,'CA0108','',0,NULL,0,'','',NULL),(13,'2019-01-21 15:36:59','2019-01-21 15:37:48','2019-01-07','2019-01-07',1065000.00000000,'APPRO',2,2,NULL,'LIQ',NULL,'CA0109','',0,NULL,0,'SKYEBANK','COMPTE EUROS',NULL),(14,'2019-01-21 15:42:23','2019-01-21 15:42:57','2019-01-07','2019-01-07',-5000.00000000,'BUREAU',2,2,NULL,'LIQ',NULL,'CA0110','',0,NULL,0,'','',NULL),(15,'2019-01-21 15:56:14','2019-01-21 16:31:32','2019-01-07','2019-01-07',-1950000.00000000,'MINIERE KOUROUMA',2,2,NULL,'LIQ',NULL,'CA0111','',0,NULL,0,'','',NULL),(16,'2019-01-21 16:11:06','2019-01-21 18:04:50','2019-01-07','2019-01-07',-150000.00000000,'VOITURE MAMADY',2,2,NULL,'LIQ',NULL,'CA0112','',0,NULL,0,'','',NULL),(17,'2019-01-21 16:14:17','2019-01-21 16:14:17','2019-01-07','2019-01-07',-200000.00000000,'(SupplierInvoicePayment)',2,2,NULL,'LIQ',NULL,'CA0113','',0,NULL,0,NULL,NULL,NULL),(18,'2019-01-21 16:17:24','2019-01-21 16:17:24','2019-01-07','2019-01-07',-145000.00000000,'(SupplierInvoicePayment)',2,2,NULL,'LIQ',NULL,'CA0114','',0,NULL,0,NULL,NULL,NULL),(19,'2019-01-21 16:39:56','2019-01-21 18:02:27','2019-01-08','2019-01-08',-300000.00000000,'Règlement fournisseur',2,2,NULL,'LIQ',NULL,'MINIERE KOUROUMA','',0,NULL,0,'','',NULL),(20,'2019-01-21 16:45:18','2019-01-21 16:45:18','2019-01-08','2019-01-08',-1200000.00000000,'(SupplierInvoicePayment)',2,2,NULL,'LIQ',NULL,'MINIERE KOUROUMA','',0,NULL,0,NULL,NULL,NULL),(21,'2019-01-21 18:09:06','2019-01-21 18:18:38','2019-01-08','2019-01-08',-100000.00000000,'Règlement fournisseur',2,2,NULL,'LIQ',NULL,'BUREAU','',0,NULL,0,'','',NULL),(22,'2019-01-21 18:35:29','2019-01-21 19:12:02','2019-01-03','2019-01-03',-700000.00000000,'PRIME CHARLOTTE',2,2,NULL,'LIQ',NULL,'','',0,NULL,0,'','',NULL),(23,'2019-01-21 19:11:10','2019-01-21 19:11:40','2019-01-03','2019-01-03',-500000.00000000,'PRIME CEDRIC',2,2,NULL,'LIQ',NULL,'','',0,NULL,0,'','',NULL),(24,'2019-01-21 19:26:19','2019-01-21 19:26:19','2018-10-17','2018-10-17',10000000.00000000,'(CustomerInvoicePayment)',2,2,NULL,'LIQ',NULL,NULL,'',0,NULL,0,NULL,NULL,NULL),(25,'2019-01-21 19:27:21','2019-01-21 19:29:41','2019-01-07','2019-01-08',5000000.00000000,'(CustomerInvoicePayment)',2,2,NULL,'LIQ',NULL,'FA-190107-01','',0,NULL,0,NULL,NULL,NULL),(26,'2019-01-29 09:46:14','2019-03-04 15:48:40','2019-01-28','2019-01-28',34888539.00000000,'(CustomerInvoicePayment)',1,2,NULL,'CHQ',NULL,'0185569','',0,NULL,1,'BCI','GUILAB',NULL),(27,'2019-01-29 09:55:30','2019-03-04 15:48:40','2018-11-13','2018-11-13',104665617.00000000,'(CustomerInvoicePayment)',1,2,NULL,'CHQ',NULL,'0185524','',0,NULL,1,'BCI','GUILAB',NULL),(28,'2019-02-07 18:05:57','2019-03-04 15:48:40','2019-01-09','2019-01-09',6720000.00000000,'Facture OUFAREZ FA-181113-19',1,2,NULL,'CHQ',NULL,'00495881','',0,NULL,1,NULL,NULL,NULL),(29,'2019-02-07 18:07:10','2019-03-04 15:48:40','2019-01-11','2019-01-11',13000000.00000000,'Facture ACO-190111-03 Honoraire consulat Slovaquie',1,2,NULL,'CHQ',NULL,'14919290','',0,NULL,1,NULL,NULL,NULL),(30,'2019-02-07 18:08:19','2019-02-07 18:08:19','2019-01-11','2019-01-11',-5000000.00000000,'Appro Caisse LOUA',1,2,NULL,'CHQ',NULL,'266112','',0,NULL,0,NULL,NULL,NULL),(31,'2019-02-07 18:09:21','2019-02-07 18:09:21','2019-01-11','2019-01-11',-6720000.00000000,'Rejet CHQ OUFAREZ FA-181113-19',1,2,NULL,'CHQ',NULL,'00495881','',0,NULL,0,NULL,NULL,NULL),(32,'2019-02-07 18:45:07','2019-02-07 18:45:07','2019-01-17','2019-01-17',-3000000.00000000,'Appro Caisse LOUA',1,2,NULL,'LIQ',NULL,'Courrier','',0,NULL,0,NULL,NULL,NULL),(33,'2019-02-07 18:48:02','2019-02-07 18:48:02','2019-01-11','2019-01-11',-56500.00000000,'Frais Banque Rejet CHQ',1,2,NULL,'LIQ',NULL,NULL,'',0,NULL,0,NULL,NULL,NULL),(34,'2019-02-07 19:12:07','2019-02-07 19:12:07','2019-01-14','2019-01-14',-143000.00000000,'Frais Bancaire',1,2,NULL,'PRE',NULL,NULL,'',0,NULL,0,NULL,NULL,NULL),(35,'2019-02-07 19:12:40','2019-02-07 19:12:40','2019-01-14','2019-01-14',-1690.00000000,'Frais Bancaire',1,2,NULL,'PRE',NULL,NULL,'',0,NULL,0,NULL,NULL,NULL),(36,'2019-02-07 19:13:23','2019-02-07 19:13:23','2019-01-14','2019-01-14',-13000.00000000,'Frais Bancaire',1,2,NULL,'PRE',NULL,NULL,'',0,NULL,0,NULL,NULL,NULL),(37,'2019-02-07 19:13:58','2019-02-07 19:13:58','2019-01-14','2019-01-14',-18590.00000000,'Frais Bancaire',1,2,NULL,'PRE',NULL,NULL,'',0,NULL,0,NULL,NULL,NULL),(38,'2019-02-07 19:20:28','2019-03-04 15:48:40','2019-01-31','2019-01-31',40000000.00000000,'(CustomerInvoicePayment)',1,2,NULL,'CHQ',NULL,'00841920','',0,NULL,1,'BCI','HASTINE',NULL),(39,'2019-02-07 19:21:45','2019-02-07 19:21:45','2019-01-31','2019-01-31',-5000000.00000000,'Appro Caisse BAH',1,2,NULL,'LIQ',NULL,'Courrier','',0,NULL,0,NULL,NULL,NULL),(40,'2019-02-07 19:32:06','2019-02-07 19:32:06','2019-02-01','2019-02-01',-20841096.00000000,'(SupplierInvoicePayment)',1,2,NULL,'CHQ',NULL,'00285201','',0,NULL,0,NULL,NULL,NULL),(41,'2019-02-26 11:25:12','2019-03-04 15:48:40','2019-02-20','2019-02-20',69777078.00000000,'(CustomerInvoicePayment)',1,2,NULL,'CHQ',NULL,'14888483','',0,NULL,1,'ECOBANK','GUILAB',NULL),(42,'2019-03-04 15:52:28','2019-03-04 15:52:28','2019-03-01','2019-03-01',50000000.00000000,'(CustomerInvoicePayment)',1,2,NULL,'CHQ',NULL,'00841946','',0,NULL,0,'UBA','HASTINE',NULL),(43,'2019-03-08 14:54:50','2019-03-08 14:54:50','2019-02-09','2019-02-09',3000000.00000000,'(CustomerInvoicePayment)',2,2,NULL,'LIQ',NULL,NULL,'',0,NULL,0,NULL,NULL,NULL),(44,'2019-03-08 14:55:19','2019-03-08 14:55:19','2019-03-07','2019-03-07',2000000.00000000,'(CustomerInvoicePayment)',2,2,NULL,'LIQ',NULL,NULL,'',0,NULL,0,NULL,NULL,NULL),(45,'2019-03-13 11:14:29','2019-03-13 11:14:29','2019-03-13','2019-03-13',31200000.00000000,'(CustomerInvoicePayment)',2,2,NULL,'LIQ',NULL,NULL,'',0,NULL,0,NULL,NULL,NULL),(46,'2019-03-14 11:54:41','2019-03-14 11:54:41','2019-03-14','2019-03-14',5000000.00000000,'(CustomerInvoicePayment)',2,2,NULL,'LIQ',NULL,NULL,'',0,NULL,0,NULL,NULL,NULL),(47,'2019-03-18 14:39:19','2019-03-18 14:39:19','2019-03-18','2019-03-18',0.00000000,'(Solde initial)',3,2,NULL,'SOLD',NULL,NULL,'',0,NULL,0,NULL,NULL,NULL),(48,'2019-03-18 15:58:24','2019-03-18 15:58:24','2019-03-18','2019-03-18',1895080.00000000,'(CustomerInvoicePayment)',1,2,NULL,'LIQ',NULL,NULL,'',0,NULL,0,NULL,NULL,NULL),(49,'2019-03-22 15:42:43','2019-03-22 15:42:43','2019-03-21','2019-03-21',5000000.00000000,'(CustomerInvoicePayment)',2,2,NULL,'LIQ',NULL,NULL,'',0,NULL,0,NULL,NULL,NULL),(50,'2019-03-27 10:28:50','2019-03-27 10:28:50','2019-03-26','2019-03-26',52000000.00000000,'(CustomerInvoicePayment)',1,2,NULL,'LIQ',NULL,NULL,'',0,NULL,0,NULL,NULL,NULL),(51,'2019-04-01 17:17:37','2019-04-01 17:17:37','2019-03-28','2019-03-28',15836.65000000,'(CustomerInvoicePayment)',3,2,NULL,'VIR',NULL,'400006037','',0,NULL,0,'BNDA','E2CI',NULL),(52,'2019-04-10 15:04:38','2019-04-10 15:04:38','2019-04-08','2019-04-08',7918.00000000,'(CustomerInvoicePayment)',3,2,NULL,'VIR',NULL,'400006073','',0,NULL,0,'BNDA','E2CI',NULL),(53,'2019-04-10 15:23:43','2019-04-10 15:23:43','2019-04-08','2019-04-08',20000000.00000000,'(CustomerInvoicePayment)',2,2,NULL,'LIQ',NULL,NULL,'',0,NULL,0,NULL,NULL,NULL),(54,'2019-04-10 16:31:41','2019-04-10 16:31:41','2019-04-05','2019-04-05',169000000.00000000,'(CustomerInvoicePayment)',1,2,NULL,'CHQ',NULL,'00904826','',0,NULL,0,'UBA','HASTINE',NULL),(55,'2019-04-15 18:14:05','2019-04-15 18:14:05','2019-04-15','2019-04-15',359345451.91999996,'(CustomerInvoicePayment)',1,2,NULL,'CHQ',NULL,'15205774','',0,NULL,0,'ECOBANK','Webb Fontaine',NULL),(56,'2019-04-15 18:15:47','2019-04-15 18:15:47','2019-04-15','2019-04-15',239851661.60000000,'(CustomerInvoicePayment)',1,2,NULL,'CHQ',NULL,'15205775','',0,NULL,0,'ECOBANK','Webb Fontaine',NULL),(57,'2019-04-26 16:11:00','2019-04-26 16:11:00','2019-04-24','2019-04-24',49965523.05000000,'(CustomerInvoicePayment)',1,2,NULL,'CHQ',NULL,'15205780','',0,NULL,0,'ECOBANK','Webb Fontaine',NULL),(58,'2019-05-10 15:05:04','2019-05-10 15:05:04','2019-05-10','2019-05-10',87221348.00000000,'(CustomerInvoicePayment)',1,2,NULL,'CHQ',NULL,'00514045','',0,NULL,0,'BCI','GUILAB',NULL);

--
-- Table structure for table `llx_bank_account`
--

CREATE TABLE `llx_bank_account` (
  `rowid` int(11) NOT NULL AUTO_INCREMENT,
  `datec` datetime DEFAULT NULL,
  `tms` timestamp NOT NULL DEFAULT CURRENT_TIMESTAMP ON UPDATE CURRENT_TIMESTAMP,
  `ref` varchar(12) COLLATE utf8_unicode_ci NOT NULL,
  `label` varchar(30) COLLATE utf8_unicode_ci NOT NULL,
  `entity` int(11) NOT NULL DEFAULT '1',
  `fk_user_author` int(11) DEFAULT NULL,
  `fk_user_modif` int(11) DEFAULT NULL,
  `bank` varchar(60) COLLATE utf8_unicode_ci DEFAULT NULL,
  `code_banque` varchar(128) COLLATE utf8_unicode_ci DEFAULT NULL,
  `code_guichet` varchar(6) COLLATE utf8_unicode_ci DEFAULT NULL,
  `number` varchar(255) COLLATE utf8_unicode_ci DEFAULT NULL,
  `cle_rib` varchar(5) COLLATE utf8_unicode_ci DEFAULT NULL,
  `bic` varchar(11) COLLATE utf8_unicode_ci DEFAULT NULL,
  `iban_prefix` varchar(34) COLLATE utf8_unicode_ci DEFAULT NULL,
  `country_iban` varchar(2) COLLATE utf8_unicode_ci DEFAULT NULL,
  `cle_iban` varchar(2) COLLATE utf8_unicode_ci DEFAULT NULL,
  `domiciliation` varchar(255) COLLATE utf8_unicode_ci DEFAULT NULL,
  `state_id` int(11) DEFAULT NULL,
  `fk_pays` int(11) NOT NULL,
  `proprio` varchar(60) COLLATE utf8_unicode_ci DEFAULT NULL,
  `owner_address` varchar(255) COLLATE utf8_unicode_ci DEFAULT NULL,
  `courant` smallint(6) NOT NULL DEFAULT '0',
  `clos` smallint(6) NOT NULL DEFAULT '0',
  `rappro` smallint(6) DEFAULT '1',
  `url` varchar(128) COLLATE utf8_unicode_ci DEFAULT NULL,
  `account_number` varchar(32) COLLATE utf8_unicode_ci DEFAULT NULL,
  `fk_accountancy_journal` int(11) DEFAULT NULL,
  `currency_code` varchar(3) COLLATE utf8_unicode_ci NOT NULL,
  `min_allowed` int(11) DEFAULT '0',
  `min_desired` int(11) DEFAULT '0',
  `comment` text COLLATE utf8_unicode_ci,
  `note_public` text COLLATE utf8_unicode_ci,
  `model_pdf` varchar(255) COLLATE utf8_unicode_ci DEFAULT NULL,
  `import_key` varchar(14) COLLATE utf8_unicode_ci DEFAULT NULL,
  `extraparams` varchar(255) COLLATE utf8_unicode_ci DEFAULT NULL,
  PRIMARY KEY (`rowid`),
  UNIQUE KEY `uk_bank_account_label` (`label`,`entity`),
  KEY `idx_fk_accountancy_journal` (`fk_accountancy_journal`),
  CONSTRAINT `fk_bank_account_accountancy_journal` FOREIGN KEY (`fk_accountancy_journal`) REFERENCES `llx_accounting_journal` (`rowid`)
) ENGINE=InnoDB AUTO_INCREMENT=4 DEFAULT CHARSET=utf8 COLLATE=utf8_unicode_ci;

--
-- Dumping data for table `llx_bank_account`
--

INSERT INTO `llx_bank_account` (`rowid`, `datec`, `tms`, `ref`, `label`, `entity`, `fk_user_author`, `fk_user_modif`, `bank`, `code_banque`, `code_guichet`, `number`, `cle_rib`, `bic`, `iban_prefix`, `country_iban`, `cle_iban`, `domiciliation`, `state_id`, `fk_pays`, `proprio`, `owner_address`, `courant`, `clos`, `rappro`, `url`, `account_number`, `fk_accountancy_journal`, `currency_code`, `min_allowed`, `min_desired`, `comment`, `note_public`, `model_pdf`, `import_key`, `extraparams`) VALUES (1,'2019-01-14 16:02:57','2019-01-29 18:19:47','102019787020','SKYEBANK GNF',1,NULL,NULL,'SKYE BANK','','','0197870201','','012','FR16 0121 0201 9787 0201 89',NULL,NULL,'KALOUM',NULL,108,'MTS GUINEE SARL','',1,0,1,NULL,'',NULL,'GNF',NULL,NULL,'',NULL,NULL,NULL,NULL),(2,'2019-01-21 14:40:09','2019-01-21 18:14:46','CAISSE','CAISSE MTS',1,NULL,NULL,'','','','','','','',NULL,NULL,'',NULL,108,'','',1,0,1,NULL,'',NULL,'GNF',NULL,NULL,'',NULL,NULL,NULL,NULL),(3,'2019-03-18 14:39:19','2019-03-19 18:11:02','102019787060','SKYEBANK EUROS',1,NULL,NULL,'SKYE BANK','','','1020197870601','','PRDTNGLA','GB35CITI18500811817167(GBP)',NULL,NULL,'Immeuble Immovie 5ème Avenbue Sandervalia Kaloum \r\nCONAKRY - GUINEE',NULL,108,'MTS GUINEE SARL','Immeuble Airwell Quartier Almamya\r\nCommune de Kaloum\r\nCONAKRY - GUINEE',1,0,1,NULL,'',NULL,'EUR',NULL,NULL,'',NULL,NULL,NULL,NULL);

--
-- Table structure for table `llx_bank_account_extrafields`
--

CREATE TABLE `llx_bank_account_extrafields` (
  `rowid` int(11) NOT NULL AUTO_INCREMENT,
  `tms` timestamp NOT NULL DEFAULT CURRENT_TIMESTAMP ON UPDATE CURRENT_TIMESTAMP,
  `fk_object` int(11) NOT NULL,
  `import_key` varchar(14) COLLATE utf8_unicode_ci DEFAULT NULL,
  PRIMARY KEY (`rowid`),
  KEY `idx_bank_account_extrafields` (`fk_object`)
) ENGINE=InnoDB DEFAULT CHARSET=utf8 COLLATE=utf8_unicode_ci;

--
-- Dumping data for table `llx_bank_account_extrafields`
--


--
-- Table structure for table `llx_bank_categ`
--

CREATE TABLE `llx_bank_categ` (
  `rowid` int(11) NOT NULL AUTO_INCREMENT,
  `label` varchar(255) COLLATE utf8_unicode_ci DEFAULT NULL,
  `entity` int(11) NOT NULL DEFAULT '1',
  PRIMARY KEY (`rowid`)
) ENGINE=InnoDB AUTO_INCREMENT=2 DEFAULT CHARSET=utf8 COLLATE=utf8_unicode_ci;

--
-- Dumping data for table `llx_bank_categ`
--

INSERT INTO `llx_bank_categ` (`rowid`, `label`, `entity`) VALUES (1,'BUREAU',1);

--
-- Table structure for table `llx_bank_class`
--

CREATE TABLE `llx_bank_class` (
  `lineid` int(11) NOT NULL,
  `fk_categ` int(11) NOT NULL,
  UNIQUE KEY `uk_bank_class_lineid` (`lineid`,`fk_categ`)
) ENGINE=InnoDB DEFAULT CHARSET=utf8 COLLATE=utf8_unicode_ci;

--
-- Dumping data for table `llx_bank_class`
--

INSERT INTO `llx_bank_class` (`lineid`, `fk_categ`) VALUES (21,1);

--
-- Table structure for table `llx_bank_url`
--

CREATE TABLE `llx_bank_url` (
  `rowid` int(11) NOT NULL AUTO_INCREMENT,
  `fk_bank` int(11) DEFAULT NULL,
  `url_id` int(11) DEFAULT NULL,
  `url` varchar(255) COLLATE utf8_unicode_ci DEFAULT NULL,
  `label` varchar(255) COLLATE utf8_unicode_ci DEFAULT NULL,
  `type` varchar(24) COLLATE utf8_unicode_ci NOT NULL,
  PRIMARY KEY (`rowid`),
  UNIQUE KEY `uk_bank_url` (`fk_bank`,`type`)
) ENGINE=InnoDB AUTO_INCREMENT=85 DEFAULT CHARSET=utf8 COLLATE=utf8_unicode_ci;

--
-- Dumping data for table `llx_bank_url`
--

INSERT INTO `llx_bank_url` (`rowid`, `fk_bank`, `url_id`, `url`, `label`, `type`) VALUES (3,3,2,'/dolibarr/compta/paiement/card.php?id=','(paiement)','payment'),(4,3,5,'/dolibarr/comm/card.php?socid=','HASTINE','company'),(5,4,3,'/dolibarr/compta/paiement/card.php?id=','(paiement)','payment'),(6,4,5,'/dolibarr/comm/card.php?socid=','HASTINE','company'),(9,8,1,'/dolibarr/fourn/paiement/card.php?id=','(paiement)','payment_supplier'),(10,8,8,'/dolibarr/fourn/card.php?socid=','MTN','company'),(11,9,2,'/dolibarr/fourn/paiement/card.php?id=','(paiement)','payment_supplier'),(12,9,9,'/dolibarr/fourn/card.php?socid=','MARCHE','company'),(13,10,3,'/dolibarr/fourn/paiement/card.php?id=','(paiement)','payment_supplier'),(14,10,9,'/dolibarr/fourn/card.php?socid=','MARCHE','company'),(15,11,4,'/dolibarr/fourn/paiement/card.php?id=','(paiement)','payment_supplier'),(16,11,10,'/dolibarr/fourn/card.php?socid=','TELEPHONIE','company'),(17,12,5,'/dolibarr/fourn/paiement/card.php?id=','(paiement)','payment_supplier'),(18,12,11,'/dolibarr/fourn/card.php?socid=','SERVICE MÉNAGE','company'),(19,14,6,'/dolibarr/fourn/paiement/card.php?id=','(paiement)','payment_supplier'),(20,14,12,'/dolibarr/fourn/card.php?socid=','KIOSQUE','company'),(21,15,7,'/dolibarr/fourn/paiement/card.php?id=','(paiement)','payment_supplier'),(22,15,13,'/dolibarr/fourn/card.php?socid=','BATEQUIP','company'),(23,16,8,'/dolibarr/fourn/paiement/card.php?id=','(paiement)','payment_supplier'),(24,16,14,'/dolibarr/fourn/card.php?socid=','CARBURANT','company'),(25,17,9,'/dolibarr/fourn/paiement/card.php?id=','(paiement)','payment_supplier'),(26,17,15,'/dolibarr/fourn/card.php?socid=','DAHI','company'),(27,18,10,'/dolibarr/fourn/paiement/card.php?id=','(paiement)','payment_supplier'),(28,18,16,'/dolibarr/fourn/card.php?socid=','HEROES COFFEE','company'),(29,19,11,'/dolibarr/fourn/paiement/card.php?id=','(paiement)','payment_supplier'),(30,19,17,'/dolibarr/fourn/card.php?socid=','BARRY Alhassane','company'),(31,20,12,'/dolibarr/fourn/paiement/card.php?id=','(paiement)','payment_supplier'),(32,20,18,'/dolibarr/fourn/card.php?socid=','CELESTIN','company'),(33,21,13,'/dolibarr/fourn/paiement/card.php?id=','(paiement)','payment_supplier'),(34,21,10,'/dolibarr/fourn/card.php?socid=','TELEPHONIE','company'),(35,22,1,'/dolibarr/compta/salaries/card.php?id=','(SalaryPayment)','payment_salary'),(36,22,4,'/dolibarr/user/card.php?id=','Charlotte LOUA','user'),(37,23,2,'/dolibarr/compta/salaries/card.php?id=','(SalaryPayment)','payment_salary'),(38,23,2,'/dolibarr/user/card.php?id=','cedric','user'),(39,24,5,'/dolibarr/compta/paiement/card.php?id=','(paiement)','payment'),(40,24,19,'/dolibarr/comm/card.php?socid=','HELENE K LA BOUTIQUE','company'),(41,25,6,'/dolibarr/compta/paiement/card.php?id=','(paiement)','payment'),(42,25,19,'/dolibarr/comm/card.php?socid=','HELENE K LA BOUTIQUE','company'),(43,26,7,'/dolibarr/compta/paiement/card.php?id=','(paiement)','payment'),(44,26,6,'/dolibarr/comm/card.php?socid=','GUILAB','company'),(45,27,8,'/dolibarr/compta/paiement/card.php?id=','(paiement)','payment'),(46,27,6,'/dolibarr/comm/card.php?socid=','GUILAB','company'),(47,38,9,'/dolibarr/compta/paiement/card.php?id=','(paiement)','payment'),(48,38,5,'/dolibarr/comm/card.php?socid=','HASTINE','company'),(49,40,14,'/dolibarr/fourn/paiement/card.php?id=','(paiement)','payment_supplier'),(50,40,3,'/dolibarr/fourn/card.php?socid=','EMMANUEL BOU','company'),(51,41,10,'/dolibarr/compta/paiement/card.php?id=','(paiement)','payment'),(52,41,6,'/dolibarr/comm/card.php?socid=','GUILAB','company'),(53,42,11,'/dolibarr/compta/paiement/card.php?id=','(paiement)','payment'),(54,42,5,'/dolibarr/comm/card.php?socid=','HASTINE','company'),(55,43,12,'/dolibarr/compta/paiement/card.php?id=','(paiement)','payment'),(56,43,19,'/dolibarr/comm/card.php?socid=','HELENE K LA BOUTIQUE','company'),(57,44,13,'/dolibarr/compta/paiement/card.php?id=','(paiement)','payment'),(58,44,19,'/dolibarr/comm/card.php?socid=','HELENE K LA BOUTIQUE','company'),(59,45,14,'/dolibarr/compta/paiement/card.php?id=','(paiement)','payment'),(60,45,29,'/dolibarr/comm/card.php?socid=','Carine REBOUL','company'),(61,46,15,'/dolibarr/compta/paiement/card.php?id=','(paiement)','payment'),(62,46,19,'/dolibarr/comm/card.php?socid=','HELENE K LA BOUTIQUE','company'),(63,48,16,'/dolibarr/compta/paiement/card.php?id=','(paiement)','payment'),(64,48,22,'/dolibarr/comm/card.php?socid=','SOCK Marcel','company'),(65,49,17,'/dolibarr/compta/paiement/card.php?id=','(paiement)','payment'),(66,49,19,'/dolibarr/comm/card.php?socid=','HELENE K LA BOUTIQUE','company'),(67,50,18,'/dolibarr/compta/paiement/card.php?id=','(paiement)','payment'),(68,50,29,'/dolibarr/comm/card.php?socid=','Carine REBOUL','company'),(69,51,19,'/dolibarr/compta/paiement/card.php?id=','(paiement)','payment'),(70,51,26,'/dolibarr/comm/card.php?socid=','E2CI','company'),(71,52,20,'/dolibarr/compta/paiement/card.php?id=','(paiement)','payment'),(72,52,26,'/dolibarr/comm/card.php?socid=','E2CI','company'),(73,53,21,'/dolibarr/compta/paiement/card.php?id=','(paiement)','payment'),(74,53,27,'/dolibarr/comm/card.php?socid=','BARRY Saïkou','company'),(75,54,22,'/dolibarr/compta/paiement/card.php?id=','(paiement)','payment'),(76,54,5,'/dolibarr/comm/card.php?socid=','HASTINE','company'),(77,55,23,'/dolibarr/compta/paiement/card.php?id=','(paiement)','payment'),(78,55,35,'/dolibarr/comm/card.php?socid=','Webb Fontaine','company'),(79,56,24,'/dolibarr/compta/paiement/card.php?id=','(paiement)','payment'),(80,56,35,'/dolibarr/comm/card.php?socid=','Webb Fontaine','company'),(81,57,25,'/dolibarr/compta/paiement/card.php?id=','(paiement)','payment'),(82,57,35,'/dolibarr/comm/card.php?socid=','Webb Fontaine','company'),(83,58,26,'/dolibarr/compta/paiement/card.php?id=','(paiement)','payment'),(84,58,6,'/dolibarr/comm/card.php?socid=','GUILAB','company');

--
-- Table structure for table `llx_blockedlog`
--

CREATE TABLE `llx_blockedlog` (
  `rowid` int(11) NOT NULL AUTO_INCREMENT,
  `entity` int(11) NOT NULL DEFAULT '1',
  `date_creation` datetime DEFAULT NULL,
  `tms` timestamp NOT NULL DEFAULT CURRENT_TIMESTAMP ON UPDATE CURRENT_TIMESTAMP,
  `action` varchar(50) COLLATE utf8_unicode_ci DEFAULT NULL,
  `amounts` double(24,8) NOT NULL,
  `element` varchar(50) COLLATE utf8_unicode_ci DEFAULT NULL,
  `fk_user` int(11) DEFAULT NULL,
  `user_fullname` varchar(255) COLLATE utf8_unicode_ci DEFAULT NULL,
  `fk_object` int(11) DEFAULT NULL,
  `ref_object` varchar(255) COLLATE utf8_unicode_ci DEFAULT NULL,
  `date_object` datetime DEFAULT NULL,
  `signature` varchar(100) COLLATE utf8_unicode_ci NOT NULL,
  `signature_line` varchar(100) COLLATE utf8_unicode_ci NOT NULL,
  `object_data` text COLLATE utf8_unicode_ci,
  `certified` int(11) DEFAULT NULL,
  PRIMARY KEY (`rowid`),
  KEY `signature` (`signature`),
  KEY `fk_object_element` (`fk_object`,`element`),
  KEY `entity` (`entity`),
  KEY `fk_user` (`fk_user`),
  KEY `entity_action` (`entity`,`action`),
  KEY `entity_action_certified` (`entity`,`action`,`certified`)
) ENGINE=InnoDB DEFAULT CHARSET=utf8 COLLATE=utf8_unicode_ci;

--
-- Dumping data for table `llx_blockedlog`
--


--
-- Table structure for table `llx_blockedlog_authority`
--

CREATE TABLE `llx_blockedlog_authority` (
  `rowid` int(11) NOT NULL AUTO_INCREMENT,
  `blockchain` longtext COLLATE utf8_unicode_ci NOT NULL,
  `signature` varchar(100) COLLATE utf8_unicode_ci NOT NULL,
  `tms` timestamp NOT NULL DEFAULT CURRENT_TIMESTAMP ON UPDATE CURRENT_TIMESTAMP,
  PRIMARY KEY (`rowid`),
  KEY `signature` (`signature`)
) ENGINE=InnoDB DEFAULT CHARSET=utf8 COLLATE=utf8_unicode_ci;

--
-- Dumping data for table `llx_blockedlog_authority`
--


--
-- Table structure for table `llx_bookmark`
--

CREATE TABLE `llx_bookmark` (
  `rowid` int(11) NOT NULL AUTO_INCREMENT,
  `fk_user` int(11) NOT NULL,
  `dateb` datetime DEFAULT NULL,
  `url` varchar(255) COLLATE utf8_unicode_ci NOT NULL,
  `target` varchar(16) COLLATE utf8_unicode_ci DEFAULT NULL,
  `title` varchar(64) COLLATE utf8_unicode_ci DEFAULT NULL,
  `favicon` varchar(24) COLLATE utf8_unicode_ci DEFAULT NULL,
  `position` int(11) DEFAULT '0',
  `entity` int(11) NOT NULL DEFAULT '1',
  PRIMARY KEY (`rowid`),
  UNIQUE KEY `uk_bookmark_url` (`fk_user`,`url`),
  UNIQUE KEY `uk_bookmark_title` (`fk_user`,`title`)
) ENGINE=InnoDB DEFAULT CHARSET=utf8 COLLATE=utf8_unicode_ci;

--
-- Dumping data for table `llx_bookmark`
--


--
-- Table structure for table `llx_bordereau_cheque`
--

CREATE TABLE `llx_bordereau_cheque` (
  `rowid` int(11) NOT NULL AUTO_INCREMENT,
  `ref` varchar(30) COLLATE utf8_unicode_ci NOT NULL,
  `ref_ext` varchar(255) COLLATE utf8_unicode_ci DEFAULT NULL,
  `datec` datetime NOT NULL,
  `date_bordereau` date DEFAULT NULL,
  `amount` double(24,8) NOT NULL,
  `nbcheque` smallint(6) NOT NULL,
  `fk_bank_account` int(11) DEFAULT NULL,
  `fk_user_author` int(11) DEFAULT NULL,
  `statut` smallint(6) NOT NULL DEFAULT '0',
  `tms` timestamp NOT NULL DEFAULT CURRENT_TIMESTAMP ON UPDATE CURRENT_TIMESTAMP,
  `note` text COLLATE utf8_unicode_ci,
  `entity` int(11) NOT NULL DEFAULT '1',
  PRIMARY KEY (`rowid`),
  UNIQUE KEY `uk_bordereau_cheque` (`ref`,`entity`)
) ENGINE=InnoDB AUTO_INCREMENT=2 DEFAULT CHARSET=utf8 COLLATE=utf8_unicode_ci;

--
-- Dumping data for table `llx_bordereau_cheque`
--

INSERT INTO `llx_bordereau_cheque` (`rowid`, `ref`, `ref_ext`, `datec`, `date_bordereau`, `amount`, `nbcheque`, `fk_bank_account`, `fk_user_author`, `statut`, `tms`, `note`, `entity`) VALUES (1,'CHK1903-0001','','2019-03-04 15:48:40','2019-03-04',469051234.00000000,8,1,2,1,'2019-03-04 15:49:06',NULL,1);

--
-- Table structure for table `llx_boxes`
--

CREATE TABLE `llx_boxes` (
  `rowid` int(11) NOT NULL AUTO_INCREMENT,
  `entity` int(11) NOT NULL DEFAULT '1',
  `box_id` int(11) NOT NULL,
  `position` smallint(6) NOT NULL,
  `box_order` varchar(3) COLLATE utf8_unicode_ci NOT NULL,
  `fk_user` int(11) NOT NULL DEFAULT '0',
  `maxline` int(11) DEFAULT NULL,
  `params` varchar(255) COLLATE utf8_unicode_ci DEFAULT NULL,
  PRIMARY KEY (`rowid`),
  UNIQUE KEY `uk_boxes` (`entity`,`box_id`,`position`,`fk_user`),
  KEY `idx_boxes_boxid` (`box_id`),
  KEY `idx_boxes_fk_user` (`fk_user`),
  CONSTRAINT `fk_boxes_box_id` FOREIGN KEY (`box_id`) REFERENCES `llx_boxes_def` (`rowid`)
) ENGINE=InnoDB AUTO_INCREMENT=26 DEFAULT CHARSET=utf8 COLLATE=utf8_unicode_ci;

--
-- Dumping data for table `llx_boxes`
--

INSERT INTO `llx_boxes` (`rowid`, `entity`, `box_id`, `position`, `box_order`, `fk_user`, `maxline`, `params`) VALUES (1,1,1,0,'A01',0,NULL,NULL),(2,1,2,0,'A15',0,NULL,NULL),(3,1,3,0,'B16',0,NULL,NULL),(4,1,4,0,'A17',0,NULL,NULL),(5,1,5,0,'B18',0,NULL,NULL),(6,1,6,0,'A19',0,NULL,NULL),(7,1,7,0,'B20',0,NULL,NULL),(8,1,8,0,'A21',0,NULL,NULL),(9,1,9,0,'B22',0,NULL,NULL),(10,1,10,0,'A23',0,NULL,NULL),(11,1,11,0,'B24',0,NULL,NULL),(12,1,12,0,'B14',0,NULL,NULL),(13,1,13,0,'A13',0,NULL,NULL),(14,1,14,0,'B12',0,NULL,NULL),(15,1,15,0,'B02',0,NULL,NULL),(16,1,16,0,'A03',0,NULL,NULL),(17,1,17,0,'B04',0,NULL,NULL),(18,1,18,0,'A05',0,NULL,NULL),(19,1,19,0,'B06',0,NULL,NULL),(20,1,20,0,'A07',0,NULL,NULL),(21,1,21,0,'B08',0,NULL,NULL),(22,1,22,0,'A09',0,NULL,NULL),(23,1,23,0,'B10',0,NULL,NULL),(24,1,24,0,'A11',0,NULL,NULL),(25,1,25,0,'A25',0,NULL,NULL);

--
-- Table structure for table `llx_boxes_def`
--

CREATE TABLE `llx_boxes_def` (
  `rowid` int(11) NOT NULL AUTO_INCREMENT,
  `file` varchar(200) COLLATE utf8_unicode_ci NOT NULL,
  `entity` int(11) NOT NULL DEFAULT '1',
  `tms` timestamp NOT NULL DEFAULT CURRENT_TIMESTAMP ON UPDATE CURRENT_TIMESTAMP,
  `note` varchar(130) COLLATE utf8_unicode_ci DEFAULT NULL,
  PRIMARY KEY (`rowid`),
  UNIQUE KEY `uk_boxes_def` (`file`,`entity`,`note`)
) ENGINE=InnoDB AUTO_INCREMENT=26 DEFAULT CHARSET=utf8 COLLATE=utf8_unicode_ci;

--
-- Dumping data for table `llx_boxes_def`
--

INSERT INTO `llx_boxes_def` (`rowid`, `file`, `entity`, `tms`, `note`) VALUES (1,'box_lastlogin.php',1,'2019-01-14 14:21:07',NULL),(2,'box_clients.php',1,'2019-01-14 15:34:29',NULL),(3,'box_prospect.php',1,'2019-01-14 15:34:29',NULL),(4,'box_contacts.php',1,'2019-01-14 15:34:29',NULL),(5,'box_activity.php',1,'2019-01-14 15:34:29','(WarningUsingThisBoxSlowDown)'),(6,'box_goodcustomers.php',1,'2019-01-14 15:34:29','(WarningUsingThisBoxSlowDown)'),(7,'box_graph_propales_permonth.php',1,'2019-01-14 15:34:36',NULL),(8,'box_propales.php',1,'2019-01-14 15:34:36',NULL),(9,'box_graph_invoices_supplier_permonth.php',1,'2019-01-14 15:35:25',NULL),(10,'box_graph_orders_supplier_permonth.php',1,'2019-01-14 15:35:25',NULL),(11,'box_fournisseurs.php',1,'2019-01-14 15:35:25',NULL),(12,'box_factures_fourn_imp.php',1,'2019-01-14 15:35:25',NULL),(13,'box_factures_fourn.php',1,'2019-01-14 15:35:25',NULL),(14,'box_supplier_orders.php',1,'2019-01-14 15:35:25',NULL),(15,'box_factures_imp.php',1,'2019-01-14 15:35:45',NULL),(16,'box_factures.php',1,'2019-01-14 15:35:45',NULL),(17,'box_graph_invoices_permonth.php',1,'2019-01-14 15:35:45',NULL),(18,'box_comptes.php',1,'2019-01-14 15:36:23',NULL),(19,'box_produits.php',1,'2019-01-14 15:36:48',NULL),(20,'box_produits_alerte_stock.php',1,'2019-01-14 15:36:48',NULL),(21,'box_graph_product_distribution.php',1,'2019-01-14 15:36:48',NULL),(22,'box_services_contracts.php',1,'2019-01-14 15:37:23',NULL),(23,'box_project.php',1,'2019-01-21 18:21:05',NULL),(24,'box_task.php',1,'2019-01-21 18:21:05',NULL),(25,'box_actions.php',1,'2019-01-21 18:21:14',NULL);

--
-- Table structure for table `llx_budget`
--

CREATE TABLE `llx_budget` (
  `rowid` int(11) NOT NULL AUTO_INCREMENT,
  `entity` int(11) NOT NULL DEFAULT '1',
  `label` varchar(255) COLLATE utf8_unicode_ci NOT NULL,
  `status` int(11) DEFAULT NULL,
  `note` text COLLATE utf8_unicode_ci,
  `date_start` date DEFAULT NULL,
  `date_end` date DEFAULT NULL,
  `datec` datetime DEFAULT NULL,
  `tms` timestamp NOT NULL DEFAULT CURRENT_TIMESTAMP ON UPDATE CURRENT_TIMESTAMP,
  `fk_user_creat` int(11) DEFAULT NULL,
  `fk_user_modif` int(11) DEFAULT NULL,
  `import_key` int(11) DEFAULT NULL,
  PRIMARY KEY (`rowid`)
) ENGINE=InnoDB DEFAULT CHARSET=utf8 COLLATE=utf8_unicode_ci;

--
-- Dumping data for table `llx_budget`
--


--
-- Table structure for table `llx_budget_lines`
--

CREATE TABLE `llx_budget_lines` (
  `rowid` int(11) NOT NULL AUTO_INCREMENT,
  `fk_budget` int(11) NOT NULL,
  `fk_project_ids` varchar(180) COLLATE utf8_unicode_ci NOT NULL,
  `amount` double(24,8) NOT NULL,
  `datec` datetime DEFAULT NULL,
  `tms` timestamp NOT NULL DEFAULT CURRENT_TIMESTAMP ON UPDATE CURRENT_TIMESTAMP,
  `fk_user_creat` int(11) DEFAULT NULL,
  `fk_user_modif` int(11) DEFAULT NULL,
  `import_key` int(11) DEFAULT NULL,
  PRIMARY KEY (`rowid`),
  UNIQUE KEY `uk_budget_lines` (`fk_budget`,`fk_project_ids`),
  CONSTRAINT `fk_budget_lines_budget` FOREIGN KEY (`fk_budget`) REFERENCES `llx_budget` (`rowid`)
) ENGINE=InnoDB DEFAULT CHARSET=utf8 COLLATE=utf8_unicode_ci;

--
-- Dumping data for table `llx_budget_lines`
--


--
-- Table structure for table `llx_c_accounting_category`
--

CREATE TABLE `llx_c_accounting_category` (
  `rowid` int(11) NOT NULL AUTO_INCREMENT,
  `entity` int(11) NOT NULL DEFAULT '1',
  `code` varchar(16) COLLATE utf8_unicode_ci NOT NULL,
  `label` varchar(255) COLLATE utf8_unicode_ci NOT NULL,
  `range_account` varchar(255) COLLATE utf8_unicode_ci NOT NULL,
  `sens` tinyint(4) NOT NULL DEFAULT '0',
  `category_type` tinyint(4) NOT NULL DEFAULT '0',
  `formula` varchar(255) COLLATE utf8_unicode_ci NOT NULL,
  `position` int(11) DEFAULT '0',
  `fk_country` int(11) DEFAULT NULL,
  `active` int(11) DEFAULT '1',
  PRIMARY KEY (`rowid`),
  UNIQUE KEY `uk_c_accounting_category` (`code`,`entity`)
) ENGINE=InnoDB AUTO_INCREMENT=4 DEFAULT CHARSET=utf8 COLLATE=utf8_unicode_ci;

--
-- Dumping data for table `llx_c_accounting_category`
--

INSERT INTO `llx_c_accounting_category` (`rowid`, `entity`, `code`, `label`, `range_account`, `sens`, `category_type`, `formula`, `position`, `fk_country`, `active`) VALUES (1,1,'INCOMES','Income of products/services','Example: 7xxxxx',0,0,'',10,0,1),(2,1,'EXPENSES','Expenses of products/services','Example: 6xxxxx',0,0,'',20,0,1),(3,1,'PROFIT','Balance','',0,1,'INCOMES+EXPENSES',30,0,1);

--
-- Table structure for table `llx_c_action_trigger`
--

CREATE TABLE `llx_c_action_trigger` (
  `rowid` int(11) NOT NULL AUTO_INCREMENT,
  `elementtype` varchar(24) COLLATE utf8_unicode_ci NOT NULL,
  `code` varchar(32) COLLATE utf8_unicode_ci NOT NULL,
  `label` varchar(128) COLLATE utf8_unicode_ci NOT NULL,
  `description` varchar(255) COLLATE utf8_unicode_ci DEFAULT NULL,
  `rang` int(11) DEFAULT '0',
  PRIMARY KEY (`rowid`),
  UNIQUE KEY `uk_action_trigger_code` (`code`),
  KEY `idx_action_trigger_rang` (`rang`)
) ENGINE=InnoDB AUTO_INCREMENT=66 DEFAULT CHARSET=utf8 COLLATE=utf8_unicode_ci;

--
-- Dumping data for table `llx_c_action_trigger`
--

INSERT INTO `llx_c_action_trigger` (`rowid`, `elementtype`, `code`, `label`, `description`, `rang`) VALUES (1,'societe','COMPANY_CREATE','Third party created','Executed when a third party is created',1),(2,'societe','COMPANY_SENTBYMAIL','Mails sent from third party card','Executed when you send email from third party card',1),(3,'propal','PROPAL_VALIDATE','Customer proposal validated','Executed when a commercial proposal is validated',2),(4,'propal','PROPAL_SENTBYMAIL','Commercial proposal sent by mail','Executed when a commercial proposal is sent by mail',3),(5,'propal','PROPAL_CLOSE_SIGNED','Customer proposal closed signed','Executed when a customer proposal is closed signed',2),(6,'propal','PROPAL_CLOSE_REFUSED','Customer proposal closed refused','Executed when a customer proposal is closed refused',2),(7,'propal','PROPAL_CLASSIFY_BILLED','Customer proposal set billed','Executed when a customer proposal is set to billed',2),(8,'commande','ORDER_VALIDATE','Customer order validate','Executed when a customer order is validated',4),(9,'commande','ORDER_CLOSE','Customer order classify delivered','Executed when a customer order is set delivered',5),(10,'commande','ORDER_CLASSIFY_BILLED','Customer order classify billed','Executed when a customer order is set to billed',5),(11,'commande','ORDER_CANCEL','Customer order canceled','Executed when a customer order is canceled',5),(12,'commande','ORDER_SENTBYMAIL','Customer order sent by mail','Executed when a customer order is sent by mail ',5),(13,'facture','BILL_VALIDATE','Customer invoice validated','Executed when a customer invoice is approved',6),(14,'facture','BILL_PAYED','Customer invoice payed','Executed when a customer invoice is payed',7),(15,'facture','BILL_CANCEL','Customer invoice canceled','Executed when a customer invoice is conceled',8),(16,'facture','BILL_SENTBYMAIL','Customer invoice sent by mail','Executed when a customer invoice is sent by mail',9),(17,'facture','BILL_UNVALIDATE','Customer invoice unvalidated','Executed when a customer invoice status set back to draft',9),(18,'proposal_supplier','PROPOSAL_SUPPLIER_VALIDATE','Price request validated','Executed when a commercial proposal is validated',10),(19,'proposal_supplier','PROPOSAL_SUPPLIER_SENTBYMAIL','Price request sent by mail','Executed when a commercial proposal is sent by mail',10),(20,'proposal_supplier','PROPOSAL_SUPPLIER_CLOSE_SIGNED','Price request closed signed','Executed when a customer proposal is closed signed',10),(21,'proposal_supplier','PROPOSAL_SUPPLIER_CLOSE_REFUSED','Price request closed refused','Executed when a customer proposal is closed refused',10),(22,'order_supplier','ORDER_SUPPLIER_VALIDATE','Supplier order validated','Executed when a supplier order is validated',12),(23,'order_supplier','ORDER_SUPPLIER_APPROVE','Supplier order request approved','Executed when a supplier order is approved',13),(24,'order_supplier','ORDER_SUPPLIER_SUBMIT','Supplier order request submited','Executed when a supplier order is approved',13),(25,'order_supplier','ORDER_SUPPLIER_RECEIVE','Supplier order request received','Executed when a supplier order is received',13),(26,'order_supplier','ORDER_SUPPLIER_REFUSE','Supplier order request refused','Executed when a supplier order is refused',13),(27,'order_supplier','ORDER_SUPPLIER_SENTBYMAIL','Supplier order sent by mail','Executed when a supplier order is sent by mail',14),(28,'order_supplier','ORDER_SUPPLIER_CLASSIFY_BILLED','Supplier order set billed','Executed when a supplier order is set as billed',14),(29,'invoice_supplier','BILL_SUPPLIER_VALIDATE','Supplier invoice validated','Executed when a supplier invoice is validated',15),(30,'invoice_supplier','BILL_SUPPLIER_UNVALIDATE','Supplier invoice unvalidated','Executed when a supplier invoice status is set back to draft',15),(31,'invoice_supplier','BILL_SUPPLIER_PAYED','Supplier invoice payed','Executed when a supplier invoice is payed',16),(32,'invoice_supplier','BILL_SUPPLIER_SENTBYMAIL','Supplier invoice sent by mail','Executed when a supplier invoice is sent by mail',17),(33,'invoice_supplier','BILL_SUPPLIER_CANCELED','Supplier invoice cancelled','Executed when a supplier invoice is cancelled',17),(34,'contrat','CONTRACT_VALIDATE','Contract validated','Executed when a contract is validated',18),(35,'contrat','CONTRACT_SENTBYMAIL','Contract sent by mail','Executed when a contract is sent by mail',18),(36,'shipping','SHIPPING_VALIDATE','Shipping validated','Executed when a shipping is validated',20),(37,'shipping','SHIPPING_SENTBYMAIL','Shipping sent by mail','Executed when a shipping is sent by mail',21),(38,'member','MEMBER_VALIDATE','Member validated','Executed when a member is validated',22),(39,'member','MEMBER_SENTBYMAIL','Mails sent from member card','Executed when you send email from member card',23),(40,'member','MEMBER_SUBSCRIPTION_CREATE','Member subscribtion recorded','Executed when a member subscribtion is deleted',24),(41,'member','MEMBER_SUBSCRIPTION_MODIFY','Member subscribtion modified','Executed when a member subscribtion is modified',24),(42,'member','MEMBER_SUBSCRIPTION_DELETE','Member subscribtion deleted','Executed when a member subscribtion is deleted',24),(43,'member','MEMBER_RESILIATE','Member resiliated','Executed when a member is resiliated',25),(44,'member','MEMBER_DELETE','Member deleted','Executed when a member is deleted',26),(45,'ficheinter','FICHINTER_VALIDATE','Intervention validated','Executed when a intervention is validated',30),(46,'ficheinter','FICHINTER_CLASSIFY_BILLED','Intervention set billed','Executed when a intervention is set to billed (when option FICHINTER_CLASSIFY_BILLED is set)',32),(47,'ficheinter','FICHINTER_CLASSIFY_UNBILLED','Intervention set unbilled','Executed when a intervention is set to unbilled (when option FICHINTER_CLASSIFY_BILLED is set)',33),(48,'ficheinter','FICHINTER_REOPEN','Intervention opened','Executed when a intervention is re-opened',34),(49,'ficheinter','FICHINTER_SENTBYMAIL','Intervention sent by mail','Executed when a intervention is sent by mail',35),(50,'product','PRODUCT_CREATE','Product or service created','Executed when a product or sevice is created',40),(51,'product','PRODUCT_DELETE','Product or service deleted','Executed when a product or sevice is deleted',42),(52,'expensereport','EXPENSE_REPORT_CREATE','Expense report created','Executed when an expense report is created',201),(53,'expensereport','EXPENSE_REPORT_VALIDATE','Expense report validated','Executed when an expense report is validated',202),(54,'expensereport','EXPENSE_REPORT_APPROVE','Expense report approved','Executed when an expense report is approved',203),(55,'expensereport','EXPENSE_REPORT_PAYED','Expense report billed','Executed when an expense report is set as billed',204),(56,'project','PROJECT_VALIDATE','Project validation','Executed when a project is validated',141),(57,'project','PROJECT_DELETE','Project deleted','Executed when a project is deleted',143),(58,'product','PRODUCT_MODIFY','Product or service modified','Executed when a product or sevice is modified',41),(59,'member','MEMBER_MODIFY','Member modified','Executed when a member is modified',23),(60,'ficheinter','FICHINTER_MODIFY','Intervention modified','Executed when a intervention is modified',31),(61,'project','PROJECT_CREATE','Project creation','Executed when a project is created',140),(62,'project','PROJECT_MODIFY','Project modified','Executed when a project is modified',142),(63,'project','TASK_CREATE','Task created','Executed when a project task is created',150),(64,'project','TASK_MODIFY','Task modified','Executed when a project task is modified',151),(65,'project','TASK_DELETE','Task deleted','Executed when a project task is deleted',152);

--
-- Table structure for table `llx_c_actioncomm`
--

CREATE TABLE `llx_c_actioncomm` (
  `id` int(11) NOT NULL,
  `code` varchar(12) COLLATE utf8_unicode_ci NOT NULL,
  `type` varchar(50) COLLATE utf8_unicode_ci NOT NULL DEFAULT 'system',
  `libelle` varchar(48) COLLATE utf8_unicode_ci NOT NULL,
  `module` varchar(16) COLLATE utf8_unicode_ci DEFAULT NULL,
  `active` tinyint(4) NOT NULL DEFAULT '1',
  `todo` tinyint(4) DEFAULT NULL,
  `color` varchar(9) COLLATE utf8_unicode_ci DEFAULT NULL,
  `picto` varchar(48) COLLATE utf8_unicode_ci DEFAULT NULL,
  `position` int(11) NOT NULL DEFAULT '0',
  PRIMARY KEY (`id`),
  UNIQUE KEY `uk_c_actioncomm` (`code`)
) ENGINE=InnoDB DEFAULT CHARSET=utf8 COLLATE=utf8_unicode_ci;

--
-- Dumping data for table `llx_c_actioncomm`
--

INSERT INTO `llx_c_actioncomm` (`id`, `code`, `type`, `libelle`, `module`, `active`, `todo`, `color`, `picto`, `position`) VALUES (1,'AC_TEL','system','Phone call',NULL,1,NULL,NULL,NULL,2),(2,'AC_FAX','system','Send Fax',NULL,1,NULL,NULL,NULL,3),(4,'AC_EMAIL','system','Send Email',NULL,1,NULL,NULL,NULL,4),(5,'AC_RDV','system','Rendez-vous',NULL,1,NULL,NULL,NULL,1),(11,'AC_INT','system','Intervention on site',NULL,1,NULL,NULL,NULL,4),(40,'AC_OTH_AUTO','systemauto','Other (automatically inserted events)',NULL,1,NULL,NULL,NULL,20),(50,'AC_OTH','system','Other (manually inserted events)',NULL,1,NULL,NULL,NULL,5);

--
-- Table structure for table `llx_c_availability`
--

CREATE TABLE `llx_c_availability` (
  `rowid` int(11) NOT NULL AUTO_INCREMENT,
  `code` varchar(30) COLLATE utf8_unicode_ci NOT NULL,
  `label` varchar(60) COLLATE utf8_unicode_ci NOT NULL,
  `active` tinyint(4) NOT NULL DEFAULT '1',
  PRIMARY KEY (`rowid`),
  UNIQUE KEY `uk_c_availability` (`code`)
) ENGINE=InnoDB AUTO_INCREMENT=5 DEFAULT CHARSET=utf8 COLLATE=utf8_unicode_ci;

--
-- Dumping data for table `llx_c_availability`
--

INSERT INTO `llx_c_availability` (`rowid`, `code`, `label`, `active`) VALUES (1,'AV_4W','4 semaines',1),(2,'AV_1W','1 week',1),(3,'AV_2W','2 weeks',1),(4,'AV_3W','3 weeks',1);

--
-- Table structure for table `llx_c_barcode_type`
--

CREATE TABLE `llx_c_barcode_type` (
  `rowid` int(11) NOT NULL AUTO_INCREMENT,
  `code` varchar(16) COLLATE utf8_unicode_ci NOT NULL,
  `entity` int(11) NOT NULL DEFAULT '1',
  `libelle` varchar(50) COLLATE utf8_unicode_ci NOT NULL,
  `coder` varchar(16) COLLATE utf8_unicode_ci NOT NULL,
  `example` varchar(16) COLLATE utf8_unicode_ci NOT NULL,
  PRIMARY KEY (`rowid`),
  UNIQUE KEY `uk_c_barcode_type` (`code`,`entity`)
) ENGINE=InnoDB DEFAULT CHARSET=utf8 COLLATE=utf8_unicode_ci;

--
-- Dumping data for table `llx_c_barcode_type`
--


--
-- Table structure for table `llx_c_chargesociales`
--

CREATE TABLE `llx_c_chargesociales` (
  `id` int(11) NOT NULL AUTO_INCREMENT,
  `libelle` varchar(80) COLLATE utf8_unicode_ci DEFAULT NULL,
  `deductible` smallint(6) NOT NULL DEFAULT '0',
  `active` tinyint(4) NOT NULL DEFAULT '1',
  `code` varchar(12) COLLATE utf8_unicode_ci NOT NULL,
  `accountancy_code` varchar(32) COLLATE utf8_unicode_ci DEFAULT NULL,
  `fk_pays` int(11) NOT NULL DEFAULT '1',
  `module` varchar(32) COLLATE utf8_unicode_ci DEFAULT NULL,
  PRIMARY KEY (`id`)
) ENGINE=InnoDB AUTO_INCREMENT=4110 DEFAULT CHARSET=utf8 COLLATE=utf8_unicode_ci;

--
-- Dumping data for table `llx_c_chargesociales`
--

INSERT INTO `llx_c_chargesociales` (`id`, `libelle`, `deductible`, `active`, `code`, `accountancy_code`, `fk_pays`, `module`) VALUES (1,'Allocations familiales',1,1,'TAXFAM',NULL,1,NULL),(2,'CSG Deductible',1,1,'TAXCSGD',NULL,1,NULL),(3,'CSG/CRDS NON Deductible',0,1,'TAXCSGND',NULL,1,NULL),(10,'Taxe apprentissage',0,1,'TAXAPP',NULL,1,NULL),(11,'Taxe professionnelle',0,1,'TAXPRO',NULL,1,NULL),(12,'Cotisation fonciere des entreprises',0,1,'TAXCFE',NULL,1,NULL),(13,'Cotisation sur la valeur ajoutee des entreprises',0,1,'TAXCVAE',NULL,1,NULL),(20,'Impots locaux/fonciers',0,1,'TAXFON',NULL,1,NULL),(25,'Impots revenus',0,1,'TAXREV',NULL,1,NULL),(30,'Assurance Sante',0,1,'TAXSECU',NULL,1,NULL),(40,'Mutuelle',0,1,'TAXMUT',NULL,1,NULL),(50,'Assurance vieillesse',0,1,'TAXRET',NULL,1,NULL),(60,'Assurance Chomage',0,1,'TAXCHOM',NULL,1,NULL),(201,'ONSS',1,1,'TAXBEONSS',NULL,2,NULL),(210,'Precompte professionnel',1,1,'TAXBEPREPRO',NULL,2,NULL),(220,'Prime existence',1,1,'TAXBEPRIEXI',NULL,2,NULL),(230,'Precompte immobilier',1,1,'TAXBEPREIMMO',NULL,2,NULL),(4101,'Krankenversicherung',1,1,'TAXATKV',NULL,41,NULL),(4102,'Unfallversicherung',1,1,'TAXATUV',NULL,41,NULL),(4103,'Pensionsversicherung',1,1,'TAXATPV',NULL,41,NULL),(4104,'Arbeitslosenversicherung',1,1,'TAXATAV',NULL,41,NULL),(4105,'Insolvenzentgeltsicherungsfond',1,1,'TAXATIESG',NULL,41,NULL),(4106,'Wohnbauförderung',1,1,'TAXATWF',NULL,41,NULL),(4107,'Arbeiterkammerumlage',1,1,'TAXATAK',NULL,41,NULL),(4108,'Mitarbeitervorsorgekasse',1,1,'TAXATMVK',NULL,41,NULL),(4109,'Familienlastenausgleichsfond',1,1,'TAXATFLAF',NULL,41,NULL);

--
-- Table structure for table `llx_c_civility`
--

CREATE TABLE `llx_c_civility` (
  `rowid` int(11) NOT NULL,
  `code` varchar(6) COLLATE utf8_unicode_ci NOT NULL,
  `label` varchar(50) COLLATE utf8_unicode_ci DEFAULT NULL,
  `active` tinyint(4) NOT NULL DEFAULT '1',
  `module` varchar(32) COLLATE utf8_unicode_ci DEFAULT NULL,
  PRIMARY KEY (`rowid`),
  UNIQUE KEY `uk_c_civility` (`code`)
) ENGINE=InnoDB DEFAULT CHARSET=utf8 COLLATE=utf8_unicode_ci;

--
-- Dumping data for table `llx_c_civility`
--

INSERT INTO `llx_c_civility` (`rowid`, `code`, `label`, `active`, `module`) VALUES (1,'MME','Madame',1,NULL),(3,'MR','Monsieur',1,NULL),(5,'MLE','Mademoiselle',1,NULL),(7,'MTRE','Maître',1,NULL),(8,'DR','Docteur',1,NULL);

--
-- Table structure for table `llx_c_country`
--

CREATE TABLE `llx_c_country` (
  `rowid` int(11) NOT NULL,
  `code` varchar(2) COLLATE utf8_unicode_ci NOT NULL,
  `code_iso` varchar(3) COLLATE utf8_unicode_ci DEFAULT NULL,
  `label` varchar(50) COLLATE utf8_unicode_ci NOT NULL,
  `active` tinyint(4) NOT NULL DEFAULT '1',
  `favorite` tinyint(4) NOT NULL DEFAULT '0',
  PRIMARY KEY (`rowid`),
  UNIQUE KEY `idx_c_country_code` (`code`),
  UNIQUE KEY `idx_c_country_label` (`label`),
  UNIQUE KEY `idx_c_country_code_iso` (`code_iso`)
) ENGINE=InnoDB DEFAULT CHARSET=utf8 COLLATE=utf8_unicode_ci;

--
-- Dumping data for table `llx_c_country`
--

INSERT INTO `llx_c_country` (`rowid`, `code`, `code_iso`, `label`, `active`, `favorite`) VALUES (0,'',NULL,'-',1,1),(1,'FR','FRA','France',1,0),(2,'BE','BEL','Belgium',1,0),(3,'IT','ITA','Italy',1,0),(4,'ES','ESP','Spain',1,0),(5,'DE','DEU','Germany',1,0),(6,'CH','CHE','Switzerland',1,0),(7,'GB','GBR','United Kingdom',1,0),(8,'IE','IRL','Irland',1,0),(9,'CN','CHN','China',1,0),(10,'TN','TUN','Tunisia',1,0),(11,'US','USA','United States',1,0),(12,'MA','MAR','Maroc',1,0),(13,'DZ','DZA','Algeria',1,0),(14,'CA','CAN','Canada',1,0),(15,'TG','TGO','Togo',1,0),(16,'GA','GAB','Gabon',1,0),(17,'NL','NLD','Nederland',1,0),(18,'HU','HUN','Hongrie',1,0),(19,'RU','RUS','Russia',1,0),(20,'SE','SWE','Sweden',1,0),(21,'CI','CIV','Côte d\'Ivoire',1,0),(22,'SN','SEN','Senegal',1,0),(23,'AR','ARG','Argentine',1,0),(24,'CM','CMR','Cameroun',1,0),(25,'PT','PRT','Portugal',1,0),(26,'SA','SAU','Saudi Arabia',1,0),(27,'MC','MCO','Monaco',1,0),(28,'AU','AUS','Australia',1,0),(29,'SG','SGP','Singapour',1,0),(30,'AF','AFG','Afghanistan',1,0),(31,'AX','ALA','Iles Aland',1,0),(32,'AL','ALB','Albanie',1,0),(33,'AS','ASM','Samoa américaines',1,0),(34,'AD','AND','Andorre',1,0),(35,'AO','AGO','Angola',1,0),(36,'AI','AIA','Anguilla',1,0),(37,'AQ','ATA','Antarctique',1,0),(38,'AG','ATG','Antigua-et-Barbuda',1,0),(39,'AM','ARM','Arménie',1,0),(40,'AW','ABW','Aruba',1,0),(41,'AT','AUT','Autriche',1,0),(42,'AZ','AZE','Azerbaïdjan',1,0),(43,'BS','BHS','Bahamas',1,0),(44,'BH','BHR','Bahreïn',1,0),(45,'BD','BGD','Bangladesh',1,0),(46,'BB','BRB','Barbade',1,0),(47,'BY','BLR','Biélorussie',1,0),(48,'BZ','BLZ','Belize',1,0),(49,'BJ','BEN','Bénin',1,0),(50,'BM','BMU','Bermudes',1,0),(51,'BT','BTN','Bhoutan',1,0),(52,'BO','BOL','Bolivie',1,0),(53,'BA','BIH','Bosnie-Herzégovine',1,0),(54,'BW','BWA','Botswana',1,0),(55,'BV','BVT','Ile Bouvet',1,0),(56,'BR','BRA','Brazil',1,0),(57,'IO','IOT','Territoire britannique de l\'Océan Indien',1,0),(58,'BN','BRN','Brunei',1,0),(59,'BG','BGR','Bulgarie',1,0),(60,'BF','BFA','Burkina Faso',1,0),(61,'BI','BDI','Burundi',1,0),(62,'KH','KHM','Cambodge',1,0),(63,'CV','CPV','Cap-Vert',1,0),(64,'KY','CYM','Iles Cayman',1,0),(65,'CF','CAF','République centrafricaine',1,0),(66,'TD','TCD','Tchad',1,0),(67,'CL','CHL','Chili',1,0),(68,'CX','CXR','Ile Christmas',1,0),(69,'CC','CCK','Iles des Cocos (Keeling)',1,0),(70,'CO','COL','Colombie',1,0),(71,'KM','COM','Comores',1,0),(72,'CG','COG','Congo',1,0),(73,'CD','COD','République démocratique du Congo',1,0),(74,'CK','COK','Iles Cook',1,0),(75,'CR','CRI','Costa Rica',1,0),(76,'HR','HRV','Croatie',1,0),(77,'CU','CUB','Cuba',1,0),(78,'CY','CYP','Cyprus',1,0),(79,'CZ','CZE','République Tchèque',1,0),(80,'DK','DNK','Danemark',1,0),(81,'DJ','DJI','Djibouti',1,0),(82,'DM','DMA','Dominique',1,0),(83,'DO','DOM','République Dominicaine',1,0),(84,'EC','ECU','Equateur',1,0),(85,'EG','EGY','Egypte',1,0),(86,'SV','SLV','Salvador',1,0),(87,'GQ','GNQ','Guinée Equatoriale',1,0),(88,'ER','ERI','Erythrée',1,0),(89,'EE','EST','Estonia',1,0),(90,'ET','ETH','Ethiopie',1,0),(91,'FK','FLK','Iles Falkland',1,0),(92,'FO','FRO','Iles Féroé',1,0),(93,'FJ','FJI','Iles Fidji',1,0),(94,'FI','FIN','Finlande',1,0),(95,'GF','GUF','Guyane française',1,0),(96,'PF','PYF','Polynésie française',1,0),(97,'TF','ATF','Terres australes françaises',1,0),(98,'GM','GMB','Gambie',1,0),(99,'GE','GEO','Georgia',1,0),(100,'GH','GHA','Ghana',1,0),(101,'GI','GIB','Gibraltar',1,0),(102,'GR','GRC','Greece',1,0),(103,'GL','GRL','Groenland',1,0),(104,'GD','GRD','Grenade',1,0),(106,'GU','GUM','Guam',1,0),(107,'GT','GTM','Guatemala',1,0),(108,'GN','GIN','Guinea',1,0),(109,'GW','GNB','Guinea-Bissao',1,0),(111,'HT','HTI','Haiti',1,0),(112,'HM','HMD','Iles Heard et McDonald',1,0),(113,'VA','VAT','Saint-Siège (Vatican)',1,0),(114,'HN','HND','Honduras',1,0),(115,'HK','HKG','Hong Kong',1,0),(116,'IS','ISL','Islande',1,0),(117,'IN','IND','India',1,0),(118,'ID','IDN','Indonésie',1,0),(119,'IR','IRN','Iran',1,0),(120,'IQ','IRQ','Iraq',1,0),(121,'IL','ISR','Israel',1,0),(122,'JM','JAM','Jamaïque',1,0),(123,'JP','JPN','Japon',1,0),(124,'JO','JOR','Jordanie',1,0),(125,'KZ','KAZ','Kazakhstan',1,0),(126,'KE','KEN','Kenya',1,0),(127,'KI','KIR','Kiribati',1,0),(128,'KP','PRK','North Corea',1,0),(129,'KR','KOR','South Corea',1,0),(130,'KW','KWT','Koweït',1,0),(131,'KG','KGZ','Kirghizistan',1,0),(132,'LA','LAO','Laos',1,0),(133,'LV','LVA','Lettonie',1,0),(134,'LB','LBN','Liban',1,0),(135,'LS','LSO','Lesotho',1,0),(136,'LR','LBR','Liberia',1,0),(137,'LY','LBY','Libye',1,0),(138,'LI','LIE','Liechtenstein',1,0),(139,'LT','LTU','Lituanie',1,0),(140,'LU','LUX','Luxembourg',1,0),(141,'MO','MAC','Macao',1,0),(142,'MK','MKD','ex-République yougoslave de Macédoine',1,0),(143,'MG','MDG','Madagascar',1,0),(144,'MW','MWI','Malawi',1,0),(145,'MY','MYS','Malaisie',1,0),(146,'MV','MDV','Maldives',1,0),(147,'ML','MLI','Mali',1,0),(148,'MT','MLT','Malte',1,0),(149,'MH','MHL','Iles Marshall',1,0),(151,'MR','MRT','Mauritanie',1,0),(152,'MU','MUS','Maurice',1,0),(153,'YT','MYT','Mayotte',1,0),(154,'MX','MEX','Mexique',1,0),(155,'FM','FSM','Micronésie',1,0),(156,'MD','MDA','Moldavie',1,0),(157,'MN','MNG','Mongolie',1,0),(158,'MS','MSR','Monserrat',1,0),(159,'MZ','MOZ','Mozambique',1,0),(160,'MM','MMR','Birmanie (Myanmar)',1,0),(161,'NA','NAM','Namibie',1,0),(162,'NR','NRU','Nauru',1,0),(163,'NP','NPL','Népal',1,0),(165,'NC','NCL','Nouvelle-Calédonie',1,0),(166,'NZ','NZL','Nouvelle-Zélande',1,0),(167,'NI','NIC','Nicaragua',1,0),(168,'NE','NER','Niger',1,0),(169,'NG','NGA','Nigeria',1,0),(170,'NU','NIU','Nioué',1,0),(171,'NF','NFK','Ile Norfolk',1,0),(172,'MP','MNP','Mariannes du Nord',1,0),(173,'NO','NOR','Norvège',1,0),(174,'OM','OMN','Oman',1,0),(175,'PK','PAK','Pakistan',1,0),(176,'PW','PLW','Palaos',1,0),(177,'PS','PSE','Territoire Palestinien Occupé',1,0),(178,'PA','PAN','Panama',1,0),(179,'PG','PNG','Papouasie-Nouvelle-Guinée',1,0),(180,'PY','PRY','Paraguay',1,0),(181,'PE','PER','Peru',1,0),(182,'PH','PHL','Philippines',1,0),(183,'PN','PCN','Iles Pitcairn',1,0),(184,'PL','POL','Pologne',1,0),(185,'PR','PRI','Porto Rico',1,0),(186,'QA','QAT','Qatar',1,0),(188,'RO','ROU','Roumanie',1,0),(189,'RW','RWA','Rwanda',1,0),(190,'SH','SHN','Sainte-Hélène',1,0),(191,'KN','KNA','Saint-Christophe-et-Niévès',1,0),(192,'LC','LCA','Sainte-Lucie',1,0),(193,'PM','SPM','Saint-Pierre-et-Miquelon',1,0),(194,'VC','VCT','Saint-Vincent-et-les-Grenadines',1,0),(195,'WS','WSM','Samoa',1,0),(196,'SM','SMR','Saint-Marin',1,0),(197,'ST','STP','Sao Tomé-et-Principe',1,0),(198,'RS','SRB','Serbie',1,0),(199,'SC','SYC','Seychelles',1,0),(200,'SL','SLE','Sierra Leone',1,0),(201,'SK','SVK','Slovaquie',1,0),(202,'SI','SVN','Slovénie',1,0),(203,'SB','SLB','Iles Salomon',1,0),(204,'SO','SOM','Somalie',1,0),(205,'ZA','ZAF','South Africa',1,0),(206,'GS','SGS','Iles Géorgie du Sud et Sandwich du Sud',1,0),(207,'LK','LKA','Sri Lanka',1,0),(208,'SD','SDN','Soudan',1,0),(209,'SR','SUR','Suriname',1,0),(210,'SJ','SJM','Iles Svalbard et Jan Mayen',1,0),(211,'SZ','SWZ','Swaziland',1,0),(212,'SY','SYR','Syrie',1,0),(213,'TW','TWN','Taïwan',1,0),(214,'TJ','TJK','Tadjikistan',1,0),(215,'TZ','TZA','Tanzanie',1,0),(216,'TH','THA','Thaïlande',1,0),(217,'TL','TLS','Timor Oriental',1,0),(218,'TK','TKL','Tokélaou',1,0),(219,'TO','TON','Tonga',1,0),(220,'TT','TTO','Trinité-et-Tobago',1,0),(221,'TR','TUR','Turquie',1,0),(222,'TM','TKM','Turkménistan',1,0),(223,'TC','TCA','Iles Turks-et-Caicos',1,0),(224,'TV','TUV','Tuvalu',1,0),(225,'UG','UGA','Ouganda',1,0),(226,'UA','UKR','Ukraine',1,0),(227,'AE','ARE','United Arab Emirates',1,0),(228,'UM','UMI','Iles mineures éloignées des États-Unis',1,0),(229,'UY','URY','Uruguay',1,0),(230,'UZ','UZB','Ouzbékistan',1,0),(231,'VU','VUT','Vanuatu',1,0),(232,'VE','VEN','Vénézuela',1,0),(233,'VN','VNM','Viêt Nam',1,0),(234,'VG','VGB','Iles Vierges britanniques',1,0),(235,'VI','VIR','Iles Vierges américaines',1,0),(236,'WF','WLF','Wallis-et-Futuna',1,0),(237,'EH','ESH','Sahara occidental',1,0),(238,'YE','YEM','Yémen',1,0),(239,'ZM','ZMB','Zambie',1,0),(240,'ZW','ZWE','Zimbabwe',1,0),(241,'GG','GGY','Guernesey',1,0),(242,'IM','IMN','Ile de Man',1,0),(243,'JE','JEY','Jersey',1,0),(244,'ME','MNE','Monténégro',1,0),(245,'BL','BLM','Saint-Barthélemy',1,0),(246,'MF','MAF','Saint-Martin',1,0),(300,'CW','CUW','Curaçao',1,0),(301,'SX','SXM','Sint Maarten',1,0);

--
-- Table structure for table `llx_c_currencies`
--

CREATE TABLE `llx_c_currencies` (
  `code_iso` varchar(3) COLLATE utf8_unicode_ci NOT NULL,
  `label` varchar(64) COLLATE utf8_unicode_ci NOT NULL,
  `unicode` varchar(32) COLLATE utf8_unicode_ci DEFAULT NULL,
  `active` tinyint(4) NOT NULL DEFAULT '1',
  PRIMARY KEY (`code_iso`),
  UNIQUE KEY `uk_c_currencies_code_iso` (`code_iso`)
) ENGINE=InnoDB DEFAULT CHARSET=utf8 COLLATE=utf8_unicode_ci;

--
-- Dumping data for table `llx_c_currencies`
--

INSERT INTO `llx_c_currencies` (`code_iso`, `label`, `unicode`, `active`) VALUES ('AED','United Arab Emirates Dirham',NULL,1),('AFN','Afghanistan Afghani','[1547]',1),('ALL','Albania Lek','[76,101,107]',1),('ANG','Netherlands Antilles Guilder','[402]',1),('ARP','Pesos argentins',NULL,0),('ARS','Argentino Peso','[36]',1),('ATS','Shiliing autrichiens',NULL,0),('AUD','Australia Dollar','[36]',1),('AWG','Aruba Guilder','[402]',1),('AZN','Azerbaijan New Manat','[1084,1072,1085]',1),('BAM','Bosnia and Herzegovina Convertible Marka','[75,77]',1),('BBD','Barbados Dollar','[36]',1),('BDT','Bangladeshi Taka','[2547]',1),('BEF','Francs belges',NULL,0),('BGN','Bulgaria Lev','[1083,1074]',1),('BHD','Bahrain',NULL,1),('BMD','Bermuda Dollar','[36]',1),('BND','Brunei Darussalam Dollar','[36]',1),('BOB','Bolivia Boliviano','[36,98]',1),('BRL','Brazil Real','[82,36]',1),('BSD','Bahamas Dollar','[36]',1),('BWP','Botswana Pula','[80]',1),('BYR','Belarus Ruble','[112,46]',1),('BZD','Belize Dollar','[66,90,36]',1),('CAD','Canada Dollar','[36]',1),('CHF','Switzerland Franc','[67,72,70]',1),('CLP','Chile Peso','[36]',1),('CNY','China Yuan Renminbi','[165]',1),('COP','Colombia Peso','[36]',1),('CRC','Costa Rica Colon','[8353]',1),('CUP','Cuba Peso','[8369]',1),('CZK','Czech Republic Koruna','[75,269]',1),('DEM','Deutsch mark',NULL,0),('DKK','Denmark Krone','[107,114]',1),('DOP','Dominican Republic Peso','[82,68,36]',1),('DZD','Algeria Dinar',NULL,1),('EEK','Estonia Kroon','[107,114]',1),('EGP','Egypt Pound','[163]',1),('ESP','Pesete',NULL,0),('EUR','Euro Member Countries','[8364]',1),('FIM','Mark finlandais',NULL,0),('FJD','Fiji Dollar','[36]',1),('FKP','Falkland Islands (Malvinas) Pound','[163]',1),('FRF','Francs francais',NULL,0),('GBP','United Kingdom Pound','[163]',1),('GGP','Guernsey Pound','[163]',1),('GHC','Ghana Cedis','[162]',1),('GIP','Gibraltar Pound','[163]',1),('GNF','Franc Guinéen','[70,71]',1),('GRD','Drachme (grece)',NULL,0),('GTQ','Guatemala Quetzal','[81]',1),('GYD','Guyana Dollar','[36]',1),('HKD','Hong Kong Dollar','[36]',1),('HNL','Honduras Lempira','[76]',1),('HRK','Croatia Kuna','[107,110]',1),('HUF','Hungary Forint','[70,116]',1),('IDR','Indonesia Rupiah','[82,112]',1),('IEP','Livres irlandaises',NULL,0),('ILS','Israel Shekel','[8362]',1),('IMP','Isle of Man Pound','[163]',1),('INR','India Rupee','[8377]',1),('IRR','Iran Rial','[65020]',1),('ISK','Iceland Krona','[107,114]',1),('ITL','Lires',NULL,0),('JEP','Jersey Pound','[163]',1),('JMD','Jamaica Dollar','[74,36]',1),('JPY','Japan Yen','[165]',1),('KES','Kenya Shilling',NULL,1),('KGS','Kyrgyzstan Som','[1083,1074]',1),('KHR','Cambodia Riel','[6107]',1),('KPW','Korea (North) Won','[8361]',1),('KRW','Korea (South) Won','[8361]',1),('KYD','Cayman Islands Dollar','[36]',1),('KZT','Kazakhstan Tenge','[1083,1074]',1),('LAK','Laos Kip','[8365]',1),('LBP','Lebanon Pound','[163]',1),('LKR','Sri Lanka Rupee','[8360]',1),('LRD','Liberia Dollar','[36]',1),('LTL','Lithuania Litas','[76,116]',1),('LUF','Francs luxembourgeois',NULL,0),('LVL','Latvia Lat','[76,115]',1),('MAD','Morocco Dirham',NULL,1),('MGA','Ariary',NULL,1),('MKD','Macedonia Denar','[1076,1077,1085]',1),('MNT','Mongolia Tughrik','[8366]',1),('MRO','Mauritania Ouguiya',NULL,1),('MUR','Mauritius Rupee','[8360]',1),('MXN','Mexico Peso','[36]',1),('MXP','Pesos Mexicans',NULL,0),('MYR','Malaysia Ringgit','[82,77]',1),('MZN','Mozambique Metical','[77,84]',1),('NAD','Namibia Dollar','[36]',1),('NGN','Nigeria Naira','[8358]',1),('NIO','Nicaragua Cordoba','[67,36]',1),('NLG','Florins',NULL,0),('NOK','Norway Krone','[107,114]',1),('NPR','Nepal Rupee','[8360]',1),('NZD','New Zealand Dollar','[36]',1),('OMR','Oman Rial','[65020]',1),('PAB','Panama Balboa','[66,47,46]',1),('PEN','Peru Nuevo Sol','[83,47,46]',1),('PHP','Philippines Peso','[8369]',1),('PKR','Pakistan Rupee','[8360]',1),('PLN','Poland Zloty','[122,322]',1),('PTE','Escudos',NULL,0),('PYG','Paraguay Guarani','[71,115]',1),('QAR','Qatar Riyal','[65020]',1),('RON','Romania New Leu','[108,101,105]',1),('RSD','Serbia Dinar','[1044,1080,1085,46]',1),('RUB','Russia Ruble','[1088,1091,1073]',1),('SAR','Saudi Arabia Riyal','[65020]',1),('SBD','Solomon Islands Dollar','[36]',1),('SCR','Seychelles Rupee','[8360]',1),('SEK','Sweden Krona','[107,114]',1),('SGD','Singapore Dollar','[36]',1),('SHP','Saint Helena Pound','[163]',1),('SKK','Couronnes slovaques',NULL,0),('SOS','Somalia Shilling','[83]',1),('SRD','Suriname Dollar','[36]',1),('SUR','Rouble',NULL,0),('SVC','El Salvador Colon','[36]',1),('SYP','Syria Pound','[163]',1),('THB','Thailand Baht','[3647]',1),('TND','Tunisia Dinar',NULL,1),('TRL','Turkey Lira','[84,76]',1),('TRY','Turkey Lira','[8356]',1),('TTD','Trinidad and Tobago Dollar','[84,84,36]',1),('TVD','Tuvalu Dollar','[36]',1),('TWD','Taiwan New Dollar','[78,84,36]',1),('UAH','Ukraine Hryvna','[8372]',1),('USD','United States Dollar','[36]',1),('UYU','Uruguay Peso','[36,85]',1),('UZS','Uzbekistan Som','[1083,1074]',1),('VEF','Venezuela Bolivar Fuerte','[66,115]',1),('VND','Viet Nam Dong','[8363]',1),('XAF','Communaute Financiere Africaine (BEAC) CFA Franc',NULL,1),('XCD','East Caribbean Dollar','[36]',1),('XEU','Ecus',NULL,0),('XOF','Communaute Financiere Africaine (BCEAO) Franc',NULL,1),('XPF','Franc CFP','[70]',1),('YER','Yemen Rial','[65020]',1),('ZAR','South Africa Rand','[82]',1),('ZWD','Zimbabwe Dollar','[90,36]',1);

--
-- Table structure for table `llx_c_departements`
--

CREATE TABLE `llx_c_departements` (
  `rowid` int(11) NOT NULL AUTO_INCREMENT,
  `code_departement` varchar(6) COLLATE utf8_unicode_ci NOT NULL,
  `fk_region` int(11) DEFAULT NULL,
  `cheflieu` varchar(50) COLLATE utf8_unicode_ci DEFAULT NULL,
  `tncc` int(11) DEFAULT NULL,
  `ncc` varchar(50) COLLATE utf8_unicode_ci DEFAULT NULL,
  `nom` varchar(50) COLLATE utf8_unicode_ci DEFAULT NULL,
  `active` tinyint(4) NOT NULL DEFAULT '1',
  PRIMARY KEY (`rowid`),
  UNIQUE KEY `uk_departements` (`code_departement`,`fk_region`),
  KEY `idx_departements_fk_region` (`fk_region`),
  CONSTRAINT `fk_departements_fk_region` FOREIGN KEY (`fk_region`) REFERENCES `llx_c_regions` (`code_region`)
) ENGINE=InnoDB AUTO_INCREMENT=1431 DEFAULT CHARSET=utf8 COLLATE=utf8_unicode_ci;

--
-- Dumping data for table `llx_c_departements`
--

INSERT INTO `llx_c_departements` (`rowid`, `code_departement`, `fk_region`, `cheflieu`, `tncc`, `ncc`, `nom`, `active`) VALUES (1,'0',0,'0',0,'-','-',1),(2,'971',1,'97105',3,'GUADELOUPE','Guadeloupe',1),(3,'972',2,'97209',3,'MARTINIQUE','Martinique',1),(4,'973',3,'97302',3,'GUYANE','Guyane',1),(5,'974',4,'97411',3,'REUNION','Réunion',1),(6,'976',6,'97601',3,'MAYOTTE','Mayotte',1),(7,'01',82,'01053',5,'AIN','Ain',1),(8,'02',22,'02408',5,'AISNE','Aisne',1),(9,'03',83,'03190',5,'ALLIER','Allier',1),(10,'04',93,'04070',4,'ALPES-DE-HAUTE-PROVENCE','Alpes-de-Haute-Provence',1),(11,'05',93,'05061',4,'HAUTES-ALPES','Hautes-Alpes',1),(12,'06',93,'06088',4,'ALPES-MARITIMES','Alpes-Maritimes',1),(13,'07',82,'07186',5,'ARDECHE','Ardèche',1),(14,'08',21,'08105',4,'ARDENNES','Ardennes',1),(15,'09',73,'09122',5,'ARIEGE','Ariège',1),(16,'10',21,'10387',5,'AUBE','Aube',1),(17,'11',91,'11069',5,'AUDE','Aude',1),(18,'12',73,'12202',5,'AVEYRON','Aveyron',1),(19,'13',93,'13055',4,'BOUCHES-DU-RHONE','Bouches-du-Rhône',1),(20,'14',25,'14118',2,'CALVADOS','Calvados',1),(21,'15',83,'15014',2,'CANTAL','Cantal',1),(22,'16',54,'16015',3,'CHARENTE','Charente',1),(23,'17',54,'17300',3,'CHARENTE-MARITIME','Charente-Maritime',1),(24,'18',24,'18033',2,'CHER','Cher',1),(25,'19',74,'19272',3,'CORREZE','Corrèze',1),(26,'2A',94,'2A004',3,'CORSE-DU-SUD','Corse-du-Sud',1),(27,'2B',94,'2B033',3,'HAUTE-CORSE','Haute-Corse',1),(28,'21',26,'21231',3,'COTE-D OR','Côte-d Or',1),(29,'22',53,'22278',4,'COTES-D ARMOR','Côtes-d Armor',1),(30,'23',74,'23096',3,'CREUSE','Creuse',1),(31,'24',72,'24322',3,'DORDOGNE','Dordogne',1),(32,'25',43,'25056',2,'DOUBS','Doubs',1),(33,'26',82,'26362',3,'DROME','Drôme',1),(34,'27',23,'27229',5,'EURE','Eure',1),(35,'28',24,'28085',1,'EURE-ET-LOIR','Eure-et-Loir',1),(36,'29',53,'29232',2,'FINISTERE','Finistère',1),(37,'30',91,'30189',2,'GARD','Gard',1),(38,'31',73,'31555',3,'HAUTE-GARONNE','Haute-Garonne',1),(39,'32',73,'32013',2,'GERS','Gers',1),(40,'33',72,'33063',3,'GIRONDE','Gironde',1),(41,'34',91,'34172',5,'HERAULT','Hérault',1),(42,'35',53,'35238',1,'ILLE-ET-VILAINE','Ille-et-Vilaine',1),(43,'36',24,'36044',5,'INDRE','Indre',1),(44,'37',24,'37261',1,'INDRE-ET-LOIRE','Indre-et-Loire',1),(45,'38',82,'38185',5,'ISERE','Isère',1),(46,'39',43,'39300',2,'JURA','Jura',1),(47,'40',72,'40192',4,'LANDES','Landes',1),(48,'41',24,'41018',0,'LOIR-ET-CHER','Loir-et-Cher',1),(49,'42',82,'42218',3,'LOIRE','Loire',1),(50,'43',83,'43157',3,'HAUTE-LOIRE','Haute-Loire',1),(51,'44',52,'44109',3,'LOIRE-ATLANTIQUE','Loire-Atlantique',1),(52,'45',24,'45234',2,'LOIRET','Loiret',1),(53,'46',73,'46042',2,'LOT','Lot',1),(54,'47',72,'47001',0,'LOT-ET-GARONNE','Lot-et-Garonne',1),(55,'48',91,'48095',3,'LOZERE','Lozère',1),(56,'49',52,'49007',0,'MAINE-ET-LOIRE','Maine-et-Loire',1),(57,'50',25,'50502',3,'MANCHE','Manche',1),(58,'51',21,'51108',3,'MARNE','Marne',1),(59,'52',21,'52121',3,'HAUTE-MARNE','Haute-Marne',1),(60,'53',52,'53130',3,'MAYENNE','Mayenne',1),(61,'54',41,'54395',0,'MEURTHE-ET-MOSELLE','Meurthe-et-Moselle',1),(62,'55',41,'55029',3,'MEUSE','Meuse',1),(63,'56',53,'56260',2,'MORBIHAN','Morbihan',1),(64,'57',41,'57463',3,'MOSELLE','Moselle',1),(65,'58',26,'58194',3,'NIEVRE','Nièvre',1),(66,'59',31,'59350',2,'NORD','Nord',1),(67,'60',22,'60057',5,'OISE','Oise',1),(68,'61',25,'61001',5,'ORNE','Orne',1),(69,'62',31,'62041',2,'PAS-DE-CALAIS','Pas-de-Calais',1),(70,'63',83,'63113',2,'PUY-DE-DOME','Puy-de-Dôme',1),(71,'64',72,'64445',4,'PYRENEES-ATLANTIQUES','Pyrénées-Atlantiques',1),(72,'65',73,'65440',4,'HAUTES-PYRENEES','Hautes-Pyrénées',1),(73,'66',91,'66136',4,'PYRENEES-ORIENTALES','Pyrénées-Orientales',1),(74,'67',42,'67482',2,'BAS-RHIN','Bas-Rhin',1),(75,'68',42,'68066',2,'HAUT-RHIN','Haut-Rhin',1),(76,'69',82,'69123',2,'RHONE','Rhône',1),(77,'70',43,'70550',3,'HAUTE-SAONE','Haute-Saône',1),(78,'71',26,'71270',0,'SAONE-ET-LOIRE','Saône-et-Loire',1),(79,'72',52,'72181',3,'SARTHE','Sarthe',1),(80,'73',82,'73065',3,'SAVOIE','Savoie',1),(81,'74',82,'74010',3,'HAUTE-SAVOIE','Haute-Savoie',1),(82,'75',11,'75056',0,'PARIS','Paris',1),(83,'76',23,'76540',3,'SEINE-MARITIME','Seine-Maritime',1),(84,'77',11,'77288',0,'SEINE-ET-MARNE','Seine-et-Marne',1),(85,'78',11,'78646',4,'YVELINES','Yvelines',1),(86,'79',54,'79191',4,'DEUX-SEVRES','Deux-Sèvres',1),(87,'80',22,'80021',3,'SOMME','Somme',1),(88,'81',73,'81004',2,'TARN','Tarn',1),(89,'82',73,'82121',0,'TARN-ET-GARONNE','Tarn-et-Garonne',1),(90,'83',93,'83137',2,'VAR','Var',1),(91,'84',93,'84007',0,'VAUCLUSE','Vaucluse',1),(92,'85',52,'85191',3,'VENDEE','Vendée',1),(93,'86',54,'86194',3,'VIENNE','Vienne',1),(94,'87',74,'87085',3,'HAUTE-VIENNE','Haute-Vienne',1),(95,'88',41,'88160',4,'VOSGES','Vosges',1),(96,'89',26,'89024',5,'YONNE','Yonne',1),(97,'90',43,'90010',0,'TERRITOIRE DE BELFORT','Territoire de Belfort',1),(98,'91',11,'91228',5,'ESSONNE','Essonne',1),(99,'92',11,'92050',4,'HAUTS-DE-SEINE','Hauts-de-Seine',1),(100,'93',11,'93008',3,'SEINE-SAINT-DENIS','Seine-Saint-Denis',1),(101,'94',11,'94028',2,'VAL-DE-MARNE','Val-de-Marne',1),(102,'95',11,'95500',2,'VAL-D OISE','Val-d Oise',1),(103,'B',4101,NULL,NULL,'BURGENLAND','Burgenland',1),(104,'K',4101,NULL,NULL,'KAERNTEN','Kärnten',1),(105,'N',4101,NULL,NULL,'NIEDEROESTERREICH','Niederösterreich',1),(106,'O',4101,NULL,NULL,'OBEROESTERREICH','Oberösterreich',1),(107,'S',4101,NULL,NULL,'SALZBURG','Salzburg',1),(108,'ST',4101,NULL,NULL,'STEIERMARK','Steiermark',1),(109,'T',4101,NULL,NULL,'TIROL','Tirol',1),(110,'V',4101,NULL,NULL,'VORARLBERG','Vorarlberg',1),(111,'W',4101,NULL,NULL,'WIEN','Wien',1),(112,'01',201,'',1,'ANVERS','Anvers',1),(113,'02',203,'',3,'BRUXELLES-CAPITALE','Bruxelles-Capitale',1),(114,'03',202,'',2,'BRABANT-WALLON','Brabant-Wallon',1),(115,'04',201,'',1,'BRABANT-FLAMAND','Brabant-Flamand',1),(116,'05',201,'',1,'FLANDRE-OCCIDENTALE','Flandre-Occidentale',1),(117,'06',201,'',1,'FLANDRE-ORIENTALE','Flandre-Orientale',1),(118,'07',202,'',2,'HAINAUT','Hainaut',1),(119,'08',201,'',2,'LIEGE','Liège',1),(120,'09',202,'',1,'LIMBOURG','Limbourg',1),(121,'10',202,'',2,'LUXEMBOURG','Luxembourg',1),(122,'11',201,'',2,'NAMUR','Namur',1),(123,'AG',315,NULL,NULL,NULL,'AGRIGENTO',1),(124,'AL',312,NULL,NULL,NULL,'ALESSANDRIA',1),(125,'AN',310,NULL,NULL,NULL,'ANCONA',1),(126,'AO',319,NULL,NULL,NULL,'AOSTA',1),(127,'AR',316,NULL,NULL,NULL,'AREZZO',1),(128,'AP',310,NULL,NULL,NULL,'ASCOLI PICENO',1),(129,'AT',312,NULL,NULL,NULL,'ASTI',1),(130,'AV',304,NULL,NULL,NULL,'AVELLINO',1),(131,'BA',313,NULL,NULL,NULL,'BARI',1),(132,'BT',313,NULL,NULL,NULL,'BARLETTA-ANDRIA-TRANI',1),(133,'BL',320,NULL,NULL,NULL,'BELLUNO',1),(134,'BN',304,NULL,NULL,NULL,'BENEVENTO',1),(135,'BG',309,NULL,NULL,NULL,'BERGAMO',1),(136,'BI',312,NULL,NULL,NULL,'BIELLA',1),(137,'BO',305,NULL,NULL,NULL,'BOLOGNA',1),(138,'BZ',317,NULL,NULL,NULL,'BOLZANO',1),(139,'BS',309,NULL,NULL,NULL,'BRESCIA',1),(140,'BR',313,NULL,NULL,NULL,'BRINDISI',1),(141,'CA',314,NULL,NULL,NULL,'CAGLIARI',1),(142,'CL',315,NULL,NULL,NULL,'CALTANISSETTA',1),(143,'CB',311,NULL,NULL,NULL,'CAMPOBASSO',1),(144,'CI',314,NULL,NULL,NULL,'CARBONIA-IGLESIAS',1),(145,'CE',304,NULL,NULL,NULL,'CASERTA',1),(146,'CT',315,NULL,NULL,NULL,'CATANIA',1),(147,'CZ',303,NULL,NULL,NULL,'CATANZARO',1),(148,'CH',301,NULL,NULL,NULL,'CHIETI',1),(149,'CO',309,NULL,NULL,NULL,'COMO',1),(150,'CS',303,NULL,NULL,NULL,'COSENZA',1),(151,'CR',309,NULL,NULL,NULL,'CREMONA',1),(152,'KR',303,NULL,NULL,NULL,'CROTONE',1),(153,'CN',312,NULL,NULL,NULL,'CUNEO',1),(154,'EN',315,NULL,NULL,NULL,'ENNA',1),(155,'FM',310,NULL,NULL,NULL,'FERMO',1),(156,'FE',305,NULL,NULL,NULL,'FERRARA',1),(157,'FI',316,NULL,NULL,NULL,'FIRENZE',1),(158,'FG',313,NULL,NULL,NULL,'FOGGIA',1),(159,'FC',305,NULL,NULL,NULL,'FORLI-CESENA',1),(160,'FR',307,NULL,NULL,NULL,'FROSINONE',1),(161,'GE',308,NULL,NULL,NULL,'GENOVA',1),(162,'GO',306,NULL,NULL,NULL,'GORIZIA',1),(163,'GR',316,NULL,NULL,NULL,'GROSSETO',1),(164,'IM',308,NULL,NULL,NULL,'IMPERIA',1),(165,'IS',311,NULL,NULL,NULL,'ISERNIA',1),(166,'SP',308,NULL,NULL,NULL,'LA SPEZIA',1),(167,'AQ',301,NULL,NULL,NULL,'L AQUILA',1),(168,'LT',307,NULL,NULL,NULL,'LATINA',1),(169,'LE',313,NULL,NULL,NULL,'LECCE',1),(170,'LC',309,NULL,NULL,NULL,'LECCO',1),(171,'LI',314,NULL,NULL,NULL,'LIVORNO',1),(172,'LO',309,NULL,NULL,NULL,'LODI',1),(173,'LU',316,NULL,NULL,NULL,'LUCCA',1),(174,'MC',310,NULL,NULL,NULL,'MACERATA',1),(175,'MN',309,NULL,NULL,NULL,'MANTOVA',1),(176,'MS',316,NULL,NULL,NULL,'MASSA-CARRARA',1),(177,'MT',302,NULL,NULL,NULL,'MATERA',1),(178,'VS',314,NULL,NULL,NULL,'MEDIO CAMPIDANO',1),(179,'ME',315,NULL,NULL,NULL,'MESSINA',1),(180,'MI',309,NULL,NULL,NULL,'MILANO',1),(181,'MB',309,NULL,NULL,NULL,'MONZA e BRIANZA',1),(182,'MO',305,NULL,NULL,NULL,'MODENA',1),(183,'NA',304,NULL,NULL,NULL,'NAPOLI',1),(184,'NO',312,NULL,NULL,NULL,'NOVARA',1),(185,'NU',314,NULL,NULL,NULL,'NUORO',1),(186,'OG',314,NULL,NULL,NULL,'OGLIASTRA',1),(187,'OT',314,NULL,NULL,NULL,'OLBIA-TEMPIO',1),(188,'OR',314,NULL,NULL,NULL,'ORISTANO',1),(189,'PD',320,NULL,NULL,NULL,'PADOVA',1),(190,'PA',315,NULL,NULL,NULL,'PALERMO',1),(191,'PR',305,NULL,NULL,NULL,'PARMA',1),(192,'PV',309,NULL,NULL,NULL,'PAVIA',1),(193,'PG',318,NULL,NULL,NULL,'PERUGIA',1),(194,'PU',310,NULL,NULL,NULL,'PESARO e URBINO',1),(195,'PE',301,NULL,NULL,NULL,'PESCARA',1),(196,'PC',305,NULL,NULL,NULL,'PIACENZA',1),(197,'PI',316,NULL,NULL,NULL,'PISA',1),(198,'PT',316,NULL,NULL,NULL,'PISTOIA',1),(199,'PN',306,NULL,NULL,NULL,'PORDENONE',1),(200,'PZ',302,NULL,NULL,NULL,'POTENZA',1),(201,'PO',316,NULL,NULL,NULL,'PRATO',1),(202,'RG',315,NULL,NULL,NULL,'RAGUSA',1),(203,'RA',305,NULL,NULL,NULL,'RAVENNA',1),(204,'RC',303,NULL,NULL,NULL,'REGGIO CALABRIA',1),(205,'RE',305,NULL,NULL,NULL,'REGGIO NELL EMILIA',1),(206,'RI',307,NULL,NULL,NULL,'RIETI',1),(207,'RN',305,NULL,NULL,NULL,'RIMINI',1),(208,'RM',307,NULL,NULL,NULL,'ROMA',1),(209,'RO',320,NULL,NULL,NULL,'ROVIGO',1),(210,'SA',304,NULL,NULL,NULL,'SALERNO',1),(211,'SS',314,NULL,NULL,NULL,'SASSARI',1),(212,'SV',308,NULL,NULL,NULL,'SAVONA',1),(213,'SI',316,NULL,NULL,NULL,'SIENA',1),(214,'SR',315,NULL,NULL,NULL,'SIRACUSA',1),(215,'SO',309,NULL,NULL,NULL,'SONDRIO',1),(216,'TA',313,NULL,NULL,NULL,'TARANTO',1),(217,'TE',301,NULL,NULL,NULL,'TERAMO',1),(218,'TR',318,NULL,NULL,NULL,'TERNI',1),(219,'TO',312,NULL,NULL,NULL,'TORINO',1),(220,'TP',315,NULL,NULL,NULL,'TRAPANI',1),(221,'TN',317,NULL,NULL,NULL,'TRENTO',1),(222,'TV',320,NULL,NULL,NULL,'TREVISO',1),(223,'TS',306,NULL,NULL,NULL,'TRIESTE',1),(224,'UD',306,NULL,NULL,NULL,'UDINE',1),(225,'VA',309,NULL,NULL,NULL,'VARESE',1),(226,'VE',320,NULL,NULL,NULL,'VENEZIA',1),(227,'VB',312,NULL,NULL,NULL,'VERBANO-CUSIO-OSSOLA',1),(228,'VC',312,NULL,NULL,NULL,'VERCELLI',1),(229,'VR',320,NULL,NULL,NULL,'VERONA',1),(230,'VV',303,NULL,NULL,NULL,'VIBO VALENTIA',1),(231,'VI',320,NULL,NULL,NULL,'VICENZA',1),(232,'VT',307,NULL,NULL,NULL,'VITERBO',1),(233,'AL01',1301,'',0,'','Wilaya d\'Adrar',1),(234,'AL02',1301,'',0,'','Wilaya de Chlef',1),(235,'AL03',1301,'',0,'','Wilaya de Laghouat',1),(236,'AL04',1301,'',0,'','Wilaya d\'Oum El Bouaghi',1),(237,'AL05',1301,'',0,'','Wilaya de Batna',1),(238,'AL06',1301,'',0,'','Wilaya de Béjaïa',1),(239,'AL07',1301,'',0,'','Wilaya de Biskra',1),(240,'AL08',1301,'',0,'','Wilaya de Béchar',1),(241,'AL09',1301,'',0,'','Wilaya de Blida',1),(242,'AL10',1301,'',0,'','Wilaya de Bouira',1),(243,'AL11',1301,'',0,'','Wilaya de Tamanrasset',1),(244,'AL12',1301,'',0,'','Wilaya de Tébessa',1),(245,'AL13',1301,'',0,'','Wilaya de Tlemcen',1),(246,'AL14',1301,'',0,'','Wilaya de Tiaret',1),(247,'AL15',1301,'',0,'','Wilaya de Tizi Ouzou',1),(248,'AL16',1301,'',0,'','Wilaya d\'Alger',1),(249,'AL17',1301,'',0,'','Wilaya de Djelfa',1),(250,'AL18',1301,'',0,'','Wilaya de Jijel',1),(251,'AL19',1301,'',0,'','Wilaya de Sétif	',1),(252,'AL20',1301,'',0,'','Wilaya de Saïda',1),(253,'AL21',1301,'',0,'','Wilaya de Skikda',1),(254,'AL22',1301,'',0,'','Wilaya de Sidi Bel Abbès',1),(255,'AL23',1301,'',0,'','Wilaya d\'Annaba',1),(256,'AL24',1301,'',0,'','Wilaya de Guelma',1),(257,'AL25',1301,'',0,'','Wilaya de Constantine',1),(258,'AL26',1301,'',0,'','Wilaya de Médéa',1),(259,'AL27',1301,'',0,'','Wilaya de Mostaganem',1),(260,'AL28',1301,'',0,'','Wilaya de M\'Sila',1),(261,'AL29',1301,'',0,'','Wilaya de Mascara',1),(262,'AL30',1301,'',0,'','Wilaya d\'Ouargla',1),(263,'AL31',1301,'',0,'','Wilaya d\'Oran',1),(264,'AL32',1301,'',0,'','Wilaya d\'El Bayadh',1),(265,'AL33',1301,'',0,'','Wilaya d\'Illizi',1),(266,'AL34',1301,'',0,'','Wilaya de Bordj Bou Arreridj',1),(267,'AL35',1301,'',0,'','Wilaya de Boumerdès',1),(268,'AL36',1301,'',0,'','Wilaya d\'El Tarf',1),(269,'AL37',1301,'',0,'','Wilaya de Tindouf',1),(270,'AL38',1301,'',0,'','Wilaya de Tissemsilt',1),(271,'AL39',1301,'',0,'','Wilaya d\'El Oued',1),(272,'AL40',1301,'',0,'','Wilaya de Khenchela',1),(273,'AL41',1301,'',0,'','Wilaya de Souk Ahras',1),(274,'AL42',1301,'',0,'','Wilaya de Tipaza',1),(275,'AL43',1301,'',0,'','Wilaya de Mila',1),(276,'AL44',1301,'',0,'','Wilaya d\'Aïn Defla',1),(277,'AL45',1301,'',0,'','Wilaya de Naâma',1),(278,'AL46',1301,'',0,'','Wilaya d\'Aïn Témouchent',1),(279,'AL47',1301,'',0,'','Wilaya de Ghardaia',1),(280,'AL48',1301,'',0,'','Wilaya de Relizane',1),(281,'MA',1209,'',0,'','Province de Benslimane',1),(282,'MA1',1209,'',0,'','Province de Berrechid',1),(283,'MA2',1209,'',0,'','Province de Khouribga',1),(284,'MA3',1209,'',0,'','Province de Settat',1),(285,'MA4',1210,'',0,'','Province d\'El Jadida',1),(286,'MA5',1210,'',0,'','Province de Safi',1),(287,'MA6',1210,'',0,'','Province de Sidi Bennour',1),(288,'MA7',1210,'',0,'','Province de Youssoufia',1),(289,'MA6B',1205,'',0,'','Préfecture de Fès',1),(290,'MA7B',1205,'',0,'','Province de Boulemane',1),(291,'MA8',1205,'',0,'','Province de Moulay Yacoub',1),(292,'MA9',1205,'',0,'','Province de Sefrou',1),(293,'MA8A',1202,'',0,'','Province de Kénitra',1),(294,'MA9A',1202,'',0,'','Province de Sidi Kacem',1),(295,'MA10',1202,'',0,'','Province de Sidi Slimane',1),(296,'MA11',1208,'',0,'','Préfecture de Casablanca',1),(297,'MA12',1208,'',0,'','Préfecture de Mohammédia',1),(298,'MA13',1208,'',0,'','Province de Médiouna',1),(299,'MA14',1208,'',0,'','Province de Nouaceur',1),(300,'MA15',1214,'',0,'','Province d\'Assa-Zag',1),(301,'MA16',1214,'',0,'','Province d\'Es-Semara',1),(302,'MA17A',1214,'',0,'','Province de Guelmim',1),(303,'MA18',1214,'',0,'','Province de Tata',1),(304,'MA19',1214,'',0,'','Province de Tan-Tan',1),(305,'MA15',1215,'',0,'','Province de Boujdour',1),(306,'MA16',1215,'',0,'','Province de Lâayoune',1),(307,'MA17',1215,'',0,'','Province de Tarfaya',1),(308,'MA18',1211,'',0,'','Préfecture de Marrakech',1),(309,'MA19',1211,'',0,'','Province d\'Al Haouz',1),(310,'MA20',1211,'',0,'','Province de Chichaoua',1),(311,'MA21',1211,'',0,'','Province d\'El Kelâa des Sraghna',1),(312,'MA22',1211,'',0,'','Province d\'Essaouira',1),(313,'MA23',1211,'',0,'','Province de Rehamna',1),(314,'MA24',1206,'',0,'','Préfecture de Meknès',1),(315,'MA25',1206,'',0,'','Province d’El Hajeb',1),(316,'MA26',1206,'',0,'','Province d\'Errachidia',1),(317,'MA27',1206,'',0,'','Province d’Ifrane',1),(318,'MA28',1206,'',0,'','Province de Khénifra',1),(319,'MA29',1206,'',0,'','Province de Midelt',1),(320,'MA30',1204,'',0,'','Préfecture d\'Oujda-Angad',1),(321,'MA31',1204,'',0,'','Province de Berkane',1),(322,'MA32',1204,'',0,'','Province de Driouch',1),(323,'MA33',1204,'',0,'','Province de Figuig',1),(324,'MA34',1204,'',0,'','Province de Jerada',1),(325,'MA35',1204,'',0,'','Province de Nador',1),(326,'MA36',1204,'',0,'','Province de Taourirt',1),(327,'MA37',1216,'',0,'','Province d\'Aousserd',1),(328,'MA38',1216,'',0,'','Province d\'Oued Ed-Dahab',1),(329,'MA39',1207,'',0,'','Préfecture de Rabat',1),(330,'MA40',1207,'',0,'','Préfecture de Skhirat-Témara',1),(331,'MA41',1207,'',0,'','Préfecture de Salé',1),(332,'MA42',1207,'',0,'','Province de Khémisset',1),(333,'MA43',1213,'',0,'','Préfecture d\'Agadir Ida-Outanane',1),(334,'MA44',1213,'',0,'','Préfecture d\'Inezgane-Aït Melloul',1),(335,'MA45',1213,'',0,'','Province de Chtouka-Aït Baha',1),(336,'MA46',1213,'',0,'','Province d\'Ouarzazate',1),(337,'MA47',1213,'',0,'','Province de Sidi Ifni',1),(338,'MA48',1213,'',0,'','Province de Taroudant',1),(339,'MA49',1213,'',0,'','Province de Tinghir',1),(340,'MA50',1213,'',0,'','Province de Tiznit',1),(341,'MA51',1213,'',0,'','Province de Zagora',1),(342,'MA52',1212,'',0,'','Province d\'Azilal',1),(343,'MA53',1212,'',0,'','Province de Beni Mellal',1),(344,'MA54',1212,'',0,'','Province de Fquih Ben Salah',1),(345,'MA55',1201,'',0,'','Préfecture de M\'diq-Fnideq',1),(346,'MA56',1201,'',0,'','Préfecture de Tanger-Asilah',1),(347,'MA57',1201,'',0,'','Province de Chefchaouen',1),(348,'MA58',1201,'',0,'','Province de Fahs-Anjra',1),(349,'MA59',1201,'',0,'','Province de Larache',1),(350,'MA60',1201,'',0,'','Province d\'Ouezzane',1),(351,'MA61',1201,'',0,'','Province de Tétouan',1),(352,'MA62',1203,'',0,'','Province de Guercif',1),(353,'MA63',1203,'',0,'','Province d\'Al Hoceïma',1),(354,'MA64',1203,'',0,'','Province de Taounate',1),(355,'MA65',1203,'',0,'','Province de Taza',1),(356,'MA6A',1205,'',0,'','Préfecture de Fès',1),(357,'MA7A',1205,'',0,'','Province de Boulemane',1),(358,'MA15A',1214,'',0,'','Province d\'Assa-Zag',1),(359,'MA16A',1214,'',0,'','Province d\'Es-Semara',1),(360,'MA18A',1211,'',0,'','Préfecture de Marrakech',1),(361,'MA19A',1214,'',0,'','Province de Tan-Tan',1),(362,'MA19B',1214,'',0,'','Province de Tan-Tan',1),(363,'TN01',1001,'',0,'','Ariana',1),(364,'TN02',1001,'',0,'','Béja',1),(365,'TN03',1001,'',0,'','Ben Arous',1),(366,'TN04',1001,'',0,'','Bizerte',1),(367,'TN05',1001,'',0,'','Gabès',1),(368,'TN06',1001,'',0,'','Gafsa',1),(369,'TN07',1001,'',0,'','Jendouba',1),(370,'TN08',1001,'',0,'','Kairouan',1),(371,'TN09',1001,'',0,'','Kasserine',1),(372,'TN10',1001,'',0,'','Kébili',1),(373,'TN11',1001,'',0,'','La Manouba',1),(374,'TN12',1001,'',0,'','Le Kef',1),(375,'TN13',1001,'',0,'','Mahdia',1),(376,'TN14',1001,'',0,'','Médenine',1),(377,'TN15',1001,'',0,'','Monastir',1),(378,'TN16',1001,'',0,'','Nabeul',1),(379,'TN17',1001,'',0,'','Sfax',1),(380,'TN18',1001,'',0,'','Sidi Bouzid',1),(381,'TN19',1001,'',0,'','Siliana',1),(382,'TN20',1001,'',0,'','Sousse',1),(383,'TN21',1001,'',0,'','Tataouine',1),(384,'TN22',1001,'',0,'','Tozeur',1),(385,'TN23',1001,'',0,'','Tunis',1),(386,'TN24',1001,'',0,'','Zaghouan',1),(387,'001',5201,'',0,'','Belisario Boeto',1),(388,'002',5201,'',0,'','Hernando Siles',1),(389,'003',5201,'',0,'','Jaime Zudáñez',1),(390,'004',5201,'',0,'','Juana Azurduy de Padilla',1),(391,'005',5201,'',0,'','Luis Calvo',1),(392,'006',5201,'',0,'','Nor Cinti',1),(393,'007',5201,'',0,'','Oropeza',1),(394,'008',5201,'',0,'','Sud Cinti',1),(395,'009',5201,'',0,'','Tomina',1),(396,'010',5201,'',0,'','Yamparáez',1),(397,'011',5202,'',0,'','Abel Iturralde',1),(398,'012',5202,'',0,'','Aroma',1),(399,'013',5202,'',0,'','Bautista Saavedra',1),(400,'014',5202,'',0,'','Caranavi',1),(401,'015',5202,'',0,'','Eliodoro Camacho',1),(402,'016',5202,'',0,'','Franz Tamayo',1),(403,'017',5202,'',0,'','Gualberto Villarroel',1),(404,'018',5202,'',0,'','Ingaví',1),(405,'019',5202,'',0,'','Inquisivi',1),(406,'020',5202,'',0,'','José Ramón Loayza',1),(407,'021',5202,'',0,'','Larecaja',1),(408,'022',5202,'',0,'','Los Andes (Bolivia)',1),(409,'023',5202,'',0,'','Manco Kapac',1),(410,'024',5202,'',0,'','Muñecas',1),(411,'025',5202,'',0,'','Nor Yungas',1),(412,'026',5202,'',0,'','Omasuyos',1),(413,'027',5202,'',0,'','Pacajes',1),(414,'028',5202,'',0,'','Pedro Domingo Murillo',1),(415,'029',5202,'',0,'','Sud Yungas',1),(416,'030',5202,'',0,'','General José Manuel Pando',1),(417,'031',5203,'',0,'','Arani',1),(418,'032',5203,'',0,'','Arque',1),(419,'033',5203,'',0,'','Ayopaya',1),(420,'034',5203,'',0,'','Bolívar (Bolivia)',1),(421,'035',5203,'',0,'','Campero',1),(422,'036',5203,'',0,'','Capinota',1),(423,'037',5203,'',0,'','Cercado (Cochabamba)',1),(424,'038',5203,'',0,'','Esteban Arze',1),(425,'039',5203,'',0,'','Germán Jordán',1),(426,'040',5203,'',0,'','José Carrasco',1),(427,'041',5203,'',0,'','Mizque',1),(428,'042',5203,'',0,'','Punata',1),(429,'043',5203,'',0,'','Quillacollo',1),(430,'044',5203,'',0,'','Tapacarí',1),(431,'045',5203,'',0,'','Tiraque',1),(432,'046',5203,'',0,'','Chapare',1),(433,'047',5204,'',0,'','Carangas',1),(434,'048',5204,'',0,'','Cercado (Oruro)',1),(435,'049',5204,'',0,'','Eduardo Avaroa',1),(436,'050',5204,'',0,'','Ladislao Cabrera',1),(437,'051',5204,'',0,'','Litoral de Atacama',1),(438,'052',5204,'',0,'','Mejillones',1),(439,'053',5204,'',0,'','Nor Carangas',1),(440,'054',5204,'',0,'','Pantaleón Dalence',1),(441,'055',5204,'',0,'','Poopó',1),(442,'056',5204,'',0,'','Sabaya',1),(443,'057',5204,'',0,'','Sajama',1),(444,'058',5204,'',0,'','San Pedro de Totora',1),(445,'059',5204,'',0,'','Saucarí',1),(446,'060',5204,'',0,'','Sebastián Pagador',1),(447,'061',5204,'',0,'','Sud Carangas',1),(448,'062',5204,'',0,'','Tomás Barrón',1),(449,'063',5205,'',0,'','Alonso de Ibáñez',1),(450,'064',5205,'',0,'','Antonio Quijarro',1),(451,'065',5205,'',0,'','Bernardino Bilbao',1),(452,'066',5205,'',0,'','Charcas (Potosí)',1),(453,'067',5205,'',0,'','Chayanta',1),(454,'068',5205,'',0,'','Cornelio Saavedra',1),(455,'069',5205,'',0,'','Daniel Campos',1),(456,'070',5205,'',0,'','Enrique Baldivieso',1),(457,'071',5205,'',0,'','José María Linares',1),(458,'072',5205,'',0,'','Modesto Omiste',1),(459,'073',5205,'',0,'','Nor Chichas',1),(460,'074',5205,'',0,'','Nor Lípez',1),(461,'075',5205,'',0,'','Rafael Bustillo',1),(462,'076',5205,'',0,'','Sud Chichas',1),(463,'077',5205,'',0,'','Sud Lípez',1),(464,'078',5205,'',0,'','Tomás Frías',1),(465,'079',5206,'',0,'','Aniceto Arce',1),(466,'080',5206,'',0,'','Burdet O\'Connor',1),(467,'081',5206,'',0,'','Cercado (Tarija)',1),(468,'082',5206,'',0,'','Eustaquio Méndez',1),(469,'083',5206,'',0,'','José María Avilés',1),(470,'084',5206,'',0,'','Gran Chaco',1),(471,'085',5207,'',0,'','Andrés Ibáñez',1),(472,'086',5207,'',0,'','Caballero',1),(473,'087',5207,'',0,'','Chiquitos',1),(474,'088',5207,'',0,'','Cordillera (Bolivia)',1),(475,'089',5207,'',0,'','Florida',1),(476,'090',5207,'',0,'','Germán Busch',1),(477,'091',5207,'',0,'','Guarayos',1),(478,'092',5207,'',0,'','Ichilo',1),(479,'093',5207,'',0,'','Obispo Santistevan',1),(480,'094',5207,'',0,'','Sara',1),(481,'095',5207,'',0,'','Vallegrande',1),(482,'096',5207,'',0,'','Velasco',1),(483,'097',5207,'',0,'','Warnes',1),(484,'098',5207,'',0,'','Ángel Sandóval',1),(485,'099',5207,'',0,'','Ñuflo de Chaves',1),(486,'100',5208,'',0,'','Cercado (Beni)',1),(487,'101',5208,'',0,'','Iténez',1),(488,'102',5208,'',0,'','Mamoré',1),(489,'103',5208,'',0,'','Marbán',1),(490,'104',5208,'',0,'','Moxos',1),(491,'105',5208,'',0,'','Vaca Díez',1),(492,'106',5208,'',0,'','Yacuma',1),(493,'107',5208,'',0,'','General José Ballivián Segurola',1),(494,'108',5209,'',0,'','Abuná',1),(495,'109',5209,'',0,'','Madre de Dios',1),(496,'110',5209,'',0,'','Manuripi',1),(497,'111',5209,'',0,'','Nicolás Suárez',1),(498,'112',5209,'',0,'','General Federico Román',1),(499,'NSW',2801,'',1,'','New South Wales',1),(500,'VIC',2801,'',1,'','Victoria',1),(501,'QLD',2801,'',1,'','Queensland',1),(502,'SA',2801,'',1,'','South Australia',1),(503,'ACT',2801,'',1,'','Australia Capital Territory',1),(504,'TAS',2801,'',1,'','Tasmania',1),(505,'WA',2801,'',1,'','Western Australia',1),(506,'NT',2801,'',1,'','Northern Territory',1),(507,'ON',1401,'',1,'','Ontario',1),(508,'QC',1401,'',1,'','Quebec',1),(509,'NS',1401,'',1,'','Nova Scotia',1),(510,'NB',1401,'',1,'','New Brunswick',1),(511,'MB',1401,'',1,'','Manitoba',1),(512,'BC',1401,'',1,'','British Columbia',1),(513,'PE',1401,'',1,'','Prince Edward Island',1),(514,'SK',1401,'',1,'','Saskatchewan',1),(515,'AB',1401,'',1,'','Alberta',1),(516,'NL',1401,'',1,'','Newfoundland and Labrador',1),(517,'VI',419,'',19,'ALAVA','Álava',1),(518,'AB',404,'',4,'ALBACETE','Albacete',1),(519,'A',411,'',11,'ALICANTE','Alicante',1),(520,'AL',401,'',1,'ALMERIA','Almería',1),(521,'AV',403,'',3,'AVILA','Avila',1),(522,'BA',412,'',12,'BADAJOZ','Badajoz',1),(523,'PM',414,'',14,'ISLAS BALEARES','Islas Baleares',1),(524,'B',406,'',6,'BARCELONA','Barcelona',1),(525,'BU',403,'',8,'BURGOS','Burgos',1),(526,'CC',412,'',12,'CACERES','Cáceres',1),(527,'CA',401,'',1,'CADIZ','Cádiz',1),(528,'CS',411,'',11,'CASTELLON','Castellón',1),(529,'CR',404,'',4,'CIUDAD REAL','Ciudad Real',1),(530,'CO',401,'',1,'CORDOBA','Córdoba',1),(531,'C',413,'',13,'LA CORUÑA','La Coruña',1),(532,'CU',404,'',4,'CUENCA','Cuenca',1),(533,'GI',406,'',6,'GERONA','Gerona',1),(534,'GR',401,'',1,'GRANADA','Granada',1),(535,'GU',404,'',4,'GUADALAJARA','Guadalajara',1),(536,'SS',419,'',19,'GUIPUZCOA','Guipúzcoa',1),(537,'H',401,'',1,'HUELVA','Huelva',1),(538,'HU',402,'',2,'HUESCA','Huesca',1),(539,'J',401,'',1,'JAEN','Jaén',1),(540,'LE',403,'',3,'LEON','León',1),(541,'L',406,'',6,'LERIDA','Lérida',1),(542,'LO',415,'',15,'LA RIOJA','La Rioja',1),(543,'LU',413,'',13,'LUGO','Lugo',1),(544,'M',416,'',16,'MADRID','Madrid',1),(545,'MA',401,'',1,'MALAGA','Málaga',1),(546,'MU',417,'',17,'MURCIA','Murcia',1),(547,'NA',408,'',8,'NAVARRA','Navarra',1),(548,'OR',413,'',13,'ORENSE','Orense',1),(549,'O',418,'',18,'ASTURIAS','Asturias',1),(550,'P',403,'',3,'PALENCIA','Palencia',1),(551,'GC',405,'',5,'LAS PALMAS','Las Palmas',1),(552,'PO',413,'',13,'PONTEVEDRA','Pontevedra',1),(553,'SA',403,'',3,'SALAMANCA','Salamanca',1),(554,'TF',405,'',5,'STA. CRUZ DE TENERIFE','Sta. Cruz de Tenerife',1),(555,'S',410,'',10,'CANTABRIA','Cantabria',1),(556,'SG',403,'',3,'SEGOVIA','Segovia',1),(557,'SE',401,'',1,'SEVILLA','Sevilla',1),(558,'SO',403,'',3,'SORIA','Soria',1),(559,'T',406,'',6,'TARRAGONA','Tarragona',1),(560,'TE',402,'',2,'TERUEL','Teruel',1),(561,'TO',404,'',5,'TOLEDO','Toledo',1),(562,'V',411,'',11,'VALENCIA','Valencia',1),(563,'VA',403,'',3,'VALLADOLID','Valladolid',1),(564,'BI',419,'',19,'VIZCAYA','Vizcaya',1),(565,'ZA',403,'',3,'ZAMORA','Zamora',1),(566,'Z',402,'',1,'ZARAGOZA','Zaragoza',1),(567,'CE',407,'',7,'CEUTA','Ceuta',1),(568,'ML',409,'',9,'MELILLA','Melilla',1),(569,'BW',501,NULL,NULL,'BADEN-WÜRTTEMBERG','Baden-Württemberg',1),(570,'BY',501,NULL,NULL,'BAYERN','Bayern',1),(571,'BE',501,NULL,NULL,'BERLIN','Berlin',1),(572,'BB',501,NULL,NULL,'BRANDENBURG','Brandenburg',1),(573,'HB',501,NULL,NULL,'BREMEN','Bremen',1),(574,'HH',501,NULL,NULL,'HAMBURG','Hamburg',1),(575,'HE',501,NULL,NULL,'HESSEN','Hessen',1),(576,'MV',501,NULL,NULL,'MECKLENBURG-VORPOMMERN','Mecklenburg-Vorpommern',1),(577,'NI',501,NULL,NULL,'NIEDERSACHSEN','Niedersachsen',1),(578,'NW',501,NULL,NULL,'NORDRHEIN-WESTFALEN','Nordrhein-Westfalen',1),(579,'RP',501,NULL,NULL,'RHEINLAND-PFALZ','Rheinland-Pfalz',1),(580,'SL',501,NULL,NULL,'SAARLAND','Saarland',1),(581,'SN',501,NULL,NULL,'SACHSEN','Sachsen',1),(582,'ST',501,NULL,NULL,'SACHSEN-ANHALT','Sachsen-Anhalt',1),(583,'SH',501,NULL,NULL,'SCHLESWIG-HOLSTEIN','Schleswig-Holstein',1),(584,'TH',501,NULL,NULL,'THÜRINGEN','Thüringen',1),(585,'66',10201,'',0,'','Αθήνα',1),(586,'67',10205,'',0,'','Δράμα',1),(587,'01',10205,'',0,'','Έβρος',1),(588,'02',10205,'',0,'','Θάσος',1),(589,'03',10205,'',0,'','Καβάλα',1),(590,'04',10205,'',0,'','Ξάνθη',1),(591,'05',10205,'',0,'','Ροδόπη',1),(592,'06',10203,'',0,'','Ημαθία',1),(593,'07',10203,'',0,'','Θεσσαλονίκη',1),(594,'08',10203,'',0,'','Κιλκίς',1),(595,'09',10203,'',0,'','Πέλλα',1),(596,'10',10203,'',0,'','Πιερία',1),(597,'11',10203,'',0,'','Σέρρες',1),(598,'12',10203,'',0,'','Χαλκιδική',1),(599,'13',10206,'',0,'','Άρτα',1),(600,'14',10206,'',0,'','Θεσπρωτία',1),(601,'15',10206,'',0,'','Ιωάννινα',1),(602,'16',10206,'',0,'','Πρέβεζα',1),(603,'17',10213,'',0,'','Γρεβενά',1),(604,'18',10213,'',0,'','Καστοριά',1),(605,'19',10213,'',0,'','Κοζάνη',1),(606,'20',10213,'',0,'','Φλώρινα',1),(607,'21',10212,'',0,'','Καρδίτσα',1),(608,'22',10212,'',0,'','Λάρισα',1),(609,'23',10212,'',0,'','Μαγνησία',1),(610,'24',10212,'',0,'','Τρίκαλα',1),(611,'25',10212,'',0,'','Σποράδες',1),(612,'26',10212,'',0,'','Βοιωτία',1),(613,'27',10202,'',0,'','Εύβοια',1),(614,'28',10202,'',0,'','Ευρυτανία',1),(615,'29',10202,'',0,'','Φθιώτιδα',1),(616,'30',10202,'',0,'','Φωκίδα',1),(617,'31',10209,'',0,'','Αργολίδα',1),(618,'32',10209,'',0,'','Αρκαδία',1),(619,'33',10209,'',0,'','Κορινθία',1),(620,'34',10209,'',0,'','Λακωνία',1),(621,'35',10209,'',0,'','Μεσσηνία',1),(622,'36',10211,'',0,'','Αιτωλοακαρνανία',1),(623,'37',10211,'',0,'','Αχαΐα',1),(624,'38',10211,'',0,'','Ηλεία',1),(625,'39',10207,'',0,'','Ζάκυνθος',1),(626,'40',10207,'',0,'','Κέρκυρα',1),(627,'41',10207,'',0,'','Κεφαλληνία',1),(628,'42',10207,'',0,'','Ιθάκη',1),(629,'43',10207,'',0,'','Λευκάδα',1),(630,'44',10208,'',0,'','Ικαρία',1),(631,'45',10208,'',0,'','Λέσβος',1),(632,'46',10208,'',0,'','Λήμνος',1),(633,'47',10208,'',0,'','Σάμος',1),(634,'48',10208,'',0,'','Χίος',1),(635,'49',10210,'',0,'','Άνδρος',1),(636,'50',10210,'',0,'','Θήρα',1),(637,'51',10210,'',0,'','Κάλυμνος',1),(638,'52',10210,'',0,'','Κάρπαθος',1),(639,'53',10210,'',0,'','Κέα-Κύθνος',1),(640,'54',10210,'',0,'','Κω',1),(641,'55',10210,'',0,'','Μήλος',1),(642,'56',10210,'',0,'','Μύκονος',1),(643,'57',10210,'',0,'','Νάξος',1),(644,'58',10210,'',0,'','Πάρος',1),(645,'59',10210,'',0,'','Ρόδος',1),(646,'60',10210,'',0,'','Σύρος',1),(647,'61',10210,'',0,'','Τήνος',1),(648,'62',10204,'',0,'','Ηράκλειο',1),(649,'63',10204,'',0,'','Λασίθι',1),(650,'64',10204,'',0,'','Ρέθυμνο',1),(651,'65',10204,'',0,'','Χανιά',1),(652,'AG',601,NULL,NULL,'ARGOVIE','Argovie',1),(653,'AI',601,NULL,NULL,'APPENZELL RHODES INTERIEURES','Appenzell Rhodes intérieures',1),(654,'AR',601,NULL,NULL,'APPENZELL RHODES EXTERIEURES','Appenzell Rhodes extérieures',1),(655,'BE',601,NULL,NULL,'BERNE','Berne',1),(656,'BL',601,NULL,NULL,'BALE CAMPAGNE','Bâle Campagne',1),(657,'BS',601,NULL,NULL,'BALE VILLE','Bâle Ville',1),(658,'FR',601,NULL,NULL,'FRIBOURG','Fribourg',1),(659,'GE',601,NULL,NULL,'GENEVE','Genève',1),(660,'GL',601,NULL,NULL,'GLARIS','Glaris',1),(661,'GR',601,NULL,NULL,'GRISONS','Grisons',1),(662,'JU',601,NULL,NULL,'JURA','Jura',1),(663,'LU',601,NULL,NULL,'LUCERNE','Lucerne',1),(664,'NE',601,NULL,NULL,'NEUCHATEL','Neuchâtel',1),(665,'NW',601,NULL,NULL,'NIDWALD','Nidwald',1),(666,'OW',601,NULL,NULL,'OBWALD','Obwald',1),(667,'SG',601,NULL,NULL,'SAINT-GALL','Saint-Gall',1),(668,'SH',601,NULL,NULL,'SCHAFFHOUSE','Schaffhouse',1),(669,'SO',601,NULL,NULL,'SOLEURE','Soleure',1),(670,'SZ',601,NULL,NULL,'SCHWYZ','Schwyz',1),(671,'TG',601,NULL,NULL,'THURGOVIE','Thurgovie',1),(672,'TI',601,NULL,NULL,'TESSIN','Tessin',1),(673,'UR',601,NULL,NULL,'URI','Uri',1),(674,'VD',601,NULL,NULL,'VAUD','Vaud',1),(675,'VS',601,NULL,NULL,'VALAIS','Valais',1),(676,'ZG',601,NULL,NULL,'ZUG','Zug',1),(677,'ZH',601,NULL,NULL,'ZURICH','Zürich',1),(678,'701',701,NULL,0,NULL,'Bedfordshire',1),(679,'702',701,NULL,0,NULL,'Berkshire',1),(680,'703',701,NULL,0,NULL,'Bristol, City of',1),(681,'704',701,NULL,0,NULL,'Buckinghamshire',1),(682,'705',701,NULL,0,NULL,'Cambridgeshire',1),(683,'706',701,NULL,0,NULL,'Cheshire',1),(684,'707',701,NULL,0,NULL,'Cleveland',1),(685,'708',701,NULL,0,NULL,'Cornwall',1),(686,'709',701,NULL,0,NULL,'Cumberland',1),(687,'710',701,NULL,0,NULL,'Cumbria',1),(688,'711',701,NULL,0,NULL,'Derbyshire',1),(689,'712',701,NULL,0,NULL,'Devon',1),(690,'713',701,NULL,0,NULL,'Dorset',1),(691,'714',701,NULL,0,NULL,'Co. Durham',1),(692,'715',701,NULL,0,NULL,'East Riding of Yorkshire',1),(693,'716',701,NULL,0,NULL,'East Sussex',1),(694,'717',701,NULL,0,NULL,'Essex',1),(695,'718',701,NULL,0,NULL,'Gloucestershire',1),(696,'719',701,NULL,0,NULL,'Greater Manchester',1),(697,'720',701,NULL,0,NULL,'Hampshire',1),(698,'721',701,NULL,0,NULL,'Hertfordshire',1),(699,'722',701,NULL,0,NULL,'Hereford and Worcester',1),(700,'723',701,NULL,0,NULL,'Herefordshire',1),(701,'724',701,NULL,0,NULL,'Huntingdonshire',1),(702,'725',701,NULL,0,NULL,'Isle of Man',1),(703,'726',701,NULL,0,NULL,'Isle of Wight',1),(704,'727',701,NULL,0,NULL,'Jersey',1),(705,'728',701,NULL,0,NULL,'Kent',1),(706,'729',701,NULL,0,NULL,'Lancashire',1),(707,'730',701,NULL,0,NULL,'Leicestershire',1),(708,'731',701,NULL,0,NULL,'Lincolnshire',1),(709,'732',701,NULL,0,NULL,'London - City of London',1),(710,'733',701,NULL,0,NULL,'Merseyside',1),(711,'734',701,NULL,0,NULL,'Middlesex',1),(712,'735',701,NULL,0,NULL,'Norfolk',1),(713,'736',701,NULL,0,NULL,'North Yorkshire',1),(714,'737',701,NULL,0,NULL,'North Riding of Yorkshire',1),(715,'738',701,NULL,0,NULL,'Northamptonshire',1),(716,'739',701,NULL,0,NULL,'Northumberland',1),(717,'740',701,NULL,0,NULL,'Nottinghamshire',1),(718,'741',701,NULL,0,NULL,'Oxfordshire',1),(719,'742',701,NULL,0,NULL,'Rutland',1),(720,'743',701,NULL,0,NULL,'Shropshire',1),(721,'744',701,NULL,0,NULL,'Somerset',1),(722,'745',701,NULL,0,NULL,'Staffordshire',1),(723,'746',701,NULL,0,NULL,'Suffolk',1),(724,'747',701,NULL,0,NULL,'Surrey',1),(725,'748',701,NULL,0,NULL,'Sussex',1),(726,'749',701,NULL,0,NULL,'Tyne and Wear',1),(727,'750',701,NULL,0,NULL,'Warwickshire',1),(728,'751',701,NULL,0,NULL,'West Midlands',1),(729,'752',701,NULL,0,NULL,'West Sussex',1),(730,'753',701,NULL,0,NULL,'West Yorkshire',1),(731,'754',701,NULL,0,NULL,'West Riding of Yorkshire',1),(732,'755',701,NULL,0,NULL,'Wiltshire',1),(733,'756',701,NULL,0,NULL,'Worcestershire',1),(734,'757',701,NULL,0,NULL,'Yorkshire',1),(735,'758',702,NULL,0,NULL,'Anglesey',1),(736,'759',702,NULL,0,NULL,'Breconshire',1),(737,'760',702,NULL,0,NULL,'Caernarvonshire',1),(738,'761',702,NULL,0,NULL,'Cardiganshire',1),(739,'762',702,NULL,0,NULL,'Carmarthenshire',1),(740,'763',702,NULL,0,NULL,'Ceredigion',1),(741,'764',702,NULL,0,NULL,'Denbighshire',1),(742,'765',702,NULL,0,NULL,'Flintshire',1),(743,'766',702,NULL,0,NULL,'Glamorgan',1),(744,'767',702,NULL,0,NULL,'Gwent',1),(745,'768',702,NULL,0,NULL,'Gwynedd',1),(746,'769',702,NULL,0,NULL,'Merionethshire',1),(747,'770',702,NULL,0,NULL,'Monmouthshire',1),(748,'771',702,NULL,0,NULL,'Mid Glamorgan',1),(749,'772',702,NULL,0,NULL,'Montgomeryshire',1),(750,'773',702,NULL,0,NULL,'Pembrokeshire',1),(751,'774',702,NULL,0,NULL,'Powys',1),(752,'775',702,NULL,0,NULL,'Radnorshire',1),(753,'776',702,NULL,0,NULL,'South Glamorgan',1),(754,'777',703,NULL,0,NULL,'Aberdeen, City of',1),(755,'778',703,NULL,0,NULL,'Angus',1),(756,'779',703,NULL,0,NULL,'Argyll',1),(757,'780',703,NULL,0,NULL,'Ayrshire',1),(758,'781',703,NULL,0,NULL,'Banffshire',1),(759,'782',703,NULL,0,NULL,'Berwickshire',1),(760,'783',703,NULL,0,NULL,'Bute',1),(761,'784',703,NULL,0,NULL,'Caithness',1),(762,'785',703,NULL,0,NULL,'Clackmannanshire',1),(763,'786',703,NULL,0,NULL,'Dumfriesshire',1),(764,'787',703,NULL,0,NULL,'Dumbartonshire',1),(765,'788',703,NULL,0,NULL,'Dundee, City of',1),(766,'789',703,NULL,0,NULL,'East Lothian',1),(767,'790',703,NULL,0,NULL,'Fife',1),(768,'791',703,NULL,0,NULL,'Inverness',1),(769,'792',703,NULL,0,NULL,'Kincardineshire',1),(770,'793',703,NULL,0,NULL,'Kinross-shire',1),(771,'794',703,NULL,0,NULL,'Kirkcudbrightshire',1),(772,'795',703,NULL,0,NULL,'Lanarkshire',1),(773,'796',703,NULL,0,NULL,'Midlothian',1),(774,'797',703,NULL,0,NULL,'Morayshire',1),(775,'798',703,NULL,0,NULL,'Nairnshire',1),(776,'799',703,NULL,0,NULL,'Orkney',1),(777,'800',703,NULL,0,NULL,'Peebleshire',1),(778,'801',703,NULL,0,NULL,'Perthshire',1),(779,'802',703,NULL,0,NULL,'Renfrewshire',1),(780,'803',703,NULL,0,NULL,'Ross & Cromarty',1),(781,'804',703,NULL,0,NULL,'Roxburghshire',1),(782,'805',703,NULL,0,NULL,'Selkirkshire',1),(783,'806',703,NULL,0,NULL,'Shetland',1),(784,'807',703,NULL,0,NULL,'Stirlingshire',1),(785,'808',703,NULL,0,NULL,'Sutherland',1),(786,'809',703,NULL,0,NULL,'West Lothian',1),(787,'810',703,NULL,0,NULL,'Wigtownshire',1),(788,'811',704,NULL,0,NULL,'Antrim',1),(789,'812',704,NULL,0,NULL,'Armagh',1),(790,'813',704,NULL,0,NULL,'Co. Down',1),(791,'814',704,NULL,0,NULL,'Co. Fermanagh',1),(792,'815',704,NULL,0,NULL,'Co. Londonderry',1),(793,'AL',1101,'',0,'ALABAMA','Alabama',1),(794,'AK',1101,'',0,'ALASKA','Alaska',1),(795,'AZ',1101,'',0,'ARIZONA','Arizona',1),(796,'AR',1101,'',0,'ARKANSAS','Arkansas',1),(797,'CA',1101,'',0,'CALIFORNIA','California',1),(798,'CO',1101,'',0,'COLORADO','Colorado',1),(799,'CT',1101,'',0,'CONNECTICUT','Connecticut',1),(800,'DE',1101,'',0,'DELAWARE','Delaware',1),(801,'FL',1101,'',0,'FLORIDA','Florida',1),(802,'GA',1101,'',0,'GEORGIA','Georgia',1),(803,'HI',1101,'',0,'HAWAII','Hawaii',1),(804,'ID',1101,'',0,'IDAHO','Idaho',1),(805,'IL',1101,'',0,'ILLINOIS','Illinois',1),(806,'IN',1101,'',0,'INDIANA','Indiana',1),(807,'IA',1101,'',0,'IOWA','Iowa',1),(808,'KS',1101,'',0,'KANSAS','Kansas',1),(809,'KY',1101,'',0,'KENTUCKY','Kentucky',1),(810,'LA',1101,'',0,'LOUISIANA','Louisiana',1),(811,'ME',1101,'',0,'MAINE','Maine',1),(812,'MD',1101,'',0,'MARYLAND','Maryland',1),(813,'MA',1101,'',0,'MASSACHUSSETTS','Massachusetts',1),(814,'MI',1101,'',0,'MICHIGAN','Michigan',1),(815,'MN',1101,'',0,'MINNESOTA','Minnesota',1),(816,'MS',1101,'',0,'MISSISSIPPI','Mississippi',1),(817,'MO',1101,'',0,'MISSOURI','Missouri',1),(818,'MT',1101,'',0,'MONTANA','Montana',1),(819,'NE',1101,'',0,'NEBRASKA','Nebraska',1),(820,'NV',1101,'',0,'NEVADA','Nevada',1),(821,'NH',1101,'',0,'NEW HAMPSHIRE','New Hampshire',1),(822,'NJ',1101,'',0,'NEW JERSEY','New Jersey',1),(823,'NM',1101,'',0,'NEW MEXICO','New Mexico',1),(824,'NY',1101,'',0,'NEW YORK','New York',1),(825,'NC',1101,'',0,'NORTH CAROLINA','North Carolina',1),(826,'ND',1101,'',0,'NORTH DAKOTA','North Dakota',1),(827,'OH',1101,'',0,'OHIO','Ohio',1),(828,'OK',1101,'',0,'OKLAHOMA','Oklahoma',1),(829,'OR',1101,'',0,'OREGON','Oregon',1),(830,'PA',1101,'',0,'PENNSYLVANIA','Pennsylvania',1),(831,'RI',1101,'',0,'RHODE ISLAND','Rhode Island',1),(832,'SC',1101,'',0,'SOUTH CAROLINA','South Carolina',1),(833,'SD',1101,'',0,'SOUTH DAKOTA','South Dakota',1),(834,'TN',1101,'',0,'TENNESSEE','Tennessee',1),(835,'TX',1101,'',0,'TEXAS','Texas',1),(836,'UT',1101,'',0,'UTAH','Utah',1),(837,'VT',1101,'',0,'VERMONT','Vermont',1),(838,'VA',1101,'',0,'VIRGINIA','Virginia',1),(839,'WA',1101,'',0,'WASHINGTON','Washington',1),(840,'WV',1101,'',0,'WEST VIRGINIA','West Virginia',1),(841,'WI',1101,'',0,'WISCONSIN','Wisconsin',1),(842,'WY',1101,'',0,'WYOMING','Wyoming',1),(843,'GR',1701,NULL,NULL,NULL,'Groningen',1),(844,'FR',1701,NULL,NULL,NULL,'Friesland',1),(845,'DR',1701,NULL,NULL,NULL,'Drenthe',1),(846,'OV',1701,NULL,NULL,NULL,'Overijssel',1),(847,'GD',1701,NULL,NULL,NULL,'Gelderland',1),(848,'FL',1701,NULL,NULL,NULL,'Flevoland',1),(849,'UT',1701,NULL,NULL,NULL,'Utrecht',1),(850,'NH',1701,NULL,NULL,NULL,'Noord-Holland',1),(851,'ZH',1701,NULL,NULL,NULL,'Zuid-Holland',1),(852,'ZL',1701,NULL,NULL,NULL,'Zeeland',1),(853,'NB',1701,NULL,NULL,NULL,'Noord-Brabant',1),(854,'LB',1701,NULL,NULL,NULL,'Limburg',1),(855,'SS',8601,'',0,'','San Salvador',1),(856,'SA',8603,'',0,'','Santa Ana',1),(857,'AH',8603,'',0,'','Ahuachapan',1),(858,'SO',8603,'',0,'','Sonsonate',1),(859,'US',8602,'',0,'','Usulutan',1),(860,'SM',8602,'',0,'','San Miguel',1),(861,'MO',8602,'',0,'','Morazan',1),(862,'LU',8602,'',0,'','La Union',1),(863,'LL',8601,'',0,'','La Libertad',1),(864,'CH',8601,'',0,'','Chalatenango',1),(865,'CA',8601,'',0,'','Cabañas',1),(866,'LP',8601,'',0,'','La Paz',1),(867,'SV',8601,'',0,'','San Vicente',1),(868,'CU',8601,'',0,'','Cuscatlan',1),(869,'2301',2301,'',0,'CATAMARCA','Catamarca',1),(870,'2302',2301,'',0,'JUJUY','Jujuy',1),(871,'2303',2301,'',0,'TUCAMAN','Tucamán',1),(872,'2304',2301,'',0,'SANTIAGO DEL ESTERO','Santiago del Estero',1),(873,'2305',2301,'',0,'SALTA','Salta',1),(874,'2306',2302,'',0,'CHACO','Chaco',1),(875,'2307',2302,'',0,'CORRIENTES','Corrientes',1),(876,'2308',2302,'',0,'ENTRE RIOS','Entre Ríos',1),(877,'2309',2302,'',0,'FORMOSA','Formosa',1),(878,'2310',2302,'',0,'SANTA FE','Santa Fe',1),(879,'2311',2303,'',0,'LA RIOJA','La Rioja',1),(880,'2312',2303,'',0,'MENDOZA','Mendoza',1),(881,'2313',2303,'',0,'SAN JUAN','San Juan',1),(882,'2314',2303,'',0,'SAN LUIS','San Luis',1),(883,'2315',2304,'',0,'CORDOBA','Córdoba',1),(884,'2316',2304,'',0,'BUENOS AIRES','Buenos Aires',1),(885,'2317',2304,'',0,'CABA','Caba',1),(886,'2318',2305,'',0,'LA PAMPA','La Pampa',1),(887,'2319',2305,'',0,'NEUQUEN','Neuquén',1),(888,'2320',2305,'',0,'RIO NEGRO','Río Negro',1),(889,'2321',2305,'',0,'CHUBUT','Chubut',1),(890,'2322',2305,'',0,'SANTA CRUZ','Santa Cruz',1),(891,'2323',2305,'',0,'TIERRA DEL FUEGO','Tierra del Fuego',1),(892,'2324',2305,'',0,'ISLAS MALVINAS','Islas Malvinas',1),(893,'2325',2305,'',0,'ANTARTIDA','Antártida',1),(894,'2326',2305,'',0,'MISIONES','Misiones',1),(895,'CC',4601,'Oistins',0,'CC','Christ Church',1),(896,'SA',4601,'Greenland',0,'SA','Saint Andrew',1),(897,'SG',4601,'Bulkeley',0,'SG','Saint George',1),(898,'JA',4601,'Holetown',0,'JA','Saint James',1),(899,'SJ',4601,'Four Roads',0,'SJ','Saint John',1),(900,'SB',4601,'Bathsheba',0,'SB','Saint Joseph',1),(901,'SL',4601,'Crab Hill',0,'SL','Saint Lucy',1),(902,'SM',4601,'Bridgetown',0,'SM','Saint Michael',1),(903,'SP',4601,'Speightstown',0,'SP','Saint Peter',1),(904,'SC',4601,'Crane',0,'SC','Saint Philip',1),(905,'ST',4601,'Hillaby',0,'ST','Saint Thomas',1),(906,'AC',5601,'ACRE',0,'AC','Acre',1),(907,'AL',5601,'ALAGOAS',0,'AL','Alagoas',1),(908,'AP',5601,'AMAPA',0,'AP','Amapá',1),(909,'AM',5601,'AMAZONAS',0,'AM','Amazonas',1),(910,'BA',5601,'BAHIA',0,'BA','Bahia',1),(911,'CE',5601,'CEARA',0,'CE','Ceará',1),(912,'ES',5601,'ESPIRITO SANTO',0,'ES','Espirito Santo',1),(913,'GO',5601,'GOIAS',0,'GO','Goiás',1),(914,'MA',5601,'MARANHAO',0,'MA','Maranhão',1),(915,'MT',5601,'MATO GROSSO',0,'MT','Mato Grosso',1),(916,'MS',5601,'MATO GROSSO DO SUL',0,'MS','Mato Grosso do Sul',1),(917,'MG',5601,'MINAS GERAIS',0,'MG','Minas Gerais',1),(918,'PA',5601,'PARA',0,'PA','Pará',1),(919,'PB',5601,'PARAIBA',0,'PB','Paraiba',1),(920,'PR',5601,'PARANA',0,'PR','Paraná',1),(921,'PE',5601,'PERNAMBUCO',0,'PE','Pernambuco',1),(922,'PI',5601,'PIAUI',0,'PI','Piauí',1),(923,'RJ',5601,'RIO DE JANEIRO',0,'RJ','Rio de Janeiro',1),(924,'RN',5601,'RIO GRANDE DO NORTE',0,'RN','Rio Grande do Norte',1),(925,'RS',5601,'RIO GRANDE DO SUL',0,'RS','Rio Grande do Sul',1),(926,'RO',5601,'RONDONIA',0,'RO','Rondônia',1),(927,'RR',5601,'RORAIMA',0,'RR','Roraima',1),(928,'SC',5601,'SANTA CATARINA',0,'SC','Santa Catarina',1),(929,'SE',5601,'SERGIPE',0,'SE','Sergipe',1),(930,'SP',5601,'SAO PAULO',0,'SP','Sao Paulo',1),(931,'TO',5601,'TOCANTINS',0,'TO','Tocantins',1),(932,'DF',5601,'DISTRITO FEDERAL',0,'DF','Distrito Federal',1),(933,'151',6715,'',0,'151','Arica',1),(934,'152',6715,'',0,'152','Parinacota',1),(935,'011',6701,'',0,'011','Iquique',1),(936,'014',6701,'',0,'014','Tamarugal',1),(937,'021',6702,'',0,'021','Antofagasa',1),(938,'022',6702,'',0,'022','El Loa',1),(939,'023',6702,'',0,'023','Tocopilla',1),(940,'031',6703,'',0,'031','Copiapó',1),(941,'032',6703,'',0,'032','Chañaral',1),(942,'033',6703,'',0,'033','Huasco',1),(943,'041',6704,'',0,'041','Elqui',1),(944,'042',6704,'',0,'042','Choapa',1),(945,'043',6704,'',0,'043','Limarí',1),(946,'051',6705,'',0,'051','Valparaíso',1),(947,'052',6705,'',0,'052','Isla de Pascua',1),(948,'053',6705,'',0,'053','Los Andes',1),(949,'054',6705,'',0,'054','Petorca',1),(950,'055',6705,'',0,'055','Quillota',1),(951,'056',6705,'',0,'056','San Antonio',1),(952,'057',6705,'',0,'057','San Felipe de Aconcagua',1),(953,'058',6705,'',0,'058','Marga Marga',1),(954,'061',6706,'',0,'061','Cachapoal',1),(955,'062',6706,'',0,'062','Cardenal Caro',1),(956,'063',6706,'',0,'063','Colchagua',1),(957,'071',6707,'',0,'071','Talca',1),(958,'072',6707,'',0,'072','Cauquenes',1),(959,'073',6707,'',0,'073','Curicó',1),(960,'074',6707,'',0,'074','Linares',1),(961,'081',6708,'',0,'081','Concepción',1),(962,'082',6708,'',0,'082','Arauco',1),(963,'083',6708,'',0,'083','Biobío',1),(964,'084',6708,'',0,'084','Ñuble',1),(965,'091',6709,'',0,'091','Cautín',1),(966,'092',6709,'',0,'092','Malleco',1),(967,'141',6714,'',0,'141','Valdivia',1),(968,'142',6714,'',0,'142','Ranco',1),(969,'101',6710,'',0,'101','Llanquihue',1),(970,'102',6710,'',0,'102','Chiloé',1),(971,'103',6710,'',0,'103','Osorno',1),(972,'104',6710,'',0,'104','Palena',1),(973,'111',6711,'',0,'111','Coihaique',1),(974,'112',6711,'',0,'112','Aisén',1),(975,'113',6711,'',0,'113','Capitán Prat',1),(976,'114',6711,'',0,'114','General Carrera',1),(977,'121',6712,'',0,'121','Magallanes',1),(978,'122',6712,'',0,'122','Antártica Chilena',1),(979,'123',6712,'',0,'123','Tierra del Fuego',1),(980,'124',6712,'',0,'124','Última Esperanza',1),(981,'131',6713,'',0,'131','Santiago',1),(982,'132',6713,'',0,'132','Cordillera',1),(983,'133',6713,'',0,'133','Chacabuco',1),(984,'134',6713,'',0,'134','Maipo',1),(985,'135',6713,'',0,'135','Melipilla',1),(986,'136',6713,'',0,'136','Talagante',1),(987,'AN',11701,NULL,0,'AN','Andaman & Nicobar',1),(988,'AP',11701,NULL,0,'AP','Andhra Pradesh',1),(989,'AR',11701,NULL,0,'AR','Arunachal Pradesh',1),(990,'AS',11701,NULL,0,'AS','Assam',1),(991,'BR',11701,NULL,0,'BR','Bihar',1),(992,'CG',11701,NULL,0,'CG','Chattisgarh',1),(993,'CH',11701,NULL,0,'CH','Chandigarh',1),(994,'DD',11701,NULL,0,'DD','Daman & Diu',1),(995,'DL',11701,NULL,0,'DL','Delhi',1),(996,'DN',11701,NULL,0,'DN','Dadra and Nagar Haveli',1),(997,'GA',11701,NULL,0,'GA','Goa',1),(998,'GJ',11701,NULL,0,'GJ','Gujarat',1),(999,'HP',11701,NULL,0,'HP','Himachal Pradesh',1),(1000,'HR',11701,NULL,0,'HR','Haryana',1),(1001,'JH',11701,NULL,0,'JH','Jharkhand',1),(1002,'JK',11701,NULL,0,'JK','Jammu & Kashmir',1),(1003,'KA',11701,NULL,0,'KA','Karnataka',1),(1004,'KL',11701,NULL,0,'KL','Kerala',1),(1005,'LD',11701,NULL,0,'LD','Lakshadweep',1),(1006,'MH',11701,NULL,0,'MH','Maharashtra',1),(1007,'ML',11701,NULL,0,'ML','Meghalaya',1),(1008,'MN',11701,NULL,0,'MN','Manipur',1),(1009,'MP',11701,NULL,0,'MP','Madhya Pradesh',1),(1010,'MZ',11701,NULL,0,'MZ','Mizoram',1),(1011,'NL',11701,NULL,0,'NL','Nagaland',1),(1012,'OR',11701,NULL,0,'OR','Orissa',1),(1013,'PB',11701,NULL,0,'PB','Punjab',1),(1014,'PY',11701,NULL,0,'PY','Puducherry',1),(1015,'RJ',11701,NULL,0,'RJ','Rajasthan',1),(1016,'SK',11701,NULL,0,'SK','Sikkim',1),(1017,'TN',11701,NULL,0,'TN','Tamil Nadu',1),(1018,'TR',11701,NULL,0,'TR','Tripura',1),(1019,'UL',11701,NULL,0,'UL','Uttarakhand',1),(1020,'UP',11701,NULL,0,'UP','Uttar Pradesh',1),(1021,'WB',11701,NULL,0,'WB','West Bengal',1),(1022,'BA',11801,NULL,0,'BA','Bali',1),(1023,'BB',11801,NULL,0,'BB','Bangka Belitung',1),(1024,'BT',11801,NULL,0,'BT','Banten',1),(1025,'BE',11801,NULL,0,'BA','Bengkulu',1),(1026,'YO',11801,NULL,0,'YO','DI Yogyakarta',1),(1027,'JK',11801,NULL,0,'JK','DKI Jakarta',1),(1028,'GO',11801,NULL,0,'GO','Gorontalo',1),(1029,'JA',11801,NULL,0,'JA','Jambi',1),(1030,'JB',11801,NULL,0,'JB','Jawa Barat',1),(1031,'JT',11801,NULL,0,'JT','Jawa Tengah',1),(1032,'JI',11801,NULL,0,'JI','Jawa Timur',1),(1033,'KB',11801,NULL,0,'KB','Kalimantan Barat',1),(1034,'KS',11801,NULL,0,'KS','Kalimantan Selatan',1),(1035,'KT',11801,NULL,0,'KT','Kalimantan Tengah',1),(1036,'KI',11801,NULL,0,'KI','Kalimantan Timur',1),(1037,'KU',11801,NULL,0,'KU','Kalimantan Utara',1),(1038,'KR',11801,NULL,0,'KR','Kepulauan Riau',1),(1039,'LA',11801,NULL,0,'LA','Lampung',1),(1040,'MA',11801,NULL,0,'MA','Maluku',1),(1041,'MU',11801,NULL,0,'MU','Maluku Utara',1),(1042,'AC',11801,NULL,0,'AC','Nanggroe Aceh Darussalam',1),(1043,'NB',11801,NULL,0,'NB','Nusa Tenggara Barat',1),(1044,'NT',11801,NULL,0,'NT','Nusa Tenggara Timur',1),(1045,'PA',11801,NULL,0,'PA','Papua',1),(1046,'PB',11801,NULL,0,'PB','Papua Barat',1),(1047,'RI',11801,NULL,0,'RI','Riau',1),(1048,'SR',11801,NULL,0,'SR','Sulawesi Barat',1),(1049,'SN',11801,NULL,0,'SN','Sulawesi Selatan',1),(1050,'ST',11801,NULL,0,'ST','Sulawesi Tengah',1),(1051,'SG',11801,NULL,0,'SG','Sulawesi Tenggara',1),(1052,'SA',11801,NULL,0,'SA','Sulawesi Utara',1),(1053,'SB',11801,NULL,0,'SB','Sumatera Barat',1),(1054,'SS',11801,NULL,0,'SS','Sumatera Selatan',1),(1055,'SU',11801,NULL,0,'SU','Sumatera Utara	',1),(1056,'DIF',15401,'',0,'DIF','Distrito Federal',1),(1057,'AGS',15401,'',0,'AGS','Aguascalientes',1),(1058,'BCN',15401,'',0,'BCN','Baja California Norte',1),(1059,'BCS',15401,'',0,'BCS','Baja California Sur',1),(1060,'CAM',15401,'',0,'CAM','Campeche',1),(1061,'CHP',15401,'',0,'CHP','Chiapas',1),(1062,'CHI',15401,'',0,'CHI','Chihuahua',1),(1063,'COA',15401,'',0,'COA','Coahuila',1),(1064,'COL',15401,'',0,'COL','Colima',1),(1065,'DUR',15401,'',0,'DUR','Durango',1),(1066,'GTO',15401,'',0,'GTO','Guanajuato',1),(1067,'GRO',15401,'',0,'GRO','Guerrero',1),(1068,'HGO',15401,'',0,'HGO','Hidalgo',1),(1069,'JAL',15401,'',0,'JAL','Jalisco',1),(1070,'MEX',15401,'',0,'MEX','México',1),(1071,'MIC',15401,'',0,'MIC','Michoacán de Ocampo',1),(1072,'MOR',15401,'',0,'MOR','Morelos',1),(1073,'NAY',15401,'',0,'NAY','Nayarit',1),(1074,'NLE',15401,'',0,'NLE','Nuevo León',1),(1075,'OAX',15401,'',0,'OAX','Oaxaca',1),(1076,'PUE',15401,'',0,'PUE','Puebla',1),(1077,'QRO',15401,'',0,'QRO','Querétaro',1),(1078,'ROO',15401,'',0,'ROO','Quintana Roo',1),(1079,'SLP',15401,'',0,'SLP','San Luis Potosí',1),(1080,'SIN',15401,'',0,'SIN','Sinaloa',1),(1081,'SON',15401,'',0,'SON','Sonora',1),(1082,'TAB',15401,'',0,'TAB','Tabasco',1),(1083,'TAM',15401,'',0,'TAM','Tamaulipas',1),(1084,'TLX',15401,'',0,'TLX','Tlaxcala',1),(1085,'VER',15401,'',0,'VER','Veracruz',1),(1086,'YUC',15401,'',0,'YUC','Yucatán',1),(1087,'ZAC',15401,'',0,'ZAC','Zacatecas',1),(1088,'ANT',7001,'',0,'ANT','Antioquia',1),(1089,'BOL',7001,'',0,'BOL','Bolívar',1),(1090,'BOY',7001,'',0,'BOY','Boyacá',1),(1091,'CAL',7001,'',0,'CAL','Caldas',1),(1092,'CAU',7001,'',0,'CAU','Cauca',1),(1093,'CUN',7001,'',0,'CUN','Cundinamarca',1),(1094,'HUI',7001,'',0,'HUI','Huila',1),(1095,'LAG',7001,'',0,'LAG','La Guajira',1),(1096,'MET',7001,'',0,'MET','Meta',1),(1097,'NAR',7001,'',0,'NAR','Nariño',1),(1098,'NDS',7001,'',0,'NDS','Norte de Santander',1),(1099,'SAN',7001,'',0,'SAN','Santander',1),(1100,'SUC',7001,'',0,'SUC','Sucre',1),(1101,'TOL',7001,'',0,'TOL','Tolima',1),(1102,'VAC',7001,'',0,'VAC','Valle del Cauca',1),(1103,'RIS',7001,'',0,'RIS','Risalda',1),(1104,'ATL',7001,'',0,'ATL','Atlántico',1),(1105,'COR',7001,'',0,'COR','Córdoba',1),(1106,'SAP',7001,'',0,'SAP','San Andrés, Providencia y Santa Catalina',1),(1107,'ARA',7001,'',0,'ARA','Arauca',1),(1108,'CAS',7001,'',0,'CAS','Casanare',1),(1109,'AMA',7001,'',0,'AMA','Amazonas',1),(1110,'CAQ',7001,'',0,'CAQ','Caquetá',1),(1111,'CHO',7001,'',0,'CHO','Chocó',1),(1112,'GUA',7001,'',0,'GUA','Guainía',1),(1113,'GUV',7001,'',0,'GUV','Guaviare',1),(1114,'PUT',7001,'',0,'PUT','Putumayo',1),(1115,'QUI',7001,'',0,'QUI','Quindío',1),(1116,'VAU',7001,'',0,'VAU','Vaupés',1),(1117,'BOG',7001,'',0,'BOG','Bogotá',1),(1118,'VID',7001,'',0,'VID','Vichada',1),(1119,'CES',7001,'',0,'CES','Cesar',1),(1120,'MAG',7001,'',0,'MAG','Magdalena',1),(1121,'AT',11401,'',0,'AT','Atlántida',1),(1122,'CH',11401,'',0,'CH','Choluteca',1),(1123,'CL',11401,'',0,'CL','Colón',1),(1124,'CM',11401,'',0,'CM','Comayagua',1),(1125,'CO',11401,'',0,'CO','Copán',1),(1126,'CR',11401,'',0,'CR','Cortés',1),(1127,'EP',11401,'',0,'EP','El Paraíso',1),(1128,'FM',11401,'',0,'FM','Francisco Morazán',1),(1129,'GD',11401,'',0,'GD','Gracias a Dios',1),(1130,'IN',11401,'',0,'IN','Intibucá',1),(1131,'IB',11401,'',0,'IB','Islas de la Bahía',1),(1132,'LP',11401,'',0,'LP','La Paz',1),(1133,'LM',11401,'',0,'LM','Lempira',1),(1134,'OC',11401,'',0,'OC','Ocotepeque',1),(1135,'OL',11401,'',0,'OL','Olancho',1),(1136,'SB',11401,'',0,'SB','Santa Bárbara',1),(1137,'VL',11401,'',0,'VL','Valle',1),(1138,'YO',11401,'',0,'YO','Yoro',1),(1139,'DC',11401,'',0,'DC','Distrito Central',1),(1140,'AB',18801,'',0,'','Alba',1),(1141,'AR',18801,'',0,'','Arad',1),(1142,'AG',18801,'',0,'','Argeș',1),(1143,'BC',18801,'',0,'','Bacău',1),(1144,'BH',18801,'',0,'','Bihor',1),(1145,'BN',18801,'',0,'','Bistrița-Năsăud',1),(1146,'BT',18801,'',0,'','Botoșani',1),(1147,'BV',18801,'',0,'','Brașov',1),(1148,'BR',18801,'',0,'','Brăila',1),(1149,'BZ',18801,'',0,'','Buzău',1),(1150,'CL',18801,'',0,'','Călărași',1),(1151,'CS',18801,'',0,'','Caraș-Severin',1),(1152,'CJ',18801,'',0,'','Cluj',1),(1153,'CT',18801,'',0,'','Constanța',1),(1154,'CV',18801,'',0,'','Covasna',1),(1155,'DB',18801,'',0,'','Dâmbovița',1),(1156,'DJ',18801,'',0,'','Dolj',1),(1157,'GL',18801,'',0,'','Galați',1),(1158,'GR',18801,'',0,'','Giurgiu',1),(1159,'GJ',18801,'',0,'','Gorj',1),(1160,'HR',18801,'',0,'','Harghita',1),(1161,'HD',18801,'',0,'','Hunedoara',1),(1162,'IL',18801,'',0,'','Ialomița',1),(1163,'IS',18801,'',0,'','Iași',1),(1164,'IF',18801,'',0,'','Ilfov',1),(1165,'MM',18801,'',0,'','Maramureș',1),(1166,'MH',18801,'',0,'','Mehedinți',1),(1167,'MS',18801,'',0,'','Mureș',1),(1168,'NT',18801,'',0,'','Neamț',1),(1169,'OT',18801,'',0,'','Olt',1),(1170,'PH',18801,'',0,'','Prahova',1),(1171,'SM',18801,'',0,'','Satu Mare',1),(1172,'SJ',18801,'',0,'','Sălaj',1),(1173,'SB',18801,'',0,'','Sibiu',1),(1174,'SV',18801,'',0,'','Suceava',1),(1175,'TR',18801,'',0,'','Teleorman',1),(1176,'TM',18801,'',0,'','Timiș',1),(1177,'TL',18801,'',0,'','Tulcea',1),(1178,'VS',18801,'',0,'','Vaslui',1),(1179,'VL',18801,'',0,'','Vâlcea',1),(1180,'VN',18801,'',0,'','Vrancea',1),(1181,'BU',18801,'',0,'','Bucuresti',1),(1182,'VE-L',23201,'',0,'VE-L','Mérida',1),(1183,'VE-T',23201,'',0,'VE-T','Trujillo',1),(1184,'VE-E',23201,'',0,'VE-E','Barinas',1),(1185,'VE-M',23202,'',0,'VE-M','Miranda',1),(1186,'VE-W',23202,'',0,'VE-W','Vargas',1),(1187,'VE-A',23202,'',0,'VE-A','Distrito Capital',1),(1188,'VE-D',23203,'',0,'VE-D','Aragua',1),(1189,'VE-G',23203,'',0,'VE-G','Carabobo',1),(1190,'VE-I',23204,'',0,'VE-I','Falcón',1),(1191,'VE-K',23204,'',0,'VE-K','Lara',1),(1192,'VE-U',23204,'',0,'VE-U','Yaracuy',1),(1193,'VE-F',23205,'',0,'VE-F','Bolívar',1),(1194,'VE-X',23205,'',0,'VE-X','Amazonas',1),(1195,'VE-Y',23205,'',0,'VE-Y','Delta Amacuro',1),(1196,'VE-O',23206,'',0,'VE-O','Nueva Esparta',1),(1197,'VE-Z',23206,'',0,'VE-Z','Dependencias Federales',1),(1198,'VE-C',23207,'',0,'VE-C','Apure',1),(1199,'VE-J',23207,'',0,'VE-J','Guárico',1),(1200,'VE-H',23207,'',0,'VE-H','Cojedes',1),(1201,'VE-P',23207,'',0,'VE-P','Portuguesa',1),(1202,'VE-B',23208,'',0,'VE-B','Anzoátegui',1),(1203,'VE-N',23208,'',0,'VE-N','Monagas',1),(1204,'VE-R',23208,'',0,'VE-R','Sucre',1),(1205,'VE-V',23209,'',0,'VE-V','Zulia',1),(1206,'VE-S',23209,'',0,'VE-S','Táchira',1),(1207,'LU0001',14001,'',0,'','Clervaux',1),(1208,'LU0002',14001,'',0,'','Diekirch',1),(1209,'LU0003',14001,'',0,'','Redange',1),(1210,'LU0004',14001,'',0,'','Vianden',1),(1211,'LU0005',14001,'',0,'','Wiltz',1),(1212,'LU0006',14002,'',0,'','Echternach',1),(1213,'LU0007',14002,'',0,'','Grevenmacher',1),(1214,'LU0008',14002,'',0,'','Remich',1),(1215,'LU0009',14003,'',0,'','Capellen',1),(1216,'LU0010',14003,'',0,'','Esch-sur-Alzette',1),(1217,'LU0011',14003,'',0,'','Luxembourg',1),(1218,'LU0012',14003,'',0,'','Mersch',1),(1219,'0101',18101,'',0,'','Chachapoyas',1),(1220,'0102',18101,'',0,'','Bagua',1),(1221,'0103',18101,'',0,'','Bongará',1),(1222,'0104',18101,'',0,'','Condorcanqui',1),(1223,'0105',18101,'',0,'','Luya',1),(1224,'0106',18101,'',0,'','Rodríguez de Mendoza',1),(1225,'0107',18101,'',0,'','Utcubamba',1),(1226,'0201',18102,'',0,'','Huaraz',1),(1227,'0202',18102,'',0,'','Aija',1),(1228,'0203',18102,'',0,'','Antonio Raymondi',1),(1229,'0204',18102,'',0,'','Asunción',1),(1230,'0205',18102,'',0,'','Bolognesi',1),(1231,'0206',18102,'',0,'','Carhuaz',1),(1232,'0207',18102,'',0,'','Carlos Fermín Fitzcarrald',1),(1233,'0208',18102,'',0,'','Casma',1),(1234,'0209',18102,'',0,'','Corongo',1),(1235,'0210',18102,'',0,'','Huari',1),(1236,'0211',18102,'',0,'','Huarmey',1),(1237,'0212',18102,'',0,'','Huaylas',1),(1238,'0213',18102,'',0,'','Mariscal Luzuriaga',1),(1239,'0214',18102,'',0,'','Ocros',1),(1240,'0215',18102,'',0,'','Pallasca',1),(1241,'0216',18102,'',0,'','Pomabamba',1),(1242,'0217',18102,'',0,'','Recuay',1),(1243,'0218',18102,'',0,'','Papá',1),(1244,'0219',18102,'',0,'','Sihuas',1),(1245,'0220',18102,'',0,'','Yungay',1),(1246,'0301',18103,'',0,'','Abancay',1),(1247,'0302',18103,'',0,'','Andahuaylas',1),(1248,'0303',18103,'',0,'','Antabamba',1),(1249,'0304',18103,'',0,'','Aymaraes',1),(1250,'0305',18103,'',0,'','Cotabambas',1),(1251,'0306',18103,'',0,'','Chincheros',1),(1252,'0307',18103,'',0,'','Grau',1),(1253,'0401',18104,'',0,'','Arequipa',1),(1254,'0402',18104,'',0,'','Camaná',1),(1255,'0403',18104,'',0,'','Caravelí',1),(1256,'0404',18104,'',0,'','Castilla',1),(1257,'0405',18104,'',0,'','Caylloma',1),(1258,'0406',18104,'',0,'','Condesuyos',1),(1259,'0407',18104,'',0,'','Islay',1),(1260,'0408',18104,'',0,'','La Unión',1),(1261,'0501',18105,'',0,'','Huamanga',1),(1262,'0502',18105,'',0,'','Cangallo',1),(1263,'0503',18105,'',0,'','Huanca Sancos',1),(1264,'0504',18105,'',0,'','Huanta',1),(1265,'0505',18105,'',0,'','La Mar',1),(1266,'0506',18105,'',0,'','Lucanas',1),(1267,'0507',18105,'',0,'','Parinacochas',1),(1268,'0508',18105,'',0,'','Páucar del Sara Sara',1),(1269,'0509',18105,'',0,'','Sucre',1),(1270,'0510',18105,'',0,'','Víctor Fajardo',1),(1271,'0511',18105,'',0,'','Vilcas Huamán',1),(1272,'0601',18106,'',0,'','Cajamarca',1),(1273,'0602',18106,'',0,'','Cajabamba',1),(1274,'0603',18106,'',0,'','Celendín',1),(1275,'0604',18106,'',0,'','Chota',1),(1276,'0605',18106,'',0,'','Contumazá',1),(1277,'0606',18106,'',0,'','Cutervo',1),(1278,'0607',18106,'',0,'','Hualgayoc',1),(1279,'0608',18106,'',0,'','Jaén',1),(1280,'0609',18106,'',0,'','San Ignacio',1),(1281,'0610',18106,'',0,'','San Marcos',1),(1282,'0611',18106,'',0,'','San Miguel',1),(1283,'0612',18106,'',0,'','San Pablo',1),(1284,'0613',18106,'',0,'','Santa Cruz',1),(1285,'0701',18107,'',0,'','Callao',1),(1286,'0801',18108,'',0,'','Cusco',1),(1287,'0802',18108,'',0,'','Acomayo',1),(1288,'0803',18108,'',0,'','Anta',1),(1289,'0804',18108,'',0,'','Calca',1),(1290,'0805',18108,'',0,'','Canas',1),(1291,'0806',18108,'',0,'','Canchis',1),(1292,'0807',18108,'',0,'','Chumbivilcas',1),(1293,'0808',18108,'',0,'','Espinar',1),(1294,'0809',18108,'',0,'','La Convención',1),(1295,'0810',18108,'',0,'','Paruro',1),(1296,'0811',18108,'',0,'','Paucartambo',1),(1297,'0812',18108,'',0,'','Quispicanchi',1),(1298,'0813',18108,'',0,'','Urubamba',1),(1299,'0901',18109,'',0,'','Huancavelica',1),(1300,'0902',18109,'',0,'','Acobamba',1),(1301,'0903',18109,'',0,'','Angaraes',1),(1302,'0904',18109,'',0,'','Castrovirreyna',1),(1303,'0905',18109,'',0,'','Churcampa',1),(1304,'0906',18109,'',0,'','Huaytará',1),(1305,'0907',18109,'',0,'','Tayacaja',1),(1306,'1001',18110,'',0,'','Huánuco',1),(1307,'1002',18110,'',0,'','Ambón',1),(1308,'1003',18110,'',0,'','Dos de Mayo',1),(1309,'1004',18110,'',0,'','Huacaybamba',1),(1310,'1005',18110,'',0,'','Huamalíes',1),(1311,'1006',18110,'',0,'','Leoncio Prado',1),(1312,'1007',18110,'',0,'','Marañón',1),(1313,'1008',18110,'',0,'','Pachitea',1),(1314,'1009',18110,'',0,'','Puerto Inca',1),(1315,'1010',18110,'',0,'','Lauricocha',1),(1316,'1011',18110,'',0,'','Yarowilca',1),(1317,'1101',18111,'',0,'','Ica',1),(1318,'1102',18111,'',0,'','Chincha',1),(1319,'1103',18111,'',0,'','Nazca',1),(1320,'1104',18111,'',0,'','Palpa',1),(1321,'1105',18111,'',0,'','Pisco',1),(1322,'1201',18112,'',0,'','Huancayo',1),(1323,'1202',18112,'',0,'','Concepción',1),(1324,'1203',18112,'',0,'','Chanchamayo',1),(1325,'1204',18112,'',0,'','Jauja',1),(1326,'1205',18112,'',0,'','Junín',1),(1327,'1206',18112,'',0,'','Satipo',1),(1328,'1207',18112,'',0,'','Tarma',1),(1329,'1208',18112,'',0,'','Yauli',1),(1330,'1209',18112,'',0,'','Chupaca',1),(1331,'1301',18113,'',0,'','Trujillo',1),(1332,'1302',18113,'',0,'','Ascope',1),(1333,'1303',18113,'',0,'','Bolívar',1),(1334,'1304',18113,'',0,'','Chepén',1),(1335,'1305',18113,'',0,'','Julcán',1),(1336,'1306',18113,'',0,'','Otuzco',1),(1337,'1307',18113,'',0,'','Pacasmayo',1),(1338,'1308',18113,'',0,'','Pataz',1),(1339,'1309',18113,'',0,'','Sánchez Carrión',1),(1340,'1310',18113,'',0,'','Santiago de Chuco',1),(1341,'1311',18113,'',0,'','Gran Chimú',1),(1342,'1312',18113,'',0,'','Virú',1),(1343,'1401',18114,'',0,'','Chiclayo',1),(1344,'1402',18114,'',0,'','Ferreñafe',1),(1345,'1403',18114,'',0,'','Lambayeque',1),(1346,'1501',18115,'',0,'','Lima',1),(1347,'1502',18116,'',0,'','Huaura',1),(1348,'1503',18116,'',0,'','Barranca',1),(1349,'1504',18116,'',0,'','Cajatambo',1),(1350,'1505',18116,'',0,'','Canta',1),(1351,'1506',18116,'',0,'','Cañete',1),(1352,'1507',18116,'',0,'','Huaral',1),(1353,'1508',18116,'',0,'','Huarochirí',1),(1354,'1509',18116,'',0,'','Oyón',1),(1355,'1510',18116,'',0,'','Yauyos',1),(1356,'1601',18117,'',0,'','Maynas',1),(1357,'1602',18117,'',0,'','Alto Amazonas',1),(1358,'1603',18117,'',0,'','Loreto',1),(1359,'1604',18117,'',0,'','Mariscal Ramón Castilla',1),(1360,'1605',18117,'',0,'','Requena',1),(1361,'1606',18117,'',0,'','Ucayali',1),(1362,'1607',18117,'',0,'','Datem del Marañón',1),(1363,'1701',18118,'',0,'','Tambopata',1),(1364,'1702',18118,'',0,'','Manú',1),(1365,'1703',18118,'',0,'','Tahuamanu',1),(1366,'1801',18119,'',0,'','Mariscal Nieto',1),(1367,'1802',18119,'',0,'','General Sánchez Cerro',1),(1368,'1803',18119,'',0,'','Ilo',1),(1369,'1901',18120,'',0,'','Pasco',1),(1370,'1902',18120,'',0,'','Daniel Alcides Carrión',1),(1371,'1903',18120,'',0,'','Oxapampa',1),(1372,'2001',18121,'',0,'','Piura',1),(1373,'2002',18121,'',0,'','Ayabaca',1),(1374,'2003',18121,'',0,'','Huancabamba',1),(1375,'2004',18121,'',0,'','Morropón',1),(1376,'2005',18121,'',0,'','Paita',1),(1377,'2006',18121,'',0,'','Sullana',1),(1378,'2007',18121,'',0,'','Talara',1),(1379,'2008',18121,'',0,'','Sechura',1),(1380,'2101',18122,'',0,'','Puno',1),(1381,'2102',18122,'',0,'','Azángaro',1),(1382,'2103',18122,'',0,'','Carabaya',1),(1383,'2104',18122,'',0,'','Chucuito',1),(1384,'2105',18122,'',0,'','El Collao',1),(1385,'2106',18122,'',0,'','Huancané',1),(1386,'2107',18122,'',0,'','Lampa',1),(1387,'2108',18122,'',0,'','Melgar',1),(1388,'2109',18122,'',0,'','Moho',1),(1389,'2110',18122,'',0,'','San Antonio de Putina',1),(1390,'2111',18122,'',0,'','San Román',1),(1391,'2112',18122,'',0,'','Sandia',1),(1392,'2113',18122,'',0,'','Yunguyo',1),(1393,'2201',18123,'',0,'','Moyobamba',1),(1394,'2202',18123,'',0,'','Bellavista',1),(1395,'2203',18123,'',0,'','El Dorado',1),(1396,'2204',18123,'',0,'','Huallaga',1),(1397,'2205',18123,'',0,'','Lamas',1),(1398,'2206',18123,'',0,'','Mariscal Cáceres',1),(1399,'2207',18123,'',0,'','Picota',1),(1400,'2208',18123,'',0,'','La Rioja',1),(1401,'2209',18123,'',0,'','San Martín',1),(1402,'2210',18123,'',0,'','Tocache',1),(1403,'2301',18124,'',0,'','Tacna',1),(1404,'2302',18124,'',0,'','Candarave',1),(1405,'2303',18124,'',0,'','Jorge Basadre',1),(1406,'2304',18124,'',0,'','Tarata',1),(1407,'2401',18125,'',0,'','Tumbes',1),(1408,'2402',18125,'',0,'','Contralmirante Villar',1),(1409,'2403',18125,'',0,'','Zarumilla',1),(1410,'2501',18126,'',0,'','Coronel Portillo',1),(1411,'2502',18126,'',0,'','Atalaya',1),(1412,'2503',18126,'',0,'','Padre Abad',1),(1413,'2504',18126,'',0,'','Purús',1),(1414,'PA-1',17801,'',0,'','Bocas del Toro',1),(1415,'PA-2',17801,'',0,'','Coclé',1),(1416,'PA-3',17801,'',0,'','Colón',1),(1417,'PA-4',17801,'',0,'','Chiriquí',1),(1418,'PA-5',17801,'',0,'','Darién',1),(1419,'PA-6',17801,'',0,'','Herrera',1),(1420,'PA-7',17801,'',0,'','Los Santos',1),(1421,'PA-8',17801,'',0,'','Panamá',1),(1422,'PA-9',17801,'',0,'','Veraguas',1),(1423,'PA-13',17801,'',0,'','Panamá Oeste',1),(1424,'AE-1',22701,'',0,'','Abu Dhabi',1),(1425,'AE-2',22701,'',0,'','Dubai',1),(1426,'AE-3',22701,'',0,'','Ajman',1),(1427,'AE-4',22701,'',0,'','Fujairah',1),(1428,'AE-5',22701,'',0,'','Ras al-Khaimah',1),(1429,'AE-6',22701,'',0,'','Sharjah',1),(1430,'AE-7',22701,'',0,'','Umm al-Quwain',1);

--
