-- Table structure for table `llx_facturedet_extrafields`
--

CREATE TABLE `llx_facturedet_extrafields` (
  `rowid` int(11) NOT NULL AUTO_INCREMENT,
  `tms` timestamp NOT NULL DEFAULT CURRENT_TIMESTAMP ON UPDATE CURRENT_TIMESTAMP,
  `fk_object` int(11) NOT NULL,
  `import_key` varchar(14) COLLATE utf8_unicode_ci DEFAULT NULL,
  PRIMARY KEY (`rowid`),
  KEY `idx_facturedet_extrafields` (`fk_object`)
) ENGINE=InnoDB DEFAULT CHARSET=utf8 COLLATE=utf8_unicode_ci;

--
-- Dumping data for table `llx_facturedet_extrafields`
--


--
-- Table structure for table `llx_facturedet_rec`
--

CREATE TABLE `llx_facturedet_rec` (
  `rowid` int(11) NOT NULL AUTO_INCREMENT,
  `fk_facture` int(11) NOT NULL,
  `fk_parent_line` int(11) DEFAULT NULL,
  `fk_product` int(11) DEFAULT NULL,
  `product_type` int(11) DEFAULT '0',
  `label` varchar(255) COLLATE utf8_unicode_ci DEFAULT NULL,
  `description` text COLLATE utf8_unicode_ci,
  `vat_src_code` varchar(10) COLLATE utf8_unicode_ci DEFAULT '',
  `tva_tx` double(6,3) DEFAULT NULL,
  `localtax1_tx` double(6,3) DEFAULT '0.000',
  `localtax1_type` varchar(10) COLLATE utf8_unicode_ci DEFAULT NULL,
  `localtax2_tx` double(6,3) DEFAULT '0.000',
  `localtax2_type` varchar(10) COLLATE utf8_unicode_ci DEFAULT NULL,
  `qty` double DEFAULT NULL,
  `remise_percent` double DEFAULT '0',
  `remise` double DEFAULT '0',
  `subprice` double(24,8) DEFAULT NULL,
  `price` double(24,8) DEFAULT NULL,
  `total_ht` double(24,8) DEFAULT NULL,
  `total_tva` double(24,8) DEFAULT NULL,
  `total_localtax1` double(24,8) DEFAULT '0.00000000',
  `total_localtax2` double(24,8) DEFAULT '0.00000000',
  `total_ttc` double(24,8) DEFAULT NULL,
  `date_start_fill` int(11) DEFAULT '0',
  `date_end_fill` int(11) DEFAULT '0',
  `info_bits` int(11) DEFAULT '0',
  `special_code` int(10) unsigned DEFAULT '0',
  `rang` int(11) DEFAULT '0',
  `fk_contract_line` int(11) DEFAULT NULL,
  `fk_unit` int(11) DEFAULT NULL,
  `import_key` varchar(14) COLLATE utf8_unicode_ci DEFAULT NULL,
  `fk_multicurrency` int(11) DEFAULT NULL,
  `multicurrency_code` varchar(255) COLLATE utf8_unicode_ci DEFAULT NULL,
  `multicurrency_subprice` double(24,8) DEFAULT '0.00000000',
  `multicurrency_total_ht` double(24,8) DEFAULT '0.00000000',
  `multicurrency_total_tva` double(24,8) DEFAULT '0.00000000',
  `multicurrency_total_ttc` double(24,8) DEFAULT '0.00000000',
  PRIMARY KEY (`rowid`),
  KEY `fk_facturedet_rec_fk_unit` (`fk_unit`),
  CONSTRAINT `fk_facturedet_rec_fk_unit` FOREIGN KEY (`fk_unit`) REFERENCES `llx_c_units` (`rowid`)
) ENGINE=InnoDB AUTO_INCREMENT=2 DEFAULT CHARSET=utf8 COLLATE=utf8_unicode_ci;

--
-- Dumping data for table `llx_facturedet_rec`
--

INSERT INTO `llx_facturedet_rec` (`rowid`, `fk_facture`, `fk_parent_line`, `fk_product`, `product_type`, `label`, `description`, `vat_src_code`, `tva_tx`, `localtax1_tx`, `localtax1_type`, `localtax2_tx`, `localtax2_type`, `qty`, `remise_percent`, `remise`, `subprice`, `price`, `total_ht`, `total_tva`, `total_localtax1`, `total_localtax2`, `total_ttc`, `date_start_fill`, `date_end_fill`, `info_bits`, `special_code`, `rang`, `fk_contract_line`, `fk_unit`, `import_key`, `fk_multicurrency`, `multicurrency_code`, `multicurrency_subprice`, `multicurrency_total_ht`, `multicurrency_total_tva`, `multicurrency_total_ttc`) VALUES (1,1,NULL,NULL,1,NULL,'Contrat N&deg; ARPT/MTSOLUTIONS/2017<br />\r\nMontant HT 500.000.000GNF<br />\r\nAcompte N&deg;1 du 22/12/2017 = 75.000.000GNF<br />\r\nAcompte N&deg;2 du 31/05/2018 = 75.000.000GNF','TVA',18.000,0.000,'1',0.000,'0',1,0,NULL,350000000.00000000,350000000.00000000,350000000.00000000,63000000.00000000,0.00000000,0.00000000,413000000.00000000,0,0,0,0,1,NULL,NULL,NULL,0,'GNF',350000000.00000000,350000000.00000000,63000000.00000000,413000000.00000000);

--
-- Table structure for table `llx_facturedet_rec_extrafields`
--

CREATE TABLE `llx_facturedet_rec_extrafields` (
  `rowid` int(11) NOT NULL AUTO_INCREMENT,
  `tms` timestamp NOT NULL DEFAULT CURRENT_TIMESTAMP ON UPDATE CURRENT_TIMESTAMP,
  `fk_object` int(11) NOT NULL,
  `import_key` varchar(14) COLLATE utf8_unicode_ci DEFAULT NULL,
  PRIMARY KEY (`rowid`),
  KEY `idx_facturedet_rec_extrafields` (`fk_object`)
) ENGINE=InnoDB DEFAULT CHARSET=utf8 COLLATE=utf8_unicode_ci;

--
-- Dumping data for table `llx_facturedet_rec_extrafields`
--


--
-- Table structure for table `llx_fichinter`
--

CREATE TABLE `llx_fichinter` (
  `rowid` int(11) NOT NULL AUTO_INCREMENT,
  `fk_soc` int(11) NOT NULL,
  `fk_projet` int(11) DEFAULT '0',
  `fk_contrat` int(11) DEFAULT '0',
  `ref` varchar(30) COLLATE utf8_unicode_ci NOT NULL,
  `ref_ext` varchar(255) COLLATE utf8_unicode_ci DEFAULT NULL,
  `entity` int(11) NOT NULL DEFAULT '1',
  `tms` timestamp NOT NULL DEFAULT CURRENT_TIMESTAMP ON UPDATE CURRENT_TIMESTAMP,
  `datec` datetime DEFAULT NULL,
  `date_valid` datetime DEFAULT NULL,
  `datei` date DEFAULT NULL,
  `fk_user_author` int(11) DEFAULT NULL,
  `fk_user_modif` int(11) DEFAULT NULL,
  `fk_user_valid` int(11) DEFAULT NULL,
  `fk_statut` smallint(6) DEFAULT '0',
  `dateo` date DEFAULT NULL,
  `datee` date DEFAULT NULL,
  `datet` date DEFAULT NULL,
  `duree` double DEFAULT NULL,
  `description` text COLLATE utf8_unicode_ci,
  `note_private` text COLLATE utf8_unicode_ci,
  `note_public` text COLLATE utf8_unicode_ci,
  `model_pdf` varchar(255) COLLATE utf8_unicode_ci DEFAULT NULL,
  `last_main_doc` varchar(255) COLLATE utf8_unicode_ci DEFAULT NULL,
  `import_key` varchar(14) COLLATE utf8_unicode_ci DEFAULT NULL,
  `extraparams` varchar(255) COLLATE utf8_unicode_ci DEFAULT NULL,
  PRIMARY KEY (`rowid`),
  UNIQUE KEY `uk_fichinter_ref` (`ref`,`entity`),
  KEY `idx_fichinter_fk_soc` (`fk_soc`),
  CONSTRAINT `fk_fichinter_fk_soc` FOREIGN KEY (`fk_soc`) REFERENCES `llx_societe` (`rowid`)
) ENGINE=InnoDB DEFAULT CHARSET=utf8 COLLATE=utf8_unicode_ci;

--
-- Dumping data for table `llx_fichinter`
--


--
-- Table structure for table `llx_fichinter_extrafields`
--

CREATE TABLE `llx_fichinter_extrafields` (
  `rowid` int(11) NOT NULL AUTO_INCREMENT,
  `tms` timestamp NOT NULL DEFAULT CURRENT_TIMESTAMP ON UPDATE CURRENT_TIMESTAMP,
  `fk_object` int(11) NOT NULL,
  `import_key` varchar(14) COLLATE utf8_unicode_ci DEFAULT NULL,
  PRIMARY KEY (`rowid`),
  KEY `idx_ficheinter_extrafields` (`fk_object`)
) ENGINE=InnoDB DEFAULT CHARSET=utf8 COLLATE=utf8_unicode_ci;

--
-- Dumping data for table `llx_fichinter_extrafields`
--


--
-- Table structure for table `llx_fichinterdet`
--

CREATE TABLE `llx_fichinterdet` (
  `rowid` int(11) NOT NULL AUTO_INCREMENT,
  `fk_fichinter` int(11) DEFAULT NULL,
  `fk_parent_line` int(11) DEFAULT NULL,
  `date` datetime DEFAULT NULL,
  `description` text COLLATE utf8_unicode_ci,
  `duree` int(11) DEFAULT NULL,
  `rang` int(11) DEFAULT '0',
  PRIMARY KEY (`rowid`),
  KEY `idx_fichinterdet_fk_fichinter` (`fk_fichinter`),
  CONSTRAINT `fk_fichinterdet_fk_fichinter` FOREIGN KEY (`fk_fichinter`) REFERENCES `llx_fichinter` (`rowid`)
) ENGINE=InnoDB DEFAULT CHARSET=utf8 COLLATE=utf8_unicode_ci;

--
-- Dumping data for table `llx_fichinterdet`
--


--
-- Table structure for table `llx_fichinterdet_extrafields`
--

CREATE TABLE `llx_fichinterdet_extrafields` (
  `rowid` int(11) NOT NULL AUTO_INCREMENT,
  `tms` timestamp NOT NULL DEFAULT CURRENT_TIMESTAMP ON UPDATE CURRENT_TIMESTAMP,
  `fk_object` int(11) NOT NULL,
  `import_key` varchar(14) COLLATE utf8_unicode_ci DEFAULT NULL,
  PRIMARY KEY (`rowid`),
  KEY `idx_ficheinterdet_extrafields` (`fk_object`)
) ENGINE=InnoDB DEFAULT CHARSET=utf8 COLLATE=utf8_unicode_ci;

--
-- Dumping data for table `llx_fichinterdet_extrafields`
--


--
-- Table structure for table `llx_holiday`
--

CREATE TABLE `llx_holiday` (
  `rowid` int(11) NOT NULL AUTO_INCREMENT,
  `ref` varchar(30) COLLATE utf8_unicode_ci DEFAULT NULL,
  `ref_ext` varchar(255) COLLATE utf8_unicode_ci DEFAULT NULL,
  `entity` int(11) NOT NULL DEFAULT '1',
  `fk_user` int(11) NOT NULL,
  `fk_user_create` int(11) DEFAULT NULL,
  `fk_user_modif` int(11) DEFAULT NULL,
  `fk_type` int(11) NOT NULL,
  `date_create` datetime NOT NULL,
  `description` varchar(255) COLLATE utf8_unicode_ci NOT NULL,
  `date_debut` date NOT NULL,
  `date_fin` date NOT NULL,
  `halfday` int(11) DEFAULT '0',
  `statut` int(11) NOT NULL DEFAULT '1',
  `fk_validator` int(11) NOT NULL,
  `date_valid` datetime DEFAULT NULL,
  `fk_user_valid` int(11) DEFAULT NULL,
  `date_refuse` datetime DEFAULT NULL,
  `fk_user_refuse` int(11) DEFAULT NULL,
  `date_cancel` datetime DEFAULT NULL,
  `fk_user_cancel` int(11) DEFAULT NULL,
  `detail_refuse` varchar(250) COLLATE utf8_unicode_ci DEFAULT NULL,
  `note_private` text COLLATE utf8_unicode_ci,
  `note_public` text COLLATE utf8_unicode_ci,
  `tms` timestamp NOT NULL DEFAULT CURRENT_TIMESTAMP ON UPDATE CURRENT_TIMESTAMP,
  `import_key` varchar(14) COLLATE utf8_unicode_ci DEFAULT NULL,
  `extraparams` varchar(255) COLLATE utf8_unicode_ci DEFAULT NULL,
  PRIMARY KEY (`rowid`),
  KEY `idx_holiday_entity` (`entity`),
  KEY `idx_holiday_fk_user` (`fk_user`),
  KEY `idx_holiday_fk_user_create` (`fk_user_create`),
  KEY `idx_holiday_date_create` (`date_create`),
  KEY `idx_holiday_date_debut` (`date_debut`),
  KEY `idx_holiday_date_fin` (`date_fin`),
  KEY `idx_holiday_fk_validator` (`fk_validator`)
) ENGINE=InnoDB DEFAULT CHARSET=utf8 COLLATE=utf8_unicode_ci;

--
-- Dumping data for table `llx_holiday`
--


--
-- Table structure for table `llx_holiday_config`
--

CREATE TABLE `llx_holiday_config` (
  `rowid` int(11) NOT NULL AUTO_INCREMENT,
  `name` varchar(128) COLLATE utf8_unicode_ci NOT NULL,
  `value` text COLLATE utf8_unicode_ci,
  PRIMARY KEY (`rowid`),
  UNIQUE KEY `idx_holiday_config` (`name`)
) ENGINE=InnoDB AUTO_INCREMENT=2 DEFAULT CHARSET=utf8 COLLATE=utf8_unicode_ci;

--
-- Dumping data for table `llx_holiday_config`
--

INSERT INTO `llx_holiday_config` (`rowid`, `name`, `value`) VALUES (1,'lastUpdate','20190121183804');

--
-- Table structure for table `llx_holiday_logs`
--

CREATE TABLE `llx_holiday_logs` (
  `rowid` int(11) NOT NULL AUTO_INCREMENT,
  `date_action` datetime NOT NULL,
  `fk_user_action` int(11) NOT NULL,
  `fk_user_update` int(11) NOT NULL,
  `fk_type` int(11) NOT NULL,
  `type_action` varchar(255) COLLATE utf8_unicode_ci NOT NULL,
  `prev_solde` varchar(255) COLLATE utf8_unicode_ci NOT NULL,
  `new_solde` varchar(255) COLLATE utf8_unicode_ci NOT NULL,
  PRIMARY KEY (`rowid`)
) ENGINE=InnoDB DEFAULT CHARSET=utf8 COLLATE=utf8_unicode_ci;

--
-- Dumping data for table `llx_holiday_logs`
--


--
-- Table structure for table `llx_holiday_users`
--

CREATE TABLE `llx_holiday_users` (
  `fk_user` int(11) NOT NULL,
  `fk_type` int(11) NOT NULL,
  `nb_holiday` double NOT NULL DEFAULT '0',
  UNIQUE KEY `uk_holiday_users` (`fk_user`,`fk_type`,`nb_holiday`)
) ENGINE=InnoDB DEFAULT CHARSET=utf8 COLLATE=utf8_unicode_ci;

--
-- Dumping data for table `llx_holiday_users`
--

INSERT INTO `llx_holiday_users` (`fk_user`, `fk_type`, `nb_holiday`) VALUES (4,2,0);

--
-- Table structure for table `llx_import_model`
--

CREATE TABLE `llx_import_model` (
  `rowid` int(11) NOT NULL AUTO_INCREMENT,
  `fk_user` int(11) NOT NULL DEFAULT '0',
  `label` varchar(50) COLLATE utf8_unicode_ci NOT NULL,
  `type` varchar(50) COLLATE utf8_unicode_ci NOT NULL,
  `field` text COLLATE utf8_unicode_ci NOT NULL,
  PRIMARY KEY (`rowid`),
  UNIQUE KEY `uk_import_model` (`label`,`type`)
) ENGINE=InnoDB DEFAULT CHARSET=utf8 COLLATE=utf8_unicode_ci;

--
-- Dumping data for table `llx_import_model`
--


--
-- Table structure for table `llx_inventory`
--

CREATE TABLE `llx_inventory` (
  `rowid` int(11) NOT NULL AUTO_INCREMENT,
  `entity` int(11) DEFAULT '0',
  `ref` varchar(48) COLLATE utf8_unicode_ci DEFAULT NULL,
  `date_creation` datetime DEFAULT NULL,
  `tms` timestamp NOT NULL DEFAULT CURRENT_TIMESTAMP ON UPDATE CURRENT_TIMESTAMP,
  `fk_user_creat` int(11) DEFAULT NULL,
  `fk_user_modif` int(11) DEFAULT NULL,
  `fk_user_valid` int(11) DEFAULT NULL,
  `fk_warehouse` int(11) DEFAULT NULL,
  `fk_product` int(11) DEFAULT NULL,
  `status` int(11) DEFAULT '0',
  `title` varchar(255) COLLATE utf8_unicode_ci NOT NULL,
  `date_inventory` datetime DEFAULT NULL,
  `date_validation` datetime DEFAULT NULL,
  `import_key` varchar(14) COLLATE utf8_unicode_ci DEFAULT NULL,
  PRIMARY KEY (`rowid`),
  UNIQUE KEY `uk_inventory_ref` (`ref`,`entity`),
  KEY `idx_inventory_tms` (`tms`),
  KEY `idx_inventory_date_creation` (`date_creation`)
) ENGINE=InnoDB DEFAULT CHARSET=utf8 COLLATE=utf8_unicode_ci;

--
-- Dumping data for table `llx_inventory`
--


--
-- Table structure for table `llx_inventorydet`
--

CREATE TABLE `llx_inventorydet` (
  `rowid` int(11) NOT NULL AUTO_INCREMENT,
  `datec` datetime DEFAULT NULL,
  `tms` timestamp NOT NULL DEFAULT CURRENT_TIMESTAMP ON UPDATE CURRENT_TIMESTAMP,
  `fk_inventory` int(11) DEFAULT '0',
  `fk_warehouse` int(11) DEFAULT '0',
  `fk_product` int(11) DEFAULT '0',
  `batch` varchar(30) COLLATE utf8_unicode_ci DEFAULT NULL,
  `qty_view` double DEFAULT NULL,
  `qty_stock` double DEFAULT NULL,
  `qty_regulated` double DEFAULT NULL,
  `pmp` double DEFAULT '0',
  `pa` double DEFAULT '0',
  `new_pmp` double DEFAULT '0',
  PRIMARY KEY (`rowid`),
  KEY `idx_inventorydet_tms` (`tms`),
  KEY `idx_inventorydet_datec` (`datec`),
  KEY `idx_inventorydet_fk_inventory` (`fk_inventory`)
) ENGINE=InnoDB DEFAULT CHARSET=utf8 COLLATE=utf8_unicode_ci;

--
-- Dumping data for table `llx_inventorydet`
--


--
-- Table structure for table `llx_links`
--

CREATE TABLE `llx_links` (
  `rowid` int(11) NOT NULL AUTO_INCREMENT,
  `entity` int(11) NOT NULL DEFAULT '1',
  `datea` datetime NOT NULL,
  `url` varchar(255) COLLATE utf8_unicode_ci NOT NULL,
  `label` varchar(255) COLLATE utf8_unicode_ci NOT NULL,
  `objecttype` varchar(255) COLLATE utf8_unicode_ci NOT NULL,
  `objectid` int(11) NOT NULL,
  PRIMARY KEY (`rowid`),
  UNIQUE KEY `uk_links` (`objectid`,`label`)
) ENGINE=InnoDB DEFAULT CHARSET=utf8 COLLATE=utf8_unicode_ci;

--
-- Dumping data for table `llx_links`
--


--
-- Table structure for table `llx_livraison`
--

CREATE TABLE `llx_livraison` (
  `rowid` int(11) NOT NULL AUTO_INCREMENT,
  `tms` timestamp NOT NULL DEFAULT CURRENT_TIMESTAMP ON UPDATE CURRENT_TIMESTAMP,
  `ref` varchar(30) COLLATE utf8_unicode_ci NOT NULL,
  `entity` int(11) NOT NULL DEFAULT '1',
  `fk_soc` int(11) NOT NULL,
  `ref_ext` varchar(255) COLLATE utf8_unicode_ci DEFAULT NULL,
  `ref_int` varchar(255) COLLATE utf8_unicode_ci DEFAULT NULL,
  `ref_customer` varchar(255) COLLATE utf8_unicode_ci DEFAULT NULL,
  `date_creation` datetime DEFAULT NULL,
  `fk_user_author` int(11) DEFAULT NULL,
  `date_valid` datetime DEFAULT NULL,
  `fk_user_valid` int(11) DEFAULT NULL,
  `date_delivery` datetime DEFAULT NULL,
  `fk_address` int(11) DEFAULT NULL,
  `fk_statut` smallint(6) DEFAULT '0',
  `total_ht` double(24,8) DEFAULT '0.00000000',
  `note_private` text COLLATE utf8_unicode_ci,
  `note_public` text COLLATE utf8_unicode_ci,
  `model_pdf` varchar(255) COLLATE utf8_unicode_ci DEFAULT NULL,
  `last_main_doc` varchar(255) COLLATE utf8_unicode_ci DEFAULT NULL,
  `fk_incoterms` int(11) DEFAULT NULL,
  `location_incoterms` varchar(255) COLLATE utf8_unicode_ci DEFAULT NULL,
  `import_key` varchar(14) COLLATE utf8_unicode_ci DEFAULT NULL,
  `extraparams` varchar(255) COLLATE utf8_unicode_ci DEFAULT NULL,
  PRIMARY KEY (`rowid`),
  UNIQUE KEY `idx_livraison_uk_ref` (`ref`,`entity`),
  KEY `idx_livraison_fk_soc` (`fk_soc`),
  KEY `idx_livraison_fk_user_author` (`fk_user_author`),
  KEY `idx_livraison_fk_user_valid` (`fk_user_valid`),
  CONSTRAINT `fk_livraison_fk_soc` FOREIGN KEY (`fk_soc`) REFERENCES `llx_societe` (`rowid`),
  CONSTRAINT `fk_livraison_fk_user_author` FOREIGN KEY (`fk_user_author`) REFERENCES `llx_user` (`rowid`),
  CONSTRAINT `fk_livraison_fk_user_valid` FOREIGN KEY (`fk_user_valid`) REFERENCES `llx_user` (`rowid`)
) ENGINE=InnoDB DEFAULT CHARSET=utf8 COLLATE=utf8_unicode_ci;

--
-- Dumping data for table `llx_livraison`
--


--
-- Table structure for table `llx_livraison_extrafields`
--

CREATE TABLE `llx_livraison_extrafields` (
  `rowid` int(11) NOT NULL AUTO_INCREMENT,
  `tms` timestamp NOT NULL DEFAULT CURRENT_TIMESTAMP ON UPDATE CURRENT_TIMESTAMP,
  `fk_object` int(11) NOT NULL,
  `import_key` varchar(14) COLLATE utf8_unicode_ci DEFAULT NULL,
  PRIMARY KEY (`rowid`),
  KEY `idx_livraison_extrafields` (`fk_object`)
) ENGINE=InnoDB DEFAULT CHARSET=utf8 COLLATE=utf8_unicode_ci;

--
-- Dumping data for table `llx_livraison_extrafields`
--


--
-- Table structure for table `llx_livraisondet`
--

CREATE TABLE `llx_livraisondet` (
  `rowid` int(11) NOT NULL AUTO_INCREMENT,
  `fk_livraison` int(11) DEFAULT NULL,
  `fk_origin_line` int(11) DEFAULT NULL,
  `fk_product` int(11) DEFAULT NULL,
  `description` text COLLATE utf8_unicode_ci,
  `qty` double DEFAULT NULL,
  `subprice` double(24,8) DEFAULT '0.00000000',
  `total_ht` double(24,8) DEFAULT '0.00000000',
  `rang` int(11) DEFAULT '0',
  PRIMARY KEY (`rowid`),
  KEY `idx_livraisondet_fk_expedition` (`fk_livraison`),
  CONSTRAINT `fk_livraisondet_fk_livraison` FOREIGN KEY (`fk_livraison`) REFERENCES `llx_livraison` (`rowid`)
) ENGINE=InnoDB DEFAULT CHARSET=utf8 COLLATE=utf8_unicode_ci;

--
-- Dumping data for table `llx_livraisondet`
--


--
-- Table structure for table `llx_livraisondet_extrafields`
--

CREATE TABLE `llx_livraisondet_extrafields` (
  `rowid` int(11) NOT NULL AUTO_INCREMENT,
  `tms` timestamp NOT NULL DEFAULT CURRENT_TIMESTAMP ON UPDATE CURRENT_TIMESTAMP,
  `fk_object` int(11) NOT NULL,
  `import_key` varchar(14) COLLATE utf8_unicode_ci DEFAULT NULL,
  PRIMARY KEY (`rowid`),
  KEY `idx_livraisondet_extrafields` (`fk_object`)
) ENGINE=InnoDB DEFAULT CHARSET=utf8 COLLATE=utf8_unicode_ci;

--
-- Dumping data for table `llx_livraisondet_extrafields`
--


--
-- Table structure for table `llx_loan`
--

CREATE TABLE `llx_loan` (
  `rowid` int(11) NOT NULL AUTO_INCREMENT,
  `entity` int(11) NOT NULL DEFAULT '1',
  `datec` datetime DEFAULT NULL,
  `tms` timestamp NOT NULL DEFAULT CURRENT_TIMESTAMP ON UPDATE CURRENT_TIMESTAMP,
  `label` varchar(80) COLLATE utf8_unicode_ci NOT NULL,
  `fk_bank` int(11) DEFAULT NULL,
  `capital` double(24,8) NOT NULL DEFAULT '0.00000000',
  `datestart` date DEFAULT NULL,
  `dateend` date DEFAULT NULL,
  `nbterm` double DEFAULT NULL,
  `rate` double NOT NULL,
  `note_private` text COLLATE utf8_unicode_ci,
  `note_public` text COLLATE utf8_unicode_ci,
  `capital_position` double(24,8) DEFAULT '0.00000000',
  `date_position` date DEFAULT NULL,
  `paid` smallint(6) NOT NULL DEFAULT '0',
  `accountancy_account_capital` varchar(32) COLLATE utf8_unicode_ci DEFAULT NULL,
  `accountancy_account_insurance` varchar(32) COLLATE utf8_unicode_ci DEFAULT NULL,
  `accountancy_account_interest` varchar(32) COLLATE utf8_unicode_ci DEFAULT NULL,
  `fk_projet` int(11) DEFAULT NULL,
  `fk_user_author` int(11) DEFAULT NULL,
  `fk_user_modif` int(11) DEFAULT NULL,
  `active` tinyint(4) NOT NULL DEFAULT '1',
  PRIMARY KEY (`rowid`)
) ENGINE=InnoDB DEFAULT CHARSET=utf8 COLLATE=utf8_unicode_ci;

--
-- Dumping data for table `llx_loan`
--


--
-- Table structure for table `llx_loan_schedule`
--

CREATE TABLE `llx_loan_schedule` (
  `rowid` int(11) NOT NULL AUTO_INCREMENT,
  `fk_loan` int(11) DEFAULT NULL,
  `datec` datetime DEFAULT NULL,
  `tms` timestamp NOT NULL DEFAULT CURRENT_TIMESTAMP ON UPDATE CURRENT_TIMESTAMP,
  `datep` datetime DEFAULT NULL,
  `amount_capital` double(24,8) DEFAULT '0.00000000',
  `amount_insurance` double(24,8) DEFAULT '0.00000000',
  `amount_interest` double(24,8) DEFAULT '0.00000000',
  `fk_typepayment` int(11) NOT NULL,
  `num_payment` varchar(50) COLLATE utf8_unicode_ci DEFAULT NULL,
  `note_private` text COLLATE utf8_unicode_ci,
  `note_public` text COLLATE utf8_unicode_ci,
  `fk_bank` int(11) NOT NULL,
  `fk_user_creat` int(11) DEFAULT NULL,
  `fk_user_modif` int(11) DEFAULT NULL,
  PRIMARY KEY (`rowid`)
) ENGINE=InnoDB DEFAULT CHARSET=utf8 COLLATE=utf8_unicode_ci;

--
-- Dumping data for table `llx_loan_schedule`
--


--
-- Table structure for table `llx_localtax`
--

CREATE TABLE `llx_localtax` (
  `rowid` int(11) NOT NULL AUTO_INCREMENT,
  `entity` int(11) NOT NULL DEFAULT '1',
  `localtaxtype` tinyint(4) DEFAULT NULL,
  `tms` timestamp NOT NULL DEFAULT CURRENT_TIMESTAMP ON UPDATE CURRENT_TIMESTAMP,
  `datep` date DEFAULT NULL,
  `datev` date DEFAULT NULL,
  `amount` double DEFAULT NULL,
  `label` varchar(255) COLLATE utf8_unicode_ci DEFAULT NULL,
  `note` text COLLATE utf8_unicode_ci,
  `fk_bank` int(11) DEFAULT NULL,
  `fk_user_creat` int(11) DEFAULT NULL,
  `fk_user_modif` int(11) DEFAULT NULL,
  PRIMARY KEY (`rowid`)
) ENGINE=InnoDB DEFAULT CHARSET=utf8 COLLATE=utf8_unicode_ci;

--
-- Dumping data for table `llx_localtax`
--


--
-- Table structure for table `llx_mailing`
--

CREATE TABLE `llx_mailing` (
  `rowid` int(11) NOT NULL AUTO_INCREMENT,
  `statut` smallint(6) DEFAULT '0',
  `titre` varchar(128) COLLATE utf8_unicode_ci DEFAULT NULL,
  `entity` int(11) NOT NULL DEFAULT '1',
  `sujet` varchar(128) COLLATE utf8_unicode_ci DEFAULT NULL,
  `body` mediumtext COLLATE utf8_unicode_ci,
  `bgcolor` varchar(8) COLLATE utf8_unicode_ci DEFAULT NULL,
  `bgimage` varchar(255) COLLATE utf8_unicode_ci DEFAULT NULL,
  `cible` varchar(60) COLLATE utf8_unicode_ci DEFAULT NULL,
  `nbemail` int(11) DEFAULT NULL,
  `email_from` varchar(160) COLLATE utf8_unicode_ci DEFAULT NULL,
  `email_replyto` varchar(160) COLLATE utf8_unicode_ci DEFAULT NULL,
  `email_errorsto` varchar(160) COLLATE utf8_unicode_ci DEFAULT NULL,
  `tag` varchar(128) COLLATE utf8_unicode_ci DEFAULT NULL,
  `date_creat` datetime DEFAULT NULL,
  `date_valid` datetime DEFAULT NULL,
  `date_appro` datetime DEFAULT NULL,
  `date_envoi` datetime DEFAULT NULL,
  `fk_user_creat` int(11) DEFAULT NULL,
  `fk_user_valid` int(11) DEFAULT NULL,
  `fk_user_appro` int(11) DEFAULT NULL,
  `extraparams` varchar(255) COLLATE utf8_unicode_ci DEFAULT NULL,
  `joined_file1` varchar(255) COLLATE utf8_unicode_ci DEFAULT NULL,
  `joined_file2` varchar(255) COLLATE utf8_unicode_ci DEFAULT NULL,
  `joined_file3` varchar(255) COLLATE utf8_unicode_ci DEFAULT NULL,
  `joined_file4` varchar(255) COLLATE utf8_unicode_ci DEFAULT NULL,
  PRIMARY KEY (`rowid`)
) ENGINE=InnoDB DEFAULT CHARSET=utf8 COLLATE=utf8_unicode_ci;

--
-- Dumping data for table `llx_mailing`
--


--
-- Table structure for table `llx_mailing_cibles`
--

CREATE TABLE `llx_mailing_cibles` (
  `rowid` int(11) NOT NULL AUTO_INCREMENT,
  `fk_mailing` int(11) NOT NULL,
  `fk_contact` int(11) NOT NULL,
  `lastname` varchar(160) COLLATE utf8_unicode_ci DEFAULT NULL,
  `firstname` varchar(160) COLLATE utf8_unicode_ci DEFAULT NULL,
  `email` varchar(160) COLLATE utf8_unicode_ci NOT NULL,
  `other` varchar(255) COLLATE utf8_unicode_ci DEFAULT NULL,
  `tag` varchar(128) COLLATE utf8_unicode_ci DEFAULT NULL,
  `statut` smallint(6) NOT NULL DEFAULT '0',
  `source_url` varchar(255) COLLATE utf8_unicode_ci DEFAULT NULL,
  `source_id` int(11) DEFAULT NULL,
  `source_type` varchar(16) COLLATE utf8_unicode_ci DEFAULT NULL,
  `date_envoi` datetime DEFAULT NULL,
  `error_text` varchar(255) COLLATE utf8_unicode_ci DEFAULT NULL,
  PRIMARY KEY (`rowid`),
  UNIQUE KEY `uk_mailing_cibles` (`fk_mailing`,`email`),
  KEY `idx_mailing_cibles_email` (`email`)
) ENGINE=InnoDB DEFAULT CHARSET=utf8 COLLATE=utf8_unicode_ci;

--
-- Dumping data for table `llx_mailing_cibles`
--


--
-- Table structure for table `llx_menu`
--

CREATE TABLE `llx_menu` (
  `rowid` int(11) NOT NULL AUTO_INCREMENT,
  `menu_handler` varchar(16) COLLATE utf8_unicode_ci NOT NULL,
  `entity` int(11) NOT NULL DEFAULT '1',
  `module` varchar(64) COLLATE utf8_unicode_ci DEFAULT NULL,
  `type` varchar(4) COLLATE utf8_unicode_ci NOT NULL,
  `mainmenu` varchar(100) COLLATE utf8_unicode_ci NOT NULL,
  `leftmenu` varchar(100) COLLATE utf8_unicode_ci DEFAULT NULL,
  `fk_menu` int(11) NOT NULL,
  `fk_mainmenu` varchar(100) COLLATE utf8_unicode_ci DEFAULT NULL,
  `fk_leftmenu` varchar(100) COLLATE utf8_unicode_ci DEFAULT NULL,
  `position` int(11) NOT NULL,
  `url` varchar(255) COLLATE utf8_unicode_ci NOT NULL,
  `target` varchar(100) COLLATE utf8_unicode_ci DEFAULT NULL,
  `titre` varchar(255) COLLATE utf8_unicode_ci NOT NULL,
  `langs` varchar(100) COLLATE utf8_unicode_ci DEFAULT NULL,
  `level` smallint(6) DEFAULT NULL,
  `perms` text COLLATE utf8_unicode_ci,
  `enabled` varchar(255) COLLATE utf8_unicode_ci DEFAULT '1',
  `usertype` int(11) NOT NULL DEFAULT '0',
  `tms` timestamp NOT NULL DEFAULT CURRENT_TIMESTAMP ON UPDATE CURRENT_TIMESTAMP,
  PRIMARY KEY (`rowid`),
  UNIQUE KEY `idx_menu_uk_menu` (`menu_handler`,`fk_menu`,`position`,`url`,`entity`),
  KEY `idx_menu_menuhandler_type` (`menu_handler`,`type`)
) ENGINE=InnoDB AUTO_INCREMENT=30 DEFAULT CHARSET=utf8 COLLATE=utf8_unicode_ci;

--
-- Dumping data for table `llx_menu`
--

INSERT INTO `llx_menu` (`rowid`, `menu_handler`, `entity`, `module`, `type`, `mainmenu`, `leftmenu`, `fk_menu`, `fk_mainmenu`, `fk_leftmenu`, `position`, `url`, `target`, `titre`, `langs`, `level`, `perms`, `enabled`, `usertype`, `tms`) VALUES (1,'all',1,'supplier_proposal','left','commercial','supplier_proposalsubmenu',-1,'commercial',NULL,300,'/supplier_proposal/index.php','','SupplierProposalsShort','supplier_proposal',NULL,'$user->rights->supplier_proposal->lire','$conf->supplier_proposal->enabled',2,'2019-01-14 15:35:34'),(2,'all',1,'supplier_proposal','left','commercial',NULL,-1,'commercial','supplier_proposalsubmenu',301,'/supplier_proposal/card.php?action=create&amp;leftmenu=supplier_proposals','','SupplierProposalNew','supplier_proposal',NULL,'$user->rights->supplier_proposal->creer','$conf->supplier_proposal->enabled',2,'2019-01-14 15:35:34'),(3,'all',1,'supplier_proposal','left','commercial',NULL,-1,'commercial','supplier_proposalsubmenu',302,'/supplier_proposal/list.php?leftmenu=supplier_proposals','','List','supplier_proposal',NULL,'$user->rights->supplier_proposal->lire','$conf->supplier_proposal->enabled',2,'2019-01-14 15:35:34'),(4,'all',1,'supplier_proposal','left','commercial',NULL,-1,'commercial','supplier_proposalsubmenu',303,'/comm/propal/stats/index.php?leftmenu=supplier_proposals&amp;mode=supplier','','Statistics','supplier_proposal',NULL,'$user->rights->supplier_proposal->lire','$conf->supplier_proposal->enabled',2,'2019-01-14 15:35:34'),(5,'all',1,'margins','left','billing','margins',-1,'billing',NULL,100,'/margin/index.php','','Margins','margins',NULL,'$user->rights->margins->liretous','$conf->margin->enabled',2,'2019-01-14 15:36:47'),(6,'all',1,'cron','left','home',NULL,-1,'home','admintools',200,'/cron/list.php?status=-2&leftmenu=admintools','','CronList','cron',NULL,'$user->rights->cron->read','$conf->cron->enabled && preg_match(\'/^(admintools|all)/\', $leftmenu)',2,'2019-01-14 15:39:26'),(7,'all',1,'agenda','top','agenda',NULL,0,NULL,NULL,15,'/comm/action/index.php','','TMenuAgenda','agenda',NULL,'$user->rights->agenda->myactions->read','$conf->agenda->enabled',2,'2019-01-21 18:21:14'),(8,'all',1,'agenda','left','agenda',NULL,7,NULL,NULL,100,'/comm/action/index.php?mainmenu=agenda&amp;leftmenu=agenda','','Actions','agenda',NULL,'$user->rights->agenda->myactions->read','$conf->agenda->enabled',2,'2019-01-21 18:21:14'),(9,'all',1,'agenda','left','agenda',NULL,8,NULL,NULL,101,'/comm/action/card.php?mainmenu=agenda&amp;leftmenu=agenda&amp;action=create','','NewAction','commercial',NULL,'($user->rights->agenda->myactions->create||$user->rights->agenda->allactions->create)','$conf->agenda->enabled',2,'2019-01-21 18:21:14'),(10,'all',1,'agenda','left','agenda',NULL,8,NULL,NULL,140,'/comm/action/index.php?action=default&amp;mainmenu=agenda&amp;leftmenu=agenda','','Agenda','agenda',NULL,'$user->rights->agenda->myactions->read','$conf->agenda->enabled',2,'2019-01-21 18:21:14'),(11,'all',1,'agenda','left','agenda',NULL,10,NULL,NULL,141,'/comm/action/index.php?action=default&amp;mainmenu=agenda&amp;leftmenu=agenda&amp;status=todo&amp;filter=mine','','MenuToDoMyActions','agenda',NULL,'$user->rights->agenda->myactions->read','$conf->agenda->enabled',2,'2019-01-21 18:21:14'),(12,'all',1,'agenda','left','agenda',NULL,10,NULL,NULL,142,'/comm/action/index.php?action=default&amp;mainmenu=agenda&amp;leftmenu=agenda&amp;status=done&amp;filter=mine','','MenuDoneMyActions','agenda',NULL,'$user->rights->agenda->myactions->read','$conf->agenda->enabled',2,'2019-01-21 18:21:14'),(13,'all',1,'agenda','left','agenda',NULL,10,NULL,NULL,143,'/comm/action/index.php?action=default&amp;mainmenu=agenda&amp;leftmenu=agenda&amp;status=todo&amp;filtert=-1','','MenuToDoActions','agenda',NULL,'$user->rights->agenda->allactions->read','$user->rights->agenda->allactions->read',2,'2019-01-21 18:21:14'),(14,'all',1,'agenda','left','agenda',NULL,10,NULL,NULL,144,'/comm/action/index.php?action=default&amp;mainmenu=agenda&amp;leftmenu=agenda&amp;status=done&amp;filtert=-1','','MenuDoneActions','agenda',NULL,'$user->rights->agenda->allactions->read','$user->rights->agenda->allactions->read',2,'2019-01-21 18:21:14'),(15,'all',1,'agenda','left','agenda',NULL,8,NULL,NULL,110,'/comm/action/list.php?mainmenu=agenda&amp;leftmenu=agenda','','List','agenda',NULL,'$user->rights->agenda->myactions->read','$conf->agenda->enabled',2,'2019-01-21 18:21:14'),(16,'all',1,'agenda','left','agenda',NULL,15,NULL,NULL,111,'/comm/action/list.php?mainmenu=agenda&amp;leftmenu=agenda&amp;status=todo&amp;filter=mine','','MenuToDoMyActions','agenda',NULL,'$user->rights->agenda->myactions->read','$conf->agenda->enabled',2,'2019-01-21 18:21:14'),(17,'all',1,'agenda','left','agenda',NULL,15,NULL,NULL,112,'/comm/action/list.php?mainmenu=agenda&amp;leftmenu=agenda&amp;status=done&amp;filter=mine','','MenuDoneMyActions','agenda',NULL,'$user->rights->agenda->myactions->read','$conf->agenda->enabled',2,'2019-01-21 18:21:14'),(18,'all',1,'agenda','left','agenda',NULL,15,NULL,NULL,113,'/comm/action/list.php?mainmenu=agenda&amp;leftmenu=agenda&amp;status=todo&amp;filtert=-1','','MenuToDoActions','agenda',NULL,'$user->rights->agenda->allactions->read','$user->rights->agenda->allactions->read',2,'2019-01-21 18:21:14'),(19,'all',1,'agenda','left','agenda',NULL,15,NULL,NULL,114,'/comm/action/list.php?mainmenu=agenda&amp;leftmenu=agenda&amp;status=done&amp;filtert=-1','','MenuDoneActions','agenda',NULL,'$user->rights->agenda->allactions->read','$user->rights->agenda->allactions->read',2,'2019-01-21 18:21:14'),(20,'all',1,'agenda','left','agenda',NULL,8,NULL,NULL,160,'/comm/action/rapport/index.php?mainmenu=agenda&amp;leftmenu=agenda','','Reportings','agenda',NULL,'$user->rights->agenda->allactions->read','$conf->agenda->enabled',2,'2019-01-21 18:21:14'),(21,'all',1,'resource','left','tools','resource',-1,'tools',NULL,100,'/resource/list.php','','MenuResourceIndex','resource',NULL,'$user->rights->resource->read','1',0,'2019-01-21 18:21:23'),(22,'all',1,'resource','left','tools','resource_add',-1,'tools','resource',101,'/resource/card.php?action=create','','MenuResourceAdd','resource',NULL,'$user->rights->resource->write','1',0,'2019-01-21 18:21:23'),(23,'all',1,'resource','left','tools','resource_list',-1,'tools','resource',102,'/resource/list.php','','List','resource',NULL,'$user->rights->resource->read','1',0,'2019-01-21 18:21:23'),(24,'all',1,'ecm','top','ecm',NULL,0,NULL,NULL,100,'/ecm/index.php','','MenuECM','ecm',NULL,'$user->rights->ecm->read || $user->rights->ecm->upload || $user->rights->ecm->setup','$conf->ecm->enabled',2,'2019-05-11 13:37:30'),(25,'all',1,'ecm','left','ecm','ecm',-1,'ecm',NULL,101,'/ecm/index.php?mainmenu=ecm&leftmenu=ecm','','ECMArea','ecm',NULL,'$user->rights->ecm->read || $user->rights->ecm->upload','$user->rights->ecm->read || $user->rights->ecm->upload',2,'2019-05-11 13:37:30'),(26,'all',1,'ecm','left','ecm','ecm_manual',-1,'ecm','ecm',102,'/ecm/index.php?action=file_manager&mainmenu=ecm&leftmenu=ecm','','ECMSectionsManual','ecm',NULL,'$user->rights->ecm->read || $user->rights->ecm->upload','$user->rights->ecm->read || $user->rights->ecm->upload',2,'2019-05-11 13:37:30'),(27,'all',1,'ecm','left','ecm',NULL,-1,'ecm','ecm',103,'/ecm/index_auto.php?action=file_manager&mainmenu=ecm&leftmenu=ecm','','ECMSectionsAuto','ecm',NULL,'$user->rights->ecm->read || $user->rights->ecm->upload','($user->rights->ecm->read || $user->rights->ecm->upload) && ! empty($conf->global->ECM_AUTO_TREE_ENABLED)',2,'2019-05-11 13:37:30'),(28,'all',1,'barcode','left','tools','barcodeprint',-1,'tools',NULL,200,'/barcode/printsheet.php?mainmenu=tools&leftmenu=barcodeprint','','BarCodePrintsheet','products',NULL,'($conf->global->MAIN_USE_ADVANCED_PERMS && $user->rights->barcode->lire_advance) || (! $conf->global->MAIN_USE_ADVANCED_PERMS)','$conf->barcode->enabled',2,'2019-07-02 19:16:04'),(29,'all',1,'barcode','left','home',NULL,-1,'home','admintools',300,'/barcode/codeinit.php?mainmenu=home&leftmenu=admintools','','MassBarcodeInit','products',NULL,'($conf->global->MAIN_USE_ADVANCED_PERMS && $user->rights->barcode->creer_advance) || (! $conf->global->MAIN_USE_ADVANCED_PERMS)','$conf->barcode->enabled && preg_match(\'/^(admintools|all)/\',$leftmenu)',0,'2019-07-02 19:16:04');

--
-- Table structure for table `llx_multicurrency`
--

CREATE TABLE `llx_multicurrency` (
  `rowid` int(11) NOT NULL AUTO_INCREMENT,
  `date_create` datetime DEFAULT NULL,
  `code` varchar(255) COLLATE utf8_unicode_ci DEFAULT NULL,
  `name` varchar(255) COLLATE utf8_unicode_ci DEFAULT NULL,
  `entity` int(11) DEFAULT '1',
  `fk_user` int(11) DEFAULT NULL,
  PRIMARY KEY (`rowid`)
) ENGINE=InnoDB AUTO_INCREMENT=3 DEFAULT CHARSET=utf8 COLLATE=utf8_unicode_ci;

--
-- Dumping data for table `llx_multicurrency`
--

INSERT INTO `llx_multicurrency` (`rowid`, `date_create`, `code`, `name`, `entity`, `fk_user`) VALUES (1,'2019-03-19 18:17:43','GNF','Franc Guinéen (FG)',1,2),(2,'2019-03-19 18:18:36','EUR','Euros (€)',1,2);

--
-- Table structure for table `llx_multicurrency_rate`
--

CREATE TABLE `llx_multicurrency_rate` (
  `rowid` int(11) NOT NULL AUTO_INCREMENT,
  `date_sync` datetime DEFAULT NULL,
  `rate` double NOT NULL DEFAULT '0',
  `fk_multicurrency` int(11) NOT NULL,
  `entity` int(11) DEFAULT '1',
  PRIMARY KEY (`rowid`)
) ENGINE=InnoDB AUTO_INCREMENT=5 DEFAULT CHARSET=utf8 COLLATE=utf8_unicode_ci;

--
-- Dumping data for table `llx_multicurrency_rate`
--

INSERT INTO `llx_multicurrency_rate` (`rowid`, `date_sync`, `rate`, `fk_multicurrency`, `entity`) VALUES (1,'2019-03-19 18:17:43',1,1,1),(2,'2019-03-19 18:18:36',11000,2,1),(3,'2019-03-19 18:19:55',0.0001,2,1),(4,'2019-03-19 18:23:10',0.0000961538,2,1);

--
-- Table structure for table `llx_notify`
--

CREATE TABLE `llx_notify` (
  `rowid` int(11) NOT NULL AUTO_INCREMENT,
  `tms` timestamp NOT NULL DEFAULT CURRENT_TIMESTAMP ON UPDATE CURRENT_TIMESTAMP,
  `daten` datetime DEFAULT NULL,
  `fk_action` int(11) NOT NULL,
  `fk_soc` int(11) DEFAULT NULL,
  `fk_contact` int(11) DEFAULT NULL,
  `fk_user` int(11) DEFAULT NULL,
  `type` varchar(16) COLLATE utf8_unicode_ci DEFAULT 'email',
  `type_target` varchar(16) COLLATE utf8_unicode_ci DEFAULT NULL,
  `objet_type` varchar(24) COLLATE utf8_unicode_ci NOT NULL,
  `objet_id` int(11) NOT NULL,
  `email` varchar(255) COLLATE utf8_unicode_ci DEFAULT NULL,
  PRIMARY KEY (`rowid`)
) ENGINE=InnoDB DEFAULT CHARSET=utf8 COLLATE=utf8_unicode_ci;

--
-- Dumping data for table `llx_notify`
--


--
-- Table structure for table `llx_notify_def`
--

CREATE TABLE `llx_notify_def` (
  `rowid` int(11) NOT NULL AUTO_INCREMENT,
  `tms` timestamp NOT NULL DEFAULT CURRENT_TIMESTAMP ON UPDATE CURRENT_TIMESTAMP,
  `datec` date DEFAULT NULL,
  `fk_action` int(11) NOT NULL,
  `fk_soc` int(11) DEFAULT NULL,
  `fk_contact` int(11) DEFAULT NULL,
  `fk_user` int(11) DEFAULT NULL,
  `type` varchar(16) COLLATE utf8_unicode_ci DEFAULT 'email',
  PRIMARY KEY (`rowid`)
) ENGINE=InnoDB DEFAULT CHARSET=utf8 COLLATE=utf8_unicode_ci;

--
-- Dumping data for table `llx_notify_def`
--


--
-- Table structure for table `llx_notify_def_object`
--

CREATE TABLE `llx_notify_def_object` (
  `id` int(11) NOT NULL AUTO_INCREMENT,
  `entity` int(11) NOT NULL DEFAULT '1',
  `objet_type` varchar(16) COLLATE utf8_unicode_ci DEFAULT NULL,
  `objet_id` int(11) NOT NULL,
  `type_notif` varchar(16) COLLATE utf8_unicode_ci DEFAULT 'browser',
  `date_notif` datetime DEFAULT NULL,
  `user_id` int(11) DEFAULT NULL,
  `moreparam` varchar(255) COLLATE utf8_unicode_ci DEFAULT NULL,
  PRIMARY KEY (`id`)
) ENGINE=InnoDB DEFAULT CHARSET=utf8 COLLATE=utf8_unicode_ci;

--
-- Dumping data for table `llx_notify_def_object`
--


--
-- Table structure for table `llx_oauth_state`
--

CREATE TABLE `llx_oauth_state` (
  `rowid` int(11) NOT NULL AUTO_INCREMENT,
  `service` varchar(36) COLLATE utf8_unicode_ci DEFAULT NULL,
  `state` varchar(128) COLLATE utf8_unicode_ci DEFAULT NULL,
  `fk_user` int(11) DEFAULT NULL,
  `fk_adherent` int(11) DEFAULT NULL,
  `entity` int(11) DEFAULT '1',
  PRIMARY KEY (`rowid`)
) ENGINE=InnoDB DEFAULT CHARSET=utf8 COLLATE=utf8_unicode_ci;

--
-- Dumping data for table `llx_oauth_state`
--


--
-- Table structure for table `llx_oauth_token`
--

CREATE TABLE `llx_oauth_token` (
  `rowid` int(11) NOT NULL AUTO_INCREMENT,
  `service` varchar(36) COLLATE utf8_unicode_ci DEFAULT NULL,
  `token` text COLLATE utf8_unicode_ci,
  `tokenstring` text COLLATE utf8_unicode_ci,
  `fk_user` int(11) DEFAULT NULL,
  `fk_adherent` int(11) DEFAULT NULL,
  `entity` int(11) DEFAULT '1',
  PRIMARY KEY (`rowid`)
) ENGINE=InnoDB DEFAULT CHARSET=utf8 COLLATE=utf8_unicode_ci;

--
-- Dumping data for table `llx_oauth_token`
--


--
-- Table structure for table `llx_onlinesignature`
--

CREATE TABLE `llx_onlinesignature` (
  `rowid` int(11) NOT NULL AUTO_INCREMENT,
  `entity` int(11) NOT NULL DEFAULT '1',
  `object_type` varchar(32) COLLATE utf8_unicode_ci NOT NULL,
  `object_id` int(11) NOT NULL,
  `datec` datetime NOT NULL,
  `tms` timestamp NOT NULL DEFAULT CURRENT_TIMESTAMP ON UPDATE CURRENT_TIMESTAMP,
  `name` varchar(255) COLLATE utf8_unicode_ci NOT NULL,
  `ip` varchar(128) COLLATE utf8_unicode_ci DEFAULT NULL,
  `pathoffile` varchar(255) COLLATE utf8_unicode_ci DEFAULT NULL,
  PRIMARY KEY (`rowid`)
) ENGINE=InnoDB DEFAULT CHARSET=utf8 COLLATE=utf8_unicode_ci;

--
-- Dumping data for table `llx_onlinesignature`
--


--
-- Table structure for table `llx_opensurvey_comments`
--

CREATE TABLE `llx_opensurvey_comments` (
  `id_comment` int(10) unsigned NOT NULL AUTO_INCREMENT,
  `id_sondage` char(16) COLLATE utf8_unicode_ci NOT NULL,
  `comment` text COLLATE utf8_unicode_ci NOT NULL,
  `tms` timestamp NOT NULL DEFAULT CURRENT_TIMESTAMP ON UPDATE CURRENT_TIMESTAMP,
  `usercomment` text COLLATE utf8_unicode_ci,
  PRIMARY KEY (`id_comment`),
  KEY `idx_id_comment` (`id_comment`),
  KEY `idx_id_sondage` (`id_sondage`)
) ENGINE=InnoDB DEFAULT CHARSET=utf8 COLLATE=utf8_unicode_ci;

--
-- Dumping data for table `llx_opensurvey_comments`
--


--
-- Table structure for table `llx_opensurvey_formquestions`
--

CREATE TABLE `llx_opensurvey_formquestions` (
  `rowid` int(11) NOT NULL AUTO_INCREMENT,
  `id_sondage` varchar(16) COLLATE utf8_unicode_ci DEFAULT NULL,
  `question` text COLLATE utf8_unicode_ci,
  `available_answers` text COLLATE utf8_unicode_ci,
  PRIMARY KEY (`rowid`)
) ENGINE=InnoDB DEFAULT CHARSET=utf8 COLLATE=utf8_unicode_ci;

--
-- Dumping data for table `llx_opensurvey_formquestions`
--


--
-- Table structure for table `llx_opensurvey_sondage`
--

CREATE TABLE `llx_opensurvey_sondage` (
  `id_sondage` varchar(16) COLLATE utf8_unicode_ci NOT NULL,
  `entity` int(11) NOT NULL DEFAULT '1',
  `commentaires` text COLLATE utf8_unicode_ci,
  `mail_admin` varchar(128) COLLATE utf8_unicode_ci DEFAULT NULL,
  `nom_admin` varchar(64) COLLATE utf8_unicode_ci DEFAULT NULL,
  `fk_user_creat` int(11) NOT NULL,
  `titre` text COLLATE utf8_unicode_ci NOT NULL,
  `date_fin` datetime DEFAULT NULL,
  `status` int(11) DEFAULT '1',
  `format` varchar(2) COLLATE utf8_unicode_ci NOT NULL,
  `mailsonde` tinyint(4) NOT NULL DEFAULT '0',
  `allow_comments` tinyint(4) NOT NULL DEFAULT '1',
  `allow_spy` tinyint(4) NOT NULL DEFAULT '1',
  `tms` timestamp NOT NULL DEFAULT CURRENT_TIMESTAMP ON UPDATE CURRENT_TIMESTAMP,
  `sujet` text COLLATE utf8_unicode_ci,
  PRIMARY KEY (`id_sondage`),
  KEY `idx_date_fin` (`date_fin`)
) ENGINE=InnoDB DEFAULT CHARSET=utf8 COLLATE=utf8_unicode_ci;

--
-- Dumping data for table `llx_opensurvey_sondage`
--


--
-- Table structure for table `llx_opensurvey_user_formanswers`
--

CREATE TABLE `llx_opensurvey_user_formanswers` (
  `fk_user_survey` int(11) NOT NULL,
  `fk_question` int(11) NOT NULL,
  `reponses` text COLLATE utf8_unicode_ci
) ENGINE=InnoDB DEFAULT CHARSET=utf8 COLLATE=utf8_unicode_ci;

--
-- Dumping data for table `llx_opensurvey_user_formanswers`
--


--
-- Table structure for table `llx_opensurvey_user_studs`
--

CREATE TABLE `llx_opensurvey_user_studs` (
  `id_users` int(11) NOT NULL AUTO_INCREMENT,
  `nom` varchar(64) COLLATE utf8_unicode_ci NOT NULL,
  `id_sondage` varchar(16) COLLATE utf8_unicode_ci NOT NULL,
  `reponses` varchar(100) COLLATE utf8_unicode_ci NOT NULL,
  `tms` timestamp NOT NULL DEFAULT CURRENT_TIMESTAMP ON UPDATE CURRENT_TIMESTAMP,
  PRIMARY KEY (`id_users`),
  KEY `idx_opensurvey_user_studs_id_users` (`id_users`),
  KEY `idx_opensurvey_user_studs_nom` (`nom`),
  KEY `idx_opensurvey_user_studs_id_sondage` (`id_sondage`)
) ENGINE=InnoDB DEFAULT CHARSET=utf8 COLLATE=utf8_unicode_ci;

--
-- Dumping data for table `llx_opensurvey_user_studs`
--


--
-- Table structure for table `llx_overwrite_trans`
--

CREATE TABLE `llx_overwrite_trans` (
  `rowid` int(11) NOT NULL AUTO_INCREMENT,
  `entity` int(11) NOT NULL DEFAULT '1',
  `lang` varchar(5) COLLATE utf8_unicode_ci DEFAULT NULL,
  `transkey` varchar(128) COLLATE utf8_unicode_ci DEFAULT NULL,
  `transvalue` text COLLATE utf8_unicode_ci,
  PRIMARY KEY (`rowid`),
  UNIQUE KEY `uk_overwrite_trans` (`lang`,`transkey`)
) ENGINE=InnoDB DEFAULT CHARSET=utf8 COLLATE=utf8_unicode_ci;

--
-- Dumping data for table `llx_overwrite_trans`
--


--
-- Table structure for table `llx_paiement`
--

CREATE TABLE `llx_paiement` (
  `rowid` int(11) NOT NULL AUTO_INCREMENT,
  `ref` varchar(30) COLLATE utf8_unicode_ci NOT NULL,
  `entity` int(11) NOT NULL DEFAULT '1',
  `datec` datetime DEFAULT NULL,
  `tms` timestamp NOT NULL DEFAULT CURRENT_TIMESTAMP ON UPDATE CURRENT_TIMESTAMP,
  `datep` datetime DEFAULT NULL,
  `amount` double(24,8) DEFAULT '0.00000000',
  `multicurrency_amount` double(24,8) DEFAULT '0.00000000',
  `fk_paiement` int(11) NOT NULL,
  `num_paiement` varchar(50) COLLATE utf8_unicode_ci DEFAULT NULL,
  `note` text COLLATE utf8_unicode_ci,
  `fk_bank` int(11) NOT NULL DEFAULT '0',
  `fk_user_creat` int(11) DEFAULT NULL,
  `fk_user_modif` int(11) DEFAULT NULL,
  `statut` smallint(6) NOT NULL DEFAULT '0',
  `fk_export_compta` int(11) NOT NULL DEFAULT '0',
  PRIMARY KEY (`rowid`)
) ENGINE=InnoDB AUTO_INCREMENT=47 DEFAULT CHARSET=utf8 COLLATE=utf8_unicode_ci;

--
-- Dumping data for table `llx_paiement`
--

INSERT INTO `llx_paiement` (`rowid`, `ref`, `entity`, `datec`, `tms`, `datep`, `amount`, `multicurrency_amount`, `fk_paiement`, `num_paiement`, `note`, `fk_bank`, `fk_user_creat`, `fk_user_modif`, `statut`, `fk_export_compta`) VALUES (2,'PAY1804-0002',1,'2019-01-16 18:19:15','2019-01-16 18:19:16','2018-04-16 12:00:00',100000000.00000000,100000000.00000000,7,'0614593','ACOMPTE N°1',3,2,NULL,0,0),(3,'PAY1805-0003',1,'2019-01-16 18:22:03','2019-01-16 18:22:04','2018-05-10 12:00:00',100000000.00000000,100000000.00000000,7,'00726162','ACOMPTE N°2',4,2,NULL,0,0),(5,'PAY1810-0005',1,'2019-01-21 19:26:18','2019-01-21 19:26:19','2018-10-17 12:00:00',10000000.00000000,10000000.00000000,4,'','',24,2,NULL,0,0),(6,'PAY1901-0006',1,'2019-01-21 19:27:20','2019-01-21 19:27:21','2019-01-08 12:00:00',5000000.00000000,5000000.00000000,4,'FA-190107-01','',25,2,NULL,0,0),(7,'PAY1901-0007',1,'2019-01-29 09:46:14','2019-01-29 09:46:14','2019-01-28 12:00:00',34888539.00000000,34888539.00000000,7,'0185569','',26,2,NULL,0,0),(8,'PAY1811-0008',1,'2019-01-29 09:55:29','2019-01-29 09:55:30','2018-11-13 12:00:00',104665617.00000000,104665617.00000000,7,'0185524','',27,2,NULL,0,0),(9,'PAY1901-0009',1,'2019-02-07 19:20:27','2019-02-07 19:20:28','2019-01-31 12:00:00',40000000.00000000,40000000.00000000,7,'00841920','',38,2,NULL,0,0),(10,'PAY1902-0010',1,'2019-02-26 11:25:11','2019-02-26 11:25:12','2019-02-20 12:00:00',69777078.00000000,69777078.00000000,7,'14888483','',41,2,NULL,0,0),(11,'PAY1903-0011',1,'2019-03-04 15:52:28','2019-03-04 15:52:28','2019-03-01 12:00:00',50000000.00000000,50000000.00000000,7,'00841946','',42,2,NULL,0,0),(12,'PAY1902-0012',1,'2019-03-08 14:54:49','2019-03-08 14:54:50','2019-02-09 12:00:00',3000000.00000000,3000000.00000000,4,'','',43,2,NULL,0,0),(13,'PAY1903-0013',1,'2019-03-08 14:55:19','2019-03-08 14:55:19','2019-03-07 12:00:00',2000000.00000000,2000000.00000000,4,'','',44,2,NULL,0,0),(14,'PAY1903-0014',1,'2019-03-13 11:14:28','2019-03-13 11:14:29','2019-03-13 12:00:00',31200000.00000000,31200000.00000000,4,'','Payé en EUROS (3000€)',45,2,NULL,0,0),(15,'PAY1903-0015',1,'2019-03-14 11:54:40','2019-03-14 11:54:41','2019-03-14 12:00:00',5000000.00000000,5000000.00000000,4,'','',46,2,NULL,0,0),(16,'PAY1903-0016',1,'2019-03-18 15:58:23','2019-03-18 15:58:24','2019-03-18 12:00:00',1895080.00000000,1895080.00000000,4,'','',48,2,NULL,0,0),(17,'PAY1903-0017',1,'2019-03-22 15:42:41','2019-03-22 15:42:43','2019-03-21 12:00:00',5000000.00000000,5000000.00000000,4,'','',49,2,NULL,0,0),(18,'PAY1903-0018',1,'2019-03-27 10:28:48','2019-03-27 10:28:50','2019-03-26 12:00:00',52000000.00000000,52000000.00000000,4,'','5000€',50,2,NULL,0,0),(19,'PAY1903-0019',1,'2019-04-01 17:17:36','2019-04-01 17:17:37','2019-03-28 12:00:00',164707748.30993238,15836.65000000,2,'400006037','',51,2,NULL,0,0),(20,'PAY1904-0020',1,'2019-04-10 15:04:37','2019-04-10 15:04:38','2019-04-08 12:00:00',82350494.01976079,7918.00000000,2,'400006073','',52,2,NULL,0,0),(21,'PAY1904-0021',1,'2019-04-10 15:23:43','2019-04-10 15:23:43','2019-04-08 12:00:00',20000000.00000000,20000000.00000000,4,'','',53,2,NULL,0,0),(22,'PAY1904-0022',1,'2019-04-10 16:31:37','2019-04-10 16:31:41','2019-04-05 12:00:00',169000000.00000000,169000000.00000000,7,'00904826','',54,2,NULL,0,0),(23,'PAY1904-0023',1,'2019-04-15 18:14:02','2019-04-15 18:14:05','2019-04-15 12:00:00',359345451.92000000,359345451.92000000,7,'15205774','',55,2,NULL,0,0),(24,'PAY1904-0024',1,'2019-04-15 18:15:46','2019-04-15 18:15:47','2019-04-15 12:00:00',239851661.60000000,239851661.60000000,7,'15205775','',56,2,NULL,0,0),(25,'PAY1904-0025',1,'2019-04-26 16:10:59','2019-04-26 16:11:00','2019-04-24 12:00:00',49965523.05000000,49965523.05000000,7,'15205780','',57,2,NULL,0,0),(26,'PAY1905-0026',1,'2019-05-10 15:05:03','2019-05-10 15:05:04','2019-05-10 12:00:00',87221348.00000000,87221348.00000000,7,'00514045','',58,2,NULL,0,0),(28,'PAY1905-0028',1,'2019-05-15 18:12:25','2019-05-15 18:12:25','2019-05-14 12:00:00',5074000.00000000,5074000.00000000,7,'01362189','Remise fait en fonction de la somme payée dans les précédant travaux non réalisés (rampe d\'escalier annulé pour compensation du devis façade).',60,2,NULL,0,0),(29,'PAY1904-0029',1,'2019-05-16 12:02:03','2019-05-16 12:02:03','2019-04-04 12:00:00',1174100.00000000,1174100.00000000,4,'','',61,2,NULL,0,0),(30,'PAY1902-0030',1,'2019-05-16 12:16:52','2019-05-16 12:16:52','2019-02-11 12:00:00',245250000.00000000,245250000.00000000,2,'070/DFC/DG-ARPT/2019','',62,2,NULL,0,0),(31,'PAY1902-0031',1,'2019-05-16 12:18:42','2019-05-16 12:18:43','2019-02-11 12:00:00',20250000.00000000,20250000.00000000,3,'RETENU TVA','',63,2,NULL,0,0),(32,'PAY1905-0032',1,'2019-05-16 12:21:52','2019-05-16 12:21:52','2019-05-14 12:00:00',70218543.20000000,70218543.20000000,7,'15267664','',64,2,NULL,0,0),(33,'PAY1905-0033',1,'2019-05-17 14:12:25','2019-05-17 14:12:25','2019-05-17 12:00:00',5000000.00000000,5000000.00000000,4,'','',65,2,NULL,0,0),(34,'PAY1905-0034',1,'2019-05-20 17:07:24','2019-05-20 17:07:25','2019-05-16 12:00:00',556739816.55000000,556739816.55000000,7,'15267665','',66,2,NULL,0,0),(35,'PAY1905-0035',1,'2019-05-23 16:08:41','2019-05-23 16:08:41','2019-05-21 12:00:00',159901108.52000000,159901108.52000000,7,'15267668','',67,2,NULL,0,0),(36,'PAY1905-0036',1,'2019-05-25 10:14:28','2019-05-25 10:14:28','2019-05-24 12:00:00',49220160.00000000,49220160.00000000,7,'15267669','',68,2,NULL,0,0),(37,'PAY1906-0037',1,'2019-06-03 14:49:26','2019-06-03 14:49:26','2019-06-03 12:00:00',239851661.60000000,239851661.60000000,7,'15267681','',69,2,NULL,0,0),(38,'PAY1906-0038',1,'2019-06-03 14:56:25','2019-06-03 14:56:25','2019-06-03 12:00:00',61635395.48000000,61635395.48000000,7,'15267682','',70,2,NULL,0,0),(39,'PAY1905-0039',1,'2019-06-05 17:12:21','2019-06-05 17:12:22','2019-05-03 12:00:00',82350494.01976079,7918.00000000,2,'002025967','',71,2,NULL,0,0),(40,'PAY1905-0040',1,'2019-06-26 12:56:31','2019-06-26 12:56:32','2019-05-14 12:00:00',5074115.05000000,5074115.05000000,7,'01362189','',319,2,NULL,0,0),(41,'PAY1906-0041',1,'2019-06-27 17:52:00','2019-06-27 17:52:00','2019-06-27 12:00:00',3525840.00000000,3525840.00000000,4,'','',344,2,NULL,0,0),(42,'PAY1906-0042',1,'2019-06-27 17:54:58','2019-06-27 17:54:58','2019-06-27 12:00:00',20098380.00000000,20098380.00000000,4,'','',345,2,NULL,0,0),(43,'PAY1907-0043',1,'2019-07-01 13:33:36','2019-07-01 13:33:37','2019-07-12 12:00:00',82048881.95527820,7889.00000000,2,'3907828730','',360,2,NULL,0,0),(45,'PAY1906-0045',1,'2019-07-02 16:00:52','2019-07-02 16:00:53','2019-06-24 12:00:00',39600000.00000000,39600000.00000000,7,'15267699','',369,2,NULL,0,0),(46,'PAY1906-0046',1,'2019-07-02 16:02:40','2019-07-02 16:02:40','2019-06-24 12:00:00',456795066.00000000,456795066.00000000,7,'15267700','',370,2,NULL,0,0);

--
-- Table structure for table `llx_paiement_facture`
--

CREATE TABLE `llx_paiement_facture` (
  `rowid` int(11) NOT NULL AUTO_INCREMENT,
  `fk_paiement` int(11) DEFAULT NULL,
  `fk_facture` int(11) DEFAULT NULL,
  `amount` double(24,8) DEFAULT '0.00000000',
  `multicurrency_code` varchar(255) COLLATE utf8_unicode_ci DEFAULT NULL,
  `multicurrency_tx` double(24,8) DEFAULT '1.00000000',
  `multicurrency_amount` double(24,8) DEFAULT '0.00000000',
  PRIMARY KEY (`rowid`),
  UNIQUE KEY `uk_paiement_facture` (`fk_paiement`,`fk_facture`),
  KEY `idx_paiement_facture_fk_facture` (`fk_facture`),
  KEY `idx_paiement_facture_fk_paiement` (`fk_paiement`),
  CONSTRAINT `fk_paiement_facture_fk_facture` FOREIGN KEY (`fk_facture`) REFERENCES `llx_facture` (`rowid`),
  CONSTRAINT `fk_paiement_facture_fk_paiement` FOREIGN KEY (`fk_paiement`) REFERENCES `llx_paiement` (`rowid`)
) ENGINE=InnoDB AUTO_INCREMENT=47 DEFAULT CHARSET=utf8 COLLATE=utf8_unicode_ci;

--
-- Dumping data for table `llx_paiement_facture`
--

INSERT INTO `llx_paiement_facture` (`rowid`, `fk_paiement`, `fk_facture`, `amount`, `multicurrency_code`, `multicurrency_tx`, `multicurrency_amount`) VALUES (2,2,3,100000000.00000000,NULL,1.00000000,100000000.00000000),(3,3,3,100000000.00000000,NULL,1.00000000,100000000.00000000),(5,5,9,10000000.00000000,NULL,1.00000000,10000000.00000000),(6,6,9,5000000.00000000,NULL,1.00000000,5000000.00000000),(7,7,8,34888539.00000000,NULL,1.00000000,34888539.00000000),(8,8,10,104665617.00000000,NULL,1.00000000,104665617.00000000),(9,9,3,40000000.00000000,NULL,1.00000000,40000000.00000000),(10,10,11,69777078.00000000,NULL,1.00000000,69777078.00000000),(11,11,3,50000000.00000000,NULL,1.00000000,50000000.00000000),(12,12,9,3000000.00000000,NULL,1.00000000,3000000.00000000),(13,13,9,2000000.00000000,NULL,1.00000000,2000000.00000000),(14,14,18,31200000.00000000,NULL,1.00000000,31200000.00000000),(15,15,9,5000000.00000000,NULL,1.00000000,5000000.00000000),(16,16,14,1895080.00000000,NULL,1.00000000,1895080.00000000),(17,17,9,5000000.00000000,NULL,1.00000000,5000000.00000000),(18,18,18,52000000.00000000,NULL,1.00000000,52000000.00000000),(19,19,19,164707748.31000000,NULL,1.00000000,15836.65000000),(20,20,23,82350494.01999998,NULL,1.00000000,7918.00000000),(21,21,21,20000000.00000000,NULL,1.00000000,20000000.00000000),(22,22,3,169000000.00000000,NULL,1.00000000,169000000.00000000),(23,23,30,359345451.92000000,NULL,1.00000000,359345451.92000000),(24,24,29,239851661.60000000,NULL,1.00000000,239851661.60000000),(25,25,35,49965523.05000000,NULL,1.00000000,49965523.05000000),(26,26,13,87221348.00000000,NULL,1.00000000,87221348.00000000),(28,28,43,5074000.00000000,NULL,1.00000000,5074000.00000000),(29,29,16,1174100.00000000,NULL,1.00000000,1174100.00000000),(30,30,2,245250000.00000000,NULL,1.00000000,245250000.00000000),(31,31,2,20250000.00000000,NULL,1.00000000,20250000.00000000),(32,32,41,70218543.20000000,NULL,1.00000000,70218543.20000000),(33,33,9,5000000.00000000,NULL,1.00000000,5000000.00000000),(34,34,42,556739816.55000000,NULL,1.00000000,556739816.55000000),(35,35,46,159901108.52000000,NULL,1.00000000,159901108.52000000),(36,36,48,49220160.00000000,NULL,1.00000000,49220160.00000000),(37,37,50,239851661.60000000,NULL,1.00000000,239851661.60000000),(38,38,51,61635395.48000000,NULL,1.00000000,61635395.48000000),(39,39,36,82350494.02000000,NULL,1.00000000,7918.00000000),(40,40,63,5074115.05000000,NULL,1.00000000,5074115.05000000),(41,41,60,3525840.00000000,NULL,1.00000000,3525840.00000000),(42,42,18,20098380.00000000,NULL,1.00000000,20098380.00000000),(43,43,52,82048881.96000000,NULL,1.00000000,7889.00000000),(45,45,58,39600000.00000000,NULL,1.00000000,39600000.00000000),(46,46,55,456795066.00000000,NULL,1.00000000,456795066.00000000);

--
-- Table structure for table `llx_paiementcharge`
--

CREATE TABLE `llx_paiementcharge` (
  `rowid` int(11) NOT NULL AUTO_INCREMENT,
  `fk_charge` int(11) DEFAULT NULL,
  `datec` datetime DEFAULT NULL,
  `tms` timestamp NOT NULL DEFAULT CURRENT_TIMESTAMP ON UPDATE CURRENT_TIMESTAMP,
  `datep` datetime DEFAULT NULL,
  `amount` double(24,8) DEFAULT '0.00000000',
  `fk_typepaiement` int(11) NOT NULL,
  `num_paiement` varchar(50) COLLATE utf8_unicode_ci DEFAULT NULL,
  `note` text COLLATE utf8_unicode_ci,
  `fk_bank` int(11) NOT NULL,
  `fk_user_creat` int(11) DEFAULT NULL,
  `fk_user_modif` int(11) DEFAULT NULL,
  PRIMARY KEY (`rowid`)
) ENGINE=InnoDB DEFAULT CHARSET=utf8 COLLATE=utf8_unicode_ci;

--
-- Dumping data for table `llx_paiementcharge`
--


--
-- Table structure for table `llx_paiementfourn`
--

CREATE TABLE `llx_paiementfourn` (
  `rowid` int(11) NOT NULL AUTO_INCREMENT,
  `ref` varchar(30) COLLATE utf8_unicode_ci DEFAULT NULL,
  `entity` int(11) DEFAULT '1',
  `tms` timestamp NOT NULL DEFAULT CURRENT_TIMESTAMP ON UPDATE CURRENT_TIMESTAMP,
  `datec` datetime DEFAULT NULL,
  `datep` datetime DEFAULT NULL,
  `amount` double(24,8) DEFAULT '0.00000000',
  `multicurrency_amount` double(24,8) DEFAULT '0.00000000',
  `fk_user_author` int(11) DEFAULT NULL,
  `fk_user_modif` int(11) DEFAULT NULL,
  `fk_paiement` int(11) NOT NULL,
  `num_paiement` varchar(50) COLLATE utf8_unicode_ci DEFAULT NULL,
  `note` text COLLATE utf8_unicode_ci,
  `fk_bank` int(11) NOT NULL,
  `statut` smallint(6) NOT NULL DEFAULT '0',
  `model_pdf` varchar(255) COLLATE utf8_unicode_ci DEFAULT NULL,
  PRIMARY KEY (`rowid`)
) ENGINE=InnoDB AUTO_INCREMENT=307 DEFAULT CHARSET=utf8 COLLATE=utf8_unicode_ci;

--
-- Dumping data for table `llx_paiementfourn`
--

INSERT INTO `llx_paiementfourn` (`rowid`, `ref`, `entity`, `tms`, `datec`, `datep`, `amount`, `multicurrency_amount`, `fk_user_author`, `fk_user_modif`, `fk_paiement`, `num_paiement`, `note`, `fk_bank`, `statut`, `model_pdf`) VALUES (1,'SPAY1901-0001',1,'2019-01-21 14:52:28','2019-01-21 14:52:28','2019-01-03 12:00:00',355000.00000000,355000.00000000,2,NULL,4,'CA0103','',8,0,NULL),(2,'SPAY1901-0002',1,'2019-01-21 15:00:22','2019-01-21 15:00:22','2019-01-03 12:00:00',20000.00000000,20000.00000000,2,NULL,4,'CA0104','',9,0,NULL),(3,'SPAY1901-0003',1,'2019-01-21 15:06:41','2019-01-21 15:06:41','2019-01-03 12:00:00',15000.00000000,15000.00000000,2,NULL,4,'CA0105','',10,0,NULL),(4,'SPAY1901-0004',1,'2019-01-21 15:14:53','2019-01-21 15:14:53','2019-01-03 12:00:00',100000.00000000,100000.00000000,2,NULL,4,'CA0106','TEST4',11,0,NULL),(5,'SPAY1901-0005',1,'2019-01-21 15:30:23','2019-01-21 15:30:22','2019-01-04 12:00:00',25000.00000000,25000.00000000,2,NULL,4,'CA0108','Ménage des bureaux',12,0,NULL),(6,'SPAY1901-0006',1,'2019-01-21 15:42:23','2019-01-21 15:42:22','2019-01-07 12:00:00',5000.00000000,5000.00000000,2,NULL,4,'CA0110','Achat journaux',14,0,NULL),(7,'SPAY1901-0007',1,'2019-01-21 15:56:14','2019-01-21 15:56:14','2019-01-07 12:00:00',1950000.00000000,1950000.00000000,2,NULL,4,'CA0111','',15,0,NULL),(8,'SPAY1901-0008',1,'2019-01-21 16:11:06','2019-01-21 16:11:06','2019-01-07 12:00:00',150000.00000000,150000.00000000,2,NULL,4,'CA0112','Carburant Mamady',16,0,NULL),(9,'SPAY1901-0009',1,'2019-01-21 16:14:17','2019-01-21 16:14:17','2019-01-07 12:00:00',200000.00000000,200000.00000000,2,NULL,4,'CA0113','Achat 2 sacs de ciment',17,0,NULL),(10,'SPAY1901-0010',1,'2019-01-21 16:17:24','2019-01-21 16:17:24','2019-01-07 12:00:00',145000.00000000,145000.00000000,2,NULL,4,'CA0114','Frais de restauration Cédric',18,0,NULL),(11,'SPAY1901-0011',1,'2019-01-21 16:39:56','2019-01-21 16:39:56','2019-01-08 12:00:00',300000.00000000,300000.00000000,2,NULL,4,'SILENCIO','Achat sac de ciment',19,0,NULL),(12,'SPAY1901-0012',1,'2019-01-21 16:45:18','2019-01-21 16:45:18','2019-01-08 12:00:00',1200000.00000000,1200000.00000000,2,NULL,4,'MINIERE KOUROUMA','Verrière + porte',20,0,NULL),(13,'SPAY1901-0013',1,'2019-01-21 18:09:06','2019-01-21 18:09:06','2019-01-08 12:00:00',100000.00000000,100000.00000000,2,NULL,4,'BUREAU','Recharge Cédric',21,0,NULL),(14,'SPAY1902-0014',1,'2019-02-07 19:32:06','2019-02-07 19:32:06','2019-02-01 12:00:00',20841096.00000000,20841096.00000000,2,NULL,7,'00285201','',40,0,NULL),(15,'SPAY1906-0015',1,'2019-06-06 18:20:59','2019-06-06 18:20:59','2019-06-03 12:00:00',100000.00000000,100000.00000000,2,NULL,4,'','Samba',76,0,NULL),(16,'SPAY1906-0016',1,'2019-06-06 18:25:27','2019-06-06 18:25:27','2019-06-03 12:00:00',105000.00000000,105000.00000000,2,NULL,4,'','',78,0,NULL),(17,'SPAY1906-0017',1,'2019-06-07 10:00:40','2019-06-07 10:00:40','2019-06-03 12:00:00',21000.00000000,21000.00000000,2,NULL,4,'','',79,0,NULL),(18,'SPAY1906-0018',1,'2019-06-07 13:02:09','2019-06-07 13:02:09','2019-06-03 12:00:00',200000.00000000,200000.00000000,2,NULL,4,'','',80,0,NULL),(19,'SPAY1906-0019',1,'2019-06-07 13:04:06','2019-06-07 13:04:06','2019-06-03 12:00:00',190000.00000000,190000.00000000,2,NULL,4,'','',81,0,NULL),(20,'SPAY1906-0020',1,'2019-06-07 13:07:30','2019-06-07 13:07:29','2019-06-03 12:00:00',150000.00000000,150000.00000000,2,NULL,4,'','',82,0,NULL),(22,'SPAY1906-0022',1,'2019-06-07 14:39:17','2019-06-07 14:39:16','2019-06-03 12:00:00',109999.60000000,109999.60000000,6,NULL,4,'','',84,0,NULL),(23,'SPAY1906-0023',1,'2019-06-07 14:45:42','2019-06-07 14:45:42','2019-06-03 12:00:00',10000.00000000,10000.00000000,6,NULL,4,'','',85,0,NULL),(24,'SPAY1906-0024',1,'2019-06-07 14:50:27','2019-06-07 14:50:26','2019-06-03 12:00:00',500000.00000000,500000.00000000,6,NULL,4,'','',86,0,NULL),(25,'SPAY1906-0025',1,'2019-06-07 14:53:54','2019-06-07 14:53:53','2019-06-03 12:00:00',300000.00000000,300000.00000000,6,NULL,4,'','',87,0,NULL),(26,'SPAY1906-0026',1,'2019-06-07 14:56:06','2019-06-07 14:56:06','2019-06-03 12:00:00',200000.00000000,200000.00000000,6,NULL,4,'','',88,0,NULL),(27,'SPAY1906-0027',1,'2019-06-07 14:59:29','2019-06-07 14:59:29','2019-06-03 12:00:00',1000000.00000000,1000000.00000000,6,NULL,4,'','',89,0,NULL),(28,'SPAY1906-0028',1,'2019-06-07 15:03:09','2019-06-07 15:03:09','2019-06-03 12:00:00',85000.00000000,85000.00000000,6,NULL,4,'','',90,0,NULL),(29,'SPAY1906-0029',1,'2019-06-07 15:08:08','2019-06-07 15:08:08','2019-06-03 12:00:00',600000.00000000,600000.00000000,6,NULL,4,'','',91,0,NULL),(30,'SPAY1906-0030',1,'2019-06-07 15:16:22','2019-06-07 15:16:22','2019-06-03 12:00:00',400000.00000000,400000.00000000,6,NULL,4,'','',92,0,NULL),(32,'SPAY1906-0032',1,'2019-06-07 15:20:32','2019-06-07 15:20:32','2019-06-03 12:00:00',30000.00000000,30000.00000000,6,NULL,4,'','',94,0,NULL),(34,'SPAY1906-0034',1,'2019-06-07 15:26:09','2019-06-07 15:26:08','2019-06-05 12:00:00',125000.00000000,125000.00000000,6,NULL,4,'','',96,0,NULL),(35,'SPAY1906-0035',1,'2019-06-07 15:33:31','2019-06-07 15:33:31','2019-06-05 12:00:00',8000000.00000000,8000000.00000000,6,NULL,4,'','',97,0,NULL),(36,'SPAY1906-0036',1,'2019-06-07 15:43:44','2019-06-07 15:43:44','2019-06-05 12:00:00',80000.00000000,80000.00000000,6,NULL,4,'','',98,0,NULL),(39,'SPAY1906-0039',1,'2019-06-07 15:52:37','2019-06-07 15:52:37','2019-06-05 12:00:00',380000.00000000,380000.00000000,6,NULL,4,'','',101,0,NULL),(40,'SPAY1906-0040',1,'2019-06-07 15:54:58','2019-06-07 15:54:58','2019-06-05 12:00:00',10000.00000000,10000.00000000,6,NULL,4,'','',102,0,NULL),(42,'SPAY1906-0041',1,'2019-06-07 16:47:46','2019-06-07 16:47:46','2019-06-05 12:00:00',200000.00000000,200000.00000000,2,NULL,4,'','',104,0,NULL),(43,'SPAY1906-0042',1,'2019-06-07 16:50:24','2019-06-07 16:50:24','2019-06-03 12:00:00',110000.00000000,110000.00000000,2,NULL,4,'','',105,0,NULL),(44,'SPAY1906-0043',1,'2019-06-07 16:53:46','2019-06-07 16:53:46','2019-06-03 12:00:00',200000.00000000,200000.00000000,2,NULL,4,'','',106,0,NULL),(45,'SPAY1906-0044',1,'2019-06-08 10:42:53','2019-06-08 10:42:53','2019-06-03 12:00:00',2000000.00000000,2000000.00000000,6,NULL,4,'','',110,0,NULL),(46,'SPAY1906-0045',1,'2019-06-08 10:59:24','2019-06-08 10:59:24','2019-06-03 12:00:00',200000.00000000,200000.00000000,6,NULL,4,'','',111,0,NULL),(47,'SPAY1906-0046',1,'2019-06-08 11:35:14','2019-06-08 11:35:14','2019-06-03 12:00:00',200000.00000000,200000.00000000,6,NULL,4,'','',112,0,NULL),(48,'SPAY1906-0047',1,'2019-06-08 11:42:54','2019-06-08 11:42:54','2019-06-05 12:00:00',200000.00000000,200000.00000000,6,NULL,4,'','',113,0,NULL),(49,'SPAY1906-0048',1,'2019-06-08 11:47:24','2019-06-08 11:47:24','2019-06-05 12:00:00',50000.00000000,50000.00000000,6,NULL,4,'','',114,0,NULL),(50,'SPAY1906-0049',1,'2019-06-08 11:53:46','2019-06-08 11:53:46','2019-06-05 12:00:00',100000.00000000,100000.00000000,6,NULL,4,'','',115,0,NULL),(51,'SPAY1906-0050',1,'2019-06-08 12:07:48','2019-06-08 12:07:48','2019-06-06 12:00:00',200000.00000000,200000.00000000,6,NULL,4,'','',116,0,NULL),(52,'SPAY1906-0051',1,'2019-06-08 12:10:56','2019-06-08 12:10:56','2019-06-06 12:00:00',415000.00000000,415000.00000000,6,NULL,4,'','',117,0,NULL),(53,'SPAY1906-0052',1,'2019-06-08 12:15:03','2019-06-08 12:15:03','2019-06-06 12:00:00',200000.00000000,200000.00000000,6,NULL,4,'','',118,0,NULL),(54,'SPAY1906-0053',1,'2019-06-08 12:16:44','2019-06-08 12:16:44','2019-06-07 12:00:00',25000.00000000,25000.00000000,6,NULL,4,'','',119,0,NULL),(55,'SPAY1906-0054',1,'2019-06-08 12:23:28','2019-06-08 12:23:28','2019-06-07 12:00:00',250000.00000000,250000.00000000,6,NULL,4,'','',120,0,NULL),(56,'SPAY1906-0055',1,'2019-06-08 12:27:57','2019-06-08 12:27:57','2019-06-07 12:00:00',30000.00000000,30000.00000000,6,NULL,4,'','',121,0,NULL),(57,'SPAY1906-0056',1,'2019-06-08 12:31:46','2019-06-08 12:31:45','2019-06-07 12:00:00',50000.00000000,50000.00000000,6,NULL,4,'','',122,0,NULL),(58,'SPAY1906-0057',1,'2019-06-08 12:33:21','2019-06-08 12:33:20','2019-06-07 12:00:00',100000.00000000,100000.00000000,6,NULL,4,'','',123,0,NULL),(59,'SPAY1906-0058',1,'2019-06-08 12:36:39','2019-06-08 12:36:39','2019-06-07 12:00:00',50000.00000000,50000.00000000,6,NULL,4,'','',124,0,NULL),(60,'SPAY1906-0059',1,'2019-06-08 12:38:50','2019-06-08 12:38:50','2019-06-07 12:00:00',100000.00000000,100000.00000000,6,NULL,4,'','',125,0,NULL),(61,'SPAY1906-0060',1,'2019-06-08 12:45:52','2019-06-08 12:45:52','2019-06-06 12:00:00',210000.00000000,210000.00000000,6,NULL,4,'','',126,0,NULL),(62,'SPAY1906-0061',1,'2019-06-08 14:04:48','2019-06-08 14:04:48','2019-06-07 12:00:00',1000000.00000000,1000000.00000000,6,NULL,4,'','',127,0,NULL),(63,'SPAY1906-0062',1,'2019-06-08 14:14:24','2019-06-08 14:14:24','2019-06-07 12:00:00',10000.00000000,10000.00000000,6,NULL,4,'','',128,0,NULL),(64,'SPAY1906-0063',1,'2019-06-08 15:43:27','2019-06-08 15:43:27','2019-06-03 12:00:00',20807500.00000000,20807500.00000000,2,NULL,7,'00292877','',132,0,NULL),(65,'SPAY1906-0064',1,'2019-06-11 09:38:17','2019-06-11 09:38:16','2019-06-08 12:00:00',95000.00000000,95000.00000000,6,NULL,4,'','',133,0,NULL),(66,'SPAY1906-0065',1,'2019-06-11 09:41:13','2019-06-11 09:41:13','2019-06-08 12:00:00',1500000.00000000,1500000.00000000,6,NULL,4,'','',134,0,NULL),(67,'SPAY1906-0066',1,'2019-06-11 09:44:49','2019-06-11 09:44:49','2019-06-08 12:00:00',1000000.00000000,1000000.00000000,6,NULL,4,'','',135,0,NULL),(68,'SPAY1906-0067',1,'2019-06-11 09:46:44','2019-06-11 09:46:44','2019-06-08 12:00:00',200000.00000000,200000.00000000,6,NULL,4,'','',136,0,NULL),(69,'SPAY1906-0068',1,'2019-06-11 09:48:59','2019-06-11 09:48:59','2019-06-08 12:00:00',135000.00000000,135000.00000000,6,NULL,4,'','',137,0,NULL),(70,'SPAY1906-0069',1,'2019-06-11 09:52:50','2019-06-11 09:52:50','2019-06-08 12:00:00',100000.00000000,100000.00000000,6,NULL,4,'','',138,0,NULL),(71,'SPAY1906-0070',1,'2019-06-11 09:56:04','2019-06-11 09:56:04','2019-06-08 12:00:00',50000.00000000,50000.00000000,6,NULL,4,'','',139,0,NULL),(72,'SPAY1906-0071',1,'2019-06-11 10:22:13','2019-06-11 10:22:13','2019-06-10 12:00:00',1650000.00000000,1650000.00000000,6,NULL,4,'','',142,0,NULL),(73,'SPAY1906-0072',1,'2019-06-11 10:24:19','2019-06-11 10:24:19','2019-06-10 12:00:00',162000.00000000,162000.00000000,6,NULL,4,'','',143,0,NULL),(76,'SPAY1906-0073',1,'2019-06-11 10:34:27','2019-06-11 10:34:27','2019-06-10 12:00:00',200000.00000000,200000.00000000,6,NULL,4,'','',146,0,NULL),(77,'SPAY1906-0074',1,'2019-06-11 10:35:59','2019-06-11 10:35:59','2019-06-10 12:00:00',150000.00000000,150000.00000000,6,NULL,4,'','',147,0,NULL),(78,'SPAY1906-0075',1,'2019-06-11 10:56:23','2019-06-11 10:56:23','2019-06-10 12:00:00',10000.00000000,10000.00000000,6,NULL,4,'','',148,0,NULL),(79,'SPAY1906-0076',1,'2019-06-11 11:13:14','2019-06-11 11:13:14','2019-06-10 12:00:00',2500000.00000000,2500000.00000000,6,NULL,4,'','',149,0,NULL),(80,'SPAY1906-0077',1,'2019-06-11 11:15:21','2019-06-11 11:15:20','2019-06-10 12:00:00',70000.00000000,70000.00000000,6,NULL,4,'','',150,0,NULL),(81,'SPAY1906-0078',1,'2019-06-11 11:16:47','2019-06-11 11:16:47','2019-06-10 12:00:00',290000.00000000,290000.00000000,6,NULL,4,'','',151,0,NULL),(82,'SPAY1906-0079',1,'2019-06-11 11:18:50','2019-06-11 11:18:50','2019-06-10 12:00:00',150000.00000000,150000.00000000,6,NULL,4,'','',152,0,NULL),(83,'SPAY1906-0080',1,'2019-06-11 11:20:43','2019-06-11 11:20:43','2019-06-10 12:00:00',150000.00000000,150000.00000000,6,NULL,4,'','',153,0,NULL),(84,'SPAY1906-0081',1,'2019-06-11 11:22:20','2019-06-11 11:22:20','2019-06-10 12:00:00',2250000.00000000,2250000.00000000,6,NULL,4,'','',154,0,NULL),(85,'SPAY1906-0082',1,'2019-06-11 11:34:37','2019-06-11 11:34:37','2019-06-10 12:00:00',20000.00000000,20000.00000000,6,NULL,4,'','',155,0,NULL),(86,'SPAY1906-0083',1,'2019-06-12 09:37:35','2019-06-12 09:37:34','2019-06-03 12:00:00',2000000.00000000,2000000.00000000,6,NULL,7,'292878','',156,0,NULL),(87,'SPAY1906-0084',1,'2019-06-12 09:40:50','2019-06-12 09:40:50','2019-06-03 12:00:00',2000000.00000000,2000000.00000000,6,NULL,7,'292880','',157,0,NULL),(88,'SPAY1906-0085',1,'2019-06-12 09:42:57','2019-06-12 09:42:57','2019-06-03 12:00:00',1200000.00000000,1200000.00000000,6,NULL,7,'292881','',158,0,NULL),(89,'SPAY1906-0086',1,'2019-06-12 09:48:23','2019-06-12 09:48:23','2019-06-03 12:00:00',3000000.00000000,3000000.00000000,6,NULL,7,'292882','',159,0,NULL),(90,'SPAY1906-0087',1,'2019-06-12 09:54:48','2019-06-12 09:54:48','2019-06-03 12:00:00',40989012.00000000,40989012.00000000,6,NULL,7,'292883','',160,0,NULL),(91,'SPAY1906-0088',1,'2019-06-12 10:01:20','2019-06-12 10:01:19','2019-06-05 12:00:00',10000000.00000000,10000000.00000000,6,NULL,7,'292884','',161,0,NULL),(92,'SPAY1906-0089',1,'2019-06-12 10:06:17','2019-06-12 10:06:17','2019-06-06 12:00:00',7372000.00000000,7372000.00000000,6,NULL,7,'292885','',162,0,NULL),(93,'SPAY1906-0090',1,'2019-06-12 10:07:58','2019-06-12 10:07:58','2019-06-06 12:00:00',5400000.00000000,5400000.00000000,6,NULL,7,'292886','',163,0,NULL),(94,'SPAY1906-0091',1,'2019-06-12 10:13:51','2019-06-12 10:13:51','2019-06-06 12:00:00',2937000.00000000,2937000.00000000,6,NULL,7,'292887','',164,0,NULL),(95,'SPAY1906-0092',1,'2019-06-12 10:16:20','2019-06-12 10:16:20','2019-06-07 12:00:00',12000000.00000000,12000000.00000000,6,NULL,7,'292889','',165,0,NULL),(96,'SPAY1906-0093',1,'2019-06-12 10:33:36','2019-06-12 10:33:36','2019-06-07 12:00:00',8150000.00000000,8150000.00000000,6,NULL,7,'292890','',166,0,NULL),(101,'SPAY1906-0098',1,'2019-06-12 11:14:04','2019-06-12 11:14:04','2019-06-10 12:00:00',5000000.00000000,5000000.00000000,6,NULL,7,'292896','',171,0,NULL),(102,'SPAY1906-0099',1,'2019-06-12 11:21:07','2019-06-12 11:21:06','2019-06-11 12:00:00',50000.00000000,50000.00000000,6,NULL,4,'','',172,0,NULL),(103,'SPAY1906-0100',1,'2019-06-12 11:23:42','2019-06-12 11:23:42','2019-06-11 12:00:00',1000000.00000000,1000000.00000000,6,NULL,4,'','',173,0,NULL),(104,'SPAY1906-0101',1,'2019-06-13 12:02:09','2019-06-13 12:02:09','2019-06-11 12:00:00',200000.00000000,200000.00000000,6,NULL,4,'','',174,0,NULL),(105,'SPAY1906-0102',1,'2019-06-14 09:04:06','2019-06-14 09:04:06','2019-06-11 12:00:00',150000.00000000,150000.00000000,6,NULL,4,'','',175,0,NULL),(107,'SPAY1906-0103',1,'2019-06-14 09:09:51','2019-06-14 09:09:51','2019-06-12 12:00:00',220000.00000000,220000.00000000,6,NULL,4,'','',179,0,NULL),(108,'SPAY1906-0104',1,'2019-06-14 09:16:10','2019-06-14 09:16:10','2019-06-12 12:00:00',1865000.00000000,1865000.00000000,6,NULL,4,'','',180,0,NULL),(109,'SPAY1906-0105',1,'2019-06-14 09:18:53','2019-06-14 09:18:53','2019-06-12 12:00:00',105000.00000000,105000.00000000,6,NULL,4,'','',181,0,NULL),(110,'SPAY1906-0106',1,'2019-06-14 09:24:37','2019-06-14 09:24:37','2019-06-12 12:00:00',100000.00000000,100000.00000000,6,NULL,4,'','',182,0,NULL),(111,'SPAY1906-0107',1,'2019-06-14 09:27:20','2019-06-14 09:27:20','2019-06-12 12:00:00',10000.00000000,10000.00000000,6,NULL,4,'','',183,0,NULL),(112,'SPAY1906-0108',1,'2019-06-14 09:29:23','2019-06-14 09:29:22','2019-06-13 12:00:00',100000.00000000,100000.00000000,6,NULL,4,'','',184,0,NULL),(113,'SPAY1906-0109',1,'2019-06-14 09:32:39','2019-06-14 09:32:39','2019-06-13 12:00:00',290000.00000000,290000.00000000,6,NULL,4,'','',185,0,NULL),(114,'SPAY1906-0110',1,'2019-06-14 09:35:32','2019-06-14 09:35:32','2019-06-13 12:00:00',1805000.00000000,1805000.00000000,6,NULL,4,'','',186,0,NULL),(116,'SPAY1906-0112',1,'2019-06-14 10:26:27','2019-06-14 10:26:27','2019-06-12 12:00:00',900000.00000000,900000.00000000,6,NULL,4,'','',188,0,NULL),(117,'SPAY1906-0113',1,'2019-06-14 10:34:56','2019-06-14 10:34:56','2019-06-13 12:00:00',250000.00000000,250000.00000000,6,NULL,4,'','',189,0,NULL),(118,'SPAY1906-0114',1,'2019-06-14 10:36:41','2019-06-14 10:36:41','2019-06-14 12:00:00',50000.00000000,50000.00000000,6,NULL,4,'','',190,0,NULL),(119,'SPAY1906-0115',1,'2019-06-17 14:55:34','2019-06-17 14:55:34','2019-06-14 12:00:00',50000.00000000,50000.00000000,6,NULL,4,'','',191,0,NULL),(120,'SPAY1906-0116',1,'2019-06-17 14:57:22','2019-06-17 14:57:22','2019-06-14 12:00:00',200000.00000000,200000.00000000,6,NULL,4,'','',192,0,NULL),(121,'SPAY1906-0117',1,'2019-06-17 15:00:04','2019-06-17 15:00:04','2019-06-14 12:00:00',90000.00000000,90000.00000000,6,NULL,4,'','',193,0,NULL),(122,'SPAY1906-0118',1,'2019-06-17 15:04:00','2019-06-17 15:04:00','2019-06-14 12:00:00',460000.00000000,460000.00000000,6,NULL,4,'','',194,0,NULL),(123,'SPAY1906-0119',1,'2019-06-17 15:09:35','2019-06-17 15:09:35','2019-06-14 12:00:00',200000.00000000,200000.00000000,6,NULL,4,'','',195,0,NULL),(124,'SPAY1906-0120',1,'2019-06-17 15:11:50','2019-06-17 15:11:50','2019-06-14 12:00:00',10000.00000000,10000.00000000,6,NULL,4,'','',196,0,NULL),(125,'SPAY1906-0121',1,'2019-06-17 15:50:18','2019-06-17 15:50:17','2019-06-14 12:00:00',50000.00000000,50000.00000000,6,NULL,4,'','',197,0,NULL),(126,'SPAY1906-0122',1,'2019-06-17 15:51:54','2019-06-17 15:51:54','2019-06-14 12:00:00',50000.00000000,50000.00000000,6,NULL,4,'','',198,0,NULL),(127,'SPAY1906-0123',1,'2019-06-17 15:53:10','2019-06-17 15:53:10','2019-06-14 12:00:00',50000.00000000,50000.00000000,6,NULL,4,'','',199,0,NULL),(128,'SPAY1906-0124',1,'2019-06-17 15:56:35','2019-06-17 15:56:35','2019-06-14 12:00:00',912000.00000000,912000.00000000,6,NULL,4,'','',200,0,NULL),(129,'SPAY1906-0125',1,'2019-06-17 15:58:17','2019-06-17 15:58:17','2019-06-14 12:00:00',200000.00000000,200000.00000000,6,NULL,4,'','',201,0,NULL),(130,'SPAY1906-0126',1,'2019-06-17 16:01:39','2019-06-17 16:01:39','2019-06-14 12:00:00',1000000.00000000,1000000.00000000,6,NULL,4,'','',202,0,NULL),(131,'SPAY1906-0127',1,'2019-06-17 16:03:29','2019-06-17 16:03:29','2019-06-14 12:00:00',50000.00000000,50000.00000000,6,NULL,4,'','',203,0,NULL),(133,'SPAY1906-0128',1,'2019-06-17 16:05:35','2019-06-17 16:05:35','2019-06-15 12:00:00',25000.00000000,25000.00000000,6,NULL,4,'','',205,0,NULL),(134,'SPAY1906-0129',1,'2019-06-17 16:09:06','2019-06-17 16:09:06','2019-06-15 12:00:00',355000.00000000,355000.00000000,6,NULL,4,'','',206,0,NULL),(135,'SPAY1906-0130',1,'2019-06-17 16:10:57','2019-06-17 16:10:56','2019-06-15 12:00:00',330000.00000000,330000.00000000,6,NULL,4,'','',207,0,NULL),(136,'SPAY1906-0131',1,'2019-06-17 16:12:51','2019-06-17 16:12:51','2019-06-15 12:00:00',100000.00000000,100000.00000000,6,NULL,4,'','',208,0,NULL),(137,'SPAY1906-0132',1,'2019-06-17 16:15:03','2019-06-17 16:15:03','2019-06-15 12:00:00',2000000.00000000,2000000.00000000,6,NULL,4,'','',209,0,NULL),(138,'SPAY1906-0133',1,'2019-06-17 16:18:28','2019-06-17 16:18:28','2019-06-17 12:00:00',55000.00000000,55000.00000000,6,NULL,4,'','',210,0,NULL),(139,'SPAY1906-0134',1,'2019-06-17 16:20:16','2019-06-17 16:20:16','2019-06-17 12:00:00',25000.00000000,25000.00000000,6,NULL,4,'','',211,0,NULL),(140,'SPAY1906-0135',1,'2019-06-17 16:22:18','2019-06-17 16:22:18','2019-06-17 12:00:00',180000.00000000,180000.00000000,6,NULL,4,'','',212,0,NULL),(141,'SPAY1906-0136',1,'2019-06-17 16:23:47','2019-06-17 16:23:47','2019-06-17 12:00:00',10000.00000000,10000.00000000,6,NULL,4,'','',213,0,NULL),(142,'SPAY1906-0137',1,'2019-06-17 16:25:04','2019-06-17 16:25:04','2019-06-17 12:00:00',200000.00000000,200000.00000000,6,NULL,4,'','',214,0,NULL),(149,'SPAY1906-0144',1,'2019-06-18 10:38:54','2019-06-18 10:38:54','2019-06-17 12:00:00',400000.00000000,400000.00000000,6,NULL,4,'','',223,0,NULL),(150,'SPAY1906-0145',1,'2019-06-18 10:47:04','2019-06-18 10:47:04','2019-06-17 12:00:00',100000.00000000,100000.00000000,6,NULL,4,'','',224,0,NULL),(151,'SPAY1906-0146',1,'2019-06-18 10:48:37','2019-06-18 10:48:37','2019-06-17 12:00:00',600000.00000000,600000.00000000,6,NULL,4,'','',225,0,NULL),(152,'SPAY1906-0147',1,'2019-06-18 10:50:14','2019-06-18 10:50:14','2019-06-17 12:00:00',300000.00000000,300000.00000000,6,NULL,4,'','',226,0,NULL),(153,'SPAY1906-0148',1,'2019-06-18 10:52:37','2019-06-18 10:52:37','2019-06-17 12:00:00',100000.00000000,100000.00000000,6,NULL,4,'','',227,0,NULL),(154,'SPAY1906-0149',1,'2019-06-18 10:57:40','2019-06-18 10:57:40','2019-06-17 12:00:00',20000.00000000,20000.00000000,6,NULL,4,'','',228,0,NULL),(155,'SPAY1906-0150',1,'2019-06-18 11:00:53','2019-06-18 11:00:53','2019-06-17 12:00:00',300000.00000000,300000.00000000,6,NULL,4,'','',229,0,NULL),(157,'SPAY1906-0152',1,'2019-06-18 13:09:00','2019-06-18 13:09:00','2019-06-18 12:00:00',1715000.00000000,1715000.00000000,6,NULL,4,'','',231,0,NULL),(158,'SPAY1906-0153',1,'2019-06-18 13:12:03','2019-06-18 13:12:03','2019-06-18 12:00:00',100000.00000000,100000.00000000,6,NULL,4,'','',232,0,NULL),(159,'SPAY1906-0154',1,'2019-06-18 13:13:27','2019-06-18 13:13:27','2019-06-18 12:00:00',50000.00000000,50000.00000000,6,NULL,4,'','',233,0,NULL),(160,'SPAY1906-0155',1,'2019-06-19 10:11:51','2019-06-19 10:11:50','2019-06-18 12:00:00',50000.00000000,50000.00000000,6,NULL,4,'','',234,0,NULL),(161,'SPAY1906-0156',1,'2019-06-19 10:15:21','2019-06-19 10:15:21','2019-06-18 12:00:00',250000.00000000,250000.00000000,6,NULL,4,'','',235,0,NULL),(162,'SPAY1906-0157',1,'2019-06-19 10:16:41','2019-06-19 10:16:41','2019-06-18 12:00:00',100000.00000000,100000.00000000,6,NULL,4,'','',236,0,NULL),(163,'SPAY1906-0158',1,'2019-06-19 10:19:21','2019-06-19 10:19:21','2019-06-18 12:00:00',5000.00000000,5000.00000000,6,NULL,4,'','',237,0,NULL),(164,'SPAY1906-0159',1,'2019-06-19 10:27:18','2019-06-19 10:27:18','2019-06-18 12:00:00',5864000.00000000,5864000.00000000,6,NULL,4,'','',238,0,NULL),(165,'SPAY1906-0160',1,'2019-06-19 10:29:47','2019-06-19 10:29:47','2019-06-18 12:00:00',150000.00000000,150000.00000000,6,NULL,4,'','',239,0,NULL),(166,'SPAY1906-0161',1,'2019-06-19 10:31:31','2019-06-19 10:31:31','2019-06-18 12:00:00',80000.00000000,80000.00000000,6,NULL,4,'','',240,0,NULL),(167,'SPAY1906-0162',1,'2019-06-19 10:33:57','2019-06-19 10:33:57','2019-06-18 12:00:00',300000.00000000,300000.00000000,6,NULL,4,'','',241,0,NULL),(168,'SPAY1906-0163',1,'2019-06-19 10:35:18','2019-06-19 10:35:18','2019-06-19 12:00:00',50000.00000000,50000.00000000,6,NULL,4,'','',242,0,NULL),(169,'SPAY1906-0164',1,'2019-06-19 10:38:37','2019-06-19 10:38:37','2019-06-12 12:00:00',2445000.00000000,2445000.00000000,6,NULL,4,'','',243,0,NULL),(170,'SPAY1906-0165',1,'2019-06-19 15:38:41','2019-06-19 15:38:41','2019-06-19 12:00:00',190000.00000000,190000.00000000,6,NULL,4,'','',244,0,NULL),(171,'SPAY1906-0166',1,'2019-06-19 15:41:02','2019-06-19 15:41:01','2019-06-19 12:00:00',90000.00000000,90000.00000000,6,NULL,4,'','',245,0,NULL),(172,'SPAY1906-0167',1,'2019-06-19 15:42:59','2019-06-19 15:42:58','2019-06-19 12:00:00',50000.00000000,50000.00000000,6,NULL,4,'','',246,0,NULL),(174,'SPAY1906-0169',1,'2019-06-20 09:44:53','2019-06-20 09:44:53','2019-06-17 12:00:00',3400000.00000000,3400000.00000000,6,NULL,7,'296005','',248,0,NULL),(175,'SPAY1906-0170',1,'2019-06-20 09:50:11','2019-06-20 09:50:11','2019-06-17 12:00:00',8443000.00000000,8443000.00000000,6,NULL,7,'296001','',249,0,NULL),(177,'SPAY1906-0172',1,'2019-06-20 11:44:06','2019-06-20 11:44:06','2019-06-17 12:00:00',20650000.00000000,20650000.00000000,6,NULL,7,'296004','',251,0,NULL),(178,'SPAY1906-0173',1,'2019-06-20 11:44:57','2019-06-20 11:44:57','2019-06-14 12:00:00',900000.00000000,900000.00000000,6,NULL,7,'292900','',252,0,NULL),(179,'SPAY1906-0174',1,'2019-06-20 11:46:48','2019-06-20 11:46:48','2019-06-14 12:00:00',10422000.00000000,10422000.00000000,6,NULL,7,'292899','',253,0,NULL),(181,'SPAY1906-0176',1,'2019-06-20 11:49:24','2019-06-20 11:49:24','2019-06-13 12:00:00',6000000.00000000,6000000.00000000,6,NULL,7,'292898','',255,0,NULL),(182,'SPAY1906-0177',1,'2019-06-20 11:51:16','2019-06-20 11:51:16','2019-06-17 12:00:00',8000000.00000000,8000000.00000000,6,NULL,7,'296002','',256,0,NULL),(184,'SPAY1906-0179',1,'2019-06-20 11:52:58','2019-06-20 11:52:58','2019-06-10 12:00:00',9400000.00000000,9400000.00000000,6,NULL,7,'292894','',258,0,NULL),(188,'SPAY1906-0182',1,'2019-06-20 12:07:09','2019-06-20 12:07:09','2019-06-19 12:00:00',300000.00000000,300000.00000000,5,NULL,4,'','',262,0,NULL),(189,'SPAY1906-0183',1,'2019-06-20 14:45:37','2019-06-20 14:45:37','2019-06-20 12:00:00',340000.00000000,340000.00000000,5,NULL,4,'','',263,0,NULL),(190,'SPAY1906-0184',1,'2019-06-20 14:57:16','2019-06-20 14:57:16','2019-06-20 12:00:00',95000.00000000,95000.00000000,5,NULL,4,'','',264,0,NULL),(194,'SPAY1906-0188',1,'2019-06-20 15:14:40','2019-06-20 15:14:40','2019-06-20 12:00:00',200000.00000000,200000.00000000,5,NULL,4,'','',268,0,NULL),(196,'SPAY1906-0190',1,'2019-06-20 16:28:26','2019-06-20 16:28:26','2019-06-19 12:00:00',500000.00000000,500000.00000000,6,NULL,4,'','',270,0,NULL),(197,'SPAY1906-0191',1,'2019-06-20 16:31:40','2019-06-20 16:31:40','2019-06-19 12:00:00',10000.00000000,10000.00000000,6,NULL,4,'','',271,0,NULL),(198,'SPAY1906-0192',1,'2019-06-20 16:32:41','2019-06-20 16:32:41','2019-06-19 12:00:00',300000.00000000,300000.00000000,6,NULL,4,'','',272,0,NULL),(199,'SPAY1906-0193',1,'2019-06-20 16:35:36','2019-06-20 16:35:36','2019-06-20 12:00:00',230000.00000000,230000.00000000,6,NULL,4,'','',273,0,NULL),(200,'SPAY1906-0194',1,'2019-06-20 16:37:09','2019-06-20 16:37:09','2019-06-20 12:00:00',350000.00000000,350000.00000000,6,NULL,4,'','',274,0,NULL),(201,'SPAY1906-0195',1,'2019-06-20 16:38:27','2019-06-20 16:38:27','2019-06-20 12:00:00',430000.00000000,430000.00000000,6,NULL,4,'','',275,0,NULL),(202,'SPAY1906-0196',1,'2019-06-20 16:59:25','2019-06-20 16:59:25','2019-06-20 12:00:00',100000.00000000,100000.00000000,6,NULL,4,'','',276,0,NULL),(203,'SPAY1906-0197',1,'2019-06-21 09:15:26','2019-06-21 09:15:26','2019-06-10 12:00:00',26875000.00000000,26875000.00000000,6,NULL,7,'00292891','',277,0,NULL),(204,'SPAY1906-0198',1,'2019-06-21 09:16:23','2019-06-21 09:16:23','2019-06-10 12:00:00',84257280.00000000,84257280.00000000,6,NULL,7,'292893','',278,0,NULL),(205,'SPAY1906-0199',1,'2019-06-21 09:19:49','2019-06-21 09:19:49','2019-06-10 12:00:00',8052000.00000000,8052000.00000000,6,NULL,7,'292892','',279,0,NULL),(206,'SPAY1906-0200',1,'2019-06-21 09:50:50','2019-06-21 09:50:50','2019-06-21 12:00:00',30000.00000000,30000.00000000,5,NULL,4,'','',280,0,NULL),(208,'SPAY1906-0202',1,'2019-06-21 10:06:00','2019-06-21 10:05:59','2019-06-21 12:00:00',200000.00000000,200000.00000000,5,NULL,4,'','',282,0,NULL),(209,'SPAY1906-0203',1,'2019-06-21 10:16:41','2019-06-21 10:16:41','2019-06-15 12:00:00',500000.00000000,500000.00000000,5,NULL,4,'','',283,0,NULL),(210,'SPAY1906-0204',1,'2019-06-21 12:42:47','2019-06-21 12:42:47','2019-06-21 12:00:00',120000.00000000,120000.00000000,5,NULL,4,'','',284,0,NULL),(211,'SPAY1906-0205',1,'2019-06-21 12:48:20','2019-06-21 12:48:20','2019-06-21 12:00:00',900000.00000000,900000.00000000,5,NULL,4,'','',285,0,NULL),(212,'SPAY1906-0206',1,'2019-06-21 13:17:07','2019-06-21 13:17:07','2019-06-21 12:00:00',100000.00000000,100000.00000000,5,NULL,4,'','',286,0,NULL),(213,'SPAY1906-0207',1,'2019-06-21 17:02:15','2019-06-21 17:02:15','2019-06-21 12:00:00',135000.00000000,135000.00000000,5,NULL,4,'','',287,0,NULL),(214,'SPAY1906-0208',1,'2019-06-24 08:44:06','2019-06-24 08:44:06','2019-06-22 12:00:00',320000.00000000,320000.00000000,5,NULL,4,'','',288,0,NULL),(215,'SPAY1906-0209',1,'2019-06-24 08:46:50','2019-06-24 08:46:50','2019-06-22 12:00:00',180000.00000000,180000.00000000,5,NULL,4,'','',289,0,NULL),(216,'SPAY1906-0210',1,'2019-06-24 08:50:07','2019-06-24 08:50:07','2019-06-22 12:00:00',30000.00000000,30000.00000000,5,NULL,4,'','',290,0,NULL),(217,'SPAY1906-0211',1,'2019-06-24 09:04:08','2019-06-24 09:04:08','2019-06-22 12:00:00',1000000.00000000,1000000.00000000,5,NULL,4,'','',291,0,NULL),(218,'SPAY1906-0212',1,'2019-06-24 09:06:02','2019-06-24 09:06:02','2019-06-22 12:00:00',200000.00000000,200000.00000000,5,NULL,4,'','',292,0,NULL),(219,'SPAY1906-0213',1,'2019-06-24 09:08:10','2019-06-24 09:08:10','2019-06-22 12:00:00',80000.00000000,80000.00000000,5,NULL,4,'','',293,0,NULL),(220,'SPAY1906-0214',1,'2019-06-24 11:00:25','2019-06-24 11:00:25','2019-06-09 12:00:00',395000.00000000,395000.00000000,5,NULL,4,'','',296,0,NULL),(221,'SPAY1906-0215',1,'2019-06-24 12:46:24','2019-06-24 12:46:24','2019-06-24 12:00:00',6385520.00000000,6385520.00000000,5,NULL,7,'','',297,0,NULL),(222,'SPAY1906-0216',1,'2019-06-24 17:56:36','2019-06-24 17:56:36','2019-06-24 12:00:00',620000.00000000,620000.00000000,5,NULL,4,'','',298,0,NULL),(223,'SPAY1906-0217',1,'2019-06-24 17:58:47','2019-06-24 17:58:46','2019-06-24 12:00:00',40000.00000000,40000.00000000,5,NULL,4,'','',299,0,NULL),(224,'SPAY1906-0218',1,'2019-06-24 18:00:31','2019-06-24 18:00:31','2019-06-24 12:00:00',35000.00000000,35000.00000000,5,NULL,4,'','',300,0,NULL),(225,'SPAY1906-0219',1,'2019-06-24 18:02:08','2019-06-24 18:02:08','2019-06-24 12:00:00',200000.00000000,200000.00000000,5,NULL,4,'','',301,0,NULL),(226,'SPAY1906-0220',1,'2019-06-24 18:03:59','2019-06-24 18:03:59','2019-06-24 12:00:00',100000.00000000,100000.00000000,5,NULL,4,'','',302,0,NULL),(227,'SPAY1906-0221',1,'2019-06-24 18:06:33','2019-06-24 18:06:33','2019-06-24 12:00:00',200000.00000000,200000.00000000,5,NULL,4,'','',303,0,NULL),(228,'SPAY1906-0222',1,'2019-06-24 18:07:47','2019-06-24 18:07:47','2019-06-24 12:00:00',50000.00000000,50000.00000000,5,NULL,4,'','',304,0,NULL),(229,'SPAY1906-0223',1,'2019-06-24 18:12:56','2019-06-24 18:12:56','2019-06-24 12:00:00',150000.00000000,150000.00000000,5,NULL,4,'','',305,0,NULL),(230,'SPAY1906-0224',1,'2019-06-25 15:27:24','2019-06-25 15:27:24','2019-06-25 12:00:00',20000.00000000,20000.00000000,5,NULL,4,'','',306,0,NULL),(231,'SPAY1906-0225',1,'2019-06-25 15:29:13','2019-06-25 15:29:13','2019-06-25 12:00:00',15000.00000000,15000.00000000,5,NULL,4,'','',307,0,NULL),(232,'SPAY1906-0226',1,'2019-06-25 15:32:27','2019-06-25 15:32:27','2019-06-25 12:00:00',75000.00000000,75000.00000000,5,NULL,4,'','',308,0,NULL),(233,'SPAY1906-0227',1,'2019-06-25 15:40:16','2019-06-25 15:40:16','2019-06-25 12:00:00',1255000.00000000,1255000.00000000,5,NULL,4,'','',309,0,NULL),(234,'SPAY1906-0228',1,'2019-06-25 15:42:26','2019-06-25 15:42:26','2019-06-25 12:00:00',55000.00000000,55000.00000000,5,NULL,4,'','',310,0,NULL),(235,'SPAY1906-0229',1,'2019-06-25 15:45:37','2019-06-25 15:45:37','2019-06-25 12:00:00',140000.00000000,140000.00000000,5,NULL,4,'','',311,0,NULL),(236,'SPAY1906-0230',1,'2019-06-25 16:31:18','2019-06-25 16:31:18','2019-06-25 12:00:00',150000.00000000,150000.00000000,5,NULL,4,'','',312,0,NULL),(237,'SPAY1906-0231',1,'2019-06-25 17:31:36','2019-06-25 17:31:36','2019-06-25 12:00:00',100000.00000000,100000.00000000,5,NULL,4,'','',313,0,NULL),(238,'SPAY1906-0232',1,'2019-06-26 12:08:47','2019-06-26 12:08:47','2019-06-25 12:00:00',400000.00000000,400000.00000000,5,NULL,4,'','',314,0,NULL),(239,'SPAY1906-0233',1,'2019-06-26 12:13:28','2019-06-26 12:13:28','2019-06-25 12:00:00',50000.00000000,50000.00000000,5,NULL,4,'','',315,0,NULL),(240,'SPAY1906-0234',1,'2019-06-26 12:21:47','2019-06-26 12:21:47','2019-06-25 12:00:00',200000.00000000,200000.00000000,5,NULL,4,'','',316,0,NULL),(241,'SPAY1906-0235',1,'2019-06-26 12:24:25','2019-06-26 12:24:25','2019-06-25 12:00:00',330000193.00000000,330000193.00000000,5,NULL,7,'','',317,0,NULL),(242,'SPAY1906-0236',1,'2019-06-26 12:26:34','2019-06-26 12:26:34','2019-06-26 12:00:00',200000.00000000,200000.00000000,5,NULL,4,'','',318,0,NULL),(245,'SPAY1906-0237',1,'2019-06-27 16:17:53','2019-06-27 16:17:52','2019-06-26 12:00:00',25000.00000000,25000.00000000,5,NULL,4,'','',324,0,NULL),(246,'SPAY1906-0238',1,'2019-06-27 16:19:36','2019-06-27 16:19:36','2019-06-26 12:00:00',15000.00000000,15000.00000000,5,NULL,4,'','',325,0,NULL),(247,'SPAY1906-0239',1,'2019-06-27 16:22:52','2019-06-27 16:22:51','2019-06-26 12:00:00',10000.00000000,10000.00000000,5,NULL,4,'','',326,0,NULL),(248,'SPAY1906-0240',1,'2019-06-27 16:25:26','2019-06-27 16:25:26','2019-06-26 12:00:00',200000.00000000,200000.00000000,5,NULL,4,'','',327,0,NULL),(249,'SPAY1906-0241',1,'2019-06-27 16:27:12','2019-06-27 16:27:12','2019-06-26 12:00:00',100000.00000000,100000.00000000,5,NULL,4,'','',328,0,NULL),(251,'SPAY1906-0243',1,'2019-06-27 16:36:14','2019-06-27 16:36:14','2019-06-27 12:00:00',1000000.00000000,1000000.00000000,5,NULL,4,'','',330,0,NULL),(252,'SPAY1906-0244',1,'2019-06-27 16:38:21','2019-06-27 16:38:21','2019-06-27 12:00:00',100000.00000000,100000.00000000,5,NULL,4,'','',331,0,NULL),(253,'SPAY1906-0245',1,'2019-06-27 16:43:54','2019-06-27 16:43:54','2019-06-26 12:00:00',2355000.00000000,2355000.00000000,5,NULL,7,'','',332,0,NULL),(254,'SPAY1906-0246',1,'2019-06-27 16:48:21','2019-06-27 16:48:21','2019-06-26 12:00:00',5100000.00000000,5100000.00000000,5,NULL,7,'','',333,0,NULL),(255,'SPAY1906-0247',1,'2019-06-27 16:50:55','2019-06-27 16:50:55','2019-06-26 12:00:00',1100000.00000000,1100000.00000000,5,NULL,7,'','',334,0,NULL),(256,'SPAY1906-0248',1,'2019-06-27 16:55:26','2019-06-27 16:55:26','2019-06-27 12:00:00',2000000.00000000,2000000.00000000,5,NULL,7,'','',335,0,NULL),(257,'SPAY1906-0249',1,'2019-06-27 17:30:02','2019-06-27 17:30:02','2019-06-27 12:00:00',9000000.00000000,9000000.00000000,5,NULL,7,'','',336,0,NULL),(258,'SPAY1906-0250',1,'2019-06-27 17:33:00','2019-06-27 17:33:00','2019-06-27 12:00:00',200000.00000000,200000.00000000,5,NULL,4,'','',337,0,NULL),(259,'SPAY1906-0251',1,'2019-06-27 17:34:52','2019-06-27 17:34:52','2019-06-27 12:00:00',2500000.00000000,2500000.00000000,5,NULL,7,'','',338,0,NULL),(260,'SPAY1906-0252',1,'2019-06-27 17:37:02','2019-06-27 17:37:02','2019-06-27 12:00:00',1472000.00000000,1472000.00000000,5,NULL,7,'','',339,0,NULL),(261,'SPAY1906-0253',1,'2019-06-27 17:39:01','2019-06-27 17:39:01','2019-06-27 12:00:00',5645200.00000000,5645200.00000000,5,NULL,7,'','',340,0,NULL),(262,'SPAY1906-0254',1,'2019-06-27 17:43:52','2019-06-27 17:43:52','2019-06-27 12:00:00',3400000.00000000,3400000.00000000,5,NULL,7,'','',341,0,NULL),(263,'SPAY1906-0255',1,'2019-06-27 17:46:39','2019-06-27 17:46:39','2019-06-27 12:00:00',16000000.00000000,16000000.00000000,5,NULL,7,'','',342,0,NULL),(264,'SPAY1906-0256',1,'2019-06-27 17:48:30','2019-06-27 17:48:30','2019-06-27 12:00:00',6000000.00000000,6000000.00000000,5,NULL,7,'','',343,0,NULL),(265,'SPAY1906-0257',1,'2019-06-27 18:02:47','2019-06-27 18:02:47','2019-06-27 12:00:00',2000000.00000000,2000000.00000000,5,NULL,7,'','',346,0,NULL),(266,'SPAY1906-0258',1,'2019-06-27 18:12:11','2019-06-27 18:12:11','2019-06-27 12:00:00',250000.00000000,250000.00000000,5,NULL,4,'','',347,0,NULL),(268,'SPAY1906-0260',1,'2019-06-28 15:11:36','2019-06-28 15:11:36','2019-06-28 12:00:00',50000.00000000,50000.00000000,5,NULL,4,'','',350,0,NULL),(269,'SPAY1906-0261',1,'2019-06-28 15:51:30','2019-06-28 15:51:30','2019-06-28 12:00:00',50000.00000000,50000.00000000,5,NULL,3,'','',351,0,NULL),(270,'SPAY1906-0262',1,'2019-06-28 15:53:26','2019-06-28 15:53:26','2019-06-28 12:00:00',9000.00000000,9000.00000000,5,NULL,3,'','',352,0,NULL),(271,'SPAY1906-0263',1,'2019-06-28 15:58:38','2019-06-28 15:58:38','2019-06-28 12:00:00',50000.00000000,50000.00000000,5,NULL,4,'','',353,0,NULL),(272,'SPAY1906-0264',1,'2019-06-28 16:01:12','2019-06-28 16:01:12','2019-06-28 12:00:00',450000.00000000,450000.00000000,5,NULL,4,'','',354,0,NULL),(273,'SPAY1906-0265',1,'2019-06-28 16:02:45','2019-06-28 16:02:45','2019-06-28 12:00:00',900000.00000000,900000.00000000,5,NULL,4,'','',355,0,NULL),(274,'SPAY1906-0266',1,'2019-06-28 16:04:53','2019-06-28 16:04:53','2019-06-28 12:00:00',50000.00000000,50000.00000000,5,NULL,4,'','',356,0,NULL),(275,'SPAY1906-0267',1,'2019-06-28 16:07:34','2019-06-28 16:07:34','2019-06-28 12:00:00',50000.00000000,50000.00000000,5,NULL,4,'','',357,0,NULL),(276,'SPAY1906-0268',1,'2019-06-28 16:10:22','2019-06-28 16:10:22','2019-06-28 12:00:00',200000.00000000,200000.00000000,5,NULL,4,'','',358,0,NULL),(277,'SPAY1906-0269',1,'2019-06-29 15:13:57','2019-06-29 15:13:57','2019-06-28 12:00:00',200000.00000000,200000.00000000,5,NULL,4,'','',359,0,NULL),(278,'SPAY1906-0270',1,'2019-07-01 16:13:44','2019-07-01 16:13:44','2019-06-27 12:00:00',10000.00000000,10000.00000000,5,NULL,4,'','',361,0,NULL),(279,'SPAY1907-0271',1,'2019-07-01 16:18:08','2019-07-01 16:18:08','2019-07-01 12:00:00',80000.00000000,80000.00000000,5,NULL,4,'','',362,0,NULL),(280,'SPAY1907-0272',1,'2019-07-01 16:19:37','2019-07-01 16:19:37','2019-07-01 12:00:00',50000.00000000,50000.00000000,5,NULL,4,'','',363,0,NULL),(281,'SPAY1907-0273',1,'2019-07-01 16:21:22','2019-07-01 16:21:22','2019-07-01 12:00:00',200000.00000000,200000.00000000,5,NULL,4,'','',364,0,NULL),(282,'SPAY1907-0274',1,'2019-07-01 16:23:25','2019-07-01 16:23:25','2019-07-01 12:00:00',80000.00000000,80000.00000000,5,NULL,4,'','',365,0,NULL),(283,'SPAY1907-0275',1,'2019-07-01 16:27:37','2019-07-01 16:27:37','2019-07-01 12:00:00',1110000.00000000,1110000.00000000,5,NULL,4,'','',366,0,NULL),(284,'SPAY1906-0276',1,'2019-07-01 16:43:05','2019-07-01 16:43:05','2019-06-29 12:00:00',1500000.00000000,1500000.00000000,5,NULL,4,'','',367,0,NULL),(285,'SPAY1906-0277',1,'2019-07-02 16:32:08','2019-07-02 16:32:08','2019-06-18 12:00:00',49079563.00000000,4718.99998245,2,NULL,2,'','',375,0,NULL),(286,'SPAY1907-0278',1,'2019-07-02 16:58:31','2019-07-02 16:58:31','2019-07-01 12:00:00',200000.00000000,200000.00000000,5,NULL,4,'','',379,0,NULL),(287,'SPAY1907-0279',1,'2019-07-02 17:01:30','2019-07-02 17:01:30','2019-07-01 12:00:00',35000.00000000,35000.00000000,5,NULL,4,'','',380,0,NULL),(288,'SPAY1907-0280',1,'2019-07-02 17:04:15','2019-07-02 17:04:15','2019-07-01 12:00:00',20000.00000000,20000.00000000,5,NULL,4,'','',381,0,NULL),(289,'SPAY1907-0281',1,'2019-07-02 17:07:44','2019-07-02 17:07:44','2019-07-01 12:00:00',1000000.00000000,1000000.00000000,5,NULL,4,'','',382,0,NULL),(290,'SPAY1907-0282',1,'2019-07-02 17:56:36','2019-07-02 17:56:36','2019-07-02 12:00:00',460000.00000000,460000.00000000,5,NULL,4,'','',383,0,NULL),(291,'SPAY1907-0283',1,'2019-07-02 17:58:26','2019-07-02 17:58:26','2019-07-02 12:00:00',960000.00000000,960000.00000000,5,NULL,4,'','',384,0,NULL),(292,'SPAY1907-0284',1,'2019-07-02 18:00:19','2019-07-02 18:00:19','2019-07-02 12:00:00',355000.00000000,355000.00000000,5,NULL,4,'','',385,0,NULL),(293,'SPAY1907-0285',1,'2019-07-02 18:31:33','2019-07-02 18:31:33','2019-07-02 12:00:00',620000.00000000,620000.00000000,5,NULL,4,'','',386,0,NULL),(294,'SPAY1907-0286',1,'2019-07-02 18:33:09','2019-07-02 18:33:09','2019-07-02 12:00:00',200000.00000000,200000.00000000,5,NULL,4,'','',387,0,NULL),(295,'SPAY1907-0287',1,'2019-07-02 18:34:56','2019-07-02 18:34:56','2019-07-02 12:00:00',25000.00000000,25000.00000000,5,NULL,4,'','',388,0,NULL),(296,'SPAY1907-0288',1,'2019-07-02 18:36:31','2019-07-02 18:36:31','2019-07-02 12:00:00',150000.00000000,150000.00000000,5,NULL,4,'','',389,0,NULL),(297,'SPAY1907-0289',1,'2019-07-02 18:38:09','2019-07-02 18:38:09','2019-07-02 12:00:00',30000.00000000,30000.00000000,5,NULL,4,'','',390,0,NULL),(298,'SPAY1907-0290',1,'2019-07-02 18:39:47','2019-07-02 18:39:47','2019-07-02 12:00:00',1000000.00000000,1000000.00000000,5,NULL,4,'','',391,0,NULL),(299,'SPAY1907-0291',1,'2019-07-02 18:41:39','2019-07-02 18:41:39','2019-07-02 12:00:00',1000000.00000000,1000000.00000000,5,NULL,4,'','',392,0,NULL),(300,'SPAY1907-0292',1,'2019-07-02 18:53:26','2019-07-02 18:53:26','2019-07-01 12:00:00',1690000.00000000,1690000.00000000,5,NULL,7,'','',393,0,NULL),(301,'SPAY1907-0293',1,'2019-07-02 18:55:15','2019-07-02 18:55:15','2019-07-01 12:00:00',1310000.00000000,1310000.00000000,5,NULL,7,'','',394,0,NULL),(302,'SPAY1907-0294',1,'2019-07-02 18:57:27','2019-07-02 18:57:27','2019-07-01 12:00:00',710000.00000000,710000.00000000,5,NULL,7,'','',395,0,NULL),(303,'SPAY1907-0295',1,'2019-07-02 18:59:04','2019-07-02 18:59:04','2019-07-01 12:00:00',1520000.00000000,1520000.00000000,5,NULL,7,'','',396,0,NULL),(304,'SPAY1907-0296',1,'2019-07-02 19:00:38','2019-07-02 19:00:38','2019-07-01 12:00:00',1610000.00000000,1610000.00000000,5,NULL,7,'','',397,0,NULL),(305,'SPAY1907-0297',1,'2019-07-02 19:03:31','2019-07-02 19:03:31','2019-07-01 12:00:00',1680000.00000000,1680000.00000000,5,NULL,7,'','',398,0,NULL),(306,'SPAY1907-0298',1,'2019-07-02 19:05:21','2019-07-02 19:05:20','2019-07-01 12:00:00',1210000.00000000,1210000.00000000,5,NULL,7,'','',399,0,NULL);

--
-- Table structure for table `llx_paiementfourn_facturefourn`
--

CREATE TABLE `llx_paiementfourn_facturefourn` (
  `rowid` int(11) NOT NULL AUTO_INCREMENT,
  `fk_paiementfourn` int(11) DEFAULT NULL,
  `fk_facturefourn` int(11) DEFAULT NULL,
  `amount` double(24,8) DEFAULT '0.00000000',
  `multicurrency_code` varchar(255) COLLATE utf8_unicode_ci DEFAULT NULL,
  `multicurrency_tx` double(24,8) DEFAULT '1.00000000',
  `multicurrency_amount` double(24,8) DEFAULT '0.00000000',
  PRIMARY KEY (`rowid`),
  UNIQUE KEY `uk_paiementfourn_facturefourn` (`fk_paiementfourn`,`fk_facturefourn`),
  KEY `idx_paiementfourn_facturefourn_fk_facture` (`fk_facturefourn`),
  KEY `idx_paiementfourn_facturefourn_fk_paiement` (`fk_paiementfourn`)
) ENGINE=InnoDB AUTO_INCREMENT=308 DEFAULT CHARSET=utf8 COLLATE=utf8_unicode_ci;

--
-- Dumping data for table `llx_paiementfourn_facturefourn`
--

INSERT INTO `llx_paiementfourn_facturefourn` (`rowid`, `fk_paiementfourn`, `fk_facturefourn`, `amount`, `multicurrency_code`, `multicurrency_tx`, `multicurrency_amount`) VALUES (1,1,2,355000.00000000,NULL,1.00000000,355000.00000000),(2,2,3,20000.00000000,NULL,1.00000000,20000.00000000),(3,3,4,15000.00000000,NULL,1.00000000,15000.00000000),(4,4,5,100000.00000000,NULL,1.00000000,100000.00000000),(5,5,6,25000.00000000,NULL,1.00000000,25000.00000000),(6,6,7,5000.00000000,NULL,1.00000000,5000.00000000),(7,7,8,1950000.00000000,NULL,1.00000000,1950000.00000000),(8,8,9,150000.00000000,NULL,1.00000000,150000.00000000),(9,9,10,200000.00000000,NULL,1.00000000,200000.00000000),(10,10,11,145000.00000000,NULL,1.00000000,145000.00000000),(11,11,12,300000.00000000,NULL,1.00000000,300000.00000000),(12,12,13,1200000.00000000,NULL,1.00000000,1200000.00000000),(13,13,14,100000.00000000,NULL,1.00000000,100000.00000000),(14,14,15,20841096.00000000,NULL,1.00000000,20841096.00000000),(15,15,16,100000.00000000,NULL,1.00000000,100000.00000000),(16,16,17,105000.00000000,NULL,1.00000000,105000.00000000),(17,17,18,21000.00000000,NULL,1.00000000,21000.00000000),(18,18,29,200000.00000000,NULL,1.00000000,200000.00000000),(19,19,19,190000.00000000,NULL,1.00000000,190000.00000000),(20,20,30,150000.00000000,NULL,1.00000000,150000.00000000),(22,22,35,109999.60000000,NULL,1.00000000,109999.60000000),(23,23,36,10000.00000000,NULL,1.00000000,10000.00000000),(24,24,37,500000.00000000,NULL,1.00000000,500000.00000000),(25,25,38,300000.00000000,NULL,1.00000000,300000.00000000),(26,26,40,200000.00000000,NULL,1.00000000,200000.00000000),(27,27,41,1000000.00000000,NULL,1.00000000,1000000.00000000),(28,28,42,85000.00000000,NULL,1.00000000,85000.00000000),(29,29,43,600000.00000000,NULL,1.00000000,600000.00000000),(30,30,44,400000.00000000,NULL,1.00000000,400000.00000000),(32,32,46,30000.00000000,NULL,1.00000000,30000.00000000),(34,34,49,125000.00000000,NULL,1.00000000,125000.00000000),(35,35,50,8000000.00000000,NULL,1.00000000,8000000.00000000),(36,36,52,80000.00000000,NULL,1.00000000,80000.00000000),(39,39,56,380000.00000000,NULL,1.00000000,380000.00000000),(40,40,57,10000.00000000,NULL,1.00000000,10000.00000000),(42,42,47,200000.00000000,NULL,1.00000000,200000.00000000),(43,43,58,110000.00000000,NULL,1.00000000,110000.00000000),(44,44,59,200000.00000000,NULL,1.00000000,200000.00000000),(45,45,34,2000000.00000000,NULL,1.00000000,2000000.00000000),(46,46,45,200000.00000000,NULL,1.00000000,200000.00000000),(47,47,60,200000.00000000,NULL,1.00000000,200000.00000000),(48,48,61,200000.00000000,NULL,1.00000000,200000.00000000),(49,49,53,50000.00000000,NULL,1.00000000,50000.00000000),(50,50,54,100000.00000000,NULL,1.00000000,100000.00000000),(51,51,63,200000.00000000,NULL,1.00000000,200000.00000000),(52,52,64,415000.00000000,NULL,1.00000000,415000.00000000),(53,53,65,200000.00000000,NULL,1.00000000,200000.00000000),(54,54,66,25000.00000000,NULL,1.00000000,25000.00000000),(55,55,67,250000.00000000,NULL,1.00000000,250000.00000000),(56,56,68,30000.00000000,NULL,1.00000000,30000.00000000),(57,57,69,50000.00000000,NULL,1.00000000,50000.00000000),(58,58,70,100000.00000000,NULL,1.00000000,100000.00000000),(59,59,71,50000.00000000,NULL,1.00000000,50000.00000000),(60,60,72,100000.00000000,NULL,1.00000000,100000.00000000),(61,61,73,210000.00000000,NULL,1.00000000,210000.00000000),(62,62,74,1000000.00000000,NULL,1.00000000,1000000.00000000),(63,63,75,10000.00000000,NULL,1.00000000,10000.00000000),(64,64,76,20807500.00000000,NULL,1.00000000,20807500.00000000),(65,65,77,95000.00000000,NULL,1.00000000,95000.00000000),(66,66,78,1500000.00000000,NULL,1.00000000,1500000.00000000),(67,67,79,1000000.00000000,NULL,1.00000000,1000000.00000000),(68,68,80,200000.00000000,NULL,1.00000000,200000.00000000),(69,69,82,135000.00000000,NULL,1.00000000,135000.00000000),(70,70,83,100000.00000000,NULL,1.00000000,100000.00000000),(71,71,85,50000.00000000,NULL,1.00000000,50000.00000000),(72,72,86,1650000.00000000,NULL,1.00000000,1650000.00000000),(73,73,89,162000.00000000,NULL,1.00000000,162000.00000000),(76,76,92,200000.00000000,NULL,1.00000000,200000.00000000),(77,77,93,150000.00000000,NULL,1.00000000,150000.00000000),(78,78,94,10000.00000000,NULL,1.00000000,10000.00000000),(79,79,95,2500000.00000000,NULL,1.00000000,2500000.00000000),(80,80,96,70000.00000000,NULL,1.00000000,70000.00000000),(81,81,97,290000.00000000,NULL,1.00000000,290000.00000000),(82,82,98,150000.00000000,NULL,1.00000000,150000.00000000),(83,83,99,150000.00000000,NULL,1.00000000,150000.00000000),(84,84,100,2250000.00000000,NULL,1.00000000,2250000.00000000),(85,85,101,20000.00000000,NULL,1.00000000,20000.00000000),(86,86,103,2000000.00000000,NULL,1.00000000,2000000.00000000),(87,87,104,2000000.00000000,NULL,1.00000000,2000000.00000000),(88,88,105,1200000.00000000,NULL,1.00000000,1200000.00000000),(89,89,106,3000000.00000000,NULL,1.00000000,3000000.00000000),(90,90,107,40989012.00000000,NULL,1.00000000,40989012.00000000),(91,91,109,10000000.00000000,NULL,1.00000000,10000000.00000000),(92,92,110,7372000.00000000,NULL,1.00000000,7372000.00000000),(93,93,111,5400000.00000000,NULL,1.00000000,5400000.00000000),(94,94,112,2937000.00000000,NULL,1.00000000,2937000.00000000),(95,95,113,12000000.00000000,NULL,1.00000000,12000000.00000000),(96,96,114,8150000.00000000,NULL,1.00000000,8150000.00000000),(101,101,119,5000000.00000000,NULL,1.00000000,5000000.00000000),(102,102,120,50000.00000000,NULL,1.00000000,50000.00000000),(103,103,121,1000000.00000000,NULL,1.00000000,1000000.00000000),(104,104,123,200000.00000000,NULL,1.00000000,200000.00000000),(105,105,124,150000.00000000,NULL,1.00000000,150000.00000000),(107,107,125,220000.00000000,NULL,1.00000000,220000.00000000),(108,108,126,1865000.00000000,NULL,1.00000000,1865000.00000000),(109,109,127,105000.00000000,NULL,1.00000000,105000.00000000),(110,110,128,100000.00000000,NULL,1.00000000,100000.00000000),(111,111,129,10000.00000000,NULL,1.00000000,10000.00000000),(112,112,130,100000.00000000,NULL,1.00000000,100000.00000000),(113,113,131,290000.00000000,NULL,1.00000000,290000.00000000),(114,114,132,1805000.00000000,NULL,1.00000000,1805000.00000000),(116,116,134,900000.00000000,NULL,1.00000000,900000.00000000),(117,117,136,250000.00000000,NULL,1.00000000,250000.00000000),(118,118,137,50000.00000000,NULL,1.00000000,50000.00000000),(119,119,138,50000.00000000,NULL,1.00000000,50000.00000000),(120,120,139,200000.00000000,NULL,1.00000000,200000.00000000),(121,121,140,90000.00000000,NULL,1.00000000,90000.00000000),(122,122,141,460000.00000000,NULL,1.00000000,460000.00000000),(123,123,142,200000.00000000,NULL,1.00000000,200000.00000000),(124,124,143,10000.00000000,NULL,1.00000000,10000.00000000),(125,125,144,50000.00000000,NULL,1.00000000,50000.00000000),(126,126,145,50000.00000000,NULL,1.00000000,50000.00000000),(127,127,146,50000.00000000,NULL,1.00000000,50000.00000000),(128,128,147,912000.00000000,NULL,1.00000000,912000.00000000),(129,129,148,200000.00000000,NULL,1.00000000,200000.00000000),(130,130,149,1000000.00000000,NULL,1.00000000,1000000.00000000),(131,131,150,50000.00000000,NULL,1.00000000,50000.00000000),(133,133,151,25000.00000000,NULL,1.00000000,25000.00000000),(134,134,152,355000.00000000,NULL,1.00000000,355000.00000000),(135,135,153,330000.00000000,NULL,1.00000000,330000.00000000),(136,136,154,100000.00000000,NULL,1.00000000,100000.00000000),(137,137,155,2000000.00000000,NULL,1.00000000,2000000.00000000),(138,138,156,55000.00000000,NULL,1.00000000,55000.00000000),(139,139,157,25000.00000000,NULL,1.00000000,25000.00000000),(140,140,159,180000.00000000,NULL,1.00000000,180000.00000000),(141,141,160,10000.00000000,NULL,1.00000000,10000.00000000),(142,142,161,200000.00000000,NULL,1.00000000,200000.00000000),(149,149,169,400000.00000000,NULL,1.00000000,400000.00000000),(150,150,170,100000.00000000,NULL,1.00000000,100000.00000000),(151,151,171,600000.00000000,NULL,1.00000000,600000.00000000),(152,152,172,300000.00000000,NULL,1.00000000,300000.00000000),(153,153,173,100000.00000000,NULL,1.00000000,100000.00000000),(154,154,174,20000.00000000,NULL,1.00000000,20000.00000000),(155,155,175,300000.00000000,NULL,1.00000000,300000.00000000),(157,157,176,1715000.00000000,NULL,1.00000000,1715000.00000000),(158,158,177,100000.00000000,NULL,1.00000000,100000.00000000),(159,159,178,50000.00000000,NULL,1.00000000,50000.00000000),(160,160,179,50000.00000000,NULL,1.00000000,50000.00000000),(161,161,180,250000.00000000,NULL,1.00000000,250000.00000000),(162,162,181,100000.00000000,NULL,1.00000000,100000.00000000),(163,163,182,5000.00000000,NULL,1.00000000,5000.00000000),(164,164,183,864000.00000000,NULL,1.00000000,864000.00000000),(165,164,184,5000000.00000000,NULL,1.00000000,5000000.00000000),(166,165,185,150000.00000000,NULL,1.00000000,150000.00000000),(167,166,186,80000.00000000,NULL,1.00000000,80000.00000000),(168,167,187,300000.00000000,NULL,1.00000000,300000.00000000),(169,168,188,50000.00000000,NULL,1.00000000,50000.00000000),(170,169,133,2445000.00000000,NULL,1.00000000,2445000.00000000),(171,170,189,190000.00000000,NULL,1.00000000,190000.00000000),(172,171,190,90000.00000000,NULL,1.00000000,90000.00000000),(173,172,191,50000.00000000,NULL,1.00000000,50000.00000000),(175,174,193,3400000.00000000,NULL,1.00000000,3400000.00000000),(176,175,167,8443000.00000000,NULL,1.00000000,8443000.00000000),(178,177,192,20650000.00000000,NULL,1.00000000,20650000.00000000),(179,178,166,900000.00000000,NULL,1.00000000,900000.00000000),(180,179,163,10422000.00000000,NULL,1.00000000,10422000.00000000),(182,181,162,6000000.00000000,NULL,1.00000000,6000000.00000000),(183,182,168,8000000.00000000,NULL,1.00000000,8000000.00000000),(185,184,118,9400000.00000000,NULL,1.00000000,9400000.00000000),(189,188,195,300000.00000000,NULL,1.00000000,300000.00000000),(190,189,198,340000.00000000,NULL,1.00000000,340000.00000000),(191,190,199,95000.00000000,NULL,1.00000000,95000.00000000),(195,194,204,200000.00000000,NULL,1.00000000,200000.00000000),(197,196,194,500000.00000000,NULL,1.00000000,500000.00000000),(198,197,196,10000.00000000,NULL,1.00000000,10000.00000000),(199,198,197,300000.00000000,NULL,1.00000000,300000.00000000),(200,199,202,230000.00000000,NULL,1.00000000,230000.00000000),(201,200,200,350000.00000000,NULL,1.00000000,350000.00000000),(202,201,201,430000.00000000,NULL,1.00000000,430000.00000000),(203,202,205,100000.00000000,NULL,1.00000000,100000.00000000),(204,203,117,26875000.00000000,NULL,1.00000000,26875000.00000000),(205,204,116,84257280.00000000,NULL,1.00000000,84257280.00000000),(206,205,115,8052000.00000000,NULL,1.00000000,8052000.00000000),(207,206,206,30000.00000000,NULL,1.00000000,30000.00000000),(209,208,208,200000.00000000,NULL,1.00000000,200000.00000000),(210,209,164,500000.00000000,NULL,1.00000000,500000.00000000),(211,210,209,120000.00000000,NULL,1.00000000,120000.00000000),(212,211,210,900000.00000000,NULL,1.00000000,900000.00000000),(213,212,211,100000.00000000,NULL,1.00000000,100000.00000000),(214,213,207,135000.00000000,NULL,1.00000000,135000.00000000),(215,214,212,320000.00000000,NULL,1.00000000,320000.00000000),(216,215,213,180000.00000000,NULL,1.00000000,180000.00000000),(217,216,214,30000.00000000,NULL,1.00000000,30000.00000000),(218,217,215,1000000.00000000,NULL,1.00000000,1000000.00000000),(219,218,216,200000.00000000,NULL,1.00000000,200000.00000000),(220,219,217,80000.00000000,NULL,1.00000000,80000.00000000),(221,220,218,395000.00000000,NULL,1.00000000,395000.00000000),(222,221,219,6385520.00000000,NULL,1.00000000,6385520.00000000),(223,222,220,620000.00000000,NULL,1.00000000,620000.00000000),(224,223,221,40000.00000000,NULL,1.00000000,40000.00000000),(225,224,222,35000.00000000,NULL,1.00000000,35000.00000000),(226,225,223,200000.00000000,NULL,1.00000000,200000.00000000),(227,226,224,100000.00000000,NULL,1.00000000,100000.00000000),(228,227,225,200000.00000000,NULL,1.00000000,200000.00000000),(229,228,226,50000.00000000,NULL,1.00000000,50000.00000000),(230,229,227,150000.00000000,NULL,1.00000000,150000.00000000),(231,230,228,20000.00000000,NULL,1.00000000,20000.00000000),(232,231,229,15000.00000000,NULL,1.00000000,15000.00000000),(233,232,230,75000.00000000,NULL,1.00000000,75000.00000000),(234,233,231,1255000.00000000,NULL,1.00000000,1255000.00000000),(235,234,232,55000.00000000,NULL,1.00000000,55000.00000000),(236,235,233,140000.00000000,NULL,1.00000000,140000.00000000),(237,236,234,150000.00000000,NULL,1.00000000,150000.00000000),(238,237,235,100000.00000000,NULL,1.00000000,100000.00000000),(239,238,236,400000.00000000,NULL,1.00000000,400000.00000000),(240,239,237,50000.00000000,NULL,1.00000000,50000.00000000),(241,240,238,200000.00000000,NULL,1.00000000,200000.00000000),(242,241,239,330000193.00000000,NULL,1.00000000,330000193.00000000),(243,242,240,200000.00000000,NULL,1.00000000,200000.00000000),(246,245,241,25000.00000000,NULL,1.00000000,25000.00000000),(247,246,242,15000.00000000,NULL,1.00000000,15000.00000000),(248,247,246,10000.00000000,NULL,1.00000000,10000.00000000),(249,248,247,200000.00000000,NULL,1.00000000,200000.00000000),(250,249,248,100000.00000000,NULL,1.00000000,100000.00000000),(252,251,250,1000000.00000000,NULL,1.00000000,1000000.00000000),(253,252,251,100000.00000000,NULL,1.00000000,100000.00000000),(254,253,252,2355000.00000000,NULL,1.00000000,2355000.00000000),(255,254,253,5100000.00000000,NULL,1.00000000,5100000.00000000),(256,255,254,1100000.00000000,NULL,1.00000000,1100000.00000000),(257,256,255,2000000.00000000,NULL,1.00000000,2000000.00000000),(258,257,256,9000000.00000000,NULL,1.00000000,9000000.00000000),(259,258,257,200000.00000000,NULL,1.00000000,200000.00000000),(260,259,258,2500000.00000000,NULL,1.00000000,2500000.00000000),(261,260,259,1472000.00000000,NULL,1.00000000,1472000.00000000),(262,261,260,5645200.00000000,NULL,1.00000000,5645200.00000000),(263,262,261,3400000.00000000,NULL,1.00000000,3400000.00000000),(264,263,262,16000000.00000000,NULL,1.00000000,16000000.00000000),(265,264,263,6000000.00000000,NULL,1.00000000,6000000.00000000),(266,265,264,2000000.00000000,NULL,1.00000000,2000000.00000000),(267,266,265,250000.00000000,NULL,1.00000000,250000.00000000),(269,268,267,50000.00000000,NULL,1.00000000,50000.00000000),(270,269,269,50000.00000000,NULL,1.00000000,50000.00000000),(271,270,270,9000.00000000,NULL,1.00000000,9000.00000000),(272,271,271,50000.00000000,NULL,1.00000000,50000.00000000),(273,272,272,450000.00000000,NULL,1.00000000,450000.00000000),(274,273,273,900000.00000000,NULL,1.00000000,900000.00000000),(275,274,274,50000.00000000,NULL,1.00000000,50000.00000000),(276,275,275,50000.00000000,NULL,1.00000000,50000.00000000),(277,276,276,200000.00000000,NULL,1.00000000,200000.00000000),(278,277,277,200000.00000000,NULL,1.00000000,200000.00000000),(279,278,249,10000.00000000,NULL,1.00000000,10000.00000000),(280,279,278,80000.00000000,NULL,1.00000000,80000.00000000),(281,280,279,50000.00000000,NULL,1.00000000,50000.00000000),(282,281,280,200000.00000000,NULL,1.00000000,200000.00000000),(283,282,281,80000.00000000,NULL,1.00000000,80000.00000000),(284,283,282,1110000.00000000,NULL,1.00000000,1110000.00000000),(285,284,266,1500000.00000000,NULL,1.00000000,1500000.00000000),(286,285,284,49079563.00000000,NULL,1.00000000,4719.00000000),(287,286,285,200000.00000000,NULL,1.00000000,200000.00000000),(288,287,286,35000.00000000,NULL,1.00000000,35000.00000000),(289,288,287,20000.00000000,NULL,1.00000000,20000.00000000),(290,289,288,1000000.00000000,NULL,1.00000000,1000000.00000000),(291,290,289,460000.00000000,NULL,1.00000000,460000.00000000),(292,291,290,960000.00000000,NULL,1.00000000,960000.00000000),(293,292,291,355000.00000000,NULL,1.00000000,355000.00000000),(294,293,298,620000.00000000,NULL,1.00000000,620000.00000000),(295,294,299,200000.00000000,NULL,1.00000000,200000.00000000),(296,295,300,25000.00000000,NULL,1.00000000,25000.00000000),(297,296,301,150000.00000000,NULL,1.00000000,150000.00000000),(298,297,302,30000.00000000,NULL,1.00000000,30000.00000000),(299,298,303,1000000.00000000,NULL,1.00000000,1000000.00000000),(300,299,304,1000000.00000000,NULL,1.00000000,1000000.00000000),(301,300,305,1690000.00000000,NULL,1.00000000,1690000.00000000),(302,301,306,1310000.00000000,NULL,1.00000000,1310000.00000000),(303,302,307,710000.00000000,NULL,1.00000000,710000.00000000),(304,303,308,1520000.00000000,NULL,1.00000000,1520000.00000000),(305,304,309,1610000.00000000,NULL,1.00000000,1610000.00000000),(306,305,310,1680000.00000000,NULL,1.00000000,1680000.00000000),(307,306,311,1210000.00000000,NULL,1.00000000,1210000.00000000);

--
-- Table structure for table `llx_payment_donation`
--

CREATE TABLE `llx_payment_donation` (
  `rowid` int(11) NOT NULL AUTO_INCREMENT,
  `fk_donation` int(11) DEFAULT NULL,
  `datec` datetime DEFAULT NULL,
  `tms` timestamp NOT NULL DEFAULT CURRENT_TIMESTAMP ON UPDATE CURRENT_TIMESTAMP,
  `datep` datetime DEFAULT NULL,
  `amount` double(24,8) DEFAULT '0.00000000',
  `fk_typepayment` int(11) NOT NULL,
  `num_payment` varchar(50) COLLATE utf8_unicode_ci DEFAULT NULL,
  `note` text COLLATE utf8_unicode_ci,
  `fk_bank` int(11) NOT NULL,
  `fk_user_creat` int(11) DEFAULT NULL,
  `fk_user_modif` int(11) DEFAULT NULL,
  PRIMARY KEY (`rowid`)
) ENGINE=InnoDB DEFAULT CHARSET=utf8 COLLATE=utf8_unicode_ci;

--
-- Dumping data for table `llx_payment_donation`
--


--
-- Table structure for table `llx_payment_expensereport`
--

CREATE TABLE `llx_payment_expensereport` (
  `rowid` int(11) NOT NULL AUTO_INCREMENT,
  `fk_expensereport` int(11) DEFAULT NULL,
  `datec` datetime DEFAULT NULL,
  `tms` timestamp NOT NULL DEFAULT CURRENT_TIMESTAMP ON UPDATE CURRENT_TIMESTAMP,
  `datep` datetime DEFAULT NULL,
  `amount` double(24,8) DEFAULT '0.00000000',
  `fk_typepayment` int(11) NOT NULL,
  `num_payment` varchar(50) COLLATE utf8_unicode_ci DEFAULT NULL,
  `note` text COLLATE utf8_unicode_ci,
  `fk_bank` int(11) NOT NULL,
  `fk_user_creat` int(11) DEFAULT NULL,
  `fk_user_modif` int(11) DEFAULT NULL,
  PRIMARY KEY (`rowid`)
) ENGINE=InnoDB DEFAULT CHARSET=utf8 COLLATE=utf8_unicode_ci;

--
-- Dumping data for table `llx_payment_expensereport`
--


--
-- Table structure for table `llx_payment_loan`
--

CREATE TABLE `llx_payment_loan` (
  `rowid` int(11) NOT NULL AUTO_INCREMENT,
  `fk_loan` int(11) DEFAULT NULL,
  `datec` datetime DEFAULT NULL,
  `tms` timestamp NOT NULL DEFAULT CURRENT_TIMESTAMP ON UPDATE CURRENT_TIMESTAMP,
  `datep` datetime DEFAULT NULL,
  `amount_capital` double(24,8) DEFAULT '0.00000000',
  `amount_insurance` double(24,8) DEFAULT '0.00000000',
  `amount_interest` double(24,8) DEFAULT '0.00000000',
  `fk_typepayment` int(11) NOT NULL,
  `num_payment` varchar(50) COLLATE utf8_unicode_ci DEFAULT NULL,
  `note_private` text COLLATE utf8_unicode_ci,
  `note_public` text COLLATE utf8_unicode_ci,
  `fk_bank` int(11) NOT NULL,
  `fk_user_creat` int(11) DEFAULT NULL,
  `fk_user_modif` int(11) DEFAULT NULL,
  PRIMARY KEY (`rowid`)
) ENGINE=InnoDB DEFAULT CHARSET=utf8 COLLATE=utf8_unicode_ci;

--
-- Dumping data for table `llx_payment_loan`
--


--
-- Table structure for table `llx_payment_salary`
--

CREATE TABLE `llx_payment_salary` (
  `rowid` int(11) NOT NULL AUTO_INCREMENT,
  `tms` timestamp NOT NULL DEFAULT CURRENT_TIMESTAMP ON UPDATE CURRENT_TIMESTAMP,
  `datec` datetime DEFAULT NULL,
  `fk_user` int(11) NOT NULL,
  `datep` date DEFAULT NULL,
  `datev` date DEFAULT NULL,
  `salary` double(24,8) DEFAULT NULL,
  `amount` double(24,8) NOT NULL DEFAULT '0.00000000',
  `fk_typepayment` int(11) NOT NULL,
  `num_payment` varchar(50) COLLATE utf8_unicode_ci DEFAULT NULL,
  `label` varchar(255) COLLATE utf8_unicode_ci DEFAULT NULL,
  `datesp` date DEFAULT NULL,
  `dateep` date DEFAULT NULL,
  `entity` int(11) NOT NULL DEFAULT '1',
  `note` text COLLATE utf8_unicode_ci,
  `fk_bank` int(11) DEFAULT NULL,
  `fk_user_author` int(11) DEFAULT NULL,
  `fk_user_modif` int(11) DEFAULT NULL,
  PRIMARY KEY (`rowid`),
  KEY `idx_payment_salary_ref` (`num_payment`),
  KEY `idx_payment_salary_user` (`fk_user`,`entity`),
  KEY `idx_payment_salary_datep` (`datep`),
  KEY `idx_payment_salary_datesp` (`datesp`),
  KEY `idx_payment_salary_dateep` (`dateep`),
  CONSTRAINT `fk_payment_salary_user` FOREIGN KEY (`fk_user`) REFERENCES `llx_user` (`rowid`)
) ENGINE=InnoDB AUTO_INCREMENT=3 DEFAULT CHARSET=utf8 COLLATE=utf8_unicode_ci;

--
-- Dumping data for table `llx_payment_salary`
--

INSERT INTO `llx_payment_salary` (`rowid`, `tms`, `datec`, `fk_user`, `datep`, `datev`, `salary`, `amount`, `fk_typepayment`, `num_payment`, `label`, `datesp`, `dateep`, `entity`, `note`, `fk_bank`, `fk_user_author`, `fk_user_modif`) VALUES (1,'2019-01-21 18:35:29','2019-01-21 18:35:29',4,'2019-01-03','2019-01-03',700000.00000000,700000.00000000,4,'','PRIME','2018-12-01','2018-12-31',1,NULL,22,2,NULL),(2,'2019-01-21 19:11:10','2019-01-21 19:11:10',2,'2019-01-03','2019-01-03',NULL,500000.00000000,4,'','Règlement salaire','2018-12-01','2018-12-31',1,NULL,23,2,NULL);

--
-- Table structure for table `llx_payment_various`
--

CREATE TABLE `llx_payment_various` (
  `rowid` int(11) NOT NULL AUTO_INCREMENT,
  `num_payment` varchar(50) COLLATE utf8_unicode_ci DEFAULT NULL,
  `label` varchar(255) COLLATE utf8_unicode_ci DEFAULT NULL,
  `tms` timestamp NOT NULL DEFAULT CURRENT_TIMESTAMP ON UPDATE CURRENT_TIMESTAMP,
  `datec` datetime DEFAULT NULL,
  `datep` date DEFAULT NULL,
  `datev` date DEFAULT NULL,
  `sens` smallint(6) NOT NULL DEFAULT '0',
  `amount` double(24,8) NOT NULL DEFAULT '0.00000000',
  `fk_typepayment` int(11) NOT NULL,
  `accountancy_code` varchar(32) COLLATE utf8_unicode_ci DEFAULT NULL,
  `fk_projet` int(11) DEFAULT NULL,
  `entity` int(11) NOT NULL DEFAULT '1',
  `note` text COLLATE utf8_unicode_ci,
  `fk_bank` int(11) DEFAULT NULL,
  `fk_user_author` int(11) DEFAULT NULL,
  `fk_user_modif` int(11) DEFAULT NULL,
  PRIMARY KEY (`rowid`)
) ENGINE=InnoDB DEFAULT CHARSET=utf8 COLLATE=utf8_unicode_ci;

--
-- Dumping data for table `llx_payment_various`
--


--
-- Table structure for table `llx_prelevement_bons`
--

CREATE TABLE `llx_prelevement_bons` (
  `rowid` int(11) NOT NULL AUTO_INCREMENT,
  `ref` varchar(12) COLLATE utf8_unicode_ci DEFAULT NULL,
  `entity` int(11) NOT NULL DEFAULT '1',
  `datec` datetime DEFAULT NULL,
  `amount` double(24,8) DEFAULT '0.00000000',
  `statut` smallint(6) DEFAULT '0',
  `credite` smallint(6) DEFAULT '0',
  `note` text COLLATE utf8_unicode_ci,
  `date_trans` datetime DEFAULT NULL,
  `method_trans` smallint(6) DEFAULT NULL,
  `fk_user_trans` int(11) DEFAULT NULL,
  `date_credit` datetime DEFAULT NULL,
  `fk_user_credit` int(11) DEFAULT NULL,
  PRIMARY KEY (`rowid`),
  UNIQUE KEY `uk_prelevement_bons_ref` (`ref`,`entity`)
) ENGINE=InnoDB DEFAULT CHARSET=utf8 COLLATE=utf8_unicode_ci;

--
-- Dumping data for table `llx_prelevement_bons`
--


--
-- Table structure for table `llx_prelevement_facture`
--

CREATE TABLE `llx_prelevement_facture` (
  `rowid` int(11) NOT NULL AUTO_INCREMENT,
  `fk_facture` int(11) NOT NULL,
  `fk_prelevement_lignes` int(11) NOT NULL,
  PRIMARY KEY (`rowid`),
  KEY `idx_prelevement_facture_fk_prelevement_lignes` (`fk_prelevement_lignes`),
  CONSTRAINT `fk_prelevement_facture_fk_prelevement_lignes` FOREIGN KEY (`fk_prelevement_lignes`) REFERENCES `llx_prelevement_lignes` (`rowid`)
) ENGINE=InnoDB DEFAULT CHARSET=utf8 COLLATE=utf8_unicode_ci;

--
-- Dumping data for table `llx_prelevement_facture`
--


--
-- Table structure for table `llx_prelevement_facture_demande`
--

CREATE TABLE `llx_prelevement_facture_demande` (
  `rowid` int(11) NOT NULL AUTO_INCREMENT,
  `fk_facture` int(11) NOT NULL,
  `amount` double(24,8) NOT NULL,
  `date_demande` datetime NOT NULL,
  `traite` smallint(6) DEFAULT '0',
  `date_traite` datetime DEFAULT NULL,
  `fk_prelevement_bons` int(11) DEFAULT NULL,
  `fk_user_demande` int(11) NOT NULL,
  `code_banque` varchar(128) COLLATE utf8_unicode_ci DEFAULT NULL,
  `code_guichet` varchar(6) COLLATE utf8_unicode_ci DEFAULT NULL,
  `number` varchar(255) COLLATE utf8_unicode_ci DEFAULT NULL,
  `cle_rib` varchar(5) COLLATE utf8_unicode_ci DEFAULT NULL,
  PRIMARY KEY (`rowid`)
) ENGINE=InnoDB DEFAULT CHARSET=utf8 COLLATE=utf8_unicode_ci;

--
-- Dumping data for table `llx_prelevement_facture_demande`
--


--
-- Table structure for table `llx_prelevement_lignes`
--

CREATE TABLE `llx_prelevement_lignes` (
  `rowid` int(11) NOT NULL AUTO_INCREMENT,
  `fk_prelevement_bons` int(11) DEFAULT NULL,
  `fk_soc` int(11) NOT NULL,
  `statut` smallint(6) DEFAULT '0',
  `client_nom` varchar(255) COLLATE utf8_unicode_ci DEFAULT NULL,
  `amount` double(24,8) DEFAULT '0.00000000',
  `code_banque` varchar(128) COLLATE utf8_unicode_ci DEFAULT NULL,
  `code_guichet` varchar(6) COLLATE utf8_unicode_ci DEFAULT NULL,
  `number` varchar(255) COLLATE utf8_unicode_ci DEFAULT NULL,
  `cle_rib` varchar(5) COLLATE utf8_unicode_ci DEFAULT NULL,
  `note` text COLLATE utf8_unicode_ci,
  PRIMARY KEY (`rowid`),
  KEY `idx_prelevement_lignes_fk_prelevement_bons` (`fk_prelevement_bons`),
  CONSTRAINT `fk_prelevement_lignes_fk_prelevement_bons` FOREIGN KEY (`fk_prelevement_bons`) REFERENCES `llx_prelevement_bons` (`rowid`)
) ENGINE=InnoDB DEFAULT CHARSET=utf8 COLLATE=utf8_unicode_ci;

--
-- Dumping data for table `llx_prelevement_lignes`
--


--
-- Table structure for table `llx_prelevement_rejet`
--

CREATE TABLE `llx_prelevement_rejet` (
  `rowid` int(11) NOT NULL AUTO_INCREMENT,
  `fk_prelevement_lignes` int(11) DEFAULT NULL,
  `date_rejet` datetime DEFAULT NULL,
  `motif` int(11) DEFAULT NULL,
  `date_creation` datetime DEFAULT NULL,
  `fk_user_creation` int(11) DEFAULT NULL,
  `note` text COLLATE utf8_unicode_ci,
  `afacturer` tinyint(4) DEFAULT '0',
  `fk_facture` int(11) DEFAULT NULL,
  PRIMARY KEY (`rowid`)
) ENGINE=InnoDB DEFAULT CHARSET=utf8 COLLATE=utf8_unicode_ci;

--
-- Dumping data for table `llx_prelevement_rejet`
--


--
-- Table structure for table `llx_printing`
--

CREATE TABLE `llx_printing` (
  `rowid` int(11) NOT NULL AUTO_INCREMENT,
  `tms` timestamp NOT NULL DEFAULT CURRENT_TIMESTAMP ON UPDATE CURRENT_TIMESTAMP,
  `datec` datetime DEFAULT NULL,
  `printer_name` text COLLATE utf8_unicode_ci NOT NULL,
  `printer_location` text COLLATE utf8_unicode_ci NOT NULL,
  `printer_id` varchar(255) COLLATE utf8_unicode_ci NOT NULL,
  `copy` int(11) NOT NULL DEFAULT '1',
  `module` varchar(16) COLLATE utf8_unicode_ci NOT NULL,
  `driver` varchar(16) COLLATE utf8_unicode_ci NOT NULL,
  `userid` int(11) DEFAULT NULL,
  PRIMARY KEY (`rowid`)
) ENGINE=InnoDB DEFAULT CHARSET=utf8 COLLATE=utf8_unicode_ci;

--
-- Dumping data for table `llx_printing`
--


--
-- Table structure for table `llx_product`
--

CREATE TABLE `llx_product` (
  `rowid` int(11) NOT NULL AUTO_INCREMENT,
  `ref` varchar(128) COLLATE utf8_unicode_ci NOT NULL,
  `entity` int(11) NOT NULL DEFAULT '1',
  `ref_ext` varchar(128) COLLATE utf8_unicode_ci DEFAULT NULL,
  `datec` datetime DEFAULT NULL,
  `tms` timestamp NOT NULL DEFAULT CURRENT_TIMESTAMP ON UPDATE CURRENT_TIMESTAMP,
  `fk_parent` int(11) DEFAULT '0',
  `label` varchar(255) COLLATE utf8_unicode_ci NOT NULL,
  `description` text COLLATE utf8_unicode_ci,
  `note_public` text COLLATE utf8_unicode_ci,
  `note` text COLLATE utf8_unicode_ci,
  `customcode` varchar(32) COLLATE utf8_unicode_ci DEFAULT NULL,
  `fk_country` int(11) DEFAULT NULL,
  `price` double(24,8) DEFAULT '0.00000000',
  `price_ttc` double(24,8) DEFAULT '0.00000000',
  `price_min` double(24,8) DEFAULT '0.00000000',
  `price_min_ttc` double(24,8) DEFAULT '0.00000000',
  `price_base_type` varchar(3) COLLATE utf8_unicode_ci DEFAULT 'HT',
  `cost_price` double(24,8) DEFAULT NULL,
  `default_vat_code` varchar(10) COLLATE utf8_unicode_ci DEFAULT NULL,
  `tva_tx` double(6,3) DEFAULT NULL,
  `recuperableonly` int(11) NOT NULL DEFAULT '0',
  `localtax1_tx` double(6,3) DEFAULT '0.000',
  `localtax1_type` varchar(10) COLLATE utf8_unicode_ci NOT NULL DEFAULT '0',
  `localtax2_tx` double(6,3) DEFAULT '0.000',
  `localtax2_type` varchar(10) COLLATE utf8_unicode_ci NOT NULL DEFAULT '0',
  `fk_user_author` int(11) DEFAULT NULL,
  `fk_user_modif` int(11) DEFAULT NULL,
  `tosell` tinyint(4) DEFAULT '1',
  `tobuy` tinyint(4) DEFAULT '1',
  `onportal` tinyint(4) DEFAULT '0',
  `tobatch` tinyint(4) NOT NULL DEFAULT '0',
  `fk_product_type` int(11) DEFAULT '0',
  `duration` varchar(6) COLLATE utf8_unicode_ci DEFAULT NULL,
  `seuil_stock_alerte` int(11) DEFAULT NULL,
  `url` varchar(255) COLLATE utf8_unicode_ci DEFAULT NULL,
  `barcode` varchar(180) COLLATE utf8_unicode_ci DEFAULT NULL,
  `fk_barcode_type` int(11) DEFAULT NULL,
  `accountancy_code_sell` varchar(32) COLLATE utf8_unicode_ci DEFAULT NULL,
  `accountancy_code_sell_intra` varchar(32) COLLATE utf8_unicode_ci DEFAULT NULL,
  `accountancy_code_sell_export` varchar(32) COLLATE utf8_unicode_ci DEFAULT NULL,
  `accountancy_code_buy` varchar(32) COLLATE utf8_unicode_ci DEFAULT NULL,
  `partnumber` varchar(32) COLLATE utf8_unicode_ci DEFAULT NULL,
  `weight` float DEFAULT NULL,
  `weight_units` tinyint(4) DEFAULT NULL,
  `length` float DEFAULT NULL,
  `length_units` tinyint(4) DEFAULT NULL,
  `width` float DEFAULT NULL,
  `width_units` tinyint(4) DEFAULT NULL,
  `height` float DEFAULT NULL,
  `height_units` tinyint(4) DEFAULT NULL,
  `surface` float DEFAULT NULL,
  `surface_units` tinyint(4) DEFAULT NULL,
  `volume` float DEFAULT NULL,
  `volume_units` tinyint(4) DEFAULT NULL,
  `stock` double DEFAULT NULL,
  `pmp` double(24,8) NOT NULL DEFAULT '0.00000000',
  `fifo` double(24,8) DEFAULT NULL,
  `lifo` double(24,8) DEFAULT NULL,
  `fk_default_warehouse` int(11) DEFAULT NULL,
  `canvas` varchar(32) COLLATE utf8_unicode_ci DEFAULT NULL,
  `finished` tinyint(4) DEFAULT NULL,
  `hidden` tinyint(4) DEFAULT '0',
  `import_key` varchar(14) COLLATE utf8_unicode_ci DEFAULT NULL,
  `model_pdf` varchar(255) COLLATE utf8_unicode_ci DEFAULT NULL,
  `fk_price_expression` int(11) DEFAULT NULL,
  `desiredstock` int(11) DEFAULT '0',
  `fk_unit` int(11) DEFAULT NULL,
  `price_autogen` tinyint(4) DEFAULT '0',
  PRIMARY KEY (`rowid`),
  UNIQUE KEY `uk_product_ref` (`ref`,`entity`),
  UNIQUE KEY `uk_product_barcode` (`barcode`,`fk_barcode_type`,`entity`),
  KEY `idx_product_label` (`label`),
  KEY `idx_product_barcode` (`barcode`),
  KEY `idx_product_import_key` (`import_key`),
  KEY `idx_product_seuil_stock_alerte` (`seuil_stock_alerte`),
  KEY `idx_product_fk_country` (`fk_country`),
  KEY `idx_product_fk_user_author` (`fk_user_author`),
  KEY `idx_product_fk_barcode_type` (`fk_barcode_type`),
  KEY `fk_product_fk_unit` (`fk_unit`),
  KEY `fk_product_default_warehouse` (`fk_default_warehouse`),
  CONSTRAINT `fk_product_barcode_type` FOREIGN KEY (`fk_barcode_type`) REFERENCES `llx_c_barcode_type` (`rowid`),
  CONSTRAINT `fk_product_default_warehouse` FOREIGN KEY (`fk_default_warehouse`) REFERENCES `llx_entrepot` (`rowid`),
  CONSTRAINT `fk_product_fk_country` FOREIGN KEY (`fk_country`) REFERENCES `llx_c_country` (`rowid`),
  CONSTRAINT `fk_product_fk_unit` FOREIGN KEY (`fk_unit`) REFERENCES `llx_c_units` (`rowid`)
) ENGINE=InnoDB AUTO_INCREMENT=37 DEFAULT CHARSET=utf8 COLLATE=utf8_unicode_ci;

--
-- Dumping data for table `llx_product`
--

INSERT INTO `llx_product` (`rowid`, `ref`, `entity`, `ref_ext`, `datec`, `tms`, `fk_parent`, `label`, `description`, `note_public`, `note`, `customcode`, `fk_country`, `price`, `price_ttc`, `price_min`, `price_min_ttc`, `price_base_type`, `cost_price`, `default_vat_code`, `tva_tx`, `recuperableonly`, `localtax1_tx`, `localtax1_type`, `localtax2_tx`, `localtax2_type`, `fk_user_author`, `fk_user_modif`, `tosell`, `tobuy`, `onportal`, `tobatch`, `fk_product_type`, `duration`, `seuil_stock_alerte`, `url`, `barcode`, `fk_barcode_type`, `accountancy_code_sell`, `accountancy_code_sell_intra`, `accountancy_code_sell_export`, `accountancy_code_buy`, `partnumber`, `weight`, `weight_units`, `length`, `length_units`, `width`, `width_units`, `height`, `height_units`, `surface`, `surface_units`, `volume`, `volume_units`, `stock`, `pmp`, `fifo`, `lifo`, `fk_default_warehouse`, `canvas`, `finished`, `hidden`, `import_key`, `model_pdf`, `fk_price_expression`, `desiredstock`, `fk_unit`, `price_autogen`) VALUES (1,'PV-CCS-BA13-STD',1,NULL,'2019-01-29 09:31:14','2019-03-20 17:08:07',0,'Contre-cloison simple en BA13 Standart (m2)','Ensemble pour r&eacute;aliser une contre-cloison simple parement en BA13 Standart.<br />\r\nL&#39;unit&eacute; de tarification est le m2.',NULL,'','',NULL,0.00000000,0.00000000,0.00000000,0.00000000,'HT',142171.00000000,'TVA',18.000,0,0.000,'1',0.000,'0',2,2,1,1,0,0,0,'',NULL,NULL,NULL,NULL,'','','','',NULL,NULL,0,NULL,0,NULL,NULL,NULL,NULL,NULL,0,NULL,0,NULL,0.00000000,NULL,NULL,NULL,'',NULL,0,NULL,NULL,NULL,NULL,NULL,0),(2,'PLA-BA13-STD280',1,NULL,'2019-01-29 09:32:57','2019-01-29 10:59:05',0,'Plaque BA13 Standart','Plaque de pl&acirc;tre BA13 Standart 280',NULL,'','',12,0.00000000,0.00000000,0.00000000,0.00000000,'HT',NULL,'TVA',18.000,0,0.000,'1',0.000,'0',2,2,1,1,0,0,0,'',NULL,NULL,NULL,NULL,'','','','',NULL,NULL,0,2.8,0,1.2,NULL,0.013,NULL,3.36,0,NULL,0,NULL,0.00000000,NULL,NULL,NULL,'',1,0,NULL,NULL,NULL,NULL,NULL,0),(3,'RAI-R48-300',1,NULL,'2019-01-29 09:34:07','2019-01-29 15:48:57',0,'Rail sol 300 (ml)','Rail sol pour cloison',NULL,'','',12,0.00000000,0.00000000,0.00000000,0.00000000,'',NULL,'TVA',18.000,0,0.000,'1',0.000,'0',2,2,1,1,0,0,0,'',NULL,NULL,NULL,NULL,'','','','',NULL,NULL,0,3,0,0.48,NULL,0.3,NULL,NULL,0,NULL,0,NULL,0.00000000,NULL,NULL,NULL,'',1,0,NULL,NULL,NULL,NULL,NULL,0),(4,'MON-M48-300',1,NULL,'2019-01-29 12:21:23','2019-01-29 16:51:45',0,'Montant métallique 300 (ml)','Montant m&eacute;tallique pour cloison (longueur 3m)',NULL,'','',12,0.00000000,0.00000000,0.00000000,0.00000000,'',NULL,'TVA',18.000,0,0.000,'1',0.000,'0',2,2,1,1,0,0,0,'',NULL,NULL,NULL,NULL,'','','','',NULL,NULL,0,3,0,0.48,NULL,0.35,NULL,NULL,0,NULL,0,NULL,0.00000000,NULL,NULL,NULL,'',1,0,NULL,NULL,NULL,NULL,NULL,0),(5,'VIS-25',1,NULL,'2019-01-29 12:26:54','2019-01-29 15:23:45',0,'Vis placo 25mm (boite)','Vis placo 25mm',NULL,'','',12,0.00000000,0.00000000,0.00000000,0.00000000,'',NULL,'TVA',18.000,0,0.000,'1',0.000,'0',2,2,1,1,0,0,0,'',NULL,NULL,NULL,NULL,'','','','',NULL,NULL,0,NULL,0,NULL,NULL,NULL,NULL,NULL,0,NULL,0,NULL,0.00000000,NULL,NULL,NULL,'',1,0,NULL,NULL,NULL,NULL,NULL,0),(6,'VIS-FRAP',1,NULL,'2019-01-29 12:29:09','2019-01-29 15:24:06',0,'Vis à frapper 6mm (boite)','Vis &agrave; frapper 6mm',NULL,'','',12,0.00000000,0.00000000,0.00000000,0.00000000,'',NULL,'TVA',18.000,0,0.000,'1',0.000,'0',2,2,1,1,0,0,0,'',NULL,NULL,NULL,NULL,'','','','',NULL,NULL,0,NULL,0,NULL,NULL,NULL,NULL,NULL,0,NULL,0,NULL,0.00000000,NULL,NULL,NULL,'',1,0,NULL,NULL,NULL,NULL,NULL,0),(7,'BAN-STD',1,NULL,'2019-01-29 12:31:34','2019-01-29 15:21:22',0,'Bande à joint standard papier (ml)','Bande &agrave; joint standard papier par rouleaux de 150ml',NULL,'','',12,0.00000000,0.00000000,0.00000000,0.00000000,'',NULL,'TVA',18.000,0,0.000,'1',0.000,'0',2,2,1,1,0,0,0,'',NULL,NULL,NULL,NULL,'','','','',NULL,NULL,0,150,0,0.5,NULL,0.001,NULL,NULL,0,NULL,0,NULL,0.00000000,NULL,NULL,NULL,'',1,0,NULL,NULL,NULL,NULL,NULL,0),(8,'END-FIN',1,NULL,'2019-01-29 12:33:38','2019-01-29 15:21:52',0,'Enduit de finition pour placo (kg)','Enduit de finition pour placo en sac de 25kg.',NULL,'','',12,0.00000000,0.00000000,0.00000000,0.00000000,'',NULL,'TVA',18.000,0,0.000,'1',0.000,'0',2,2,1,1,0,0,0,'',NULL,NULL,NULL,NULL,'','','','',NULL,25,0,NULL,0,NULL,NULL,NULL,NULL,NULL,0,NULL,0,NULL,0.00000000,NULL,NULL,NULL,'',1,0,NULL,NULL,NULL,NULL,NULL,0),(9,'MO-PLAQ',1,NULL,'2019-01-29 12:55:43','2019-01-31 17:07:10',0,'Main d\'oeuvre plaquiste','',NULL,'','',NULL,0.00000000,0.00000000,0.00000000,0.00000000,'HT',70000.00000000,'TVA',18.000,0,0.000,'1',0.000,'0',2,2,1,1,0,0,1,'1d',NULL,NULL,NULL,NULL,'','','','',NULL,NULL,NULL,NULL,NULL,NULL,NULL,NULL,NULL,NULL,NULL,NULL,NULL,NULL,0.00000000,NULL,NULL,NULL,'',0,0,NULL,NULL,NULL,NULL,NULL,0),(10,'FOU-F47-300',1,NULL,'2019-01-29 15:07:41','2019-01-29 15:46:22',0,'Fourrure F47 pour plafond 300 (ml)','Fourrure F47 pour plafond suspendu 300/14/47/0.55',NULL,'','',12,0.00000000,0.00000000,0.00000000,0.00000000,'',NULL,'TVA',18.000,0,0.000,'1',0.000,'0',2,2,1,1,0,0,0,'',NULL,NULL,NULL,NULL,'','','','',NULL,NULL,0,3,0,0.047,NULL,0.017,NULL,NULL,0,NULL,0,NULL,0.00000000,NULL,NULL,NULL,'',NULL,0,NULL,NULL,NULL,NULL,NULL,0),(11,'PLA-BA13-HYD280',1,NULL,'2019-01-29 15:10:04','2019-01-31 16:57:59',0,'Plaque de plâtre BA13 Hydrofugée','Plaque de pl&acirc;tre BA13 Hydrofug&eacute;e',NULL,'','',NULL,0.00000000,0.00000000,0.00000000,0.00000000,'',NULL,'TVA',18.000,0,0.000,'1',0.000,'0',2,2,1,1,0,0,0,'',NULL,NULL,NULL,NULL,'','','','',NULL,NULL,0,2.8,0,1.2,NULL,0.013,NULL,3.36,0,NULL,0,NULL,0.00000000,NULL,NULL,NULL,'',NULL,0,NULL,NULL,NULL,NULL,NULL,0),(12,'PLA-BA13-FEU280',1,NULL,'2019-01-29 15:12:00','2019-07-02 19:23:31',0,'Plaque de plâtre BA13 Ignifugée','Plaque de pl&acirc;tre BA13 Ignifug&eacute;e',NULL,'','',12,0.00000000,0.00000000,0.00000000,0.00000000,'',NULL,'TVA',18.000,0,0.000,'1',0.000,'0',2,2,1,1,0,0,0,'',NULL,NULL,NULL,NULL,'','','','',NULL,NULL,0,2.8,0,1.2,NULL,0.013,NULL,3.36,0,NULL,0,8,0.00000000,NULL,NULL,NULL,'',NULL,0,NULL,NULL,NULL,NULL,NULL,0),(13,'COR-300',1,NULL,'2019-01-29 15:19:59','2019-01-29 15:19:59',0,'Cornière pour plafond 300 (ml)','Corni&egrave;re de renfort pour plafond 300',NULL,'','',12,0.00000000,0.00000000,0.00000000,0.00000000,'',NULL,'TVA',18.000,0,0.000,'1',0.000,'0',2,2,1,1,0,0,0,'',NULL,NULL,NULL,NULL,'','','','',NULL,NULL,0,3,0,0.034,NULL,0.023,NULL,NULL,0,NULL,0,NULL,0.00000000,NULL,NULL,NULL,'',NULL,0,NULL,NULL,NULL,NULL,NULL,0),(14,'SUS-PIV-S47',1,NULL,'2019-01-29 15:26:16','2019-01-29 15:26:30',0,'Suspente pivot S47 (boîte)','Suspente pivot S47 pour tige filet&eacute;e M6 (bo&icirc;te de 100 pi&egrave;ces)',NULL,'','',12,0.00000000,0.00000000,0.00000000,0.00000000,'',NULL,'TVA',18.000,0,0.000,'1',0.000,'0',2,2,1,1,0,0,0,'',NULL,NULL,NULL,NULL,'','','','',NULL,NULL,0,NULL,0,NULL,NULL,NULL,NULL,NULL,0,NULL,0,NULL,0.00000000,NULL,NULL,NULL,'',NULL,0,NULL,NULL,NULL,NULL,NULL,0),(15,'CHE-LAI-M6',1,NULL,'2019-01-29 15:28:36','2019-01-29 15:28:36',0,'Cheville laiton M6 (boîte)','Cheville laiton M6 pour dalle pleine (bo&icirc;te de 100 pi&egrave;ces)',NULL,'','',12,0.00000000,0.00000000,0.00000000,0.00000000,'',NULL,'TVA',18.000,0,0.000,'1',0.000,'0',2,2,1,1,0,0,0,'',NULL,NULL,NULL,NULL,'','','','',NULL,NULL,0,NULL,0,NULL,NULL,NULL,NULL,NULL,0,NULL,0,NULL,0.00000000,NULL,NULL,NULL,'',NULL,0,NULL,NULL,NULL,NULL,NULL,0),(16,'RAC-FOU-F47',1,NULL,'2019-01-29 15:30:59','2019-01-29 15:30:59',0,'Raccord de fourrure F47 (Boîte)','Raccord de fourrure F47 pour plafond suspendu (Bo&icirc;te de 50 pi&egrave;ces)',NULL,'','',12,0.00000000,0.00000000,0.00000000,0.00000000,'',NULL,'TVA',18.000,0,0.000,'1',0.000,'0',2,2,1,1,0,0,0,'',NULL,NULL,NULL,NULL,'','','','',NULL,NULL,0,NULL,0,NULL,NULL,NULL,NULL,NULL,0,NULL,0,NULL,0.00000000,NULL,NULL,NULL,'',NULL,0,NULL,NULL,NULL,NULL,NULL,0),(17,'VIS-45',1,NULL,'2019-01-29 15:33:29','2019-01-29 15:33:29',0,'Vis placo 45mm (boîte)','Vis placo 45mm (bo&icirc;te de 1000 pi&egrave;ces).',NULL,'','',12,0.00000000,0.00000000,0.00000000,0.00000000,'',NULL,'TVA',18.000,0,0.000,'1',0.000,'0',2,2,1,1,0,0,0,'',NULL,NULL,NULL,NULL,'','','','',NULL,NULL,0,NULL,0,NULL,NULL,NULL,NULL,NULL,0,NULL,0,NULL,0.00000000,NULL,NULL,NULL,'',NULL,0,NULL,NULL,NULL,NULL,NULL,0),(18,'BAN-ARM',1,NULL,'2019-01-29 15:35:31','2019-01-29 15:35:31',0,'Bande à joint armée (ml)','Bande &agrave; joint arm&eacute;e (rouleaux de 30ml)',NULL,'','',12,0.00000000,0.00000000,0.00000000,0.00000000,'',NULL,'TVA',18.000,0,0.000,'1',0.000,'0',2,2,1,1,0,0,0,'',NULL,NULL,NULL,NULL,'','','','',NULL,NULL,0,30,0,0.5,NULL,0.001,NULL,NULL,0,NULL,0,NULL,0.00000000,NULL,NULL,NULL,'',NULL,0,NULL,NULL,NULL,NULL,NULL,0),(19,'TIG-FIL-M6',1,NULL,'2019-01-29 15:37:52','2019-01-29 15:37:52',0,'Tige filetée M6 (1m)','Tige filet&eacute;e M6 (1m &agrave; l&#39;unit&eacute;)',NULL,'','',12,0.00000000,0.00000000,0.00000000,0.00000000,'',NULL,'TVA',18.000,0,0.000,'1',0.000,'0',2,2,1,1,0,0,0,'',NULL,NULL,NULL,NULL,'','','','',NULL,NULL,0,1,0,0.006,NULL,NULL,NULL,NULL,0,NULL,0,NULL,0.00000000,NULL,NULL,NULL,'',NULL,0,NULL,NULL,NULL,NULL,NULL,0),(20,'ISO-ULT-60',1,NULL,'2019-01-29 15:51:55','2019-01-29 15:51:55',0,'Isolant ultracoustic 60mm (m2)','Isolant ultracoustic 60mm R=1,60 (rouleau de 14.40m2)',NULL,'','',NULL,0.00000000,0.00000000,0.00000000,0.00000000,'',NULL,'TVA',18.000,0,0.000,'1',0.000,'0',2,2,1,1,0,0,0,'',NULL,NULL,NULL,NULL,'','','','',NULL,NULL,0,12,0,1.2,NULL,0.06,NULL,14.4,0,NULL,0,NULL,0.00000000,NULL,NULL,NULL,'',NULL,0,NULL,NULL,NULL,NULL,NULL,0),(21,'COL-DEM',1,NULL,'2019-01-29 15:58:25','2019-01-29 15:58:25',0,'Demi-collier spdct M6 (boîte)','Demi-collier spdct pour attache tige filet&eacute;e M6 (bo&icirc;te de 100 pi&egrave;ces)',NULL,'','',NULL,0.00000000,0.00000000,0.00000000,0.00000000,'',NULL,'TVA',18.000,0,0.000,'1',0.000,'0',2,2,1,1,0,0,0,'',NULL,NULL,NULL,NULL,'','','','',NULL,NULL,0,NULL,0,NULL,NULL,NULL,NULL,NULL,0,NULL,0,NULL,0.00000000,NULL,NULL,NULL,'',NULL,0,NULL,NULL,NULL,NULL,NULL,0),(22,'PV-PLA-BA13',1,NULL,'2019-01-29 16:54:10','2019-02-04 19:20:10',0,'Plafond suspendu en BA13 (m2)','Plafond suspendu en BA13 (m2)',NULL,'','',NULL,0.00000000,0.00000000,0.00000000,0.00000000,'HT',119290.00000000,'TVA',18.000,0,0.000,'1',0.000,'0',2,2,1,1,0,0,0,'',NULL,NULL,NULL,NULL,'','','','',NULL,NULL,0,NULL,0,NULL,NULL,NULL,NULL,NULL,0,NULL,0,NULL,0.00000000,NULL,NULL,NULL,'',1,0,NULL,NULL,NULL,NULL,NULL,0),(23,'PV-CLS-BA13-STD',1,NULL,'2019-01-31 17:34:01','2019-01-31 18:38:23',0,'CLOISON BA13','R&eacute;alisation d&#39;une cloison deux faces en parement simple BA13 Standart (m2)',NULL,'','',NULL,435249.00000000,513593.82000000,0.00000000,0.00000000,'HT',241805.00000000,'TVA',18.000,0,0.000,'1',0.000,'0',2,2,1,1,0,0,0,'',NULL,NULL,NULL,NULL,'','','','',NULL,NULL,0,NULL,0,NULL,NULL,NULL,NULL,1,0,NULL,0,NULL,0.00000000,NULL,NULL,NULL,'',1,0,NULL,NULL,NULL,NULL,NULL,0),(24,'PEI-PRI-BA13',1,NULL,'2019-01-31 17:50:58','2019-02-07 17:49:08',0,'Peinture primaire BA13','Application d&#39;une sous-couche pour placo-pl&acirc;tre (m2)',NULL,'','',108,0.00000000,0.00000000,0.00000000,0.00000000,'HT',3200.00000000,'TVA',18.000,0,0.000,'1',0.000,'0',2,2,1,1,0,0,0,'',NULL,NULL,NULL,NULL,'','','','',NULL,NULL,0,NULL,0,NULL,NULL,NULL,NULL,1,0,NULL,0,NULL,0.00000000,NULL,NULL,NULL,'',NULL,0,NULL,NULL,NULL,NULL,NULL,0),(25,'PEI-MUR-BLA',1,NULL,'2019-01-31 17:57:42','2019-02-07 17:37:10',0,'Peinture murale blanche','Application de deux couches de peinture murale, finition blanc mat (m2)',NULL,'','',108,0.00000000,0.00000000,0.00000000,0.00000000,'HT',10654.00000000,'TVA',18.000,0,0.000,'1',0.000,'0',2,2,1,1,0,0,0,'',NULL,NULL,NULL,NULL,'','','','',NULL,NULL,0,NULL,0,NULL,NULL,NULL,NULL,1,0,NULL,0,NULL,0.00000000,NULL,NULL,NULL,'',NULL,0,NULL,NULL,NULL,NULL,NULL,0),(26,'MO-PEI',1,NULL,'2019-01-31 18:07:19','2019-01-31 18:17:13',0,'Main d\'oeuvre Peintre (m2)','',NULL,'','',NULL,0.00000000,0.00000000,0.00000000,0.00000000,'HT',6000.00000000,'TVA',18.000,0,0.000,'1',0.000,'0',2,2,1,1,0,0,1,'1h',NULL,NULL,NULL,NULL,'','','','',NULL,NULL,NULL,NULL,NULL,NULL,NULL,NULL,NULL,NULL,NULL,NULL,NULL,NULL,0.00000000,NULL,NULL,NULL,'',0,0,NULL,NULL,NULL,NULL,NULL,0),(27,'CLIM-9000',1,NULL,'2019-01-31 18:20:03','2019-01-31 18:52:29',0,'CLIMATISATION 9000BTU','Fourniture et pose d&#39;une climatisation 9000BTU',NULL,'','',NULL,0.00000000,0.00000000,0.00000000,0.00000000,'HT',2900000.00000000,'TVA',18.000,0,0.000,'1',0.000,'0',2,2,1,1,0,0,0,'',NULL,NULL,NULL,NULL,'','','','',NULL,NULL,0,NULL,0,NULL,NULL,NULL,NULL,NULL,0,NULL,0,NULL,0.00000000,NULL,NULL,NULL,'',1,0,NULL,NULL,NULL,NULL,NULL,0),(28,'CLIM-12000',1,NULL,'2019-01-31 18:21:34','2019-01-31 18:36:44',0,'CLIMATISATION 12000 BTU','Fourniture et pose d&#39;une climatisation 12000BTU',NULL,'','',NULL,0.00000000,0.00000000,0.00000000,0.00000000,'HT',3400000.00000000,'TVA',18.000,0,0.000,'1',0.000,'0',2,2,1,1,0,0,0,'',NULL,NULL,NULL,NULL,'','','','',NULL,NULL,0,NULL,0,NULL,NULL,NULL,NULL,NULL,0,NULL,0,NULL,0.00000000,NULL,NULL,NULL,'',NULL,0,NULL,NULL,NULL,NULL,NULL,0),(29,'CLIM-18000',1,NULL,'2019-01-31 18:22:36','2019-01-31 18:51:43',0,'CLIMATISATION 18000BTU','Fourniture et pose d&#39;une climatisation 18000BTU',NULL,'','',NULL,0.00000000,0.00000000,0.00000000,0.00000000,'HT',4900000.00000000,'TVA',18.000,0,0.000,'1',0.000,'0',2,2,1,1,0,0,0,'',NULL,NULL,NULL,NULL,'','','','',NULL,NULL,0,NULL,0,NULL,NULL,NULL,NULL,NULL,0,NULL,0,NULL,0.00000000,NULL,NULL,NULL,'',NULL,0,NULL,NULL,NULL,NULL,NULL,0),(30,'CLIM-24000',1,NULL,'2019-01-31 18:23:59','2019-02-01 12:16:26',0,'CLIMATISATION 24000BTU','Fourniture et pose d&#39;une climatisation 24000BTU',NULL,'','',NULL,0.00000000,0.00000000,0.00000000,0.00000000,'HT',5900000.00000000,'TVA',18.000,0,0.000,'1',0.000,'0',2,2,1,1,0,0,0,'',NULL,NULL,NULL,NULL,'','','','',NULL,NULL,0,NULL,0,NULL,NULL,NULL,NULL,NULL,0,NULL,0,NULL,0.00000000,NULL,NULL,NULL,'',NULL,0,NULL,NULL,NULL,NULL,NULL,0),(31,'PEI-PLA-BLA',1,NULL,'2019-02-07 17:39:28','2019-02-07 17:45:24',0,'Peinture plafond blanc','Fourniture et application de deux couches de peinture plafond, finition blanc mat (m2).',NULL,'','',NULL,0.00000000,0.00000000,0.00000000,0.00000000,'HT',3600.00000000,'TVA',18.000,0,0.000,'1',0.000,'0',2,2,1,1,0,0,0,'',NULL,NULL,NULL,NULL,'','','','',NULL,NULL,0,NULL,0,NULL,NULL,NULL,NULL,1,0,NULL,0,NULL,0.00000000,NULL,NULL,NULL,'',NULL,0,NULL,NULL,NULL,NULL,NULL,0),(32,'BRI-15',1,NULL,'2019-02-18 15:42:34','2019-02-18 15:43:02',0,'Brique industrielle 15','',NULL,'','',NULL,0.00000000,0.00000000,0.00000000,0.00000000,'',9000.00000000,'TVA',18.000,0,0.000,'1',0.000,'0',2,2,1,1,0,0,0,'',NULL,NULL,NULL,NULL,'','','','',NULL,NULL,0,0.4,0,0.15,NULL,0.2,NULL,0.08,0,NULL,0,NULL,0.00000000,NULL,NULL,NULL,'',NULL,0,NULL,NULL,NULL,NULL,NULL,0),(33,'CIM',1,NULL,'2019-02-18 15:43:54','2019-02-18 15:44:13',0,'Sac de ciment 42.5','',NULL,'','',NULL,0.00000000,0.00000000,0.00000000,0.00000000,'',75000.00000000,'TVA',18.000,0,0.000,'1',0.000,'0',2,2,1,1,0,0,0,'',NULL,NULL,NULL,NULL,'','','','',NULL,50,0,NULL,0,NULL,NULL,NULL,NULL,NULL,0,NULL,0,NULL,0.00000000,NULL,NULL,NULL,'',NULL,0,NULL,NULL,NULL,NULL,NULL,0),(34,'SAB',1,NULL,'2019-02-18 15:45:37','2019-02-18 15:45:59',0,'Sable fin','',NULL,'','',NULL,0.00000000,0.00000000,0.00000000,0.00000000,'',100.00000000,'TVA',18.000,0,0.000,'1',0.000,'0',2,2,1,1,0,0,0,'',NULL,NULL,NULL,NULL,'','','','',NULL,NULL,0,NULL,0,NULL,NULL,NULL,NULL,NULL,0,1,0,NULL,0.00000000,NULL,NULL,NULL,'',NULL,0,NULL,NULL,NULL,NULL,NULL,0),(35,'POR-ALU-90',1,NULL,'2019-02-18 16:11:23','2019-02-18 16:13:13',0,'Porte aluminium blanc 90/210','',NULL,'','',NULL,0.00000000,0.00000000,0.00000000,0.00000000,'HT',1500000.00000000,'TVA',18.000,0,0.000,'1',0.000,'0',2,2,1,1,0,0,0,'',NULL,NULL,NULL,NULL,'','','','',NULL,NULL,0,2.1,0,0.9,NULL,0.1,NULL,NULL,0,NULL,0,NULL,0.00000000,NULL,NULL,NULL,'',NULL,0,NULL,NULL,NULL,NULL,NULL,0),(36,'BAI-ALU',1,NULL,'2019-02-18 16:13:58','2019-02-18 16:15:57',0,'Baie aluminium blanc (m2)','',NULL,'','',NULL,0.00000000,0.00000000,0.00000000,0.00000000,'HT',700000.00000000,'TVA',18.000,0,0.000,'1',0.000,'0',2,2,1,1,0,0,0,'',NULL,NULL,NULL,NULL,'','','','',NULL,NULL,0,NULL,0,NULL,NULL,NULL,NULL,1,0,NULL,0,NULL,0.00000000,NULL,NULL,NULL,'',NULL,0,NULL,NULL,NULL,NULL,NULL,0);

--
-- Table structure for table `llx_product_association`
--

CREATE TABLE `llx_product_association` (
  `rowid` int(11) NOT NULL AUTO_INCREMENT,
  `fk_product_pere` int(11) NOT NULL DEFAULT '0',
  `fk_product_fils` int(11) NOT NULL DEFAULT '0',
  `qty` double DEFAULT NULL,
  `incdec` int(11) DEFAULT '1',
  PRIMARY KEY (`rowid`),
  UNIQUE KEY `uk_product_association` (`fk_product_pere`,`fk_product_fils`),
  KEY `idx_product_association_fils` (`fk_product_fils`)
) ENGINE=InnoDB AUTO_INCREMENT=34 DEFAULT CHARSET=utf8 COLLATE=utf8_unicode_ci;

--
-- Dumping data for table `llx_product_association`
--

INSERT INTO `llx_product_association` (`rowid`, `fk_product_pere`, `fk_product_fils`, `qty`, `incdec`) VALUES (4,1,7,8,0),(5,1,8,3,0),(7,1,2,1,0),(8,1,3,2,0),(9,1,5,10,0),(10,1,6,8,0),(12,1,9,3,0),(13,1,4,3,0),(14,22,7,2.4,0),(15,22,15,0.034,0),(16,22,13,2,0),(17,22,8,2.5,0),(18,22,10,0.66,0),(19,22,2,0.3,0),(20,22,14,0.068,0),(21,22,19,3.4,0),(22,22,5,0.03,0),(23,22,6,5,0),(24,23,7,8,0),(25,23,8,4,0),(27,23,2,2,0),(28,23,3,2,0),(29,23,5,20,0),(30,23,6,8,0),(31,23,9,3,0),(32,23,4,4,0),(33,22,9,3,0);

--
-- Table structure for table `llx_product_attribute`
--

CREATE TABLE `llx_product_attribute` (
  `rowid` int(11) NOT NULL AUTO_INCREMENT,
  `ref` varchar(255) COLLATE utf8_unicode_ci NOT NULL,
  `label` varchar(255) COLLATE utf8_unicode_ci NOT NULL,
  `rang` int(11) NOT NULL DEFAULT '0',
  `entity` int(11) NOT NULL DEFAULT '1',
  PRIMARY KEY (`rowid`),
  UNIQUE KEY `uk_product_attribute_ref` (`ref`)
) ENGINE=InnoDB DEFAULT CHARSET=utf8 COLLATE=utf8_unicode_ci;

--
-- Dumping data for table `llx_product_attribute`
--


--
-- Table structure for table `llx_product_attribute_combination`
--

CREATE TABLE `llx_product_attribute_combination` (
  `rowid` int(11) NOT NULL AUTO_INCREMENT,
  `fk_product_parent` int(11) NOT NULL,
  `fk_product_child` int(11) NOT NULL,
  `variation_price` float NOT NULL,
  `variation_price_percentage` int(11) DEFAULT NULL,
  `variation_weight` float NOT NULL,
  `entity` int(11) NOT NULL DEFAULT '1',
  PRIMARY KEY (`rowid`)
) ENGINE=InnoDB DEFAULT CHARSET=utf8 COLLATE=utf8_unicode_ci;

--
-- Dumping data for table `llx_product_attribute_combination`
--


--
-- Table structure for table `llx_product_attribute_combination2val`
--

CREATE TABLE `llx_product_attribute_combination2val` (
  `rowid` int(11) NOT NULL AUTO_INCREMENT,
  `fk_prod_combination` int(11) NOT NULL,
  `fk_prod_attr` int(11) NOT NULL,
  `fk_prod_attr_val` int(11) NOT NULL,
  PRIMARY KEY (`rowid`)
) ENGINE=InnoDB DEFAULT CHARSET=utf8 COLLATE=utf8_unicode_ci;

--
-- Dumping data for table `llx_product_attribute_combination2val`
--


--
-- Table structure for table `llx_product_attribute_value`
--

CREATE TABLE `llx_product_attribute_value` (
  `rowid` int(11) NOT NULL AUTO_INCREMENT,
  `fk_product_attribute` int(11) NOT NULL,
  `ref` varchar(180) COLLATE utf8_unicode_ci DEFAULT NULL,
  `value` varchar(255) COLLATE utf8_unicode_ci DEFAULT NULL,
  `entity` int(11) NOT NULL DEFAULT '1',
  PRIMARY KEY (`rowid`),
  UNIQUE KEY `uk_product_attribute_value` (`fk_product_attribute`,`ref`)
) ENGINE=InnoDB DEFAULT CHARSET=utf8 COLLATE=utf8_unicode_ci;

--
-- Dumping data for table `llx_product_attribute_value`
--


--
-- Table structure for table `llx_product_batch`
--

CREATE TABLE `llx_product_batch` (
  `rowid` int(11) NOT NULL AUTO_INCREMENT,
  `tms` timestamp NOT NULL DEFAULT CURRENT_TIMESTAMP ON UPDATE CURRENT_TIMESTAMP,
  `fk_product_stock` int(11) NOT NULL,
  `eatby` datetime DEFAULT NULL,
  `sellby` datetime DEFAULT NULL,
  `batch` varchar(30) COLLATE utf8_unicode_ci NOT NULL,
  `qty` double NOT NULL DEFAULT '0',
  `import_key` varchar(14) COLLATE utf8_unicode_ci DEFAULT NULL,
  PRIMARY KEY (`rowid`),
  UNIQUE KEY `uk_product_batch` (`fk_product_stock`,`batch`),
  KEY `idx_fk_product_stock` (`fk_product_stock`),
  KEY `idx_batch` (`batch`),
  CONSTRAINT `fk_product_batch_fk_product_stock` FOREIGN KEY (`fk_product_stock`) REFERENCES `llx_product_stock` (`rowid`)
) ENGINE=InnoDB DEFAULT CHARSET=utf8 COLLATE=utf8_unicode_ci;

--
-- Dumping data for table `llx_product_batch`
--


--
-- Table structure for table `llx_product_customer_price`
--

CREATE TABLE `llx_product_customer_price` (
  `rowid` int(11) NOT NULL AUTO_INCREMENT,
  `entity` int(11) NOT NULL DEFAULT '1',
  `datec` datetime DEFAULT NULL,
  `tms` timestamp NOT NULL DEFAULT CURRENT_TIMESTAMP ON UPDATE CURRENT_TIMESTAMP,
  `fk_product` int(11) NOT NULL,
  `fk_soc` int(11) NOT NULL,
  `price` double(24,8) DEFAULT '0.00000000',
  `price_ttc` double(24,8) DEFAULT '0.00000000',
  `price_min` double(24,8) DEFAULT '0.00000000',
  `price_min_ttc` double(24,8) DEFAULT '0.00000000',
  `price_base_type` varchar(3) COLLATE utf8_unicode_ci DEFAULT 'HT',
  `default_vat_code` varchar(10) COLLATE utf8_unicode_ci DEFAULT NULL,
  `tva_tx` double(6,3) DEFAULT NULL,
  `recuperableonly` int(11) NOT NULL DEFAULT '0',
  `localtax1_tx` double(6,3) DEFAULT '0.000',
  `localtax1_type` varchar(10) COLLATE utf8_unicode_ci NOT NULL DEFAULT '0',
  `localtax2_tx` double(6,3) DEFAULT '0.000',
  `localtax2_type` varchar(10) COLLATE utf8_unicode_ci NOT NULL DEFAULT '0',
  `fk_user` int(11) DEFAULT NULL,
  `import_key` varchar(14) COLLATE utf8_unicode_ci DEFAULT NULL,
  PRIMARY KEY (`rowid`),
  UNIQUE KEY `uk_customer_price_fk_product_fk_soc` (`fk_product`,`fk_soc`),
  KEY `idx_product_customer_price_fk_user` (`fk_user`),
  KEY `idx_product_customer_price_fk_soc` (`fk_soc`),
  CONSTRAINT `fk_product_customer_price_fk_product` FOREIGN KEY (`fk_product`) REFERENCES `llx_product` (`rowid`),
  CONSTRAINT `fk_product_customer_price_fk_soc` FOREIGN KEY (`fk_soc`) REFERENCES `llx_societe` (`rowid`),
  CONSTRAINT `fk_product_customer_price_fk_user` FOREIGN KEY (`fk_user`) REFERENCES `llx_user` (`rowid`)
) ENGINE=InnoDB DEFAULT CHARSET=utf8 COLLATE=utf8_unicode_ci;

--
-- Dumping data for table `llx_product_customer_price`
--


--
-- Table structure for table `llx_product_customer_price_log`
--

CREATE TABLE `llx_product_customer_price_log` (
  `rowid` int(11) NOT NULL AUTO_INCREMENT,
  `entity` int(11) NOT NULL DEFAULT '1',
  `datec` datetime DEFAULT NULL,
  `fk_product` int(11) NOT NULL,
  `fk_soc` int(11) NOT NULL DEFAULT '0',
  `price` double(24,8) DEFAULT '0.00000000',
  `price_ttc` double(24,8) DEFAULT '0.00000000',
  `price_min` double(24,8) DEFAULT '0.00000000',
  `price_min_ttc` double(24,8) DEFAULT '0.00000000',
  `price_base_type` varchar(3) COLLATE utf8_unicode_ci DEFAULT 'HT',
  `default_vat_code` varchar(10) COLLATE utf8_unicode_ci DEFAULT NULL,
  `tva_tx` double(6,3) DEFAULT NULL,
  `recuperableonly` int(11) NOT NULL DEFAULT '0',
  `localtax1_tx` double(6,3) DEFAULT '0.000',
  `localtax1_type` varchar(10) COLLATE utf8_unicode_ci NOT NULL DEFAULT '0',
  `localtax2_tx` double(6,3) DEFAULT '0.000',
  `localtax2_type` varchar(10) COLLATE utf8_unicode_ci NOT NULL DEFAULT '0',
  `fk_user` int(11) DEFAULT NULL,
  `import_key` varchar(14) COLLATE utf8_unicode_ci DEFAULT NULL,
  PRIMARY KEY (`rowid`)
) ENGINE=InnoDB DEFAULT CHARSET=utf8 COLLATE=utf8_unicode_ci;

--
-- Dumping data for table `llx_product_customer_price_log`
--


--
-- Table structure for table `llx_product_extrafields`
--

CREATE TABLE `llx_product_extrafields` (
  `rowid` int(11) NOT NULL AUTO_INCREMENT,
  `tms` timestamp NOT NULL DEFAULT CURRENT_TIMESTAMP ON UPDATE CURRENT_TIMESTAMP,
  `fk_object` int(11) NOT NULL,
  `import_key` varchar(14) COLLATE utf8_unicode_ci DEFAULT NULL,
  PRIMARY KEY (`rowid`),
  KEY `idx_product_extrafields` (`fk_object`)
) ENGINE=InnoDB DEFAULT CHARSET=utf8 COLLATE=utf8_unicode_ci;

--
-- Dumping data for table `llx_product_extrafields`
--


--
-- Table structure for table `llx_product_fournisseur_price`
--

CREATE TABLE `llx_product_fournisseur_price` (
  `rowid` int(11) NOT NULL AUTO_INCREMENT,
  `entity` int(11) NOT NULL DEFAULT '1',
  `datec` datetime DEFAULT NULL,
  `tms` timestamp NOT NULL DEFAULT CURRENT_TIMESTAMP ON UPDATE CURRENT_TIMESTAMP,
  `fk_product` int(11) DEFAULT NULL,
  `fk_soc` int(11) DEFAULT NULL,
  `ref_fourn` varchar(30) COLLATE utf8_unicode_ci DEFAULT NULL,
  `fk_availability` int(11) DEFAULT NULL,
  `price` double(24,8) DEFAULT '0.00000000',
  `quantity` double DEFAULT NULL,
  `remise_percent` double NOT NULL DEFAULT '0',
  `remise` double NOT NULL DEFAULT '0',
  `unitprice` double(24,8) DEFAULT '0.00000000',
  `charges` double(24,8) DEFAULT '0.00000000',
  `default_vat_code` varchar(10) COLLATE utf8_unicode_ci DEFAULT NULL,
  `tva_tx` double(6,3) NOT NULL,
  `localtax1_tx` double(6,3) DEFAULT '0.000',
  `localtax1_type` varchar(10) COLLATE utf8_unicode_ci NOT NULL DEFAULT '0',
  `localtax2_tx` double(6,3) DEFAULT '0.000',
  `localtax2_type` varchar(10) COLLATE utf8_unicode_ci NOT NULL DEFAULT '0',
  `info_bits` int(11) NOT NULL DEFAULT '0',
  `fk_user` int(11) DEFAULT NULL,
  `fk_supplier_price_expression` int(11) DEFAULT NULL,
  `import_key` varchar(14) COLLATE utf8_unicode_ci DEFAULT NULL,
  `delivery_time_days` int(11) DEFAULT NULL,
  `supplier_reputation` varchar(10) COLLATE utf8_unicode_ci DEFAULT NULL,
  `fk_multicurrency` int(11) DEFAULT NULL,
  `multicurrency_code` varchar(255) COLLATE utf8_unicode_ci DEFAULT NULL,
  `multicurrency_tx` double(24,8) DEFAULT '1.00000000',
  `multicurrency_unitprice` double(24,8) DEFAULT NULL,
  `multicurrency_price` double(24,8) DEFAULT NULL,
  PRIMARY KEY (`rowid`),
  UNIQUE KEY `uk_product_fournisseur_price_ref` (`ref_fourn`,`fk_soc`,`quantity`,`entity`),
  KEY `idx_product_fournisseur_price_fk_user` (`fk_user`),
  KEY `idx_product_fourn_price_fk_product` (`fk_product`,`entity`),
  KEY `idx_product_fourn_price_fk_soc` (`fk_soc`,`entity`),
  CONSTRAINT `fk_product_fournisseur_price_fk_product` FOREIGN KEY (`fk_product`) REFERENCES `llx_product` (`rowid`),
  CONSTRAINT `fk_product_fournisseur_price_fk_user` FOREIGN KEY (`fk_user`) REFERENCES `llx_user` (`rowid`)
) ENGINE=InnoDB AUTO_INCREMENT=64 DEFAULT CHARSET=utf8 COLLATE=utf8_unicode_ci;

--
-- Dumping data for table `llx_product_fournisseur_price`
--

INSERT INTO `llx_product_fournisseur_price` (`rowid`, `entity`, `datec`, `tms`, `fk_product`, `fk_soc`, `ref_fourn`, `fk_availability`, `price`, `quantity`, `remise_percent`, `remise`, `unitprice`, `charges`, `default_vat_code`, `tva_tx`, `localtax1_tx`, `localtax1_type`, `localtax2_tx`, `localtax2_type`, `info_bits`, `fk_user`, `fk_supplier_price_expression`, `import_key`, `delivery_time_days`, `supplier_reputation`, `fk_multicurrency`, `multicurrency_code`, `multicurrency_tx`, `multicurrency_unitprice`, `multicurrency_price`) VALUES (4,1,'2019-01-29 12:28:10','2019-01-29 12:41:42',5,23,'11_33_0012',0,96390.00000000,1,0,0,96390.00000000,0.00000000,NULL,0.000,0.000,'0',0.000,'0',0,2,NULL,NULL,45,'FAVORITE',NULL,'',1.00000000,NULL,0.00000000),(13,1,'2019-01-29 15:27:22','2019-01-29 15:27:22',14,23,'11_03_0009',0,262521.00000000,1,0,0,262521.00000000,0.00000000,NULL,0.000,0.000,'0',0.000,'0',0,2,NULL,NULL,45,'FAVORITE',NULL,'',1.00000000,NULL,0.00000000),(16,1,'2019-01-29 15:34:13','2019-01-29 15:34:13',17,23,'11_03_0034',0,157626.00000000,1,0,0,157626.00000000,0.00000000,NULL,18.000,0.000,'0',0.000,'0',0,2,NULL,NULL,45,'FAVORITE',NULL,'',1.00000000,NULL,0.00000000),(18,1,'2019-01-29 15:38:59','2019-01-29 15:38:59',19,23,'11_20_0008',0,6237.00000000,1,0,0,6237.00000000,0.00000000,NULL,18.000,0.000,'0',0.000,'0',0,2,NULL,NULL,45,'FAVORITE',NULL,'',1.00000000,NULL,0.00000000),(24,1,'2019-01-29 15:59:10','2019-01-29 15:59:10',21,25,'1006290',0,216027.00000000,100,0,0,2160.27000000,0.00000000,NULL,18.000,0.000,'0',0.000,'0',0,2,NULL,NULL,45,NULL,NULL,'',1.00000000,NULL,0.00000000),(25,1,'2019-01-29 16:00:08','2019-01-29 16:00:08',16,25,'1000562',0,217350.00000000,100,0,0,2173.50000000,0.00000000,NULL,18.000,0.000,'0',0.000,'0',0,2,NULL,NULL,45,NULL,NULL,'',1.00000000,NULL,0.00000000),(27,1,'2019-01-29 16:03:17','2019-01-29 16:03:17',16,23,'11_03_0027',0,175014.00000000,50,0,0,3500.28000000,0.00000000,NULL,18.000,0.000,'0',0.000,'0',0,2,NULL,NULL,45,'FAVORITE',NULL,'',1.00000000,NULL,0.00000000),(28,1,'2019-01-29 16:04:42','2019-01-29 16:04:42',14,25,'1001070',0,217350.00000000,100,0,0,2173.50000000,0.00000000,NULL,18.000,0.000,'0',0.000,'0',0,2,NULL,NULL,45,NULL,NULL,'',1.00000000,NULL,0.00000000),(29,1,'2019-01-29 16:05:47','2019-01-29 16:05:47',19,25,'117035',0,10395.00000000,1,0,0,10395.00000000,0.00000000,NULL,18.000,0.000,'0',0.000,'0',0,2,NULL,NULL,45,NULL,NULL,'',1.00000000,NULL,0.00000000),(31,1,'2019-01-29 16:51:01','2019-01-29 16:51:01',5,25,'113025',0,102627.00000000,1000,0,0,102.62700000,0.00000000,NULL,18.000,0.000,'0',0.000,'0',0,2,NULL,NULL,45,NULL,NULL,'',1.00000000,NULL,0.00000000),(33,1,'2019-01-29 17:12:59','2019-01-29 17:12:59',6,23,'11_20_0007',0,131355.00000000,200,0,0,656.77500000,0.00000000,NULL,18.000,0.000,'0',0.000,'0',0,2,NULL,NULL,45,'FAVORITE',NULL,'',1.00000000,NULL,0.00000000),(34,1,'2019-01-29 17:15:45','2019-01-29 17:15:45',18,23,'11_20_0005',0,131355.00000000,30,0,0,4378.50000000,0.00000000,NULL,18.000,0.000,'0',0.000,'0',0,2,NULL,NULL,45,'FAVORITE',NULL,'',1.00000000,NULL,0.00000000),(35,1,'2019-01-29 17:18:20','2019-01-29 17:18:20',15,23,'11_20_0017',0,175014.00000000,100,0,0,1750.14000000,0.00000000,NULL,18.000,0.000,'0',0.000,'0',0,2,NULL,NULL,45,'FAVORITE',NULL,'',1.00000000,NULL,0.00000000),(36,1,'2019-01-29 17:20:08','2019-01-29 17:20:09',13,23,'11_03_0001',0,26255.00000000,3,0,0,8751.66667000,0.00000000,NULL,18.000,0.000,'0',0.000,'0',0,2,NULL,NULL,45,'FAVORITE',NULL,'',1.00000000,NULL,0.00000000),(37,1,'2019-01-29 17:22:37','2019-01-29 17:22:37',13,25,'1000323',0,29844.00000000,3,0,0,9948.00000000,0.00000000,NULL,18.000,0.000,'0',0.000,'0',0,2,NULL,NULL,45,NULL,NULL,'',1.00000000,NULL,0.00000000),(38,1,'2019-01-31 16:23:50','2019-01-31 16:23:50',8,23,'11_20_0010',0,272000.00000000,25,0,0,10880.00000000,0.00000000,NULL,18.000,0.000,'0',0.000,'0',0,2,NULL,NULL,45,'FAVORITE',NULL,'',1.00000000,NULL,0.00000000),(39,1,'2019-01-31 16:24:50','2019-01-31 16:24:50',10,23,'11_03_0002',0,35722.00000000,3,0,0,11907.33333000,0.00000000,NULL,18.000,0.000,'0',0.000,'0',0,2,NULL,NULL,45,'FAVORITE',NULL,'',1.00000000,NULL,0.00000000),(40,1,'2019-01-31 16:25:21','2019-01-31 16:25:21',10,25,'1000973',0,34020.00000000,3,0,0,11340.00000000,0.00000000,NULL,18.000,0.000,'0',0.000,'0',0,2,NULL,NULL,45,NULL,NULL,'',1.00000000,NULL,0.00000000),(41,1,'2019-01-31 16:26:26','2019-01-31 16:26:26',20,25,'1012675',0,820260.00000000,14.4,0,0,56962.50000000,0.00000000,NULL,18.000,0.000,'0',0.000,'0',0,2,NULL,NULL,45,NULL,NULL,'',1.00000000,NULL,0.00000000),(42,1,'2019-01-31 16:27:23','2019-01-31 16:27:23',4,23,'11_03_0003',0,44226.00000000,3,0,0,14742.00000000,0.00000000,NULL,18.000,0.000,'0',0.000,'0',0,2,NULL,NULL,45,'FAVORITE',NULL,'',1.00000000,NULL,0.00000000),(43,1,'2019-01-31 16:28:22','2019-01-31 16:28:22',4,25,'636007',0,46494.00000000,3,0,0,15498.00000000,0.00000000,NULL,18.000,0.000,'0',0.000,'0',0,2,NULL,NULL,45,NULL,NULL,'',1.00000000,NULL,0.00000000),(44,1,'2019-01-31 16:29:35','2019-01-31 16:29:35',12,23,'11_43_0011',0,194069.00000000,3.36,0,0,57758.63095000,0.00000000,NULL,18.000,0.000,'0',0.000,'0',0,2,NULL,NULL,45,'FAVORITE',NULL,'',1.00000000,NULL,0.00000000),(45,1,'2019-01-31 16:31:01','2019-01-31 16:31:01',12,25,'69515',0,349272.00000000,3,0,0,116424.00000000,0.00000000,NULL,18.000,0.000,'0',0.000,'0',0,2,NULL,NULL,45,NULL,NULL,'',1.00000000,NULL,0.00000000),(46,1,'2019-01-31 16:58:33','2019-01-31 16:58:33',11,23,'11_02_0005',0,174000.00000000,3.36,0,0,51785.71429000,0.00000000,NULL,18.000,0.000,'0',0.000,'0',0,2,NULL,NULL,45,'FAVORITE',NULL,'',1.00000000,NULL,0.00000000),(47,1,'2019-01-31 16:59:24','2019-01-31 16:59:24',2,23,'11_02_0004',0,123835.00000000,3.36,0,0,36855.65476000,0.00000000,NULL,18.000,0.000,'0',0.000,'0',0,2,NULL,NULL,45,'FAVORITE',NULL,'',1.00000000,NULL,0.00000000),(48,1,'2019-01-31 17:00:35','2019-01-31 17:00:35',3,23,'11_03_0004',0,35721.00000000,3,0,0,11907.00000000,0.00000000,NULL,18.000,0.000,'0',0.000,'0',0,2,NULL,NULL,45,'FAVORITE',NULL,'',1.00000000,NULL,0.00000000),(49,1,'2019-01-31 17:01:45','2019-01-31 17:01:45',3,25,'70925',0,36855.00000000,3,0,0,12285.00000000,0.00000000,NULL,18.000,0.000,'0',0.000,'0',0,2,NULL,NULL,45,NULL,NULL,'',1.00000000,NULL,0.00000000),(51,1,'2019-01-31 17:29:44','2019-01-31 17:29:44',7,23,'11_20_0004',0,84105.00000000,150,0,0,560.70000000,0.00000000,NULL,18.000,0.000,'0',0.000,'0',0,2,NULL,NULL,45,'FAVORITE',NULL,'',1.00000000,NULL,0.00000000),(53,1,'2019-01-31 17:56:12','2019-01-31 17:56:12',24,2,'BATIXXL PRIM',0,389830.00000000,100,20,0,3898.30000000,0.00000000,NULL,18.000,0.000,'0',0.000,'0',0,2,NULL,NULL,5,NULL,NULL,'',1.00000000,NULL,0.00000000),(54,1,'2019-01-31 17:59:34','2019-01-31 17:59:34',25,2,'AQUASTRIA SOYEUX BLANC',0,745770.00000000,70,20,0,10653.85714000,0.00000000,NULL,18.000,0.000,'0',0.000,'0',0,2,NULL,NULL,5,NULL,NULL,'',1.00000000,NULL,0.00000000),(56,1,'2019-01-31 18:11:59','2019-01-31 18:11:59',9,24,'MO-PLA',0,70000.00000000,7,0,0,10000.00000000,0.00000000,NULL,18.000,0.000,'0',0.000,'0',0,2,NULL,NULL,NULL,NULL,NULL,'',1.00000000,NULL,0.00000000),(58,1,'2019-01-31 18:15:57','2019-01-31 18:15:57',26,24,'MO-PEI',0,6000.00000000,1,0,0,6000.00000000,0.00000000,NULL,18.000,0.000,'0',0.000,'0',0,2,NULL,NULL,2,NULL,NULL,'',1.00000000,NULL,0.00000000),(59,1,'2019-01-31 18:53:46','2019-01-31 18:53:46',27,9,'CLIM-9000',0,2457628.00000000,1,0,0,2457628.00000000,0.00000000,NULL,18.000,0.000,'0',0.000,'0',0,2,NULL,NULL,NULL,NULL,NULL,'',1.00000000,NULL,0.00000000),(60,1,'2019-02-01 12:32:48','2019-02-01 12:32:48',11,25,'52221',0,266490.00000000,3,0,0,88830.00000000,0.00000000,NULL,18.000,0.000,'0',0.000,'0',0,2,NULL,NULL,45,NULL,NULL,'',1.00000000,NULL,0.00000000),(61,1,'2019-02-07 17:42:07','2019-02-07 17:42:07',31,2,'KATEX',0,334750.00000000,75,20,0,4463.33333000,0.00000000,NULL,18.000,0.000,'0',0.000,'0',0,2,NULL,NULL,2,'FAVORITE',NULL,'',1.00000000,NULL,0.00000000),(62,1,'2019-02-18 16:12:07','2019-02-18 16:12:07',35,15,'POR',0,1500000.00000000,1,0,0,1500000.00000000,0.00000000,NULL,18.000,0.000,'0',0.000,'0',0,2,NULL,NULL,NULL,NULL,NULL,'',1.00000000,NULL,0.00000000),(63,1,'2019-02-18 16:14:36','2019-02-18 16:14:36',36,15,'BAIE',0,700000.00000000,1,0,0,700000.00000000,0.00000000,NULL,18.000,0.000,'0',0.000,'0',0,2,NULL,NULL,NULL,NULL,NULL,'',1.00000000,NULL,0.00000000);

--
-- Table structure for table `llx_product_fournisseur_price_log`
--

CREATE TABLE `llx_product_fournisseur_price_log` (
  `rowid` int(11) NOT NULL AUTO_INCREMENT,
  `datec` datetime DEFAULT NULL,
  `fk_product_fournisseur` int(11) NOT NULL,
  `price` double(24,8) DEFAULT '0.00000000',
  `quantity` double DEFAULT NULL,
  `fk_user` int(11) DEFAULT NULL,
  `fk_multicurrency` int(11) DEFAULT NULL,
  `multicurrency_code` varchar(255) COLLATE utf8_unicode_ci DEFAULT NULL,
  `multicurrency_tx` double(24,8) DEFAULT '1.00000000',
  `multicurrency_unitprice` double(24,8) DEFAULT NULL,
  `multicurrency_price` double(24,8) DEFAULT NULL,
  PRIMARY KEY (`rowid`)
) ENGINE=InnoDB DEFAULT CHARSET=utf8 COLLATE=utf8_unicode_ci;

--
-- Dumping data for table `llx_product_fournisseur_price_log`
--


--
-- Table structure for table `llx_product_lang`
--

CREATE TABLE `llx_product_lang` (
  `rowid` int(11) NOT NULL AUTO_INCREMENT,
  `fk_product` int(11) NOT NULL DEFAULT '0',
  `lang` varchar(5) COLLATE utf8_unicode_ci NOT NULL DEFAULT '0',
  `label` varchar(255) COLLATE utf8_unicode_ci NOT NULL,
  `description` text COLLATE utf8_unicode_ci,
  `note` text COLLATE utf8_unicode_ci,
  `import_key` varchar(14) COLLATE utf8_unicode_ci DEFAULT NULL,
  PRIMARY KEY (`rowid`),
  UNIQUE KEY `uk_product_lang` (`fk_product`,`lang`),
  CONSTRAINT `fk_product_lang_fk_product` FOREIGN KEY (`fk_product`) REFERENCES `llx_product` (`rowid`)
) ENGINE=InnoDB DEFAULT CHARSET=utf8 COLLATE=utf8_unicode_ci;

--
-- Dumping data for table `llx_product_lang`
--


--
-- Table structure for table `llx_product_lot`
--

CREATE TABLE `llx_product_lot` (
  `rowid` int(11) NOT NULL AUTO_INCREMENT,
  `entity` int(11) DEFAULT '1',
  `fk_product` int(11) NOT NULL,
  `batch` varchar(30) COLLATE utf8_unicode_ci DEFAULT NULL,
  `eatby` date DEFAULT NULL,
  `sellby` date DEFAULT NULL,
  `datec` datetime DEFAULT NULL,
  `tms` timestamp NOT NULL DEFAULT CURRENT_TIMESTAMP ON UPDATE CURRENT_TIMESTAMP,
  `fk_user_creat` int(11) DEFAULT NULL,
  `fk_user_modif` int(11) DEFAULT NULL,
  `import_key` int(11) DEFAULT NULL,
  PRIMARY KEY (`rowid`),
  UNIQUE KEY `uk_product_lot` (`fk_product`,`batch`)
) ENGINE=InnoDB DEFAULT CHARSET=utf8 COLLATE=utf8_unicode_ci;

--
-- Dumping data for table `llx_product_lot`
--


--
-- Table structure for table `llx_product_lot_extrafields`
--

CREATE TABLE `llx_product_lot_extrafields` (
  `rowid` int(11) NOT NULL AUTO_INCREMENT,
  `tms` timestamp NOT NULL DEFAULT CURRENT_TIMESTAMP ON UPDATE CURRENT_TIMESTAMP,
  `fk_object` int(11) NOT NULL,
  `import_key` varchar(14) COLLATE utf8_unicode_ci DEFAULT NULL,
  PRIMARY KEY (`rowid`),
  KEY `idx_product_lot_extrafields` (`fk_object`)
) ENGINE=InnoDB DEFAULT CHARSET=utf8 COLLATE=utf8_unicode_ci;

--
-- Dumping data for table `llx_product_lot_extrafields`
--


--
-- Table structure for table `llx_product_price`
--

CREATE TABLE `llx_product_price` (
  `rowid` int(11) NOT NULL AUTO_INCREMENT,
  `entity` int(11) NOT NULL DEFAULT '1',
  `tms` timestamp NOT NULL DEFAULT CURRENT_TIMESTAMP ON UPDATE CURRENT_TIMESTAMP,
  `fk_product` int(11) NOT NULL,
  `date_price` datetime NOT NULL,
  `price_level` smallint(6) DEFAULT '1',
  `price` double(24,8) DEFAULT NULL,
  `price_ttc` double(24,8) DEFAULT NULL,
  `price_min` double(24,8) DEFAULT NULL,
  `price_min_ttc` double(24,8) DEFAULT NULL,
  `price_base_type` varchar(3) COLLATE utf8_unicode_ci DEFAULT 'HT',
  `default_vat_code` varchar(10) COLLATE utf8_unicode_ci DEFAULT NULL,
  `tva_tx` double(6,3) NOT NULL,
  `recuperableonly` int(11) NOT NULL DEFAULT '0',
  `localtax1_tx` double(6,3) DEFAULT '0.000',
  `localtax1_type` varchar(10) COLLATE utf8_unicode_ci NOT NULL DEFAULT '0',
  `localtax2_tx` double(6,3) DEFAULT '0.000',
  `localtax2_type` varchar(10) COLLATE utf8_unicode_ci NOT NULL DEFAULT '0',
  `fk_user_author` int(11) DEFAULT NULL,
  `tosell` tinyint(4) DEFAULT '1',
  `price_by_qty` int(11) NOT NULL DEFAULT '0',
  `fk_price_expression` int(11) DEFAULT NULL,
  `import_key` varchar(14) COLLATE utf8_unicode_ci DEFAULT NULL,
  `fk_multicurrency` int(11) DEFAULT NULL,
  `multicurrency_code` varchar(255) COLLATE utf8_unicode_ci DEFAULT NULL,
  `multicurrency_tx` double(24,8) DEFAULT '1.00000000',
  `multicurrency_price` double(24,8) DEFAULT NULL,
  `multicurrency_price_ttc` double(24,8) DEFAULT NULL,
  PRIMARY KEY (`rowid`),
  KEY `idx_product_price_fk_user_author` (`fk_user_author`),
  KEY `idx_product_price_fk_product` (`fk_product`),
  CONSTRAINT `fk_product_price_product` FOREIGN KEY (`fk_user_author`) REFERENCES `llx_user` (`rowid`),
  CONSTRAINT `fk_product_price_user_author` FOREIGN KEY (`fk_product`) REFERENCES `llx_product` (`rowid`)
) ENGINE=InnoDB AUTO_INCREMENT=142 DEFAULT CHARSET=utf8 COLLATE=utf8_unicode_ci;

--
-- Dumping data for table `llx_product_price`
--

INSERT INTO `llx_product_price` (`rowid`, `entity`, `tms`, `fk_product`, `date_price`, `price_level`, `price`, `price_ttc`, `price_min`, `price_min_ttc`, `price_base_type`, `default_vat_code`, `tva_tx`, `recuperableonly`, `localtax1_tx`, `localtax1_type`, `localtax2_tx`, `localtax2_type`, `fk_user_author`, `tosell`, `price_by_qty`, `fk_price_expression`, `import_key`, `fk_multicurrency`, `multicurrency_code`, `multicurrency_tx`, `multicurrency_price`, `multicurrency_price_ttc`) VALUES (1,1,'2019-01-29 09:31:14',1,'2019-01-29 09:31:14',1,0.00000000,0.00000000,0.00000000,0.00000000,'','TVA',18.000,0,0.000,'1',0.000,'0',2,1,0,NULL,NULL,NULL,NULL,1.00000000,NULL,NULL),(2,1,'2019-01-29 09:32:57',2,'2019-01-29 09:32:57',1,0.00000000,0.00000000,0.00000000,0.00000000,'','TVA',18.000,0,0.000,'1',0.000,'0',2,1,0,NULL,NULL,NULL,NULL,1.00000000,NULL,NULL),(3,1,'2019-01-29 09:34:07',3,'2019-01-29 09:34:07',1,0.00000000,0.00000000,0.00000000,0.00000000,'','TVA',18.000,0,0.000,'1',0.000,'0',2,1,0,NULL,NULL,NULL,NULL,1.00000000,NULL,NULL),(4,1,'2019-01-29 10:59:04',2,'2019-01-29 10:59:04',1,51597.00000000,60884.46000000,36855.00000000,43488.90000000,'HT','TVA',18.000,0,0.000,'1',0.000,'0',2,1,0,NULL,NULL,NULL,NULL,1.00000000,NULL,NULL),(5,1,'2019-01-29 10:59:05',2,'2019-01-29 10:59:05',2,58968.00000000,69582.24000000,36855.00000000,43488.90000000,'HT','TVA',18.000,0,0.000,'1',0.000,'0',2,1,0,NULL,NULL,NULL,NULL,1.00000000,NULL,NULL),(6,1,'2019-01-29 10:59:05',2,'2019-01-29 10:59:05',3,66339.00000000,78280.02000000,36855.00000000,43488.90000000,'HT','TVA',18.000,0,0.000,'1',0.000,'0',2,1,0,NULL,NULL,NULL,NULL,1.00000000,NULL,NULL),(7,1,'2019-01-29 10:59:05',2,'2019-01-29 10:59:05',4,0.00000000,0.00000000,0.00000000,0.00000000,'HT','TVA',18.000,0,0.000,'1',0.000,'0',2,1,0,NULL,NULL,NULL,NULL,1.00000000,NULL,NULL),(8,1,'2019-01-29 10:59:05',2,'2019-01-29 10:59:05',5,0.00000000,0.00000000,0.00000000,0.00000000,'HT','TVA',18.000,0,0.000,'1',0.000,'0',2,1,0,NULL,NULL,NULL,NULL,1.00000000,NULL,NULL),(9,1,'2019-01-29 12:21:23',4,'2019-01-29 12:21:23',1,0.00000000,0.00000000,0.00000000,0.00000000,'','TVA',18.000,0,0.000,'1',0.000,'0',2,1,0,NULL,NULL,NULL,NULL,1.00000000,NULL,NULL),(10,1,'2019-01-29 12:26:54',5,'2019-01-29 12:26:54',1,0.00000000,0.00000000,0.00000000,0.00000000,'','TVA',18.000,0,0.000,'1',0.000,'0',2,1,0,NULL,NULL,NULL,NULL,1.00000000,NULL,NULL),(11,1,'2019-01-29 12:29:09',6,'2019-01-29 12:29:09',1,0.00000000,0.00000000,0.00000000,0.00000000,'','TVA',18.000,0,0.000,'1',0.000,'0',2,1,0,NULL,NULL,NULL,NULL,1.00000000,NULL,NULL),(12,1,'2019-01-29 12:31:34',7,'2019-01-29 12:31:34',1,0.00000000,0.00000000,0.00000000,0.00000000,'','TVA',18.000,0,0.000,'1',0.000,'0',2,1,0,NULL,NULL,NULL,NULL,1.00000000,NULL,NULL),(13,1,'2019-01-29 12:33:38',8,'2019-01-29 12:33:38',1,0.00000000,0.00000000,0.00000000,0.00000000,'','TVA',18.000,0,0.000,'1',0.000,'0',2,1,0,NULL,NULL,NULL,NULL,1.00000000,NULL,NULL),(14,1,'2019-01-29 12:49:09',1,'2019-01-29 12:49:09',1,250000.00000000,295000.00000000,200000.00000000,236000.00000000,'HT','TVA',18.000,0,0.000,'1',0.000,'0',2,1,0,NULL,NULL,NULL,NULL,1.00000000,NULL,NULL),(15,1,'2019-01-29 12:49:09',1,'2019-01-29 12:49:09',2,0.00000000,0.00000000,0.00000000,0.00000000,'HT','TVA',18.000,0,0.000,'1',0.000,'0',2,1,0,NULL,NULL,NULL,NULL,1.00000000,NULL,NULL),(16,1,'2019-01-29 12:49:09',1,'2019-01-29 12:49:09',3,0.00000000,0.00000000,0.00000000,0.00000000,'HT','TVA',18.000,0,0.000,'1',0.000,'0',2,1,0,NULL,NULL,NULL,NULL,1.00000000,NULL,NULL),(17,1,'2019-01-29 12:49:09',1,'2019-01-29 12:49:09',4,0.00000000,0.00000000,0.00000000,0.00000000,'HT','TVA',18.000,0,0.000,'1',0.000,'0',2,1,0,NULL,NULL,NULL,NULL,1.00000000,NULL,NULL),(18,1,'2019-01-29 12:49:09',1,'2019-01-29 12:49:09',5,0.00000000,0.00000000,0.00000000,0.00000000,'HT','TVA',18.000,0,0.000,'1',0.000,'0',2,1,0,NULL,NULL,NULL,NULL,1.00000000,NULL,NULL),(19,1,'2019-01-29 12:55:43',9,'2019-01-29 12:55:43',1,0.00000000,0.00000000,0.00000000,0.00000000,'','TVA',18.000,0,0.000,'1',0.000,'0',2,1,0,NULL,NULL,NULL,NULL,1.00000000,NULL,NULL),(20,1,'2019-01-29 15:07:41',10,'2019-01-29 15:07:41',1,0.00000000,0.00000000,0.00000000,0.00000000,'','TVA',18.000,0,0.000,'1',0.000,'0',2,1,0,NULL,NULL,NULL,NULL,1.00000000,NULL,NULL),(21,1,'2019-01-29 15:10:04',11,'2019-01-29 15:10:04',1,0.00000000,0.00000000,0.00000000,0.00000000,'','TVA',18.000,0,0.000,'1',0.000,'0',2,1,0,NULL,NULL,NULL,NULL,1.00000000,NULL,NULL),(22,1,'2019-01-29 15:12:00',12,'2019-01-29 15:12:00',1,0.00000000,0.00000000,0.00000000,0.00000000,'','TVA',18.000,0,0.000,'1',0.000,'0',2,1,0,NULL,NULL,NULL,NULL,1.00000000,NULL,NULL),(23,1,'2019-01-29 15:19:59',13,'2019-01-29 15:19:59',1,0.00000000,0.00000000,0.00000000,0.00000000,'','TVA',18.000,0,0.000,'1',0.000,'0',2,1,0,NULL,NULL,NULL,NULL,1.00000000,NULL,NULL),(24,1,'2019-01-29 15:26:16',14,'2019-01-29 15:26:16',1,0.00000000,0.00000000,0.00000000,0.00000000,'','TVA',18.000,0,0.000,'1',0.000,'0',2,1,0,NULL,NULL,NULL,NULL,1.00000000,NULL,NULL),(25,1,'2019-01-29 15:28:36',15,'2019-01-29 15:28:36',1,0.00000000,0.00000000,0.00000000,0.00000000,'','TVA',18.000,0,0.000,'1',0.000,'0',2,1,0,NULL,NULL,NULL,NULL,1.00000000,NULL,NULL),(26,1,'2019-01-29 15:30:59',16,'2019-01-29 15:30:59',1,0.00000000,0.00000000,0.00000000,0.00000000,'','TVA',18.000,0,0.000,'1',0.000,'0',2,1,0,NULL,NULL,NULL,NULL,1.00000000,NULL,NULL),(27,1,'2019-01-29 15:33:29',17,'2019-01-29 15:33:29',1,0.00000000,0.00000000,0.00000000,0.00000000,'','TVA',18.000,0,0.000,'1',0.000,'0',2,1,0,NULL,NULL,NULL,NULL,1.00000000,NULL,NULL),(28,1,'2019-01-29 15:35:31',18,'2019-01-29 15:35:31',1,0.00000000,0.00000000,0.00000000,0.00000000,'','TVA',18.000,0,0.000,'1',0.000,'0',2,1,0,NULL,NULL,NULL,NULL,1.00000000,NULL,NULL),(29,1,'2019-01-29 15:37:52',19,'2019-01-29 15:37:52',1,0.00000000,0.00000000,0.00000000,0.00000000,'','TVA',18.000,0,0.000,'1',0.000,'0',2,1,0,NULL,NULL,NULL,NULL,1.00000000,NULL,NULL),(30,1,'2019-01-29 15:51:55',20,'2019-01-29 15:51:55',1,0.00000000,0.00000000,0.00000000,0.00000000,'','TVA',18.000,0,0.000,'1',0.000,'0',2,1,0,NULL,NULL,NULL,NULL,1.00000000,NULL,NULL),(31,1,'2019-01-29 15:58:25',21,'2019-01-29 15:58:25',1,0.00000000,0.00000000,0.00000000,0.00000000,'','TVA',18.000,0,0.000,'1',0.000,'0',2,1,0,NULL,NULL,NULL,NULL,1.00000000,NULL,NULL),(32,1,'2019-01-29 16:54:10',22,'2019-01-29 16:54:10',1,0.00000000,0.00000000,0.00000000,0.00000000,'','TVA',18.000,0,0.000,'1',0.000,'0',2,1,0,NULL,NULL,NULL,NULL,1.00000000,NULL,NULL),(33,1,'2019-01-31 17:07:10',9,'2019-01-31 17:07:10',1,100000.00000000,118000.00000000,0.00000000,0.00000000,'HT','TVA',18.000,0,0.000,'1',0.000,'0',2,1,0,NULL,NULL,NULL,NULL,1.00000000,NULL,NULL),(34,1,'2019-01-31 17:07:10',9,'2019-01-31 17:07:10',2,130000.00000000,153400.00000000,0.00000000,0.00000000,'HT','TVA',18.000,0,0.000,'1',0.000,'0',2,1,0,NULL,NULL,NULL,NULL,1.00000000,NULL,NULL),(35,1,'2019-01-31 17:07:10',9,'2019-01-31 17:07:10',3,150000.00000000,177000.00000000,0.00000000,0.00000000,'HT','TVA',18.000,0,0.000,'1',0.000,'0',2,1,0,NULL,NULL,NULL,NULL,1.00000000,NULL,NULL),(36,1,'2019-01-31 17:07:10',9,'2019-01-31 17:07:10',4,0.00000000,0.00000000,0.00000000,0.00000000,'HT','TVA',18.000,0,0.000,'1',0.000,'0',2,1,0,NULL,NULL,NULL,NULL,1.00000000,NULL,NULL),(37,1,'2019-01-31 17:07:10',9,'2019-01-31 17:07:10',5,0.00000000,0.00000000,0.00000000,0.00000000,'HT','TVA',18.000,0,0.000,'1',0.000,'0',2,1,0,NULL,NULL,NULL,NULL,1.00000000,NULL,NULL),(39,1,'2019-01-31 17:40:33',23,'2019-01-31 17:40:33',1,314345.00000000,370927.10000000,0.00000000,0.00000000,'HT','TVA',18.000,0,0.000,'1',0.000,'0',2,1,0,NULL,NULL,NULL,NULL,1.00000000,NULL,NULL),(40,1,'2019-01-31 17:40:33',23,'2019-01-31 17:40:33',2,338527.00000000,399461.86000000,0.00000000,0.00000000,'HT','TVA',18.000,0,0.000,'1',0.000,'0',2,1,0,NULL,NULL,NULL,NULL,1.00000000,NULL,NULL),(41,1,'2019-01-31 17:40:33',23,'2019-01-31 17:40:33',3,362707.00000000,427994.26000000,0.00000000,0.00000000,'HT','TVA',18.000,0,0.000,'1',0.000,'0',2,1,0,NULL,NULL,NULL,NULL,1.00000000,NULL,NULL),(42,1,'2019-01-31 17:40:33',23,'2019-01-31 17:40:33',4,386888.00000000,456527.84000000,0.00000000,0.00000000,'HT','TVA',18.000,0,0.000,'1',0.000,'0',2,1,0,NULL,NULL,NULL,NULL,1.00000000,NULL,NULL),(43,1,'2019-01-31 17:40:33',23,'2019-01-31 17:40:33',5,435249.00000000,513593.82000000,0.00000000,0.00000000,'HT','TVA',18.000,0,0.000,'1',0.000,'0',2,1,0,NULL,NULL,NULL,NULL,1.00000000,NULL,NULL),(44,1,'2019-01-31 17:50:58',24,'2019-01-31 17:50:58',1,0.00000000,0.00000000,0.00000000,0.00000000,'','TVA',18.000,0,0.000,'1',0.000,'0',2,1,0,NULL,NULL,NULL,NULL,1.00000000,NULL,NULL),(45,1,'2019-01-31 17:57:42',25,'2019-01-31 17:57:42',1,0.00000000,0.00000000,0.00000000,0.00000000,'','TVA',18.000,0,0.000,'1',0.000,'0',2,1,0,NULL,NULL,NULL,NULL,1.00000000,NULL,NULL),(46,1,'2019-01-31 18:02:51',25,'2019-01-31 18:02:51',1,12786.00000000,15087.48000000,10500.00000000,12390.00000000,'HT','TVA',18.000,0,0.000,'1',0.000,'0',2,1,0,NULL,NULL,NULL,NULL,1.00000000,NULL,NULL),(47,1,'2019-01-31 18:02:51',25,'2019-01-31 18:02:51',2,0.00000000,0.00000000,0.00000000,0.00000000,'HT','TVA',18.000,0,0.000,'1',0.000,'0',2,1,0,NULL,NULL,NULL,NULL,1.00000000,NULL,NULL),(48,1,'2019-01-31 18:02:52',25,'2019-01-31 18:02:52',3,0.00000000,0.00000000,0.00000000,0.00000000,'HT','TVA',18.000,0,0.000,'1',0.000,'0',2,1,0,NULL,NULL,NULL,NULL,1.00000000,NULL,NULL),(49,1,'2019-01-31 18:02:52',25,'2019-01-31 18:02:52',4,0.00000000,0.00000000,0.00000000,0.00000000,'HT','TVA',18.000,0,0.000,'1',0.000,'0',2,1,0,NULL,NULL,NULL,NULL,1.00000000,NULL,NULL),(50,1,'2019-01-31 18:02:52',25,'2019-01-31 18:02:52',5,0.00000000,0.00000000,0.00000000,0.00000000,'HT','TVA',18.000,0,0.000,'1',0.000,'0',2,1,0,NULL,NULL,NULL,NULL,1.00000000,NULL,NULL),(51,1,'2019-01-31 18:04:14',24,'2019-01-31 18:04:14',1,5069.00000000,5981.42000000,3900.00000000,4602.00000000,'HT','TVA',18.000,0,0.000,'1',0.000,'0',2,1,0,NULL,NULL,NULL,NULL,1.00000000,NULL,NULL),(52,1,'2019-01-31 18:04:14',24,'2019-01-31 18:04:14',2,0.00000000,0.00000000,0.00000000,0.00000000,'HT','TVA',18.000,0,0.000,'1',0.000,'0',2,1,0,NULL,NULL,NULL,NULL,1.00000000,NULL,NULL),(53,1,'2019-01-31 18:04:14',24,'2019-01-31 18:04:14',3,0.00000000,0.00000000,0.00000000,0.00000000,'HT','TVA',18.000,0,0.000,'1',0.000,'0',2,1,0,NULL,NULL,NULL,NULL,1.00000000,NULL,NULL),(54,1,'2019-01-31 18:04:14',24,'2019-01-31 18:04:14',4,0.00000000,0.00000000,0.00000000,0.00000000,'HT','TVA',18.000,0,0.000,'1',0.000,'0',2,1,0,NULL,NULL,NULL,NULL,1.00000000,NULL,NULL),(55,1,'2019-01-31 18:04:14',24,'2019-01-31 18:04:14',5,0.00000000,0.00000000,0.00000000,0.00000000,'HT','TVA',18.000,0,0.000,'1',0.000,'0',2,1,0,NULL,NULL,NULL,NULL,1.00000000,NULL,NULL),(56,1,'2019-01-31 18:07:19',26,'2019-01-31 18:07:19',1,0.00000000,0.00000000,0.00000000,0.00000000,'','TVA',18.000,0,0.000,'1',0.000,'0',2,1,0,NULL,NULL,NULL,NULL,1.00000000,NULL,NULL),(57,1,'2019-01-31 18:17:13',26,'2019-01-31 18:17:13',1,11000.00000000,12980.00000000,8000.00000000,9440.00000000,'HT','TVA',18.000,0,0.000,'1',0.000,'0',2,1,0,NULL,NULL,NULL,NULL,1.00000000,NULL,NULL),(58,1,'2019-01-31 18:17:13',26,'2019-01-31 18:17:13',2,0.00000000,0.00000000,0.00000000,0.00000000,'HT','TVA',18.000,0,0.000,'1',0.000,'0',2,1,0,NULL,NULL,NULL,NULL,1.00000000,NULL,NULL),(59,1,'2019-01-31 18:17:13',26,'2019-01-31 18:17:13',3,0.00000000,0.00000000,0.00000000,0.00000000,'HT','TVA',18.000,0,0.000,'1',0.000,'0',2,1,0,NULL,NULL,NULL,NULL,1.00000000,NULL,NULL),(60,1,'2019-01-31 18:17:13',26,'2019-01-31 18:17:13',4,0.00000000,0.00000000,0.00000000,0.00000000,'HT','TVA',18.000,0,0.000,'1',0.000,'0',2,1,0,NULL,NULL,NULL,NULL,1.00000000,NULL,NULL),(61,1,'2019-01-31 18:17:13',26,'2019-01-31 18:17:13',5,0.00000000,0.00000000,0.00000000,0.00000000,'HT','TVA',18.000,0,0.000,'1',0.000,'0',2,1,0,NULL,NULL,NULL,NULL,1.00000000,NULL,NULL),(62,1,'2019-01-31 18:20:03',27,'2019-01-31 18:20:03',1,0.00000000,0.00000000,0.00000000,0.00000000,'','TVA',18.000,0,0.000,'1',0.000,'0',2,1,0,NULL,NULL,NULL,NULL,1.00000000,NULL,NULL),(63,1,'2019-01-31 18:20:58',27,'2019-01-31 18:20:58',1,3700000.00000000,4366000.00000000,0.00000000,0.00000000,'HT','TVA',18.000,0,0.000,'1',0.000,'0',2,1,0,NULL,NULL,NULL,NULL,1.00000000,NULL,NULL),(64,1,'2019-01-31 18:20:58',27,'2019-01-31 18:20:58',2,0.00000000,0.00000000,0.00000000,0.00000000,'HT','TVA',18.000,0,0.000,'1',0.000,'0',2,1,0,NULL,NULL,NULL,NULL,1.00000000,NULL,NULL),(65,1,'2019-01-31 18:20:58',27,'2019-01-31 18:20:58',3,0.00000000,0.00000000,0.00000000,0.00000000,'HT','TVA',18.000,0,0.000,'1',0.000,'0',2,1,0,NULL,NULL,NULL,NULL,1.00000000,NULL,NULL),(66,1,'2019-01-31 18:20:58',27,'2019-01-31 18:20:58',4,0.00000000,0.00000000,0.00000000,0.00000000,'HT','TVA',18.000,0,0.000,'1',0.000,'0',2,1,0,NULL,NULL,NULL,NULL,1.00000000,NULL,NULL),(67,1,'2019-01-31 18:20:58',27,'2019-01-31 18:20:58',5,0.00000000,0.00000000,0.00000000,0.00000000,'HT','TVA',18.000,0,0.000,'1',0.000,'0',2,1,0,NULL,NULL,NULL,NULL,1.00000000,NULL,NULL),(68,1,'2019-01-31 18:21:34',28,'2019-01-31 18:21:34',1,0.00000000,0.00000000,0.00000000,0.00000000,'','TVA',18.000,0,0.000,'1',0.000,'0',2,1,0,NULL,NULL,NULL,NULL,1.00000000,NULL,NULL),(69,1,'2019-01-31 18:22:36',29,'2019-01-31 18:22:36',1,0.00000000,0.00000000,0.00000000,0.00000000,'','TVA',18.000,0,0.000,'1',0.000,'0',2,1,0,NULL,NULL,NULL,NULL,1.00000000,NULL,NULL),(70,1,'2019-01-31 18:23:31',29,'2019-01-31 18:23:31',1,5900000.00000000,6962000.00000000,5400000.00000000,6372000.00000000,'HT','TVA',18.000,0,0.000,'1',0.000,'0',2,1,0,NULL,NULL,NULL,NULL,1.00000000,NULL,NULL),(71,1,'2019-01-31 18:23:31',29,'2019-01-31 18:23:31',2,0.00000000,0.00000000,0.00000000,0.00000000,'HT','TVA',18.000,0,0.000,'1',0.000,'0',2,1,0,NULL,NULL,NULL,NULL,1.00000000,NULL,NULL),(72,1,'2019-01-31 18:23:31',29,'2019-01-31 18:23:31',3,0.00000000,0.00000000,0.00000000,0.00000000,'HT','TVA',18.000,0,0.000,'1',0.000,'0',2,1,0,NULL,NULL,NULL,NULL,1.00000000,NULL,NULL),(73,1,'2019-01-31 18:23:31',29,'2019-01-31 18:23:31',4,0.00000000,0.00000000,0.00000000,0.00000000,'HT','TVA',18.000,0,0.000,'1',0.000,'0',2,1,0,NULL,NULL,NULL,NULL,1.00000000,NULL,NULL),(74,1,'2019-01-31 18:23:31',29,'2019-01-31 18:23:31',5,0.00000000,0.00000000,0.00000000,0.00000000,'HT','TVA',18.000,0,0.000,'1',0.000,'0',2,1,0,NULL,NULL,NULL,NULL,1.00000000,NULL,NULL),(75,1,'2019-01-31 18:23:59',30,'2019-01-31 18:23:59',1,0.00000000,0.00000000,0.00000000,0.00000000,'','TVA',18.000,0,0.000,'1',0.000,'0',2,1,0,NULL,NULL,NULL,NULL,1.00000000,NULL,NULL),(76,1,'2019-01-31 18:24:34',30,'2019-01-31 18:24:34',1,6900000.00000000,8142000.00000000,6400000.00000000,7552000.00000000,'HT','TVA',18.000,0,0.000,'1',0.000,'0',2,1,0,NULL,NULL,NULL,NULL,1.00000000,NULL,NULL),(77,1,'2019-01-31 18:24:34',30,'2019-01-31 18:24:34',2,0.00000000,0.00000000,0.00000000,0.00000000,'HT','TVA',18.000,0,0.000,'1',0.000,'0',2,1,0,NULL,NULL,NULL,NULL,1.00000000,NULL,NULL),(78,1,'2019-01-31 18:24:34',30,'2019-01-31 18:24:34',3,0.00000000,0.00000000,0.00000000,0.00000000,'HT','TVA',18.000,0,0.000,'1',0.000,'0',2,1,0,NULL,NULL,NULL,NULL,1.00000000,NULL,NULL),(79,1,'2019-01-31 18:24:34',30,'2019-01-31 18:24:34',4,0.00000000,0.00000000,0.00000000,0.00000000,'HT','TVA',18.000,0,0.000,'1',0.000,'0',2,1,0,NULL,NULL,NULL,NULL,1.00000000,NULL,NULL),(80,1,'2019-01-31 18:24:34',30,'2019-01-31 18:24:34',5,0.00000000,0.00000000,0.00000000,0.00000000,'HT','TVA',18.000,0,0.000,'1',0.000,'0',2,1,0,NULL,NULL,NULL,NULL,1.00000000,NULL,NULL),(81,1,'2019-01-31 18:26:18',28,'2019-01-31 18:26:18',1,4400000.00000000,5192000.00000000,3900000.00000000,4602000.00000000,'HT','TVA',18.000,0,0.000,'1',0.000,'0',2,1,0,NULL,NULL,NULL,NULL,1.00000000,NULL,NULL),(82,1,'2019-01-31 18:26:18',28,'2019-01-31 18:26:18',2,0.00000000,0.00000000,0.00000000,0.00000000,'HT','TVA',18.000,0,0.000,'1',0.000,'0',2,1,0,NULL,NULL,NULL,NULL,1.00000000,NULL,NULL),(83,1,'2019-01-31 18:26:18',28,'2019-01-31 18:26:18',3,0.00000000,0.00000000,0.00000000,0.00000000,'HT','TVA',18.000,0,0.000,'1',0.000,'0',2,1,0,NULL,NULL,NULL,NULL,1.00000000,NULL,NULL),(84,1,'2019-01-31 18:26:19',28,'2019-01-31 18:26:19',4,0.00000000,0.00000000,0.00000000,0.00000000,'HT','TVA',18.000,0,0.000,'1',0.000,'0',2,1,0,NULL,NULL,NULL,NULL,1.00000000,NULL,NULL),(85,1,'2019-01-31 18:26:19',28,'2019-01-31 18:26:19',5,0.00000000,0.00000000,0.00000000,0.00000000,'HT','TVA',18.000,0,0.000,'1',0.000,'0',2,1,0,NULL,NULL,NULL,NULL,1.00000000,NULL,NULL),(86,1,'2019-01-31 18:30:56',27,'2019-01-31 18:30:56',1,3400000.00000000,4012000.00000000,3000000.00000000,3540000.00000000,'HT','TVA',18.000,0,0.000,'1',0.000,'0',2,1,0,NULL,NULL,NULL,NULL,1.00000000,NULL,NULL),(87,1,'2019-01-31 18:30:56',27,'2019-01-31 18:30:56',2,0.00000000,0.00000000,0.00000000,0.00000000,'HT','TVA',18.000,0,0.000,'1',0.000,'0',2,1,0,NULL,NULL,NULL,NULL,1.00000000,NULL,NULL),(88,1,'2019-01-31 18:30:56',27,'2019-01-31 18:30:56',3,0.00000000,0.00000000,0.00000000,0.00000000,'HT','TVA',18.000,0,0.000,'1',0.000,'0',2,1,0,NULL,NULL,NULL,NULL,1.00000000,NULL,NULL),(89,1,'2019-01-31 18:30:56',27,'2019-01-31 18:30:56',4,0.00000000,0.00000000,0.00000000,0.00000000,'HT','TVA',18.000,0,0.000,'1',0.000,'0',2,1,0,NULL,NULL,NULL,NULL,1.00000000,NULL,NULL),(90,1,'2019-01-31 18:30:56',27,'2019-01-31 18:30:56',5,0.00000000,0.00000000,0.00000000,0.00000000,'HT','TVA',18.000,0,0.000,'1',0.000,'0',2,1,0,NULL,NULL,NULL,NULL,1.00000000,NULL,NULL),(91,1,'2019-01-31 18:31:38',28,'2019-01-31 18:31:38',1,3900000.00000000,4602000.00000000,3500000.00000000,4130000.00000000,'HT','TVA',18.000,0,0.000,'1',0.000,'0',2,1,0,NULL,NULL,NULL,NULL,1.00000000,NULL,NULL),(92,1,'2019-01-31 18:31:38',28,'2019-01-31 18:31:38',2,0.00000000,0.00000000,0.00000000,0.00000000,'HT','TVA',18.000,0,0.000,'1',0.000,'0',2,1,0,NULL,NULL,NULL,NULL,1.00000000,NULL,NULL),(93,1,'2019-01-31 18:31:38',28,'2019-01-31 18:31:38',3,0.00000000,0.00000000,0.00000000,0.00000000,'HT','TVA',18.000,0,0.000,'1',0.000,'0',2,1,0,NULL,NULL,NULL,NULL,1.00000000,NULL,NULL),(94,1,'2019-01-31 18:31:39',28,'2019-01-31 18:31:39',4,0.00000000,0.00000000,0.00000000,0.00000000,'HT','TVA',18.000,0,0.000,'1',0.000,'0',2,1,0,NULL,NULL,NULL,NULL,1.00000000,NULL,NULL),(95,1,'2019-01-31 18:31:39',28,'2019-01-31 18:31:39',5,0.00000000,0.00000000,0.00000000,0.00000000,'HT','TVA',18.000,0,0.000,'1',0.000,'0',2,1,0,NULL,NULL,NULL,NULL,1.00000000,NULL,NULL),(96,1,'2019-01-31 18:32:10',29,'2019-01-31 18:32:10',1,5400000.00000000,6372000.00000000,5000000.00000000,5900000.00000000,'HT','TVA',18.000,0,0.000,'1',0.000,'0',2,1,0,NULL,NULL,NULL,NULL,1.00000000,NULL,NULL),(97,1,'2019-01-31 18:32:10',29,'2019-01-31 18:32:10',2,0.00000000,0.00000000,0.00000000,0.00000000,'HT','TVA',18.000,0,0.000,'1',0.000,'0',2,1,0,NULL,NULL,NULL,NULL,1.00000000,NULL,NULL),(98,1,'2019-01-31 18:32:10',29,'2019-01-31 18:32:10',3,0.00000000,0.00000000,0.00000000,0.00000000,'HT','TVA',18.000,0,0.000,'1',0.000,'0',2,1,0,NULL,NULL,NULL,NULL,1.00000000,NULL,NULL),(99,1,'2019-01-31 18:32:10',29,'2019-01-31 18:32:10',4,0.00000000,0.00000000,0.00000000,0.00000000,'HT','TVA',18.000,0,0.000,'1',0.000,'0',2,1,0,NULL,NULL,NULL,NULL,1.00000000,NULL,NULL),(100,1,'2019-01-31 18:32:10',29,'2019-01-31 18:32:10',5,0.00000000,0.00000000,0.00000000,0.00000000,'HT','TVA',18.000,0,0.000,'1',0.000,'0',2,1,0,NULL,NULL,NULL,NULL,1.00000000,NULL,NULL),(101,1,'2019-01-31 18:32:37',30,'2019-01-31 18:32:37',1,6500000.00000000,7670000.00000000,6000000.00000000,7080000.00000000,'HT','TVA',18.000,0,0.000,'1',0.000,'0',2,1,0,NULL,NULL,NULL,NULL,1.00000000,NULL,NULL),(102,1,'2019-01-31 18:32:37',30,'2019-01-31 18:32:37',2,0.00000000,0.00000000,0.00000000,0.00000000,'HT','TVA',18.000,0,0.000,'1',0.000,'0',2,1,0,NULL,NULL,NULL,NULL,1.00000000,NULL,NULL),(103,1,'2019-01-31 18:32:37',30,'2019-01-31 18:32:37',3,0.00000000,0.00000000,0.00000000,0.00000000,'HT','TVA',18.000,0,0.000,'1',0.000,'0',2,1,0,NULL,NULL,NULL,NULL,1.00000000,NULL,NULL),(104,1,'2019-01-31 18:32:37',30,'2019-01-31 18:32:37',4,0.00000000,0.00000000,0.00000000,0.00000000,'HT','TVA',18.000,0,0.000,'1',0.000,'0',2,1,0,NULL,NULL,NULL,NULL,1.00000000,NULL,NULL),(105,1,'2019-01-31 18:32:37',30,'2019-01-31 18:32:37',5,0.00000000,0.00000000,0.00000000,0.00000000,'HT','TVA',18.000,0,0.000,'1',0.000,'0',2,1,0,NULL,NULL,NULL,NULL,1.00000000,NULL,NULL),(106,1,'2019-02-04 19:17:07',22,'2019-02-04 19:17:07',1,167000.00000000,197060.00000000,155000.00000000,182900.00000000,'HT','TVA',18.000,0,0.000,'1',0.000,'0',2,1,0,NULL,NULL,NULL,NULL,1.00000000,NULL,NULL),(107,1,'2019-02-04 19:17:07',22,'2019-02-04 19:17:07',2,179000.00000000,211220.00000000,0.00000000,0.00000000,'HT','TVA',18.000,0,0.000,'1',0.000,'0',2,1,0,NULL,NULL,NULL,NULL,1.00000000,NULL,NULL),(108,1,'2019-02-04 19:17:07',22,'2019-02-04 19:17:07',3,190900.00000000,225262.00000000,0.00000000,0.00000000,'HT','TVA',18.000,0,0.000,'1',0.000,'0',2,1,0,NULL,NULL,NULL,NULL,1.00000000,NULL,NULL),(109,1,'2019-02-04 19:17:07',22,'2019-02-04 19:17:07',4,0.00000000,0.00000000,0.00000000,0.00000000,'HT','TVA',18.000,0,0.000,'1',0.000,'0',2,1,0,NULL,NULL,NULL,NULL,1.00000000,NULL,NULL),(110,1,'2019-02-04 19:17:07',22,'2019-02-04 19:17:07',5,0.00000000,0.00000000,0.00000000,0.00000000,'HT','TVA',18.000,0,0.000,'1',0.000,'0',2,1,0,NULL,NULL,NULL,NULL,1.00000000,NULL,NULL),(111,1,'2019-02-04 19:20:10',22,'2019-02-04 19:20:10',1,167000.00000000,197060.00000000,143000.00000000,168740.00000000,'HT','TVA',18.000,0,0.000,'1',0.000,'0',2,1,0,NULL,NULL,NULL,NULL,1.00000000,NULL,NULL),(112,1,'2019-02-04 19:20:10',22,'2019-02-04 19:20:10',2,179000.00000000,211220.00000000,0.00000000,0.00000000,'HT','TVA',18.000,0,0.000,'1',0.000,'0',2,1,0,NULL,NULL,NULL,NULL,1.00000000,NULL,NULL),(113,1,'2019-02-04 19:20:10',22,'2019-02-04 19:20:10',3,190900.00000000,225262.00000000,0.00000000,0.00000000,'HT','TVA',18.000,0,0.000,'1',0.000,'0',2,1,0,NULL,NULL,NULL,NULL,1.00000000,NULL,NULL),(114,1,'2019-02-04 19:20:10',22,'2019-02-04 19:20:10',4,0.00000000,0.00000000,0.00000000,0.00000000,'HT','TVA',18.000,0,0.000,'1',0.000,'0',2,1,0,NULL,NULL,NULL,NULL,1.00000000,NULL,NULL),(115,1,'2019-02-04 19:20:10',22,'2019-02-04 19:20:10',5,0.00000000,0.00000000,0.00000000,0.00000000,'HT','TVA',18.000,0,0.000,'1',0.000,'0',2,1,0,NULL,NULL,NULL,NULL,1.00000000,NULL,NULL),(116,1,'2019-02-07 17:39:28',31,'2019-02-07 17:39:28',1,0.00000000,0.00000000,0.00000000,0.00000000,'','TVA',18.000,0,0.000,'1',0.000,'0',2,1,0,NULL,NULL,NULL,NULL,1.00000000,NULL,NULL),(117,1,'2019-02-07 17:45:24',31,'2019-02-07 17:45:24',1,4200.00000000,4956.00000000,0.00000000,0.00000000,'HT','TVA',18.000,0,0.000,'1',0.000,'0',2,1,0,NULL,NULL,NULL,NULL,1.00000000,NULL,NULL),(118,1,'2019-02-07 17:45:24',31,'2019-02-07 17:45:24',2,4000.00000000,4720.00000000,3700.00000000,4366.00000000,'HT','TVA',18.000,0,0.000,'1',0.000,'0',2,1,0,NULL,NULL,NULL,NULL,1.00000000,NULL,NULL),(119,1,'2019-02-07 17:45:24',31,'2019-02-07 17:45:24',3,0.00000000,0.00000000,0.00000000,0.00000000,'HT','TVA',18.000,0,0.000,'1',0.000,'0',2,1,0,NULL,NULL,NULL,NULL,1.00000000,NULL,NULL),(120,1,'2019-02-07 17:45:24',31,'2019-02-07 17:45:24',4,0.00000000,0.00000000,0.00000000,0.00000000,'HT','TVA',18.000,0,0.000,'1',0.000,'0',2,1,0,NULL,NULL,NULL,NULL,1.00000000,NULL,NULL),(121,1,'2019-02-07 17:45:24',31,'2019-02-07 17:45:24',5,0.00000000,0.00000000,0.00000000,0.00000000,'HT','TVA',18.000,0,0.000,'1',0.000,'0',2,1,0,NULL,NULL,NULL,NULL,1.00000000,NULL,NULL),(122,1,'2019-02-18 15:42:34',32,'2019-02-18 15:42:34',1,0.00000000,0.00000000,0.00000000,0.00000000,'','TVA',18.000,0,0.000,'1',0.000,'0',2,1,0,NULL,NULL,NULL,NULL,1.00000000,NULL,NULL),(123,1,'2019-02-18 15:43:54',33,'2019-02-18 15:43:54',1,0.00000000,0.00000000,0.00000000,0.00000000,'','TVA',18.000,0,0.000,'1',0.000,'0',2,1,0,NULL,NULL,NULL,NULL,1.00000000,NULL,NULL),(124,1,'2019-02-18 15:45:37',34,'2019-02-18 15:45:37',1,0.00000000,0.00000000,0.00000000,0.00000000,'','TVA',18.000,0,0.000,'1',0.000,'0',2,1,0,NULL,NULL,NULL,NULL,1.00000000,NULL,NULL),(125,1,'2019-02-18 16:11:23',35,'2019-02-18 16:11:23',1,0.00000000,0.00000000,0.00000000,0.00000000,'','TVA',18.000,0,0.000,'1',0.000,'0',2,1,0,NULL,NULL,NULL,NULL,1.00000000,NULL,NULL),(126,1,'2019-02-18 16:13:13',35,'2019-02-18 16:13:13',1,2400000.00000000,2832000.00000000,1900000.00000000,2242000.00000000,'HT','TVA',18.000,0,0.000,'1',0.000,'0',2,1,0,NULL,NULL,NULL,NULL,1.00000000,NULL,NULL),(127,1,'2019-02-18 16:13:13',35,'2019-02-18 16:13:13',2,0.00000000,0.00000000,0.00000000,0.00000000,'HT','TVA',18.000,0,0.000,'1',0.000,'0',2,1,0,NULL,NULL,NULL,NULL,1.00000000,NULL,NULL),(128,1,'2019-02-18 16:13:13',35,'2019-02-18 16:13:13',3,0.00000000,0.00000000,0.00000000,0.00000000,'HT','TVA',18.000,0,0.000,'1',0.000,'0',2,1,0,NULL,NULL,NULL,NULL,1.00000000,NULL,NULL),(129,1,'2019-02-18 16:13:14',35,'2019-02-18 16:13:14',4,0.00000000,0.00000000,0.00000000,0.00000000,'HT','TVA',18.000,0,0.000,'1',0.000,'0',2,1,0,NULL,NULL,NULL,NULL,1.00000000,NULL,NULL),(130,1,'2019-02-18 16:13:14',35,'2019-02-18 16:13:14',5,0.00000000,0.00000000,0.00000000,0.00000000,'HT','TVA',18.000,0,0.000,'1',0.000,'0',2,1,0,NULL,NULL,NULL,NULL,1.00000000,NULL,NULL),(131,1,'2019-02-18 16:13:58',36,'2019-02-18 16:13:58',1,0.00000000,0.00000000,0.00000000,0.00000000,'','TVA',18.000,0,0.000,'1',0.000,'0',2,1,0,NULL,NULL,NULL,NULL,1.00000000,NULL,NULL),(132,1,'2019-02-18 16:15:57',36,'2019-02-18 16:15:57',1,980000.00000000,1156400.00000000,910000.00000000,1073800.00000000,'HT','TVA',18.000,0,0.000,'1',0.000,'0',2,1,0,NULL,NULL,NULL,NULL,1.00000000,NULL,NULL),(133,1,'2019-02-18 16:15:57',36,'2019-02-18 16:15:57',2,0.00000000,0.00000000,0.00000000,0.00000000,'HT','TVA',18.000,0,0.000,'1',0.000,'0',2,1,0,NULL,NULL,NULL,NULL,1.00000000,NULL,NULL),(134,1,'2019-02-18 16:15:57',36,'2019-02-18 16:15:57',3,0.00000000,0.00000000,0.00000000,0.00000000,'HT','TVA',18.000,0,0.000,'1',0.000,'0',2,1,0,NULL,NULL,NULL,NULL,1.00000000,NULL,NULL),(135,1,'2019-02-18 16:15:57',36,'2019-02-18 16:15:57',4,0.00000000,0.00000000,0.00000000,0.00000000,'HT','TVA',18.000,0,0.000,'1',0.000,'0',2,1,0,NULL,NULL,NULL,NULL,1.00000000,NULL,NULL),(136,1,'2019-02-18 16:15:57',36,'2019-02-18 16:15:57',5,0.00000000,0.00000000,0.00000000,0.00000000,'HT','TVA',18.000,0,0.000,'1',0.000,'0',2,1,0,NULL,NULL,NULL,NULL,1.00000000,NULL,NULL),(137,1,'2019-03-20 17:08:07',1,'2019-03-20 17:08:07',1,250000.00000000,295000.00000000,160000.00000000,188800.00000000,'HT','TVA',18.000,0,0.000,'1',0.000,'0',2,1,0,NULL,NULL,NULL,NULL,1.00000000,NULL,NULL),(138,1,'2019-03-20 17:08:07',1,'2019-03-20 17:08:07',2,0.00000000,0.00000000,0.00000000,0.00000000,'HT','TVA',18.000,0,0.000,'1',0.000,'0',2,1,0,NULL,NULL,NULL,NULL,1.00000000,NULL,NULL),(139,1,'2019-03-20 17:08:07',1,'2019-03-20 17:08:07',3,0.00000000,0.00000000,0.00000000,0.00000000,'HT','TVA',18.000,0,0.000,'1',0.000,'0',2,1,0,NULL,NULL,NULL,NULL,1.00000000,NULL,NULL),(140,1,'2019-03-20 17:08:07',1,'2019-03-20 17:08:07',4,0.00000000,0.00000000,0.00000000,0.00000000,'HT','TVA',18.000,0,0.000,'1',0.000,'0',2,1,0,NULL,NULL,NULL,NULL,1.00000000,NULL,NULL),(141,1,'2019-03-20 17:08:07',1,'2019-03-20 17:08:07',5,0.00000000,0.00000000,0.00000000,0.00000000,'HT','TVA',18.000,0,0.000,'1',0.000,'0',2,1,0,NULL,NULL,NULL,NULL,1.00000000,NULL,NULL);

--
-- Table structure for table `llx_product_price_by_qty`
--

CREATE TABLE `llx_product_price_by_qty` (
  `rowid` int(11) NOT NULL AUTO_INCREMENT,
  `fk_product_price` int(11) NOT NULL,
  `price` double(24,8) DEFAULT '0.00000000',
  `price_base_type` varchar(3) COLLATE utf8_unicode_ci DEFAULT 'HT',
  `quantity` double DEFAULT NULL,
  `remise_percent` double NOT NULL DEFAULT '0',
  `remise` double NOT NULL DEFAULT '0',
  `unitprice` double(24,8) DEFAULT '0.00000000',
  `fk_user_creat` int(11) DEFAULT NULL,
  `fk_user_modif` int(11) DEFAULT NULL,
  `fk_multicurrency` int(11) DEFAULT NULL,
  `multicurrency_code` varchar(255) COLLATE utf8_unicode_ci DEFAULT NULL,
  `multicurrency_tx` double(24,8) DEFAULT '1.00000000',
  `multicurrency_price` double(24,8) DEFAULT NULL,
  `multicurrency_price_ttc` double(24,8) DEFAULT NULL,
  `tms` timestamp NOT NULL DEFAULT CURRENT_TIMESTAMP ON UPDATE CURRENT_TIMESTAMP,
  `import_key` varchar(14) COLLATE utf8_unicode_ci DEFAULT NULL,
  PRIMARY KEY (`rowid`),
  UNIQUE KEY `uk_product_price_by_qty_level` (`fk_product_price`,`quantity`),
  KEY `idx_product_price_by_qty_fk_product_price` (`fk_product_price`),
  CONSTRAINT `fk_product_price_by_qty_fk_product_price` FOREIGN KEY (`fk_product_price`) REFERENCES `llx_product_price` (`rowid`)
) ENGINE=InnoDB DEFAULT CHARSET=utf8 COLLATE=utf8_unicode_ci;

--
-- Dumping data for table `llx_product_price_by_qty`
--


--
-- Table structure for table `llx_product_pricerules`
--

CREATE TABLE `llx_product_pricerules` (
  `rowid` int(11) NOT NULL AUTO_INCREMENT,
  `level` int(11) NOT NULL,
  `fk_level` int(11) NOT NULL,
  `var_percent` float NOT NULL,
  `var_min_percent` float NOT NULL,
  PRIMARY KEY (`rowid`),
  UNIQUE KEY `unique_level` (`level`)
) ENGINE=InnoDB DEFAULT CHARSET=utf8 COLLATE=utf8_unicode_ci;

--
-- Dumping data for table `llx_product_pricerules`
--


--
-- Table structure for table `llx_product_stock`
--

CREATE TABLE `llx_product_stock` (
  `rowid` int(11) NOT NULL AUTO_INCREMENT,
  `tms` timestamp NOT NULL DEFAULT CURRENT_TIMESTAMP ON UPDATE CURRENT_TIMESTAMP,
  `fk_product` int(11) NOT NULL,
  `fk_entrepot` int(11) NOT NULL,
  `reel` double DEFAULT NULL,
  `import_key` varchar(14) COLLATE utf8_unicode_ci DEFAULT NULL,
  PRIMARY KEY (`rowid`),
  UNIQUE KEY `uk_product_stock` (`fk_product`,`fk_entrepot`),
  KEY `idx_product_stock_fk_product` (`fk_product`),
  KEY `idx_product_stock_fk_entrepot` (`fk_entrepot`)
) ENGINE=InnoDB AUTO_INCREMENT=2 DEFAULT CHARSET=utf8 COLLATE=utf8_unicode_ci;

--
-- Dumping data for table `llx_product_stock`
--

INSERT INTO `llx_product_stock` (`rowid`, `tms`, `fk_product`, `fk_entrepot`, `reel`, `import_key`) VALUES (1,'2019-07-02 19:23:31',12,1,8,NULL);

--
-- Table structure for table `llx_product_warehouse_properties`
--

CREATE TABLE `llx_product_warehouse_properties` (
  `rowid` int(11) NOT NULL AUTO_INCREMENT,
  `tms` timestamp NOT NULL DEFAULT CURRENT_TIMESTAMP ON UPDATE CURRENT_TIMESTAMP,
  `fk_product` int(11) NOT NULL,
  `fk_entrepot` int(11) NOT NULL,
  `seuil_stock_alerte` int(11) DEFAULT '0',
  `desiredstock` int(11) DEFAULT '0',
  `import_key` varchar(14) COLLATE utf8_unicode_ci DEFAULT NULL,
  PRIMARY KEY (`rowid`)
) ENGINE=InnoDB DEFAULT CHARSET=utf8 COLLATE=utf8_unicode_ci;

--
-- Dumping data for table `llx_product_warehouse_properties`
--


--
-- Table structure for table `llx_projet`
--

CREATE TABLE `llx_projet` (
  `rowid` int(11) NOT NULL AUTO_INCREMENT,
  `fk_soc` int(11) DEFAULT NULL,
  `datec` datetime DEFAULT NULL,
  `tms` timestamp NOT NULL DEFAULT CURRENT_TIMESTAMP ON UPDATE CURRENT_TIMESTAMP,
  `dateo` date DEFAULT NULL,
  `datee` date DEFAULT NULL,
  `ref` varchar(50) COLLATE utf8_unicode_ci DEFAULT NULL,
  `entity` int(11) NOT NULL DEFAULT '1',
  `title` varchar(255) COLLATE utf8_unicode_ci NOT NULL,
  `description` text COLLATE utf8_unicode_ci,
  `fk_user_creat` int(11) NOT NULL,
  `fk_user_modif` int(11) DEFAULT NULL,
  `public` int(11) DEFAULT NULL,
  `fk_statut` int(11) NOT NULL DEFAULT '0',
  `fk_opp_status` int(11) DEFAULT NULL,
  `opp_percent` double(5,2) DEFAULT NULL,
  `date_close` datetime DEFAULT NULL,
  `fk_user_close` int(11) DEFAULT NULL,
  `note_private` text COLLATE utf8_unicode_ci,
  `note_public` text COLLATE utf8_unicode_ci,
  `opp_amount` double(24,8) DEFAULT NULL,
  `budget_amount` double(24,8) DEFAULT NULL,
  `bill_time` int(11) DEFAULT '0',
  `model_pdf` varchar(255) COLLATE utf8_unicode_ci DEFAULT NULL,
  `import_key` varchar(14) COLLATE utf8_unicode_ci DEFAULT NULL,
  PRIMARY KEY (`rowid`),
  UNIQUE KEY `uk_projet_ref` (`ref`,`entity`),
  KEY `idx_projet_fk_soc` (`fk_soc`),
  CONSTRAINT `fk_projet_fk_soc` FOREIGN KEY (`fk_soc`) REFERENCES `llx_societe` (`rowid`)
) ENGINE=InnoDB AUTO_INCREMENT=32 DEFAULT CHARSET=utf8 COLLATE=utf8_unicode_ci;

--
-- Dumping data for table `llx_projet`
--

INSERT INTO `llx_projet` (`rowid`, `fk_soc`, `datec`, `tms`, `dateo`, `datee`, `ref`, `entity`, `title`, `description`, `fk_user_creat`, `fk_user_modif`, `public`, `fk_statut`, `fk_opp_status`, `opp_percent`, `date_close`, `fk_user_close`, `note_private`, `note_public`, `opp_amount`, `budget_amount`, `bill_time`, `model_pdf`, `import_key`) VALUES (2,NULL,'2019-01-21 18:49:38','2019-01-21 18:50:59','2019-01-01',NULL,'PJ1901-0001',1,'BUREAU','',2,NULL,1,1,-1,NULL,NULL,NULL,NULL,NULL,NULL,NULL,0,NULL,NULL),(4,NULL,'2019-01-21 19:02:51','2019-01-21 19:03:00','2019-01-01',NULL,'PJ1901-0003',1,'RESTAURATION','',2,NULL,0,1,-1,NULL,NULL,NULL,NULL,NULL,NULL,NULL,0,NULL,NULL),(5,NULL,'2019-01-21 19:03:42','2019-01-21 19:03:51','2019-01-01',NULL,'PJ1901-0004',1,'HELENE K LA BOUTIQUE','',2,NULL,0,1,-1,NULL,NULL,NULL,NULL,NULL,NULL,NULL,0,NULL,NULL),(6,6,'2019-01-29 10:05:09','2019-01-29 10:05:20','2018-11-10',NULL,'PJ1901-0005',1,'GUILAB','',2,NULL,0,1,6,100.00,NULL,NULL,NULL,NULL,320000000.00000000,NULL,0,NULL,NULL),(7,3,'2019-02-07 19:28:33','2019-02-07 19:28:54','2019-01-01',NULL,'PJ1902-0006',1,'LOCATION BUREAU','',2,NULL,0,1,-1,NULL,NULL,NULL,NULL,NULL,NULL,NULL,0,NULL,NULL),(8,31,'2019-03-08 16:49:55','2019-03-08 16:51:11','2019-03-08',NULL,'PJ1903-0007',1,'Maintenance Hôtel MLYS','',2,NULL,0,1,-1,NULL,NULL,NULL,NULL,NULL,NULL,NULL,0,NULL,NULL),(9,29,'2019-03-13 11:04:53','2019-03-13 11:04:53','2019-03-12','2019-04-09','PJ1903-0008',1,'MINIERE REBOUL ','',2,NULL,0,1,6,100.00,NULL,NULL,NULL,NULL,103298380.00000000,NULL,0,NULL,NULL),(10,NULL,'2019-03-18 14:44:25','2019-06-09 18:42:23','2019-03-18',NULL,'PJ1903-0009',1,'E2CI-CAPAGO','',2,2,0,1,6,100.00,NULL,NULL,NULL,NULL,NULL,362920014.00000000,0,NULL,NULL),(11,35,'2019-04-13 14:49:38','2019-07-02 19:25:25','2019-04-15',NULL,'PJ1904-0010',1,'Webb Fontaine','',2,2,0,1,6,100.00,NULL,NULL,NULL,NULL,NULL,NULL,0,NULL,NULL),(12,NULL,'2019-06-06 17:49:33','2019-06-06 18:18:48','2019-06-01',NULL,'PJ1906-0011',1,'CARBURANT','',2,NULL,1,1,-1,NULL,NULL,NULL,NULL,NULL,NULL,NULL,0,NULL,NULL),(13,NULL,'2019-06-06 17:49:48','2019-06-06 18:18:59','2019-06-01',NULL,'PJ1906-0012',1,'TELEPHONIE','',2,NULL,1,1,-1,NULL,NULL,NULL,NULL,NULL,NULL,NULL,0,NULL,NULL),(14,NULL,'2019-06-07 12:44:53','2019-06-07 12:46:37','2019-06-01',NULL,'PJ1906-0013',1,'SILENCIO','Au compte de Mr DIALLO',2,NULL,0,1,-1,NULL,NULL,NULL,NULL,NULL,NULL,NULL,0,NULL,NULL),(15,NULL,'2019-06-07 12:46:15','2019-06-07 12:46:21','2019-06-01',NULL,'PJ1906-0014',1,'SANTE','',2,NULL,0,1,-1,NULL,NULL,NULL,NULL,NULL,NULL,NULL,0,NULL,NULL),(16,NULL,'2019-06-07 14:40:45','2019-06-07 14:41:12','2019-06-01',NULL,'PJ1906-0015',1,'Transport','',6,NULL,0,1,-1,NULL,NULL,NULL,NULL,NULL,NULL,NULL,0,NULL,NULL),(17,NULL,'2019-06-08 15:39:57','2019-06-08 15:40:03','2019-06-01',NULL,'PJ1906-0016',1,'PRESTATAIRE MT-SOLUTIONS','',2,NULL,0,1,-1,NULL,NULL,NULL,NULL,NULL,NULL,NULL,0,NULL,NULL),(18,NULL,'2019-06-11 09:34:04','2019-06-11 09:35:11','2019-06-01',NULL,'PJ1906-0017',1,'MEAUX ET FORET','',6,NULL,0,1,-1,NULL,NULL,NULL,NULL,NULL,NULL,NULL,0,NULL,NULL),(19,NULL,'2019-06-11 10:19:46','2019-06-11 10:19:51','2019-06-01',NULL,'PJ1906-0018',1,'DDI','',6,NULL,0,1,-1,NULL,NULL,NULL,NULL,NULL,NULL,NULL,0,NULL,NULL),(20,NULL,'2019-06-11 14:16:39','2019-06-11 14:16:47','2019-06-01',NULL,'PJ1906-0019',1,'Cabinet Comptable','',6,NULL,0,1,-1,NULL,NULL,NULL,NULL,NULL,NULL,NULL,0,NULL,NULL),(21,NULL,'2019-06-11 14:17:42','2019-06-11 14:17:49','2019-06-01',NULL,'PJ1906-0020',1,'Voyage','',6,NULL,0,1,-1,NULL,NULL,NULL,NULL,NULL,NULL,NULL,0,NULL,NULL),(22,NULL,'2019-06-11 14:18:45','2019-06-11 14:20:59','2019-06-01',NULL,'PJ1906-0021',1,'Transit','',6,6,0,1,NULL,NULL,NULL,NULL,NULL,NULL,NULL,NULL,0,NULL,NULL),(23,NULL,'2019-06-11 14:20:23','2019-06-11 14:20:28','2019-06-01',NULL,'PJ1906-0022',1,'High Tech','',6,NULL,0,1,-1,NULL,NULL,NULL,NULL,NULL,NULL,NULL,0,NULL,NULL),(24,NULL,'2019-06-11 14:21:40','2019-06-11 14:22:05','2019-06-01',NULL,'PJ1906-0023',1,'Monétaire','',6,6,0,1,NULL,NULL,NULL,NULL,NULL,NULL,NULL,NULL,0,NULL,NULL),(25,NULL,'2019-06-12 09:58:55','2019-06-12 09:59:05','2019-06-01',NULL,'PJ1906-0024',1,'Prêts','',6,NULL,0,1,-1,NULL,NULL,NULL,NULL,NULL,NULL,NULL,0,NULL,NULL),(26,NULL,'2019-06-12 10:04:11','2019-06-12 10:04:18','2019-06-01',NULL,'PJ1906-0025',1,'Sécurité','',6,NULL,0,1,-1,NULL,NULL,NULL,NULL,NULL,NULL,NULL,0,NULL,NULL),(27,NULL,'2019-06-12 10:10:50','2019-06-12 10:10:54','2019-06-01',NULL,'PJ1906-0026',1,'Achats','',6,NULL,0,1,-1,NULL,NULL,NULL,NULL,NULL,NULL,NULL,0,NULL,NULL),(28,NULL,'2019-06-17 16:07:28','2019-06-17 16:07:34','2019-06-01',NULL,'PJ1906-0027',1,'Internet','',6,NULL,0,1,-1,NULL,NULL,NULL,NULL,NULL,NULL,NULL,0,NULL,NULL),(29,NULL,'2019-06-28 15:18:41','2019-06-28 15:18:46','2019-06-01',NULL,'PJ1906-0028',1,'IMPÔTS','',6,NULL,0,1,-1,NULL,NULL,NULL,NULL,NULL,NULL,NULL,0,NULL,NULL),(30,NULL,'2019-06-28 15:26:17','2019-06-28 15:45:34','2019-06-01',NULL,'PJ1906-0029',1,'Banque','',6,NULL,0,1,-1,NULL,NULL,NULL,NULL,NULL,NULL,NULL,0,NULL,NULL),(31,NULL,'2019-07-01 17:02:49','2019-07-01 17:02:54','2019-06-01',NULL,'PJ1907-0030',1,'Rénovation Bureaux MTS','',2,NULL,1,1,-1,NULL,NULL,NULL,NULL,NULL,NULL,NULL,0,NULL,NULL);

--
-- Table structure for table `llx_projet_extrafields`
--

CREATE TABLE `llx_projet_extrafields` (
  `rowid` int(11) NOT NULL AUTO_INCREMENT,
  `tms` timestamp NOT NULL DEFAULT CURRENT_TIMESTAMP ON UPDATE CURRENT_TIMESTAMP,
  `fk_object` int(11) NOT NULL,
  `import_key` varchar(14) COLLATE utf8_unicode_ci DEFAULT NULL,
  PRIMARY KEY (`rowid`),
  KEY `idx_projet_extrafields` (`fk_object`)
) ENGINE=InnoDB DEFAULT CHARSET=utf8 COLLATE=utf8_unicode_ci;

--
-- Dumping data for table `llx_projet_extrafields`
--


--
-- Table structure for table `llx_projet_task`
--

CREATE TABLE `llx_projet_task` (
  `rowid` int(11) NOT NULL AUTO_INCREMENT,
  `ref` varchar(50) COLLATE utf8_unicode_ci DEFAULT NULL,
  `entity` int(11) NOT NULL DEFAULT '1',
  `fk_projet` int(11) NOT NULL,
  `fk_task_parent` int(11) NOT NULL DEFAULT '0',
  `datec` datetime DEFAULT NULL,
  `tms` timestamp NOT NULL DEFAULT CURRENT_TIMESTAMP ON UPDATE CURRENT_TIMESTAMP,
  `dateo` datetime DEFAULT NULL,
  `datee` datetime DEFAULT NULL,
  `datev` datetime DEFAULT NULL,
  `label` varchar(255) COLLATE utf8_unicode_ci NOT NULL,
  `description` text COLLATE utf8_unicode_ci,
  `duration_effective` double DEFAULT '0',
  `planned_workload` double DEFAULT '0',
  `progress` int(11) DEFAULT '0',
  `priority` int(11) DEFAULT '0',
  `fk_user_creat` int(11) DEFAULT NULL,
  `fk_user_modif` int(11) DEFAULT NULL,
  `fk_user_valid` int(11) DEFAULT NULL,
  `fk_statut` smallint(6) NOT NULL DEFAULT '0',
  `note_private` text COLLATE utf8_unicode_ci,
  `note_public` text COLLATE utf8_unicode_ci,
  `rang` int(11) DEFAULT '0',
  `model_pdf` varchar(255) COLLATE utf8_unicode_ci DEFAULT NULL,
  `import_key` varchar(14) COLLATE utf8_unicode_ci DEFAULT NULL,
  PRIMARY KEY (`rowid`),
  UNIQUE KEY `uk_projet_task_ref` (`ref`,`entity`),
  KEY `idx_projet_task_fk_projet` (`fk_projet`),
  KEY `idx_projet_task_fk_user_creat` (`fk_user_creat`),
  KEY `idx_projet_task_fk_user_valid` (`fk_user_valid`),
  CONSTRAINT `fk_projet_task_fk_projet` FOREIGN KEY (`fk_projet`) REFERENCES `llx_projet` (`rowid`),
  CONSTRAINT `fk_projet_task_fk_user_creat` FOREIGN KEY (`fk_user_creat`) REFERENCES `llx_user` (`rowid`),
  CONSTRAINT `fk_projet_task_fk_user_valid` FOREIGN KEY (`fk_user_valid`) REFERENCES `llx_user` (`rowid`)
) ENGINE=InnoDB DEFAULT CHARSET=utf8 COLLATE=utf8_unicode_ci;

--
-- Dumping data for table `llx_projet_task`
--


--
-- Table structure for table `llx_projet_task_extrafields`
--

CREATE TABLE `llx_projet_task_extrafields` (
  `rowid` int(11) NOT NULL AUTO_INCREMENT,
  `tms` timestamp NOT NULL DEFAULT CURRENT_TIMESTAMP ON UPDATE CURRENT_TIMESTAMP,
  `fk_object` int(11) NOT NULL,
  `import_key` varchar(14) COLLATE utf8_unicode_ci DEFAULT NULL,
  PRIMARY KEY (`rowid`),
  KEY `idx_projet_task_extrafields` (`fk_object`)
) ENGINE=InnoDB DEFAULT CHARSET=utf8 COLLATE=utf8_unicode_ci;

--
-- Dumping data for table `llx_projet_task_extrafields`
--


--
-- Table structure for table `llx_projet_task_time`
--

CREATE TABLE `llx_projet_task_time` (
  `rowid` int(11) NOT NULL AUTO_INCREMENT,
  `fk_task` int(11) NOT NULL,
  `task_date` date DEFAULT NULL,
  `task_datehour` datetime DEFAULT NULL,
  `task_date_withhour` int(11) DEFAULT '0',
  `task_duration` double DEFAULT NULL,
  `fk_user` int(11) DEFAULT NULL,
  `thm` double(24,8) DEFAULT NULL,
  `invoice_id` int(11) DEFAULT NULL,
  `invoice_line_id` int(11) DEFAULT NULL,
  `import_key` varchar(14) COLLATE utf8_unicode_ci DEFAULT NULL,
  `datec` date DEFAULT NULL,
  `tms` timestamp NOT NULL DEFAULT CURRENT_TIMESTAMP ON UPDATE CURRENT_TIMESTAMP,
  `note` text COLLATE utf8_unicode_ci,
  PRIMARY KEY (`rowid`),
  KEY `idx_projet_task_time_task` (`fk_task`),
  KEY `idx_projet_task_time_date` (`task_date`),
  KEY `idx_projet_task_time_datehour` (`task_datehour`)
) ENGINE=InnoDB DEFAULT CHARSET=utf8 COLLATE=utf8_unicode_ci;

--
-- Dumping data for table `llx_projet_task_time`
--


--
-- Table structure for table `llx_propal`
--

CREATE TABLE `llx_propal` (
  `rowid` int(11) NOT NULL AUTO_INCREMENT,
  `ref` varchar(30) COLLATE utf8_unicode_ci NOT NULL,
  `entity` int(11) NOT NULL DEFAULT '1',
  `ref_ext` varchar(255) COLLATE utf8_unicode_ci DEFAULT NULL,
  `ref_int` varchar(255) COLLATE utf8_unicode_ci DEFAULT NULL,
  `ref_client` varchar(255) COLLATE utf8_unicode_ci DEFAULT NULL,
  `fk_soc` int(11) DEFAULT NULL,
  `fk_projet` int(11) DEFAULT NULL,
  `tms` timestamp NOT NULL DEFAULT CURRENT_TIMESTAMP ON UPDATE CURRENT_TIMESTAMP,
  `datec` datetime DEFAULT NULL,
  `datep` date DEFAULT NULL,
  `fin_validite` datetime DEFAULT NULL,
  `date_valid` datetime DEFAULT NULL,
  `date_cloture` datetime DEFAULT NULL,
  `fk_user_author` int(11) DEFAULT NULL,
  `fk_user_modif` int(11) DEFAULT NULL,
  `fk_user_valid` int(11) DEFAULT NULL,
  `fk_user_cloture` int(11) DEFAULT NULL,
  `fk_statut` smallint(6) NOT NULL DEFAULT '0',
  `price` double DEFAULT '0',
  `remise_percent` double DEFAULT '0',
  `remise_absolue` double DEFAULT '0',
  `remise` double DEFAULT '0',
  `total_ht` double(24,8) DEFAULT '0.00000000',
  `tva` double(24,8) DEFAULT '0.00000000',
  `localtax1` double(24,8) DEFAULT '0.00000000',
  `localtax2` double(24,8) DEFAULT '0.00000000',
  `total` double(24,8) DEFAULT '0.00000000',
  `fk_account` int(11) DEFAULT NULL,
  `fk_currency` varchar(3) COLLATE utf8_unicode_ci DEFAULT NULL,
  `fk_cond_reglement` int(11) DEFAULT NULL,
  `fk_mode_reglement` int(11) DEFAULT NULL,
  `note_private` text COLLATE utf8_unicode_ci,
  `note_public` text COLLATE utf8_unicode_ci,
  `model_pdf` varchar(255) COLLATE utf8_unicode_ci DEFAULT NULL,
  `last_main_doc` varchar(255) COLLATE utf8_unicode_ci DEFAULT NULL,
  `date_livraison` date DEFAULT NULL,
  `fk_shipping_method` int(11) DEFAULT NULL,
  `fk_availability` int(11) DEFAULT NULL,
  `fk_input_reason` int(11) DEFAULT NULL,
  `fk_incoterms` int(11) DEFAULT NULL,
  `location_incoterms` varchar(255) COLLATE utf8_unicode_ci DEFAULT NULL,
  `import_key` varchar(14) COLLATE utf8_unicode_ci DEFAULT NULL,
  `extraparams` varchar(255) COLLATE utf8_unicode_ci DEFAULT NULL,
  `fk_delivery_address` int(11) DEFAULT NULL,
  `fk_multicurrency` int(11) DEFAULT NULL,
  `multicurrency_code` varchar(255) COLLATE utf8_unicode_ci DEFAULT NULL,
  `multicurrency_tx` double(24,8) DEFAULT '1.00000000',
  `multicurrency_total_ht` double(24,8) DEFAULT '0.00000000',
  `multicurrency_total_tva` double(24,8) DEFAULT '0.00000000',
  `multicurrency_total_ttc` double(24,8) DEFAULT '0.00000000',
  PRIMARY KEY (`rowid`),
  UNIQUE KEY `uk_propal_ref` (`ref`,`entity`),
  KEY `idx_propal_fk_soc` (`fk_soc`),
  KEY `idx_propal_fk_user_author` (`fk_user_author`),
  KEY `idx_propal_fk_user_valid` (`fk_user_valid`),
  KEY `idx_propal_fk_user_cloture` (`fk_user_cloture`),
  KEY `idx_propal_fk_projet` (`fk_projet`),
  KEY `idx_propal_fk_account` (`fk_account`),
  KEY `idx_propal_fk_currency` (`fk_currency`),
  CONSTRAINT `fk_propal_fk_projet` FOREIGN KEY (`fk_projet`) REFERENCES `llx_projet` (`rowid`),
  CONSTRAINT `fk_propal_fk_soc` FOREIGN KEY (`fk_soc`) REFERENCES `llx_societe` (`rowid`),
  CONSTRAINT `fk_propal_fk_user_author` FOREIGN KEY (`fk_user_author`) REFERENCES `llx_user` (`rowid`),
  CONSTRAINT `fk_propal_fk_user_cloture` FOREIGN KEY (`fk_user_cloture`) REFERENCES `llx_user` (`rowid`),
  CONSTRAINT `fk_propal_fk_user_valid` FOREIGN KEY (`fk_user_valid`) REFERENCES `llx_user` (`rowid`)
) ENGINE=InnoDB AUTO_INCREMENT=50 DEFAULT CHARSET=utf8 COLLATE=utf8_unicode_ci;

--
-- Dumping data for table `llx_propal`
--

INSERT INTO `llx_propal` (`rowid`, `ref`, `entity`, `ref_ext`, `ref_int`, `ref_client`, `fk_soc`, `fk_projet`, `tms`, `datec`, `datep`, `fin_validite`, `date_valid`, `date_cloture`, `fk_user_author`, `fk_user_modif`, `fk_user_valid`, `fk_user_cloture`, `fk_statut`, `price`, `remise_percent`, `remise_absolue`, `remise`, `total_ht`, `tva`, `localtax1`, `localtax2`, `total`, `fk_account`, `fk_currency`, `fk_cond_reglement`, `fk_mode_reglement`, `note_private`, `note_public`, `model_pdf`, `last_main_doc`, `date_livraison`, `fk_shipping_method`, `fk_availability`, `fk_input_reason`, `fk_incoterms`, `location_incoterms`, `import_key`, `extraparams`, `fk_delivery_address`, `fk_multicurrency`, `multicurrency_code`, `multicurrency_tx`, `multicurrency_total_ht`, `multicurrency_total_tva`, `multicurrency_total_ttc`) VALUES (1,'PR1901-0003',1,NULL,NULL,'',7,NULL,'2019-02-07 17:55:10','2019-01-19 16:07:38','2019-01-19','2019-02-18 12:00:00','2019-02-07 17:53:07',NULL,2,NULL,2,NULL,0,0,NULL,NULL,0,66997010.00000000,12059461.80000000,0.00000000,0.00000000,79056471.79999998,NULL,NULL,6,NULL,'','','azur','propale/PR1901-0003/PR1901-0003.pdf',NULL,NULL,2,8,0,'',NULL,NULL,NULL,0,'GNF',1.00000000,66997010.00000000,12059461.80000000,79056471.80000000),(2,'PR1901-0001',1,NULL,NULL,'',20,NULL,'2019-02-22 18:26:36','2019-01-22 17:24:43','2019-01-22','2019-02-21 12:00:00','2019-02-22 18:26:19','2019-02-22 18:26:36',2,NULL,2,2,2,0,NULL,NULL,0,4930518.45000000,887493.32000000,0.00000000,0.00000000,5818011.77000000,NULL,NULL,1,NULL,'','','azur','propale/PR1901-0001/PR1901-0001.pdf',NULL,NULL,3,0,0,'',NULL,NULL,NULL,0,'GNF',1.00000000,4930518.45000000,887493.32000000,5818011.77000000),(3,'PR1901-0002',1,NULL,NULL,'',22,NULL,'2019-03-01 13:22:44','2019-01-26 16:36:36','2019-01-26','2019-02-25 12:00:00','2019-02-01 11:05:36','2019-03-01 13:22:44',2,NULL,2,2,2,0,NULL,NULL,0,1606000.00000000,289080.00000000,0.00000000,0.00000000,1895080.00000000,NULL,NULL,6,NULL,'','','azur','propale/PR1901-0002/PR1901-0002.pdf',NULL,NULL,2,0,0,'',NULL,NULL,NULL,0,'GNF',1.00000000,1606000.00000000,289080.00000000,1895080.00000000),(4,'PR1902-0004',1,NULL,NULL,'',26,10,'2019-06-09 18:42:40','2019-02-18 11:19:21','2019-02-18','2019-03-20 12:00:00','2019-03-19 18:52:13','2019-04-29 12:58:04',2,NULL,2,2,2,0,NULL,NULL,0,348957014.00000000,62812262.52000000,0.00000000,0.00000000,411769276.52000000,NULL,NULL,15,NULL,'','','azur','propale/PR1902-0004/PR1902-0004.pdf',NULL,NULL,0,0,0,'',NULL,NULL,NULL,0,'EUR',0.00009615,33552.21689610,6039.39904130,39591.61593740),(5,'PR1902-0005',1,NULL,NULL,'',28,NULL,'2019-02-25 17:16:59','2019-02-25 16:33:20','2019-02-25','2019-03-27 12:00:00','2019-02-25 17:16:59',NULL,2,NULL,2,NULL,1,0,NULL,NULL,0,40458200.00000000,7282476.00000000,0.00000000,0.00000000,47740676.00000000,NULL,NULL,1,NULL,'','','azur','propale/PR1902-0005/PR1902-0005.pdf',NULL,NULL,0,0,0,'',NULL,NULL,NULL,0,'GNF',1.00000000,40458200.00000000,7282476.00000000,47740676.00000000),(6,'PR1902-0006',1,NULL,NULL,'',29,NULL,'2019-06-09 19:38:17','2019-02-28 16:01:44','2019-02-28','2019-03-30 12:00:00','2019-06-09 19:38:12','2019-06-09 19:38:17',2,NULL,2,2,2,0,NULL,NULL,0,78766000.00000000,14177880.00000000,0.00000000,0.00000000,92943880.00000000,NULL,NULL,13,NULL,'12/03/2019\n12/03/2019','','azur','propale/PR1902-0006/PR1902-0006.pdf',NULL,NULL,1,0,0,'',NULL,NULL,NULL,0,'GNF',1.00000000,78766000.00000000,14177880.00000000,92943880.00000000),(7,'PR1903-0007',1,NULL,NULL,'',29,NULL,'2019-06-09 19:24:50','2019-03-08 10:40:52','2019-03-08','2019-04-07 12:00:00','2019-03-08 10:43:08','2019-06-09 19:24:50',2,NULL,2,2,3,0,NULL,NULL,0,18500000.00000000,3330000.00000000,0.00000000,0.00000000,21830000.00000000,NULL,NULL,1,NULL,'','','azur','propale/PR1903-0007/PR1903-0007.pdf',NULL,NULL,0,0,0,'',NULL,NULL,NULL,0,'GNF',1.00000000,18500000.00000000,3330000.00000000,21830000.00000000),(8,'PR1903-0008',1,NULL,NULL,'',31,8,'2019-03-25 17:17:23','2019-03-08 16:51:42','2019-03-08','2019-04-07 12:00:00','2019-03-25 17:17:12','2019-03-25 17:17:23',2,NULL,2,2,2,0,NULL,NULL,0,1050000.00000000,189000.00000000,0.00000000,0.00000000,1239000.00000000,NULL,NULL,1,NULL,'','','azur','propale/PR1903-0008/PR1903-0008.pdf',NULL,NULL,2,0,0,'',NULL,NULL,NULL,0,'GNF',1.00000000,1050000.00000000,189000.00000000,1239000.00000000),(9,'PR1903-0009',1,NULL,NULL,'',32,NULL,'2019-03-13 19:48:00','2019-03-11 15:04:32','2019-03-11','2019-04-10 12:00:00','2019-03-13 19:48:00',NULL,2,NULL,2,NULL,1,0,NULL,NULL,0,55800000.00000000,10044000.00000000,0.00000000,0.00000000,65844000.00000000,NULL,NULL,1,NULL,'','','azur','propale/PR1903-0009/PR1903-0009.pdf',NULL,NULL,0,0,0,'',NULL,NULL,NULL,0,'GNF',1.00000000,55800000.00000000,10044000.00000000,65844000.00000000),(10,'PR1903-0010',1,NULL,NULL,'',31,8,'2019-03-11 16:24:59','2019-03-11 16:08:53','2019-03-11','2019-04-10 12:00:00','2019-03-11 16:24:59',NULL,2,NULL,2,NULL,1,0,NULL,NULL,0,13750000.00000000,2475000.00000000,0.00000000,0.00000000,16225000.00000000,NULL,NULL,14,NULL,'','','azur','propale/PR1903-0010/PR1903-0010.pdf',NULL,NULL,2,0,0,'',NULL,NULL,NULL,0,'GNF',1.00000000,13750000.00000000,2475000.00000000,16225000.00000000),(11,'(PROV11)',1,NULL,NULL,'',33,NULL,'2019-03-11 17:06:25','2019-03-11 16:44:05','2019-03-11','2019-04-10 12:00:00',NULL,NULL,2,NULL,NULL,NULL,0,0,NULL,NULL,0,199683800.00000000,35943084.00000000,0.00000000,0.00000000,235626884.00000000,NULL,NULL,1,NULL,'','','azur','propale/(PROV11)/(PROV11).pdf',NULL,NULL,0,0,0,'',NULL,NULL,NULL,0,'GNF',1.00000000,199683800.00000000,35943084.00000000,235626884.00000000),(12,'PR1903-0012',1,NULL,NULL,'',35,11,'2019-04-13 14:53:01','2019-03-23 14:54:38','2019-03-23','2019-04-22 12:00:00','2019-04-13 14:36:57','2019-04-13 14:38:32',2,NULL,2,2,2,0,NULL,NULL,0,677547068.00000000,121958472.24000000,0.00000000,0.00000000,799505540.24000000,NULL,NULL,16,NULL,'','','azur','propale/PR1903-0012/PR1903-0012.pdf','2019-05-31',NULL,0,0,0,'',NULL,NULL,NULL,1,'GNF',1.00000000,677547068.00000000,121958472.24000000,799505540.24000000),(13,'PR1903-0011',1,NULL,NULL,'',5,NULL,'2019-05-27 17:23:09','2019-03-23 16:37:35','2019-03-23','2019-04-22 12:00:00','2019-05-27 17:20:48','2019-05-27 17:23:09',2,NULL,2,2,2,0,NULL,NULL,0,48346250.00000000,8702325.00000000,0.00000000,0.00000000,57048575.00000000,NULL,NULL,14,NULL,'','','azur','propale/PR1903-0011/PR1903-0011.pdf',NULL,NULL,0,0,0,'',NULL,NULL,NULL,1,'GNF',1.00000000,48346250.00000000,8702325.00000000,57048575.00000000),(14,'PR1903-0013',1,NULL,NULL,'',35,11,'2019-06-20 12:13:32','2019-03-27 14:50:54','2019-03-27','2019-04-26 12:00:00','2019-04-11 17:52:24',NULL,2,NULL,2,NULL,1,0,NULL,NULL,0,761325110.00000000,137038519.79999998,0.00000000,0.00000000,898363629.80000000,NULL,NULL,14,NULL,'','','azur','propale/PR1903-0013/PR1903-0013.pdf','2019-05-31',NULL,1,0,0,'',NULL,NULL,NULL,1,'GNF',1.00000000,761325110.00000000,137038519.80000000,898363629.80000000),(15,'PR1904-0014',1,NULL,NULL,'',36,NULL,'2019-04-09 10:26:21','2019-04-04 17:56:34','2019-04-04','2019-05-04 12:00:00','2019-04-09 10:26:21',NULL,2,NULL,2,NULL,1,0,NULL,NULL,0,503660941.16000000,90658969.45000000,0.00000000,0.00000000,594319910.81000000,NULL,NULL,13,NULL,'','','azur','propale/PR1904-0014/PR1904-0014.pdf',NULL,NULL,4,8,0,'',NULL,NULL,NULL,2,'EUR',0.00009615,48427.00000000,8716.86000000,57143.86000000),(16,'PR1904-0015',1,NULL,NULL,'',29,9,'2019-06-09 19:40:55','2019-04-08 16:51:00','2019-04-08','2019-05-08 12:00:00','2019-06-09 19:40:46','2019-06-09 19:40:55',2,NULL,2,2,2,0,NULL,NULL,0,4300097.50000000,774017.55000000,0.00000000,0.00000000,5074115.05000000,NULL,NULL,1,NULL,'','','azur','propale/PR1904-0015/PR1904-0015.pdf',NULL,NULL,0,0,0,'',NULL,NULL,NULL,1,'GNF',1.00000000,4300097.50000000,774017.55000000,5074115.05000000),(17,'PR1904-0016',1,NULL,NULL,'',37,NULL,'2019-04-08 17:27:32','2019-04-08 17:22:11','2019-04-08','2019-05-08 12:00:00','2019-04-08 17:27:31',NULL,2,NULL,2,NULL,1,0,NULL,NULL,0,8455590.00000000,1522006.20000000,0.00000000,0.00000000,9977596.20000000,NULL,NULL,8,NULL,'','','azur','propale/PR1904-0016/PR1904-0016.pdf',NULL,NULL,0,0,0,'',NULL,NULL,NULL,1,'GNF',1.00000000,8455590.00000000,1522006.20000000,9977596.20000000),(18,'PR1906-0039',1,NULL,NULL,'',35,11,'2019-06-09 18:51:21','2019-04-13 14:33:02','2019-04-13','2019-05-13 12:00:00','2019-06-09 18:51:15','2019-06-09 18:51:21',2,NULL,2,2,3,0,NULL,NULL,0,375253200.00000000,67545576.00000000,0.00000000,0.00000000,442798776.00000000,NULL,NULL,13,NULL,'','','azur','propale/PR1906-0039/PR1906-0039.pdf',NULL,NULL,0,0,0,'',NULL,NULL,NULL,1,'GNF',1.00000000,375253200.00000000,67545576.00000000,442798776.00000000),(19,'PR1904-0017',1,NULL,NULL,'',35,11,'2019-06-24 09:33:35','2019-04-13 15:02:07','2019-04-13','2019-05-13 12:00:00','2019-06-24 09:33:28','2019-06-24 09:33:35',2,NULL,2,2,2,0,NULL,NULL,0,148768100.00000000,26778258.00000000,0.00000000,0.00000000,175546358.00000000,NULL,NULL,13,NULL,'','','azur','propale/PR1904-0017/PR1904-0017.pdf',NULL,NULL,0,0,0,'',NULL,NULL,NULL,1,'GNF',1.00000000,148768100.00000000,26778258.00000000,175546358.00000000),(20,'PR1904-0019',1,NULL,NULL,'',35,11,'2019-06-21 14:35:17','2019-04-18 09:28:05','2019-04-24','2019-05-24 12:00:00','2019-06-21 14:35:11','2019-06-21 14:35:17',2,NULL,2,2,2,0,NULL,NULL,0,105859159.00000000,0.00000000,0.00000000,0.00000000,105859159.00000000,NULL,NULL,13,NULL,'FACTURE','','azur','propale/PR1904-0019/PR1904-0019.pdf',NULL,NULL,0,0,0,'',NULL,NULL,NULL,1,'GNF',1.00000000,105859159.00000000,0.00000000,105859159.00000000),(21,'PR1904-0018',1,NULL,NULL,'',6,NULL,'2019-04-29 16:52:38','2019-04-24 12:29:36','2019-04-24','2019-05-24 12:00:00','2019-04-29 16:52:38',NULL,2,NULL,2,NULL,1,0,NULL,NULL,0,38055600.00000000,6850008.00000000,0.00000000,0.00000000,44905608.00000000,NULL,NULL,13,NULL,'','','azur','propale/PR1904-0018/PR1904-0018.pdf',NULL,NULL,0,0,0,'',NULL,NULL,NULL,1,'GNF',1.00000000,38055600.00000000,6850008.00000000,44905608.00000000),(24,'PR1904-0020',1,NULL,NULL,'',35,11,'2019-05-03 17:07:01','2019-04-30 12:04:29','2019-04-30','2019-05-30 12:00:00','2019-05-03 17:07:01',NULL,2,NULL,2,NULL,1,0,NULL,NULL,0,357815250.00000000,64406745.00000000,0.00000000,0.00000000,422221995.00000000,NULL,NULL,14,7,'','','azur','propale/PR1904-0020/PR1904-0020.pdf',NULL,NULL,0,0,0,'',NULL,NULL,NULL,1,'GNF',1.00000000,357815250.00000000,64406745.00000000,422221995.00000000),(26,'PR1905-0022',1,NULL,NULL,'',38,NULL,'2019-05-06 19:21:40','2019-05-06 18:55:49','2019-05-06','2019-06-05 12:00:00','2019-05-06 19:21:39',NULL,2,NULL,2,NULL,1,0,NULL,NULL,0,17236000.00000000,3102480.00000000,0.00000000,0.00000000,20338480.00000000,NULL,NULL,14,NULL,'','','azur','propale/PR1905-0022/PR1905-0022.pdf',NULL,NULL,0,0,0,'',NULL,NULL,NULL,1,'GNF',1.00000000,17236000.00000000,3102480.00000000,20338480.00000000),(27,'PR1905-0023',1,NULL,NULL,'',39,NULL,'2019-05-22 13:09:03','2019-05-06 19:24:14','2019-05-06','2019-06-05 12:00:00','2019-05-22 13:09:03',NULL,2,NULL,2,NULL,1,0,NULL,NULL,0,32968000.00000000,5934240.00000000,0.00000000,0.00000000,38902240.00000000,NULL,NULL,14,NULL,'','','azur','propale/PR1905-0023/PR1905-0023.pdf',NULL,NULL,0,0,0,'',NULL,NULL,NULL,1,'GNF',1.00000000,32968000.00000000,5934240.00000000,38902240.00000000),(28,'PR1905-0024',1,NULL,NULL,'',29,9,'2019-06-09 19:29:30','2019-05-11 16:06:12','2019-05-11','2019-06-10 12:00:00','2019-05-11 16:10:07','2019-06-09 19:29:30',2,NULL,2,2,2,0,NULL,NULL,0,2988000.00000000,537840.00000000,0.00000000,0.00000000,3525840.00000000,NULL,NULL,1,NULL,'Travaux réalisé par le propriétaire Mr KEITA','','azur','propale/PR1905-0024/PR1905-0024.pdf',NULL,NULL,0,0,0,'',NULL,NULL,NULL,1,'GNF',1.00000000,2988000.00000000,537840.00000000,3525840.00000000),(29,'PR1905-0025',1,NULL,NULL,'',40,10,'2019-05-13 19:13:52','2019-05-13 18:53:37','2019-05-13','2019-06-12 12:00:00','2019-05-13 19:13:52',NULL,2,NULL,2,NULL,1,0,NULL,NULL,0,12485295.00000000,2247353.10000000,0.00000000,0.00000000,14732648.10000000,NULL,NULL,14,NULL,'','','azur','propale/PR1905-0025/PR1905-0025.pdf',NULL,NULL,0,0,0,'',NULL,NULL,NULL,1,'GNF',1.00000000,12485295.00000000,2247353.10000000,14732648.10000000),(30,'PR1905-0026',1,NULL,NULL,'',26,10,'2019-07-01 13:21:21','2019-05-14 10:04:20','2019-05-14','2019-06-13 12:00:00','2019-07-01 13:21:15','2019-07-01 13:21:21',2,NULL,2,2,2,0,NULL,NULL,0,27000000.00000000,4860000.00000000,0.00000000,0.00000000,31860000.00000000,NULL,NULL,1,NULL,'','','azur','propale/PR1905-0026/PR1905-0026.pdf',NULL,NULL,0,0,0,'',NULL,NULL,NULL,1,'GNF',1.00000000,27000000.00000000,4860000.00000000,31860000.00000000),(31,'PR1905-0027',1,NULL,NULL,'',6,NULL,'2019-05-14 17:17:58','2019-05-14 14:18:15','2019-05-14','2019-06-13 12:00:00','2019-05-14 17:17:58',NULL,2,NULL,2,NULL,1,0,NULL,NULL,0,279207500.00000000,50257350.00000000,0.00000000,0.00000000,329464850.00000000,NULL,NULL,15,NULL,'','','azur','propale/PR1905-0027/PR1905-0027.pdf',NULL,NULL,0,0,0,'',NULL,NULL,NULL,1,'GNF',1.00000000,279207500.00000000,50257350.00000000,329464850.00000000),(33,'PR1905-0028',1,NULL,NULL,'',35,11,'2019-05-14 18:22:40','2019-05-14 18:17:01','2019-05-14','2019-06-13 12:00:00','2019-05-14 18:22:11','2019-05-14 18:22:40',2,NULL,2,2,2,0,NULL,NULL,0,695924770.69000000,0.00000000,0.00000000,0.00000000,695924770.69000000,NULL,NULL,17,7,'','MOBILIER DE BUREAU','azur','propale/PR1905-0028/PR1905-0028.pdf',NULL,NULL,0,0,0,'',NULL,NULL,NULL,1,'GNF',1.00000000,695924770.69000000,0.00000000,695924770.69000000),(34,'PR1905-0029',1,NULL,NULL,'',29,9,'2019-05-15 17:55:47','2019-05-15 17:34:44','2019-05-15','2019-06-14 12:00:00','2019-05-15 17:55:47',NULL,2,NULL,2,NULL,1,0,NULL,NULL,0,10180000.00000000,1832400.00000000,0.00000000,0.00000000,12012400.00000000,NULL,NULL,17,NULL,'','','azur','propale/PR1905-0029/PR1905-0029.pdf',NULL,NULL,0,0,0,'',NULL,NULL,NULL,1,'GNF',1.00000000,10180000.00000000,1832400.00000000,12012400.00000000),(35,'PR1905-0030',1,NULL,NULL,'',40,10,'2019-06-09 18:43:06','2019-05-17 14:17:05','2019-05-17','2019-06-16 14:17:05','2019-06-09 18:43:01','2019-06-09 18:43:06',2,NULL,2,2,2,0,NULL,NULL,0,22446590.40000000,4040386.27000000,0.00000000,0.00000000,26486976.67000000,NULL,NULL,14,NULL,'','','azur','propale/PR1905-0030/PR1905-0030.pdf',NULL,NULL,0,0,0,'',NULL,NULL,NULL,1,'GNF',1.00000000,22446590.40000000,4040386.27000000,26486976.67000000),(36,'PR1905-0031',1,NULL,NULL,'',35,11,'2019-06-09 19:08:56','2019-05-20 16:26:21','2019-05-20','2019-06-19 12:00:00','2019-05-23 16:52:55','2019-06-09 19:08:56',2,NULL,2,2,2,0,NULL,NULL,0,31500000.00000000,5670000.00000000,0.00000000,0.00000000,37170000.00000000,NULL,NULL,1,NULL,'','','azur','propale/PR1905-0031/PR1905-0031.pdf',NULL,NULL,0,0,0,'',NULL,NULL,NULL,1,'GNF',1.00000000,31500000.00000000,5670000.00000000,37170000.00000000),(37,'PR1905-0032',1,NULL,NULL,'',35,11,'2019-05-24 17:45:15','2019-05-20 16:43:57','2019-05-20','2019-06-19 12:00:00','2019-05-24 16:18:20','2019-05-24 17:45:15',2,NULL,2,2,2,0,NULL,NULL,0,52140000.00000000,9385200.00000000,0.00000000,0.00000000,61525200.00000000,NULL,NULL,17,NULL,'','','azur','propale/PR1905-0032/PR1905-0032.pdf',NULL,NULL,0,0,0,'',NULL,NULL,NULL,1,'GNF',1.00000000,52140000.00000000,9385200.00000000,61525200.00000000),(38,'PR1905-0033',1,NULL,NULL,'',35,11,'2019-06-09 19:10:44','2019-05-22 16:23:38','2019-05-22','2019-06-21 16:23:38','2019-05-22 16:29:27','2019-06-09 19:10:44',2,NULL,2,2,2,0,NULL,NULL,0,39600000.00000000,7128000.00000000,0.00000000,0.00000000,46728000.00000000,NULL,NULL,14,7,'','','azur','propale/PR1905-0033/PR1905-0033.pdf',NULL,NULL,0,0,0,'',NULL,NULL,NULL,1,'GNF',1.00000000,39600000.00000000,7128000.00000000,46728000.00000000),(39,'PR1905-0034',1,NULL,NULL,'',41,NULL,'2019-05-24 16:41:36','2019-05-23 17:42:15','2019-05-23','2019-06-22 12:00:00','2019-05-24 16:41:36',NULL,2,NULL,2,NULL,1,0,NULL,NULL,0,192400000.00000000,34632000.00000000,0.00000000,0.00000000,227032000.00000000,NULL,NULL,1,NULL,'','','azur','propale/PR1905-0034/PR1905-0034.pdf',NULL,NULL,0,0,0,'',NULL,NULL,NULL,1,'GNF',1.00000000,192400000.00000000,34632000.00000000,227032000.00000000),(40,'PR1905-0035',1,NULL,NULL,'',42,NULL,'2019-05-24 17:32:54','2019-05-24 16:48:03','2019-05-24','2019-06-23 12:00:00','2019-05-24 17:32:54',NULL,2,NULL,2,NULL,1,0,NULL,NULL,0,92500000.00000000,16650000.00000000,0.00000000,0.00000000,109150000.00000000,NULL,NULL,1,NULL,'','','azur','propale/PR1905-0035/PR1905-0035.pdf',NULL,NULL,0,0,0,'',NULL,NULL,NULL,1,'GNF',1.00000000,92500000.00000000,16650000.00000000,109150000.00000000),(41,'PR1905-0036',1,NULL,NULL,'',35,11,'2019-05-24 17:44:15','2019-05-24 17:35:39','2019-05-24','2019-06-23 12:00:00','2019-05-24 17:44:14',NULL,2,NULL,2,NULL,1,0,NULL,NULL,0,25260000.00000000,4546800.00000000,0.00000000,0.00000000,29806800.00000000,NULL,NULL,13,NULL,'','','azur','propale/PR1905-0036/PR1905-0036.pdf',NULL,NULL,0,0,0,'',NULL,NULL,NULL,1,'GNF',1.00000000,25260000.00000000,4546800.00000000,29806800.00000000),(42,'PR1905-0037',1,NULL,NULL,'',43,NULL,'2019-05-27 11:20:53','2019-05-27 10:45:48','2019-05-27','2019-06-26 12:00:00','2019-05-27 11:20:53',NULL,2,NULL,2,NULL,1,0,NULL,NULL,0,44020000.00000000,7923600.00000000,0.00000000,0.00000000,51943600.00000000,NULL,NULL,13,NULL,'','','azur','propale/PR1905-0037/PR1905-0037.pdf',NULL,NULL,0,0,0,'',NULL,NULL,NULL,1,'GNF',1.00000000,44020000.00000000,7923600.00000000,51943600.00000000),(43,'PR1905-0038',1,NULL,NULL,'',35,11,'2019-05-31 18:29:18','2019-05-30 18:09:51','2019-05-30','2019-06-29 12:00:00','2019-05-30 18:18:15','2019-05-31 18:29:18',2,NULL,2,2,2,0,NULL,NULL,0,65291732.00000000,11752511.76000000,0.00000000,0.00000000,77044243.75999999,NULL,NULL,17,NULL,'','','azur','propale/PR1905-0038/PR1905-0038.pdf',NULL,NULL,0,0,0,'',NULL,NULL,NULL,1,'GNF',1.00000000,65291732.00000000,11752511.76000000,77044243.76000000),(44,'(PROV44)',1,NULL,NULL,'',73,NULL,'2019-06-20 15:09:21','2019-06-20 15:09:21','2019-06-20','2019-07-20 12:00:00',NULL,NULL,7,NULL,NULL,NULL,0,0,NULL,NULL,0,0.00000000,0.00000000,0.00000000,0.00000000,0.00000000,NULL,NULL,1,NULL,'','','azur','propale/(PROV44)/(PROV44).pdf',NULL,NULL,0,0,0,'',NULL,NULL,NULL,1,'GNF',1.00000000,0.00000000,0.00000000,0.00000000),(45,'PR1906-0040',1,NULL,NULL,'',73,NULL,'2019-06-29 16:03:56','2019-06-20 15:41:33','2019-06-20','2019-07-20 12:00:00','2019-06-29 16:03:56',NULL,7,NULL,2,NULL,1,0,NULL,NULL,0,81474000.00000000,14665320.00000000,0.00000000,0.00000000,96139320.00000000,NULL,NULL,1,NULL,'','','azur','propale/PR1906-0040/PR1906-0040.pdf',NULL,NULL,0,0,0,'',NULL,NULL,NULL,1,'GNF',1.00000000,81474000.00000000,14665320.00000000,96139320.00000000),(46,'(PROV46)',1,NULL,NULL,'',73,NULL,'2019-06-22 13:11:09','2019-06-22 13:11:09','2019-06-22','2019-07-22 12:00:00',NULL,NULL,7,NULL,NULL,NULL,0,0,NULL,NULL,0,0.00000000,0.00000000,0.00000000,0.00000000,0.00000000,NULL,NULL,17,NULL,'','','azur','propale/(PROV46)/(PROV46).pdf',NULL,NULL,0,0,0,'',NULL,NULL,NULL,1,'GNF',1.00000000,0.00000000,0.00000000,0.00000000),(47,'PR1906-0041',1,NULL,NULL,'',40,NULL,'2019-06-29 15:48:16','2019-06-29 15:41:45','2019-06-29','2019-07-29 12:00:00','2019-06-29 15:48:15',NULL,2,NULL,2,NULL,1,0,NULL,NULL,0,2900000.00000000,522000.00000000,0.00000000,0.00000000,3422000.00000000,NULL,NULL,1,NULL,'','','azur','propale/PR1906-0041/PR1906-0041.pdf',NULL,NULL,0,0,0,'',NULL,NULL,NULL,1,'GNF',1.00000000,2900000.00000000,522000.00000000,3422000.00000000),(48,'PR1907-0042',1,NULL,NULL,'',77,NULL,'2019-07-01 14:13:17','2019-07-01 14:04:58','2019-07-01','2019-07-31 12:00:00','2019-07-01 14:13:17',NULL,2,NULL,2,NULL,1,0,NULL,NULL,0,7199400.00000000,1295892.00000000,0.00000000,0.00000000,8495292.00000000,NULL,NULL,1,NULL,'','','azur','propale/PR1907-0042/PR1907-0042.pdf',NULL,NULL,0,0,0,'',NULL,NULL,NULL,1,'GNF',1.00000000,7199400.00000000,1295892.00000000,8495292.00000000),(49,'PR1907-0043',1,NULL,NULL,'',35,11,'2019-07-01 14:18:09','2019-07-01 14:15:26','2019-07-01','2019-07-31 12:00:00','2019-07-01 14:18:09',NULL,2,NULL,2,NULL,1,0,NULL,NULL,0,13750000.00000000,2475000.00000000,0.00000000,0.00000000,16225000.00000000,NULL,NULL,1,NULL,'','','azur','propale/PR1907-0043/PR1907-0043.pdf',NULL,NULL,0,0,0,'',NULL,NULL,NULL,1,'GNF',1.00000000,13750000.00000000,2475000.00000000,16225000.00000000);

--
-- Table structure for table `llx_propal_extrafields`
--

CREATE TABLE `llx_propal_extrafields` (
  `rowid` int(11) NOT NULL AUTO_INCREMENT,
  `tms` timestamp NOT NULL DEFAULT CURRENT_TIMESTAMP ON UPDATE CURRENT_TIMESTAMP,
  `fk_object` int(11) NOT NULL,
  `import_key` varchar(14) COLLATE utf8_unicode_ci DEFAULT NULL,
  PRIMARY KEY (`rowid`),
  KEY `idx_propal_extrafields` (`fk_object`)
) ENGINE=InnoDB DEFAULT CHARSET=utf8 COLLATE=utf8_unicode_ci;

--
-- Dumping data for table `llx_propal_extrafields`
--


--
-- Table structure for table `llx_propal_merge_pdf_product`
--

CREATE TABLE `llx_propal_merge_pdf_product` (
  `rowid` int(11) NOT NULL AUTO_INCREMENT,
  `fk_product` int(11) NOT NULL,
  `file_name` varchar(200) COLLATE utf8_unicode_ci NOT NULL,
  `lang` varchar(5) COLLATE utf8_unicode_ci DEFAULT NULL,
  `fk_user_author` int(11) DEFAULT NULL,
  `fk_user_mod` int(11) NOT NULL,
  `datec` datetime NOT NULL,
  `tms` timestamp NOT NULL DEFAULT CURRENT_TIMESTAMP ON UPDATE CURRENT_TIMESTAMP,
  `import_key` varchar(14) COLLATE utf8_unicode_ci DEFAULT NULL,
  PRIMARY KEY (`rowid`)
) ENGINE=InnoDB DEFAULT CHARSET=utf8 COLLATE=utf8_unicode_ci;

--
-- Dumping data for table `llx_propal_merge_pdf_product`
--


--
-- Table structure for table `llx_propaldet`
--

CREATE TABLE `llx_propaldet` (
  `rowid` int(11) NOT NULL AUTO_INCREMENT,
  `fk_propal` int(11) NOT NULL,
  `fk_parent_line` int(11) DEFAULT NULL,
  `fk_product` int(11) DEFAULT NULL,
  `label` varchar(255) COLLATE utf8_unicode_ci DEFAULT NULL,
  `description` text COLLATE utf8_unicode_ci,
  `fk_remise_except` int(11) DEFAULT NULL,
  `vat_src_code` varchar(10) COLLATE utf8_unicode_ci DEFAULT '',
  `tva_tx` double(6,3) DEFAULT '0.000',
  `localtax1_tx` double(6,3) DEFAULT '0.000',
  `localtax1_type` varchar(10) COLLATE utf8_unicode_ci DEFAULT NULL,
  `localtax2_tx` double(6,3) DEFAULT '0.000',
  `localtax2_type` varchar(10) COLLATE utf8_unicode_ci DEFAULT NULL,
  `qty` double DEFAULT NULL,
  `remise_percent` double DEFAULT '0',
  `remise` double DEFAULT '0',
  `price` double DEFAULT NULL,
  `subprice` double(24,8) DEFAULT '0.00000000',
  `total_ht` double(24,8) DEFAULT '0.00000000',
  `total_tva` double(24,8) DEFAULT '0.00000000',
  `total_localtax1` double(24,8) DEFAULT '0.00000000',
  `total_localtax2` double(24,8) DEFAULT '0.00000000',
  `total_ttc` double(24,8) DEFAULT '0.00000000',
  `product_type` int(11) DEFAULT '0',
  `date_start` datetime DEFAULT NULL,
  `date_end` datetime DEFAULT NULL,
  `info_bits` int(11) DEFAULT '0',
  `buy_price_ht` double(24,8) DEFAULT '0.00000000',
  `fk_product_fournisseur_price` int(11) DEFAULT NULL,
  `special_code` int(11) DEFAULT '0',
  `rang` int(11) DEFAULT '0',
  `fk_unit` int(11) DEFAULT NULL,
  `fk_multicurrency` int(11) DEFAULT NULL,
  `multicurrency_code` varchar(255) COLLATE utf8_unicode_ci DEFAULT NULL,
  `multicurrency_subprice` double(24,8) DEFAULT '0.00000000',
  `multicurrency_total_ht` double(24,8) DEFAULT '0.00000000',
  `multicurrency_total_tva` double(24,8) DEFAULT '0.00000000',
  `multicurrency_total_ttc` double(24,8) DEFAULT '0.00000000',
  PRIMARY KEY (`rowid`),
  KEY `idx_propaldet_fk_propal` (`fk_propal`),
  KEY `idx_propaldet_fk_product` (`fk_product`),
  KEY `fk_propaldet_fk_unit` (`fk_unit`),
  CONSTRAINT `fk_propaldet_fk_propal` FOREIGN KEY (`fk_propal`) REFERENCES `llx_propal` (`rowid`),
  CONSTRAINT `fk_propaldet_fk_unit` FOREIGN KEY (`fk_unit`) REFERENCES `llx_c_units` (`rowid`)
) ENGINE=InnoDB AUTO_INCREMENT=272 DEFAULT CHARSET=utf8 COLLATE=utf8_unicode_ci;

--
-- Dumping data for table `llx_propaldet`
--

INSERT INTO `llx_propaldet` (`rowid`, `fk_propal`, `fk_parent_line`, `fk_product`, `label`, `description`, `fk_remise_except`, `vat_src_code`, `tva_tx`, `localtax1_tx`, `localtax1_type`, `localtax2_tx`, `localtax2_type`, `qty`, `remise_percent`, `remise`, `price`, `subprice`, `total_ht`, `total_tva`, `total_localtax1`, `total_localtax2`, `total_ttc`, `product_type`, `date_start`, `date_end`, `info_bits`, `buy_price_ht`, `fk_product_fournisseur_price`, `special_code`, `rang`, `fk_unit`, `fk_multicurrency`, `multicurrency_code`, `multicurrency_subprice`, `multicurrency_total_ht`, `multicurrency_total_tva`, `multicurrency_total_ttc`) VALUES (1,1,NULL,NULL,NULL,'Fourniture et r&eacute;alisation des moulures murales en pl&acirc;tre &quot;STAFF&quot; (ml)',NULL,'TVA',18.000,0.000,'1',0.000,'0',590,0,0,45000,45000.00000000,26550000.00000000,4779000.00000000,0.00000000,0.00000000,31329000.00000000,0,NULL,NULL,0,40000.00000000,NULL,0,1,NULL,NULL,'GNF',45000.00000000,26550000.00000000,4779000.00000000,31329000.00000000),(7,3,NULL,NULL,NULL,'Fourniture et r&eacute;alisation d&#39;un enduit de finition puis pon&ccedil;age sur la totalit&eacute; du mur impact&eacute; par l&#39;humidit&eacute; dans le salon&nbsp; (m2)',NULL,'TVA',18.000,0.000,'1',0.000,'0',10,0,0,50000,50000.00000000,500000.00000000,90000.00000000,0.00000000,0.00000000,590000.00000000,0,NULL,NULL,0,0.00000000,NULL,0,1,NULL,NULL,'GNF',50000.00000000,500000.00000000,90000.00000000,590000.00000000),(8,3,NULL,NULL,NULL,'Fourniture et application d&#39;une peinture de plafond dans la chambre (m2)',NULL,'TVA',18.000,0.000,'1',0.000,'0',16,0,0,NULL,17000.00000000,272000.00000000,48960.00000000,0.00000000,0.00000000,320960.00000000,0,NULL,NULL,0,0.00000000,NULL,0,2,NULL,NULL,'GNF',17000.00000000,272000.00000000,48960.00000000,320960.00000000),(9,3,NULL,NULL,NULL,'Founiture et application d&#39;une peinture de finition E5-58 sur les murs marrons de la chambre (m2)',NULL,'TVA',18.000,0.000,'1',0.000,'0',17,0,0,NULL,27000.00000000,459000.00000000,82620.00000000,0.00000000,0.00000000,541620.00000000,0,NULL,NULL,0,0.00000000,NULL,0,3,NULL,NULL,'GNF',27000.00000000,459000.00000000,82620.00000000,541620.00000000),(10,3,NULL,NULL,NULL,'Fourniture et application d&#39;une peinture de finition E8-16 sur le mur placo du salon + de chaque c&ocirc;t&eacute; de la porte d&#39;entr&eacute;e (m2)',NULL,'TVA',18.000,0.000,'1',0.000,'0',15,0,0,NULL,25000.00000000,375000.00000000,67500.00000000,0.00000000,0.00000000,442500.00000000,0,NULL,NULL,0,0.00000000,NULL,0,4,NULL,NULL,'GNF',25000.00000000,375000.00000000,67500.00000000,442500.00000000),(20,2,NULL,25,NULL,'Application d&#39;une couche de peinture de finition blanche mat (m2)<br />\r\n(Pays d&#39;origine: Guin&eacute;e)',NULL,'TVA',18.000,0.000,'1',0.000,'0',26,0,0,12786,12786.00000000,332436.00000000,59838.48000000,0.00000000,0.00000000,392274.48000000,0,NULL,NULL,0,10654.00000000,NULL,0,3,NULL,NULL,'GNF',12786.00000000,332436.00000000,59838.48000000,392274.48000000),(22,2,NULL,26,NULL,'',NULL,'TVA',18.000,0.000,'1',0.000,'0',26,0,0,11000,11000.00000000,286000.00000000,51480.00000000,0.00000000,0.00000000,337480.00000000,1,NULL,NULL,0,6000.00000000,NULL,0,4,NULL,NULL,'GNF',11000.00000000,286000.00000000,51480.00000000,337480.00000000),(26,2,NULL,23,NULL,'R&eacute;alisation d&#39;une cloison deux faces en parement simple BA13 Standart (m2)',NULL,'TVA',18.000,0.000,'1',0.000,'0',13,5,16926.35,321600.65,338527.00000000,4180808.45000000,752545.52000000,0.00000000,0.00000000,4933353.97000000,0,NULL,NULL,0,241805.00000000,NULL,0,1,NULL,NULL,'GNF',338527.00000000,4180808.45000000,752545.52000000,4933353.97000000),(27,2,NULL,24,NULL,'Application d&#39;une sous-couche pour placo-pl&acirc;tre (m2)<br />\r\n(Pays d&#39;origine: Guin&eacute;e)',NULL,'TVA',18.000,0.000,'1',0.000,'0',26,0,0,5049,5049.00000000,131274.00000000,23629.32000000,0.00000000,0.00000000,154903.32000000,0,NULL,NULL,0,3898.00000000,NULL,0,2,NULL,NULL,'GNF',5049.00000000,131274.00000000,23629.32000000,154903.32000000),(29,1,NULL,22,NULL,'Plafond suspendu en BA13 (m2)',NULL,'TVA',18.000,0.000,'1',0.000,'0',230,10,16700,150300,167000.00000000,34569000.00000000,6222420.00000000,0.00000000,0.00000000,40791420.00000000,0,NULL,NULL,0,119290.00000000,NULL,0,2,NULL,NULL,'GNF',167000.00000000,34569000.00000000,6222420.00000000,40791420.00000000),(30,1,NULL,24,NULL,'Application d&#39;une sous-couche pour placo-pl&acirc;tre (m2)<br />\r\n(Pays d&#39;origine: Guin&eacute;e)',NULL,'TVA',18.000,0.000,'1',0.000,'0',290,0,0,5069,5069.00000000,1470010.00000000,264601.80000000,0.00000000,0.00000000,1734611.80000000,0,NULL,NULL,0,3898.00000000,NULL,0,3,NULL,NULL,'GNF',5069.00000000,1470010.00000000,264601.80000000,1734611.80000000),(31,1,NULL,31,NULL,'Fourniture et application de deux couches de peinture plafond, finition blanc mat (m2).',NULL,'TVA',18.000,0.000,'1',0.000,'0',290,0,0,NULL,4200.00000000,1218000.00000000,219240.00000000,0.00000000,0.00000000,1437240.00000000,0,NULL,NULL,0,3600.00000000,NULL,0,4,NULL,NULL,'GNF',4200.00000000,1218000.00000000,219240.00000000,1437240.00000000),(32,1,NULL,26,NULL,'',NULL,'TVA',18.000,0.000,'1',0.000,'0',290,0,0,NULL,11000.00000000,3190000.00000000,574200.00000000,0.00000000,0.00000000,3764200.00000000,1,NULL,NULL,0,6000.00000000,NULL,0,5,NULL,NULL,'GNF',11000.00000000,3190000.00000000,574200.00000000,3764200.00000000),(35,4,NULL,NULL,NULL,'<u><strong>DEMOLITION (m2) :</strong></u><br />\r\n* D&eacute;molition de la ma&ccedil;onnerie et &eacute;vacuation des gravats.<br />\r\n* D&eacute;pose des portes existantes (1 simple et 1 double).',NULL,'TVA',18.000,0.000,'1',0.000,'0',26,10,39000,351000,390000.00000000,9126000.00000000,1642680.00000000,0.00000000,0.00000000,10768680.00000000,1,NULL,NULL,0,200000.00000000,NULL,0,2,NULL,NULL,'GNF',37.00000000,877.46490000,157.94368200,1035.40858200),(36,4,NULL,NULL,NULL,'<u><strong>MACONNERIE (m2) :</strong></u><br />\r\n* Fourniture et r&eacute;alisation de murs en ma&ccedil;onnerie ainsi que cr&eacute;pissage des deux c&ocirc;t&eacute;s.',NULL,'TVA',18.000,0.000,'1',0.000,'0',125,0,0,245000,245000.00000000,30625000.00000000,5512500.00000000,0.00000000,0.00000000,36137500.00000000,0,NULL,NULL,0,187500.00000000,NULL,0,3,NULL,NULL,'GNF',24.00000000,2944.59375000,530.02687500,3474.62062500),(44,4,NULL,NULL,NULL,'<u><strong>FIN DE CHANTIER (forfait) :</strong></u><br />\r\n* Nettoyage complet du chantier avant reception.',NULL,'TVA',18.000,0.000,'1',0.000,'0',1,0,0,6000000,6000000.00000000,6000000.00000000,1080000.00000000,0.00000000,0.00000000,7080000.00000000,1,NULL,NULL,0,4000000.00000000,NULL,0,16,NULL,NULL,'GNF',577.00000000,576.90000000,103.84200000,680.74200000),(45,4,NULL,NULL,NULL,'<u><strong>INSTALLATION (forfait) :</strong></u><br />\r\n* Installation du chantier et manutention des mat&eacute;riaux.',NULL,'TVA',18.000,0.000,'1',0.000,'0',1,0,0,10000000,10000000.00000000,10000000.00000000,1800000.00000000,0.00000000,0.00000000,11800000.00000000,1,NULL,NULL,0,6000000.00000000,NULL,0,1,NULL,NULL,'GNF',962.00000000,961.50000000,173.07000000,1134.57000000),(46,4,NULL,NULL,NULL,'<u><strong>FAUX-PLAFOND (m2) :</strong></u><br />\r\n* Installation d&#39;un faux plafond en dalle 600/600 (m2)',NULL,'TVA',18.000,0.000,'1',0.000,'0',400,0,0,75000,75000.00000000,30000000.00000000,5400000.00000000,0.00000000,0.00000000,35400000.00000000,0,NULL,NULL,0,70000.00000000,NULL,0,11,NULL,NULL,'GNF',7.00000000,2884.50000000,519.21000000,3403.71000000),(47,4,NULL,NULL,NULL,'<u><strong>PARQUET (m2) :</strong></u><br />\r\n* Main d&#39;oeuvre pour installation d&#39;un parquet flottant (m2)',NULL,'TVA',18.000,0.000,'1',0.000,'0',400,0,0,30000,30000.00000000,12000000.00000000,2160000.00000000,0.00000000,0.00000000,14160000.00000000,1,NULL,NULL,0,15000.00000000,NULL,0,12,NULL,NULL,'GNF',3.00000000,1153.80000000,207.68400000,1361.48400000),(48,4,NULL,NULL,NULL,'<u><strong>ELECTRICITE (unit&eacute;) :</strong></u><br />\r\n* Fourniture et installation du r&eacute;seau &eacute;lectrique prises, selon sch&eacute;ma transmis (unit&eacute;)',NULL,'TVA',18.000,0.000,'1',0.000,'0',158,0,0,241000,241000.00000000,38078000.00000000,6854040.00000000,0.00000000,0.00000000,44932040.00000000,0,NULL,NULL,0,186000.00000000,NULL,0,13,NULL,NULL,'GNF',23.00000000,3661.19970000,659.01594600,4320.21564600),(49,4,NULL,NULL,NULL,'<u><strong>ELECTRICITE (unit&eacute;) :</strong></u><br />\r\n* Fourniture et installation du r&eacute;seau &eacute;lectrique luminaire (dalle 600/600) selon sch&eacute;ma transmis.',NULL,'TVA',18.000,0.000,'1',0.000,'0',42,0,0,1168892,1168892.00000000,49093464.00000000,8836823.52000000,0.00000000,0.00000000,57930287.52000000,0,NULL,NULL,0,899000.00000000,NULL,0,14,NULL,NULL,'GNF',112.00000000,4720.33656360,849.66058145,5569.99714505),(50,4,NULL,NULL,NULL,'<u><strong>ELECTRICITE (unit&eacute;) :</strong></u><br />\r\n* Fourniture et installation de coffret &eacute;lectrique complet, selon le sch&eacute;ma transmis.',NULL,'TVA',18.000,0.000,'1',0.000,'0',1,0,0,17990800,17990800.00000000,17990800.00000000,3238344.00000000,0.00000000,0.00000000,21229144.00000000,0,NULL,NULL,0,15000000.00000000,NULL,0,15,NULL,NULL,'GNF',1730.00000000,1729.81542000,311.36677560,2041.18219560),(53,5,NULL,NULL,NULL,'R&eacute;alisation d&#39;un enduit sur les murs avec peinture &agrave; l&#39;huile (cela permet de reprendre la plan&eacute;it&eacute;e du mur ainsi que l&#39;adh&eacute;rence pour la peinture) (m2).',NULL,'TVA',18.000,0.000,'1',0.000,'0',130,0,0,27500,27500.00000000,3575000.00000000,643500.00000000,0.00000000,0.00000000,4218500.00000000,0,NULL,NULL,0,21160.00000000,NULL,0,1,NULL,NULL,'GNF',27500.00000000,3575000.00000000,643500.00000000,4218500.00000000),(54,5,NULL,1,NULL,'Ensemble pour r&eacute;aliser une contre-cloison simple parement en BA13 Standart.<br />\r\nL&#39;unit&eacute; de tarification est le m2.',NULL,'TVA',18.000,0.000,'1',0.000,'0',70,10,25000,225000,250000.00000000,15750000.00000000,2835000.00000000,0.00000000,0.00000000,18585000.00000000,0,NULL,NULL,0,142171.00000000,NULL,0,2,NULL,NULL,'GNF',250000.00000000,15750000.00000000,2835000.00000000,18585000.00000000),(55,5,NULL,25,NULL,'Application de deux couches de peinture murale, finition blanc mat (m2)<br />\r\n(Pays d&#39;origine: Guin&eacute;e)',NULL,'TVA',18.000,0.000,'1',0.000,'0',200,0,0,18786,18786.00000000,3757200.00000000,676296.00000000,0.00000000,0.00000000,4433496.00000000,0,NULL,NULL,0,15654.00000000,NULL,0,3,NULL,NULL,'GNF',18786.00000000,3757200.00000000,676296.00000000,4433496.00000000),(56,5,NULL,27,NULL,'Fourniture et pose d&#39;une climatisation 9000BTU',NULL,'TVA',18.000,0.000,'1',0.000,'0',4,10,0,NULL,3400000.00000000,12240000.00000000,2203200.00000000,0.00000000,0.00000000,14443200.00000000,0,NULL,NULL,0,2900000.00000000,NULL,0,5,NULL,NULL,'GNF',3400000.00000000,12240000.00000000,2203200.00000000,14443200.00000000),(57,5,NULL,NULL,NULL,'Fourniture et installation de WC (haute qualit&eacute;)',NULL,'TVA',18.000,0.000,'1',0.000,'0',2,0,0,NULL,1600000.00000000,3200000.00000000,576000.00000000,0.00000000,0.00000000,3776000.00000000,0,NULL,NULL,0,1400000.00000000,NULL,0,6,NULL,NULL,'GNF',1600000.00000000,3200000.00000000,576000.00000000,3776000.00000000),(58,5,NULL,NULL,NULL,'Fourniture et installation de lave-main',NULL,'TVA',18.000,0.000,'1',0.000,'0',2,0,0,NULL,600000.00000000,1200000.00000000,216000.00000000,0.00000000,0.00000000,1416000.00000000,0,NULL,NULL,0,450000.00000000,NULL,0,7,NULL,NULL,'GNF',600000.00000000,1200000.00000000,216000.00000000,1416000.00000000),(59,5,NULL,31,NULL,'Fourniture et application de deux couches de peinture plafond, finition blanc mat (m2).',NULL,'TVA',18.000,0.000,'1',0.000,'0',80,0,0,9200,9200.00000000,736000.00000000,132480.00000000,0.00000000,0.00000000,868480.00000000,0,NULL,NULL,0,8600.00000000,NULL,0,4,NULL,NULL,'GNF',9200.00000000,736000.00000000,132480.00000000,868480.00000000),(60,6,NULL,NULL,NULL,'FERRONERIE (forfait) :<br />\r\nFourniture et installation d&#39;une nouvelle porte m&eacute;tallique donnant acc&egrave;s &agrave; la piscine + garde de corps &agrave; c&ocirc;t&eacute;.<br />\r\nFourniture et installation de deux grilles de protection (deux fen&ecirc;tres de la chambre principale).<br />\r\nFourniture et installation de nouvelle grille de protection pour la porte d&#39;entr&eacute;e, la porte d&#39;acc&egrave;s &agrave; la piscine et la porte d&#39;acc&egrave;s au balcon de l&#39;&eacute;tage.',NULL,'TVA',18.000,0.000,'1',0.000,'0',1,10,2535000,22815000,25350000.00000000,22815000.00000000,4106700.00000000,0.00000000,0.00000000,26921700.00000000,0,NULL,NULL,0,18058000.00000000,NULL,0,1,NULL,NULL,'GNF',25350000.00000000,22815000.00000000,4106700.00000000,26921700.00000000),(63,6,NULL,NULL,NULL,'CUISINE (forfait) :<br />\r\nFourniture et installation des meubles en aluminium selon le plan actuel (prix pouvant vari&eacute; en fonction du choix)',NULL,'TVA',18.000,0.000,'1',0.000,'0',1,0,0,6900000,6900000.00000000,6900000.00000000,1242000.00000000,0.00000000,0.00000000,8142000.00000000,0,NULL,NULL,0,5199000.00000000,NULL,0,2,NULL,NULL,'GNF',6900000.00000000,6900000.00000000,1242000.00000000,8142000.00000000),(65,6,NULL,NULL,NULL,'CUISINE (m2)<br />\r\nD&eacute;molition de la faience murale la cuisine puis reprise d&#39;enduit et de peinture.',NULL,'TVA',18.000,0.000,'1',0.000,'0',37,0,0,75000,75000.00000000,2775000.00000000,499500.00000000,0.00000000,0.00000000,3274500.00000000,0,NULL,NULL,0,45946.00000000,NULL,0,3,NULL,NULL,'GNF',75000.00000000,2775000.00000000,499500.00000000,3274500.00000000),(66,6,NULL,NULL,NULL,'CUISINE (m2)<br />\r\nR&eacute;novation du plan de travail de la cuisine. D&eacute;pose de la faience existante par repose d&#39;une faience neuve.',NULL,'TVA',18.000,0.000,'1',0.000,'0',16,0,0,203125,203125.00000000,3250000.00000000,585000.00000000,0.00000000,0.00000000,3835000.00000000,0,NULL,NULL,0,156250.00000000,NULL,0,4,NULL,NULL,'GNF',203125.00000000,3250000.00000000,585000.00000000,3835000.00000000),(67,6,NULL,NULL,NULL,'FENETRES (forfait) :<br />\r\nFourniture et installation de moustiquaires par l&#39;ext&eacute;rieur sur toutes les fen&ecirc;tes, sauf facade c&ocirc;t&eacute;e mer.<br />\r\nNettoyage et graissage des fen&ecirc;tres existantes.',NULL,'TVA',18.000,0.000,'1',0.000,'0',1,0,0,9500000,9500000.00000000,9500000.00000000,1710000.00000000,0.00000000,0.00000000,11210000.00000000,0,NULL,NULL,0,7500000.00000000,NULL,0,5,NULL,NULL,'GNF',9500000.00000000,9500000.00000000,1710000.00000000,11210000.00000000),(68,6,NULL,NULL,NULL,'FENETRES (forfait)<br />\r\nRemplacement du cadre de la porte d&#39;entr&eacute;e par un cadre trois rails avec moustiquaire.<br />\r\nRemplacement complet de l&#39;impost &agrave; droite de la porte d&#39;entr&eacute;e par une baie coulissante &eacute;quip&eacute; de sa moustiquaire.<br />\r\nInstallation d&#39;une moustiquaire sur rail pour la fen&ecirc;tre et porte fen&ecirc;tre de la chambre donnant acc&egrave;s &agrave; la piscine.<br />\r\nInstallation d&#39;une moustiquaire sur rail pour la baie donnant acc&egrave;s &agrave; balcon ainsi que la fen&ecirc;tre de la chambre principale.',NULL,'TVA',18.000,0.000,'1',0.000,'0',1,0,0,10000000,10000000.00000000,10000000.00000000,1800000.00000000,0.00000000,0.00000000,11800000.00000000,0,NULL,NULL,0,8000000.00000000,NULL,0,6,NULL,NULL,'GNF',10000000.00000000,10000000.00000000,1800000.00000000,11800000.00000000),(69,6,NULL,NULL,NULL,'PLOMBERIE (forfait) :<br />\r\nRemise en &eacute;tat de toute l&#39;installation de la maison, ainsi que les accessoires (abattants toilette, chasse d&#39;eau, etc).<br />\r\nNettoyage des cuves de reserve d&#39;eau.',NULL,'TVA',18.000,0.000,'1',0.000,'0',1,5,243000,4617000,4860000.00000000,4617000.00000000,831060.00000000,0.00000000,0.00000000,5448060.00000000,0,NULL,NULL,0,3735000.00000000,NULL,0,7,NULL,NULL,'GNF',4860000.00000000,4617000.00000000,831060.00000000,5448060.00000000),(70,6,NULL,NULL,NULL,'ELECTRICITE (forfait) :<br />\r\nFourniture et installation de 7 lampes projecteurs LED 100W<br />\r\nAchat de c&acirc;ble 3x2,5mm2 pour installation.<br />\r\nFourniture et installation de deux disjoncteurs diff&eacute;rentiels 30mA.<br />\r\nReprise de la mise &agrave; la terre.',NULL,'TVA',18.000,0.000,'1',0.000,'0',1,10,1276000,11484000,12760000.00000000,11484000.00000000,2067120.00000000,0.00000000,0.00000000,13551120.00000000,0,NULL,NULL,0,7240000.00000000,NULL,0,8,NULL,NULL,'GNF',12760000.00000000,11484000.00000000,2067120.00000000,13551120.00000000),(72,6,NULL,NULL,NULL,'MENUISERIE (forfait) :<br />\r\nRemise en &eacute;tat des trois portes d&eacute;grad&eacute;es + masticage et peinture.<br />\r\nRemplacement des 17 serrures d&eacute;grad&eacute;es par des serrures neuves (bonne qualit&eacute;).',NULL,'TVA',18.000,0.000,'1',0.000,'0',1,10,825000,7425000,8250000.00000000,7425000.00000000,1336500.00000000,0.00000000,0.00000000,8761500.00000000,0,NULL,NULL,0,6400000.00000000,NULL,0,9,NULL,NULL,'GNF',8250000.00000000,7425000.00000000,1336500.00000000,8761500.00000000),(74,6,NULL,NULL,NULL,'OFFERT :<br />\r\nRemise en place de la grille du local groupe.<br />\r\nD&eacute;pose de la faience et r&eacute;novation du mur dans la salle de bain parentale.<br />\r\nD&eacute;pose des accessoires inutiles et emcombrants sur les facades.',NULL,'TVA',18.000,0.000,'1',0.000,'0',1,100,0,NULL,1.00000000,0.00000000,0.00000000,0.00000000,0.00000000,0.00000000,0,NULL,NULL,0,1.00000000,NULL,0,10,NULL,NULL,'GNF',1.00000000,0.00000000,0.00000000,0.00000000),(75,7,NULL,27,NULL,'Fourniture et pose d&#39;une climatisation 9000BTU',NULL,'TVA',18.000,0.000,'1',0.000,'0',2,0,0,NULL,3400000.00000000,6800000.00000000,1224000.00000000,0.00000000,0.00000000,8024000.00000000,0,NULL,NULL,0,2900000.00000000,NULL,0,1,NULL,NULL,'GNF',3400000.00000000,6800000.00000000,1224000.00000000,8024000.00000000),(76,7,NULL,28,NULL,'Fourniture et pose d&#39;une climatisation 12000BTU',NULL,'TVA',18.000,0.000,'1',0.000,'0',3,0,0,NULL,3900000.00000000,11700000.00000000,2106000.00000000,0.00000000,0.00000000,13806000.00000000,0,NULL,NULL,0,3400000.00000000,NULL,0,2,NULL,NULL,'GNF',3900000.00000000,11700000.00000000,2106000.00000000,13806000.00000000),(77,8,NULL,NULL,NULL,'<u><strong>FORFAIT RENOVATION PEINTURE PAR CHAMBRE POUR MLYS1 :</strong></u><br />\r\n* Protection du mobilier.<br />\r\n* Reprise des enduits si n&eacute;cessaire (impacts, humidit&eacute;, etc).<br />\r\n* Fourniture et application de deux couches de peinture murale (couleurs identiques).<br />\r\n* Fourniture et application de deux couches de peinture blanche plafond.<br />\r\n<u>D&eacute;lai pr&eacute;vu par chambre : 3 jours.</u>',NULL,'TVA',18.000,0.000,'1',0.000,'0',1,0,0,1050000,1050000.00000000,1050000.00000000,189000.00000000,0.00000000,0.00000000,1239000.00000000,0,NULL,NULL,0,900000.00000000,NULL,0,1,NULL,NULL,'GNF',1050000.00000000,1050000.00000000,189000.00000000,1239000.00000000),(78,9,NULL,NULL,NULL,'Fourniture paratonnerre &agrave; disposition d&#39;amor&ccedil;age rayon de protection 50m.',NULL,'TVA',18.000,0.000,'1',0.000,'0',1,10,4700000,42300000,47000000.00000000,42300000.00000000,7614000.00000000,0.00000000,0.00000000,49914000.00000000,0,NULL,NULL,0,35000000.00000000,NULL,0,1,NULL,NULL,'GNF',47000000.00000000,42300000.00000000,7614000.00000000,49914000.00000000),(79,9,NULL,NULL,NULL,'Main d&#39;oeuvre pour la pose du paratonnerre',NULL,'TVA',18.000,0.000,'1',0.000,'0',1,10,1500000,13500000,15000000.00000000,13500000.00000000,2430000.00000000,0.00000000,0.00000000,15930000.00000000,1,NULL,NULL,0,12250000.00000000,NULL,0,2,NULL,NULL,'GNF',15000000.00000000,13500000.00000000,2430000.00000000,15930000.00000000),(80,10,NULL,NULL,NULL,'<u><strong>RENOVATION FACADE MLYS1 (m2) :</strong></u><br />\r\n* Fourniture et application de deux couches de peinture blanche sur les balcons, parties sup&eacute;rieures (roof) et colonnes montantes.',NULL,'TVA',18.000,0.000,'1',0.000,'0',200,0,0,25700,25700.00000000,5140000.00000000,925200.00000000,0.00000000,0.00000000,6065200.00000000,0,NULL,NULL,0,23400.00000000,NULL,0,1,NULL,NULL,'GNF',25700.00000000,5140000.00000000,925200.00000000,6065200.00000000),(81,10,NULL,NULL,NULL,'<u><strong>RENOVATION FACADE MLYS1 (forfait) :</strong></u><br />\r\n* Installation, location et d&eacute;pose d&#39;un &eacute;chaffaudage.',NULL,'TVA',18.000,0.000,'1',0.000,'0',1,0,0,NULL,1500000.00000000,1500000.00000000,270000.00000000,0.00000000,0.00000000,1770000.00000000,0,NULL,NULL,0,0.00000000,NULL,0,2,NULL,NULL,'GNF',1500000.00000000,1500000.00000000,270000.00000000,1770000.00000000),(82,10,NULL,NULL,NULL,'<u><strong>RENOVATION DES PEINTURES DES PARTIES COMMUNES MLYS1 (m2) :</strong></u><br />\r\n* Reprise des enduits si n&eacute;cessaire (impacts, humidit&eacute;s, etc),<br />\r\n* Fourniture et application de deux couches de peinture (couleur identique), dans la salle r&eacute;ception, restaurant et caf&eacute;.',NULL,'TVA',18.000,0.000,'1',0.000,'0',180,0,0,39500,39500.00000000,7110000.00000000,1279800.00000000,0.00000000,0.00000000,8389800.00000000,0,NULL,NULL,0,32155.00000000,NULL,0,3,NULL,NULL,'GNF',39500.00000000,7110000.00000000,1279800.00000000,8389800.00000000),(83,11,NULL,22,NULL,'Plafond suspendu en BA13 (m2)',NULL,'TVA',18.000,0.000,'1',0.000,'0',330,0,0,NULL,167000.00000000,55110000.00000000,9919800.00000000,0.00000000,0.00000000,65029800.00000000,0,NULL,NULL,0,119290.00000000,NULL,0,1,NULL,NULL,'GNF',167000.00000000,55110000.00000000,9919800.00000000,65029800.00000000),(84,11,NULL,23,NULL,'R&eacute;alisation d&#39;une cloison deux faces en parement simple BA13 Standart (m2)',NULL,'TVA',18.000,0.000,'1',0.000,'0',40,0,0,NULL,314345.00000000,12573800.00000000,2263284.00000000,0.00000000,0.00000000,14837084.00000000,0,NULL,NULL,0,241805.00000000,NULL,0,2,NULL,NULL,'GNF',314345.00000000,12573800.00000000,2263284.00000000,14837084.00000000),(85,11,NULL,NULL,NULL,'Fourniture et pose de carrelage sol (m2)',NULL,'TVA',18.000,0.000,'1',0.000,'0',400,0,0,NULL,210000.00000000,84000000.00000000,15120000.00000000,0.00000000,0.00000000,99120000.00000000,0,NULL,NULL,0,175000.00000000,NULL,0,3,NULL,NULL,'GNF',210000.00000000,84000000.00000000,15120000.00000000,99120000.00000000),(86,11,NULL,NULL,NULL,'Fourniture et pose de faience dans les salles de bains (m2)',NULL,'TVA',18.000,0.000,'1',0.000,'0',300,0,0,NULL,160000.00000000,48000000.00000000,8640000.00000000,0.00000000,0.00000000,56640000.00000000,0,NULL,NULL,0,125000.00000000,NULL,0,4,NULL,NULL,'GNF',160000.00000000,48000000.00000000,8640000.00000000,56640000.00000000),(87,4,NULL,NULL,NULL,'<u><strong>MACONNERIE (m2) :</strong></u><br />\r\n* Fourniture et r&eacute;alisation d&#39;un enduit de finition sur ma&ccedil;onnerie, pon&ccedil;age et peinture blanche (deux couches).',NULL,'TVA',18.000,0.000,'1',0.000,'0',250,0,0,36500,36500.00000000,9125000.00000000,1642500.00000000,0.00000000,0.00000000,10767500.00000000,0,NULL,NULL,0,25680.00000000,NULL,0,4,NULL,NULL,'GNF',4.00000000,877.36875000,157.92637500,1035.29512500),(88,4,NULL,NULL,NULL,'<u><strong>MENUISERIE (unit&eacute;) :</strong></u><br />\r\n* Fourniture et installation de porte aluminium blanc laqu&eacute; 90/200 (traverse, partie inf&eacute;rieure en panneau plein, partie sup&eacute;rieure en vitrage).<br />\r\nAluminium 12/10&egrave;me, verre 6mm, &eacute;paisseur cadre 7cm, quincailleries fournis.',NULL,'TVA',18.000,0.000,'1',0.000,'0',16,5,160000,3040000,3200000.00000000,48640000.00000000,8755200.00000000,0.00000000,0.00000000,57395200.00000000,0,NULL,NULL,0,2700000.00000000,NULL,0,7,NULL,NULL,'GNF',308.00000000,4676.73600000,841.81248000,5518.54848000),(89,4,NULL,NULL,NULL,'<u><strong>POSE CLOISON BA13 (m2) :</strong></u><br />\r\n* Main d&#39;oeuvre pour pose des cloisons en placo-pl&acirc;tre.<br />\r\n* Installation des armatures.<br />\r\n* Pose des plaques.<br />\r\n* R&eacute;alisation des enduits et pon&ccedil;age.<br />\r\n&nbsp;',NULL,'TVA',18.000,0.000,'1',0.000,'0',230,35,43750,81250,125000.00000000,18687500.00000000,3363750.00000000,0.00000000,0.00000000,22051250.00000000,1,NULL,NULL,0,59000.00000000,NULL,0,5,NULL,NULL,'GNF',12.00000000,1796.80312500,323.42456250,2120.22768750),(90,4,NULL,NULL,NULL,'<u><strong>MENUISERIE (unit&eacute;) :</strong></u><br />\r\n* Fourniture et installation de porte &quot;forte&quot; aluminium blanc laqu&eacute; 90/200<br />\r\nAluminium 12/10&egrave;me, panneau renforc&eacute;, quincailleries fournis.',NULL,'TVA',18.000,0.000,'1',0.000,'0',2,0,0,3400000,3400000.00000000,6800000.00000000,1224000.00000000,0.00000000,0.00000000,8024000.00000000,0,NULL,NULL,0,2900000.00000000,NULL,0,8,NULL,NULL,'GNF',327.00000000,653.82000000,117.68760000,771.50760000),(91,4,NULL,NULL,NULL,'<u><strong>PEINTURE (m2) :</strong></u><br />\r\n* Fourniture et application d&#39;un primaire pour BA13.<br />\r\n* Fourniture et application d&#39;une peinture de finition blanche (deux couches).<br />\r\n* Fourniture et application d&#39;une peinture de finition blanche en deux couches sur les maconneries existantes (200m2).',NULL,'TVA',18.000,0.000,'1',0.000,'0',750,0,0,28855,28855.00000000,21641250.00000000,3895425.00000000,0.00000000,0.00000000,25536675.00000000,0,NULL,NULL,0,19854.00000000,NULL,0,6,NULL,NULL,'GNF',3.00000000,2080.80618750,374.54511375,2455.35130125),(92,4,NULL,NULL,NULL,'<u><strong>MENUISERIE (m2) :</strong></u><br />\r\n* Fourniture et installation de baie vitr&eacute;e, cadre aluminium laqu&eacute; blanc, verre 6mm.',NULL,'TVA',18.000,0.000,'1',0.000,'0',25,0,0,1250000,1250000.00000000,31250000.00000000,5625000.00000000,0.00000000,0.00000000,36875000.00000000,0,NULL,NULL,0,1000000.00000000,NULL,0,9,NULL,NULL,'GNF',120.00000000,3004.68750000,540.84375000,3545.53125000),(93,4,NULL,NULL,NULL,'<u><strong>MENUISERIE (unit&eacute;) :</strong></u><br />\r\n* Fourniture et pose de Groom pour porte.',NULL,'TVA',18.000,0.000,'1',0.000,'0',18,0,0,550000,550000.00000000,9900000.00000000,1782000.00000000,0.00000000,0.00000000,11682000.00000000,0,NULL,NULL,0,500000.00000000,NULL,0,10,NULL,NULL,'GNF',53.00000000,951.88500000,171.33930000,1123.22430000),(94,12,NULL,NULL,NULL,'<u><strong>ETUDE DE PROJET :</strong></u><br />\r\n* Conception des plans de c&ocirc;tes et d&#39;am&eacute;nagement.',NULL,'TVA',18.000,0.000,'1',0.000,'0',1,0,0,5000000,5000000.00000000,5000000.00000000,900000.00000000,0.00000000,0.00000000,5900000.00000000,1,NULL,NULL,0,2500000.00000000,NULL,0,1,NULL,1,'GNF',5000000.00000000,5000000.00000000,900000.00000000,5900000.00000000),(95,12,NULL,NULL,NULL,'<u><strong>INSTALLATION DU CHANTIER (forfait) :</strong></u><br />\r\n* Approvisionnement des mat&eacute;riaux.<br />\r\n* Protection du sol carrelage par de l&#39;isorelle 5mm.<br />\r\n* Protection des poussi&egrave;res par du polyane.<br />\r\n&nbsp;',NULL,'TVA',18.000,0.000,'1',0.000,'0',1,0,0,NULL,25000000.00000000,25000000.00000000,4500000.00000000,0.00000000,0.00000000,29500000.00000000,1,NULL,NULL,0,17000000.00000000,NULL,0,2,NULL,1,'GNF',25000000.00000000,25000000.00000000,4500000.00000000,29500000.00000000),(96,12,NULL,NULL,NULL,'<u><strong>DEMOLITION (m2) :</strong></u><br />\r\n* D&eacute;molition des ma&ccedil;onneries et &eacute;vacuation des gravats.<br />\r\n* D&eacute;placement des fluides &eacute;lectriques et plomberies, si n&eacute;cessaire.',NULL,'TVA',18.000,0.000,'1',0.000,'0',12,0,0,390000,390000.00000000,4680000.00000000,842400.00000000,0.00000000,0.00000000,5522400.00000000,0,NULL,NULL,0,200000.00000000,NULL,0,3,NULL,1,'GNF',390000.00000000,4680000.00000000,842400.00000000,5522400.00000000),(97,12,NULL,NULL,NULL,'<u><strong>MACONNERIE (m2) :</strong></u><br />\r\n* Fourniture et r&eacute;alisation d&#39;un enduit de finition sur les ma&ccedil;onneries du coin kitchennette, pon&ccedil;age et peinture blanche (deux couches).',NULL,'TVA',18.000,0.000,'1',0.000,'0',22,0,0,39500,39500.00000000,869000.00000000,156420.00000000,0.00000000,0.00000000,1025420.00000000,0,NULL,NULL,0,25680.00000000,NULL,0,4,NULL,1,'GNF',39500.00000000,869000.00000000,156420.00000000,1025420.00000000),(99,12,NULL,NULL,NULL,'<u><strong>ISOLANT (m2) :</strong></u><br />\r\n* Fourniture et pose d&#39;une isolation acoustique et thermique, sp&eacute;cifique aux cloisons distributives.<br />\r\n* Fourniture et pose d&#39;une isolation acoustique et thermique pour les cloisons et la plafond du DATA CENTER',NULL,'TVA',18.000,0.000,'1',0.000,'0',470,0,0,89500,89500.00000000,42065000.00000000,7571700.00000000,0.00000000,0.00000000,49636700.00000000,0,NULL,NULL,0,54123.00000000,NULL,0,7,NULL,1,'GNF',89500.00000000,42065000.00000000,7571700.00000000,49636700.00000000),(100,12,NULL,NULL,NULL,'<u><strong>PEINTURE (m2) :</strong></u><br />\r\n* Fourniture et application d&#39;un primaire d&#39;accrochage pour plaque de pl&acirc;tre BA13.<br />\r\n* Fourniture et application d&#39;une peinture de finition blanche sur les cloisons de pl&acirc;tre (deux couches).<br />\r\n* Ces deux proc&eacute;d&eacute;s seront &eacute;galement appliqu&eacute;s sur la zone DATA CENTER.',NULL,'TVA',18.000,0.000,'1',0.000,'0',750,0,0,34900,34900.00000000,26175000.00000000,4711500.00000000,0.00000000,0.00000000,30886500.00000000,0,NULL,NULL,0,19855.00000000,NULL,0,8,NULL,1,'GNF',34900.00000000,26175000.00000000,4711500.00000000,30886500.00000000),(101,12,NULL,NULL,NULL,'<u><strong>PEINTURE (m2) :</strong></u><br />\r\n* Fourniture et application d&#39;une peinture de finition blanche sur les ma&ccedil;onnerie existantes (deux couches).',NULL,'TVA',18.000,0.000,'1',0.000,'0',100,0,0,29900,29900.00000000,2990000.00000000,538200.00000000,0.00000000,0.00000000,3528200.00000000,0,NULL,NULL,0,17900.00000000,NULL,0,9,NULL,1,'GNF',29900.00000000,2990000.00000000,538200.00000000,3528200.00000000),(102,12,NULL,NULL,NULL,'<u><strong>CARRELAGE (ml) :</strong></u><br />\r\n* Fourniture et pose d&#39;une plinthe carrelage sur les bas de cloisons r&eacute;alisa&eacute;es.',NULL,'TVA',18.000,0.000,'1',0.000,'0',300,0,0,35000,35000.00000000,10500000.00000000,1890000.00000000,0.00000000,0.00000000,12390000.00000000,0,NULL,NULL,0,10000.00000000,NULL,0,10,NULL,1,'GNF',35000.00000000,10500000.00000000,1890000.00000000,12390000.00000000),(103,12,NULL,NULL,NULL,'<u><strong>MENUISERIE (unit&eacute;) :</strong></u><br />\r\n* Fourniture et installation de porte aluminium blanc laqu&eacute; 90/200 (traverse centrale avec la partie inf&eacute;rieure en panneau plein et la partie sup&eacute;rieure vitr&eacute;e).<br />\r\nAluminium 12/10&egrave;me, verre 6mm, quincaillerie fournis.',NULL,'TVA',18.000,0.000,'1',0.000,'0',14,0,0,3500000,3500000.00000000,49000000.00000000,8820000.00000000,0.00000000,0.00000000,57820000.00000000,0,NULL,NULL,0,2700000.00000000,NULL,0,13,NULL,1,'GNF',3500000.00000000,49000000.00000000,8820000.00000000,57820000.00000000),(104,12,NULL,NULL,NULL,'<u><strong>MENUISERIE (unit&eacute;) :</strong></u><br />\r\n* Fourniture et installation de baie vitr&eacute;e 1500/1000 (cadre aluminium laqu&eacute; blanc, verre 6mm).',NULL,'TVA',18.000,0.000,'1',0.000,'0',6,0,0,2250000,2250000.00000000,13500000.00000000,2430000.00000000,0.00000000,0.00000000,15930000.00000000,0,NULL,NULL,0,1500000.00000000,NULL,0,14,NULL,1,'GNF',2250000.00000000,13500000.00000000,2430000.00000000,15930000.00000000),(105,12,NULL,NULL,NULL,'<u><strong>ELECTRICITE (unit&eacute;) :</strong></u><br />\r\n* Fourniture et installation d&#39;un coffret &eacute;lectrique complet, munis de tous les disjoncteurs pour les luminaires, prises, prises ondul&eacute;es et climatisations.<br />\r\n* Fourniture et installation d&#39;un disjoncteur diff&eacute;rentiel 30mA pour la s&eacute;curit&eacute; du personnel.',NULL,'TVA',18.000,0.000,'1',0.000,'0',1,0,0,19500000,19500000.00000000,19500000.00000000,3510000.00000000,0.00000000,0.00000000,23010000.00000000,0,NULL,NULL,0,15000000.00000000,NULL,0,16,NULL,1,'GNF',19500000.00000000,19500000.00000000,3510000.00000000,23010000.00000000),(107,12,NULL,NULL,NULL,'<u><strong>FIN DE CHANTIER (forfait) :</strong></u><br />\r\n* Nettoyage complet du chantier avant r&eacute;ception.',NULL,'TVA',18.000,0.000,'1',0.000,'0',1,0,0,6000000,6000000.00000000,6000000.00000000,1080000.00000000,0.00000000,0.00000000,7080000.00000000,1,NULL,NULL,0,4000000.00000000,NULL,0,19,NULL,1,'GNF',6000000.00000000,6000000.00000000,1080000.00000000,7080000.00000000),(108,12,NULL,NULL,NULL,'<u><strong>CLOISONNEMENT PARTIE BUREAU (m2) :</strong></u><br />\r\n* Fourniture et installation des armatures m&eacute;tallique 48mm pour le cloisonnement des diff&egrave;rents espaces.<br />\r\n* Fourniture et r&eacute;alisation des cloisons en plaque de pl&acirc;tre BA13 hydrofuge, une peau de chaque c&ocirc;t&eacute;.<br />\r\n* Fourniture et r&eacute;alisation des enduits de finition et des pon&ccedil;age.',NULL,'TVA',18.000,0.000,'1',0.000,'0',350,0,0,365000,365000.00000000,127750000.00000000,22995000.00000000,0.00000000,0.00000000,150745000.00000000,0,NULL,NULL,0,257120.00000000,NULL,0,5,NULL,1,'GNF',365000.00000000,127750000.00000000,22995000.00000000,150745000.00000000),(109,12,NULL,NULL,NULL,'<u><strong>SANITAIRE (ensemble) :</strong></u><br />\r\n* Fourniture, pose et raccordement des &eacute;quipements de toilette (wc + lave-main).',NULL,'TVA',18.000,0.000,'1',0.000,'0',1,0,0,NULL,4000000.00000000,4000000.00000000,720000.00000000,0.00000000,0.00000000,4720000.00000000,0,NULL,NULL,0,2500000.00000000,NULL,0,11,NULL,1,'GNF',4000000.00000000,4000000.00000000,720000.00000000,4720000.00000000),(110,13,NULL,NULL,NULL,'<u><strong>CLOISOINNEMENT DES BUREAUX DE L&#39;ARPT (m2) :</strong></u><br />\r\n* Fourniture et pose de cloison en plaque de pl&acirc;tre BA13 + r&eacute;alisation des enduits/bandes.<br />\r\n* Division du bureau de 12&egrave;me &eacute;tage en 4 bureaux distincts.<br />\r\n* Division des salles techniques du 12&egrave;me &eacute;tage en 2 bureaux distincts + r&eacute;hausse de deux cloisons actuelles.',NULL,'TVA',18.000,0.000,'1',0.000,'0',145,15,54750,310250,365000.00000000,44986250.00000000,8097525.00000000,0.00000000,0.00000000,53083775.00000000,0,NULL,NULL,0,257120.00000000,NULL,0,1,NULL,1,'GNF',365000.00000000,44986250.00000000,8097525.00000000,53083775.00000000),(111,12,NULL,NULL,NULL,'<u><strong>ELECTRICITE (unit&eacute;) :</strong></u><br />\r\n* Fourniture, c&acirc;ble puis branchement d&#39;un r&eacute;seau &eacute;lectrique luminaire selon l&#39;implantation des bureaux.<br />\r\nDalle LED 45w 600*600mm 6400K.',NULL,'TVA',18.000,0.000,'1',0.000,'0',54,0,0,1168992,1168992.00000000,63125568.00000000,11362602.23999999,0.00000000,0.00000000,74488170.24000000,0,NULL,NULL,0,899000.00000000,NULL,0,17,NULL,1,'GNF',1168992.00000000,63125568.00000000,11362602.23999999,74488170.24000000),(112,12,NULL,NULL,NULL,'<u><strong>ELECTRIQUE (unit&eacute;) :</strong></u><br />\r\n* Fourniture, c&acirc;ble puis branchement d&#39;un r&eacute;seau &eacute;lectrique prises standarts et ondul&eacute;es.',NULL,'TVA',18.000,0.000,'1',0.000,'0',145,0,0,260000,260000.00000000,37700000.00000000,6786000.00000000,0.00000000,0.00000000,44486000.00000000,0,NULL,NULL,0,186000.00000000,NULL,0,18,NULL,1,'GNF',260000.00000000,37700000.00000000,6786000.00000000,44486000.00000000),(113,14,NULL,NULL,NULL,'<u><strong>APPAREILS DE CLIMATISATIONS :</strong></u><br />\r\n* Unit&eacute;s ext&eacute;rieures A condenseur &agrave; air type VRV de Marque Ariwell.<br />\r\nType YCV450-H13<br />\r\n<br />\r\n&nbsp;',NULL,'TVA',18.000,0.000,'1',0.000,'0',1,0,0,158184000,158184000.00000000,158184000.00000000,28473120.00000000,0.00000000,0.00000000,186657120.00000000,0,NULL,NULL,0,121680000.00000000,NULL,0,1,NULL,1,'GNF',158184000.00000000,158184000.00000000,28473120.00000000,186657120.00000000),(114,14,NULL,NULL,NULL,'<u><strong>APPAREILS DE CLIMATISATIONS :</strong></u><br />\r\n* Unit&eacute;s ext&eacute;rieures A condenseur &agrave; air type VRV de Marque Ariwell.<br />\r\nType YCV400-H13',NULL,'TVA',18.000,0.000,'1',0.000,'0',1,0,0,149058000,149058000.00000000,149058000.00000000,26830440.00000000,0.00000000,0.00000000,175888440.00000000,0,NULL,NULL,0,114660000.00000000,NULL,0,2,NULL,1,'GNF',149058000.00000000,149058000.00000000,26830440.00000000,175888440.00000000),(115,14,NULL,NULL,NULL,'<u><strong>APPAREILS DE CLIMATISATIONS :</strong></u><br />\r\n* Cassettes encastrables carr&eacute;s type 4 voies et gainables VRV de Airwell.<br />\r\n* CBV016-N11<br />\r\n* CBV012-N11<br />\r\n* CBV0009-N11<br />\r\n&nbsp;',NULL,'TVA',18.000,0.000,'1',0.000,'0',21,0,0,10250526,10250526.00000000,215261046.00000000,38746988.27999999,0.00000000,0.00000000,254008034.28000000,0,NULL,NULL,0,7885020.00000000,NULL,0,3,NULL,1,'GNF',10250526.00000000,215261046.00000000,38746988.27999999,254008034.28000000),(116,14,NULL,NULL,NULL,'<u><strong>ACCESSOIRES D&#39;INSTALLATIONS :</strong></u><br />\r\n* Accessoires de suspensions cassettes.<br />\r\n* Kit de raccordement type REFNET TAU33/506.<br />\r\n* Tuyauterie 6.4/9.5/12.7/15.9/19.1/22.2/28.6.<br />\r\n* Machons isolants ARMAFLEX 6.4/9.5/12.7/15.9/19.1/22.2/28.6.<br />\r\n* Accessoires de suspensions connexions frigos 6.4/9.5/12.7/15.9/19.1/22.2/28.6.<br />\r\n* C&acirc;blage de la communicaton et t&eacute;l&eacute;commande.<br />\r\n* Support de groupe ext&eacute;rieur.<br />\r\n* Kit de soudure connexions frigos.',NULL,'TVA',18.000,0.000,'1',0.000,'0',23,0,0,8551750,8551750.00000000,196690250.00000000,35404245.00000000,0.00000000,0.00000000,232094495.00000000,0,NULL,NULL,0,6578269.00000000,NULL,0,4,NULL,1,'GNF',8551750.00000000,196690250.00000000,35404245.00000000,232094495.00000000),(117,14,NULL,NULL,NULL,'<u><strong>MAINS D&#39;OEUVRES :</strong></u><br />\r\n* Main d&#39;oeuvre installation Unit&eacute;s Int&eacute;rieures<br />\r\n* Main d&#39;oeuvre installation Unit&eacute;s Ext&eacute;rieures<br />\r\n* Main d&#39;oeuvre plomberie &eacute;vacuation condensat',NULL,'TVA',18.000,0.000,'1',0.000,'0',23,0,0,1831818,1831818.00000000,42131814.00000000,7583726.52000000,0.00000000,0.00000000,49715540.52000000,1,NULL,NULL,0,1409091.00000000,NULL,0,5,NULL,1,'GNF',1831818.00000000,42131814.00000000,7583726.52000000,49715540.52000000),(118,15,NULL,NULL,NULL,'<u><strong>PALISSADE AUTOPORTANTE (ml) :</strong></u><br />\r\n* Fourniture et pose d&#39;une palissade autoportante en contreplaqu&eacute; noir selon le plan fourni, hauteur 3.80m &eacute;paisseur 18mm.&nbsp;<br />\r\nLa palissade sera maintenue par une structure de poteaux m&eacute;talliques noirs sur pied.',NULL,'TVA',18.000,0.000,'1',0.000,'0',28,0,0,4544982,4544982.00000000,127259496.00000000,22906709.28000000,0.00000000,0.00000000,150166205.28000000,0,NULL,NULL,0,150.00000000,NULL,0,1,NULL,2,'EUR',437.00000000,12236.00000000,2202.48000000,14438.48000000),(119,15,NULL,NULL,NULL,'<u><strong>TRANSFERT MOBILIER (forfait) :</strong></u><br />\r\n* D&eacute;connexion du mobilier existant.<br />\r\n* Transfert du mobilier DFS/BAR &agrave; l&#39;endroit pr&eacute;vu.<br />\r\n* Installation du mobilier selon le plan pr&eacute;vu.<br />\r\n* Raccordement des diff&egrave;rents &eacute;l&egrave;ments.<br />\r\n* D&eacute;pose dans une zone de stockage de l&#39;aeroport le surplus de mobilier du BAR et du DFS, non utilis&eacute; dans la zone &eacute;ph&eacute;m&egrave;re.',NULL,'TVA',18.000,0.000,'1',0.000,'0',1,0,0,0,19760790.00000000,19760790.43000000,3556942.28000000,0.00000000,0.00000000,23317732.71000000,1,NULL,NULL,0,500.00000000,NULL,0,7,NULL,2,'EUR',1900.00000000,1900.00000000,342.00000000,2242.00000000),(120,15,NULL,NULL,NULL,'<u><strong>ELECTRICITE (unit&eacute;) :</strong></u><br />\r\n* Fourniture et branchement des prises &eacute;lectriques selon le plan fourni.',NULL,'TVA',18.000,0.000,'1',0.000,'0',23,0,0,436817,436817.00000000,10046791.00000000,1808422.38000000,0.00000000,0.00000000,11855213.38000000,0,NULL,NULL,0,30.00000000,NULL,0,2,NULL,2,'EUR',42.00000000,966.00000000,173.88000000,1139.88000000),(121,15,NULL,NULL,NULL,'<u><strong>MENUISERIE (unit&eacute;) :</strong></u><br />\r\n* Fourniture et int&eacute;gration d&#39;un bloc porte en bois double vantaux 180/210.<br />\r\n* Quincaillerie de fermeture, poignet, canon et b&eacute;quille.',NULL,'TVA',18.000,0.000,'1',0.000,'0',1,0,0,0,6188248.00000000,6188247.53000000,1113884.56000000,0.00000000,0.00000000,7302132.09000000,0,NULL,NULL,0,350.00000000,NULL,0,3,NULL,2,'EUR',595.00000000,595.00000000,107.10000000,702.10000000),(122,15,NULL,NULL,NULL,'<u><strong>PLOMBERIE (forfait) :</strong></u><br />\r\n* Fourniture et installation d&#39;un evier avec un syst&egrave;me d&#39;&eacute;vacuation provisoire.',NULL,'TVA',18.000,0.000,'1',0.000,'0',1,0,0,NULL,3120125.00000000,3120124.80000000,561622.50000000,0.00000000,0.00000000,3681747.50000000,0,NULL,NULL,0,200.00000000,NULL,0,5,NULL,2,'EUR',300.00000000,300.00000000,54.00000000,354.00000000),(123,15,NULL,NULL,NULL,'<u><strong>QUINCAILLERIE (forfait) :</strong></u><br />\r\n* Fourniture et installation de serrures pour les tirroirs de gondoles d&eacute;t&eacute;rior&eacute;es.',NULL,'TVA',18.000,0.000,'1',0.000,'0',1,0,0,0,1560062.00000000,1560062.40000000,280811.23000000,0.00000000,0.00000000,1840873.63000000,0,NULL,NULL,0,75.00000000,NULL,0,6,NULL,2,'EUR',150.00000000,150.00000000,27.00000000,177.00000000),(124,15,NULL,NULL,NULL,'<u><strong>MENUISERIE (unit&eacute;) :</strong></u><br />\r\n* Fourniture et installation de tablette PMR en bois pour les caisses du BAR et du DFS.',NULL,'TVA',18.000,0.000,'1',0.000,'0',2,0,0,0,2496100.00000000,4992199.69000000,898595.94000000,0.00000000,0.00000000,5890795.63000000,0,NULL,NULL,0,100.00000000,NULL,0,4,NULL,2,'EUR',240.00000000,480.00000000,86.40000000,566.40000000),(125,15,NULL,NULL,NULL,'<u><strong>PALISSADE DE CHANTIER (ml) :</strong></u><br />\r\n* Fourniture et pose d&#39;une palissade de chantier autoportante en contreplaqu&eacute; 18mm, hauteur 2,50m pour la zone de chantier selon les phases de travail.<br />\r\nLa palissade sera maintenue par une structure amovible compos&eacute;e de poteaux m&eacute;talliques sur pied&nbsp;&nbsp;',NULL,'TVA',18.000,0.000,'1',0.000,'0',100,0,0,0,3109724.00000000,310972438.90000000,55975039.00000000,0.00000000,0.00000000,366947477.90000004,0,NULL,NULL,0,113.00000000,NULL,0,8,NULL,2,'EUR',299.00000000,29900.00000000,5382.00000000,35282.00000000),(126,15,NULL,NULL,NULL,'<u><strong>FIN DU CHANTIER (forfait) :</strong></u><br />\r\n* D&eacute;pose et &eacute;vacuation du BAR et du DFS &eacute;ph&eacute;m&egrave;re lors de l&#39;ouverture d&eacute;finitve apr&egrave;s travaux.<br />\r\n* Grand n&eacute;ttoyage des diff&egrave;rentes zones de travaux et &eacute;ph&eacute;m&egrave;re.',NULL,'TVA',18.000,0.000,'1',0.000,'0',1,0,0,0,9360374.00000000,9360374.41000000,1684867.40000000,0.00000000,0.00000000,11045241.81000000,1,NULL,NULL,0,250.00000000,NULL,0,10,NULL,2,'EUR',900.00000000,900.00000000,162.00000000,1062.00000000),(127,15,NULL,NULL,NULL,'<u><strong>EVOLUTION DU CHANTIER (unit&eacute;) :</strong></u><br />\r\n* Mise &agrave; disposition d&#39;une &eacute;quipe pour la d&eacute;placement des palissades &agrave; chaque &eacute;volution des phases de travaux.<br />\r\n* D&eacute;pose et &eacute;vacuation des palissades de chantier &agrave; la fin des travaux.',NULL,'TVA',18.000,0.000,'1',0.000,'0',4,0,0,2600104,2600104.00000000,10400416.00000000,1872074.88000000,0.00000000,0.00000000,12272490.88000000,1,NULL,NULL,0,100.00000000,NULL,0,9,NULL,2,'EUR',250.00000000,1000.00000000,180.00000000,1180.00000000),(128,16,NULL,NULL,NULL,'<u><strong>PEINTURE (m2) :</strong></u><br />\r\n* Fourniture et application de deux couches de peinture couleur MF087 sur les deux fa&ccedil;ades c&ocirc;t&eacute;s MER et PISCINE.',NULL,'TVA',18.000,0.000,'1',0.000,'0',350,72.67,25071.15,9428.85,34500.00000000,3300097.50000000,594017.55000000,0.00000000,0.00000000,3894115.05000000,0,NULL,NULL,0,19188.00000000,NULL,0,1,NULL,1,'GNF',34500.00000000,3300097.50000000,594017.55000000,3894115.05000000),(129,16,NULL,NULL,NULL,'<u><strong>ECHAFFAUDAGE (forfait) :</strong></u><br />\r\n* Mise &agrave; disposition et d&eacute;placement de l&#39;&eacute;chaffaudage au cours de l&#39;&eacute;volution du chantier.',NULL,'TVA',18.000,0.000,'1',0.000,'0',1,0,0,1000000,1000000.00000000,1000000.00000000,180000.00000000,0.00000000,0.00000000,1180000.00000000,1,NULL,NULL,0,1.00000000,NULL,0,2,NULL,1,'GNF',1000000.00000000,1000000.00000000,180000.00000000,1180000.00000000),(130,17,NULL,23,NULL,'R&eacute;alisation d&#39;une cloison deux faces en parement simple BA13 Standart (m2)',NULL,'TVA',18.000,0.000,'1',0.000,'0',22,0,0,NULL,314345.00000000,6915590.00000000,1244806.20000000,0.00000000,0.00000000,8160396.20000000,0,NULL,NULL,0,241805.00000000,NULL,0,1,NULL,1,'GNF',314345.00000000,6915590.00000000,1244806.20000000,8160396.20000000),(131,17,NULL,NULL,NULL,'Fournir et pose d&#39;un isolant phonique &agrave; l&#39;interieur de la cloison (m2).',NULL,'TVA',18.000,0.000,'1',0.000,'0',22,0,0,70000,70000.00000000,1540000.00000000,277200.00000000,0.00000000,0.00000000,1817200.00000000,0,NULL,NULL,0,50000.00000000,NULL,0,2,NULL,1,'GNF',70000.00000000,1540000.00000000,277200.00000000,1817200.00000000),(132,12,NULL,NULL,NULL,'<u><strong>CLOISONNEMENT + PLAFOND DATA CENTER ET SALLE ENERGIE (m2) :</strong></u><br />\r\n* Fourniture et installation des armatures m&eacute;tallique 48mm pour le cloisonnement des diff&egrave;rents espaces.<br />\r\n* Fourniture et r&eacute;alisation des cloisons en plaque de pl&acirc;tre BA13 Ignifug&eacute;, double peau de chaque c&ocirc;t&eacute; permettant un coupe feu de 1H.<br />\r\n* Fourniture et r&eacute;alisation des enduits de finition et des pon&ccedil;age.',NULL,'TVA',18.000,0.000,'1',0.000,'0',315,0,0,435000,435000.00000000,137025000.00000000,24664500.00000000,0.00000000,0.00000000,161689500.00000000,0,NULL,NULL,0,250000.00000000,NULL,0,6,NULL,1,'GNF',435000.00000000,137025000.00000000,24664500.00000000,161689500.00000000),(133,12,NULL,NULL,NULL,'<u><strong>MENUISERIE (unit&eacute;) :</strong></u><br />\r\n* Fourniture et installation d&#39;une porte coupe-feu 1H.',NULL,'TVA',18.000,0.000,'1',0.000,'0',2,0,0,46068750,46068750.00000000,92137500.00000000,16584750.00000000,0.00000000,0.00000000,108722250.00000000,0,NULL,NULL,0,35437500.00000000,NULL,0,15,NULL,1,'GNF',46068750.00000000,92137500.00000000,16584750.00000000,108722250.00000000),(134,12,NULL,NULL,NULL,'<u><strong>FAUX PLANCHER (m2) :</strong></u><br />\r\n* Fourniture et installation d&quot;un faux-plancher d&#39;une hauteur de 40cm dans la salle du DATA CENTER.',NULL,'TVA',18.000,0.000,'1',0.000,'0',9,0,0,1170000,1170000.00000000,10530000.00000000,1895400.00000000,0.00000000,0.00000000,12425400.00000000,0,NULL,NULL,0,900000.00000000,NULL,0,12,NULL,1,'GNF',1170000.00000000,10530000.00000000,1895400.00000000,12425400.00000000),(138,18,NULL,NULL,NULL,'<u><strong>DETECTION INCENDIE ZONE BUREAU (ensemble) :</strong></u><br />\r\n* 21 D&eacute;tecteurs optiques Type PL32020S<br />\r\n* 3 D&eacute;clencheurs manuels Type DM 3202<br />\r\n* 2 Diffuseurs sonores et lumineux Type SOLISTA<br />\r\n* 5 Diffuseurs sonores type DS Type ROLP-R<br />\r\nRaccordement - Programmation - Adressage - Essais - Formation.<br />\r\nR&eacute;alisation d&#39;un dossier d&#39;identit&eacute; avec plan d&#39;implantation.',NULL,'TVA',18.000,0.000,'1',0.000,'0',1,0,0,NULL,167353200.00000000,167353200.00000000,30123576.00000000,0.00000000,0.00000000,197476776.00000000,0,NULL,NULL,0,139461000.00000000,NULL,0,1,NULL,1,'GNF',167353200.00000000,167353200.00000000,30123576.00000000,197476776.00000000),(139,18,NULL,NULL,NULL,'<u><strong>VIDEO - SURVEILLANCE (ensemble) :</strong></u><br />\r\n* 1 Enregistreur num&eacute;rique jusqu&#39;&agrave; 2MO pour 4 cam&eacute;ras DVR16CH 1TB RAW-Dual HDMI&amp;VGA<br />\r\n* 2 Disques dur SATA 3TO<br />\r\n* 4 Cam&eacute;ras Int&eacute;rieures Type AHD CCTV IR Full HD<br />\r\n* 1 Ecran Vid&eacute;o informatique 22&quot; TFT Plat<br />\r\nProgrammation - Essais - Pose&amp;Installation - Formation.',NULL,'TVA',18.000,0.000,'1',0.000,'0',1,0,0,NULL,69300000.00000000,69300000.00000000,12474000.00000000,0.00000000,0.00000000,81774000.00000000,0,NULL,NULL,0,57750000.00000000,NULL,0,2,NULL,1,'GNF',69300000.00000000,69300000.00000000,12474000.00000000,81774000.00000000),(140,18,NULL,NULL,NULL,'<u><strong>CONTROLE D&#39;ACCES (ensemble) :</strong></u><br />\r\n* 1 Centrale de gestion contr&ocirc;le d&#39;acc&egrave;s avec lecteur de proximit&eacute; int&eacute;gr&eacute; Type CENTAUR CRT 3000L<br />\r\n* 3 Lecteurs de proximit&eacute; Anti-Vandale avec interface pour ELA<br />\r\n* 1 Logiciel de gestion de centrale Type LOGCT 3000<br />\r\n* 1 Alimentation 12Volts avec batterie en secours pour la centrale<br />\r\n* 3 Alimentation 12Volts pour les ventouses des portes contr&ocirc;l&eacute;es<br />\r\n* 3 D&eacute;clencheurs manuels vert Type &quot;PER 221122&quot;<br />\r\n* 3 Ventouses saillies 300kg avec relais et syst&egrave;me de fixation type ECS8000M<br />\r\n* 3 Boutons d&#39;ouverture de porte avec contact NO/NF Type Mosaic Legrand<br />\r\n* 1 Encodeur USB Type CDVR 125USB pour lecteur programmation des badges sur PC<br />\r\n* 15 Badges proximit&eacute; Type EM4102 Gris<br />\r\nR&eacute;alisation - Programmation - Adressage - Installation -Formation.&nbsp;',NULL,'TVA',18.000,0.000,'1',0.000,'0',1,0,0,NULL,138600000.00000000,138600000.00000000,24948000.00000000,0.00000000,0.00000000,163548000.00000000,0,NULL,NULL,0,115500000.00000000,NULL,0,3,NULL,1,'GNF',138600000.00000000,138600000.00000000,24948000.00000000,163548000.00000000),(141,19,NULL,NULL,NULL,'<u><strong>INSTALLATION DU CHANTIER (forfait) :</strong></u><br />\r\n* Approvisionnement des mat&eacute;riaux.<br />\r\n* Protecteur des sols et des &eacute;l&egrave;ments pr&eacute;sents sur la chantier.',NULL,'TVA',18.000,0.000,'1',0.000,'0',1,0,0,NULL,9000000.00000000,9000000.00000000,1620000.00000000,0.00000000,0.00000000,10620000.00000000,0,NULL,NULL,0,4500000.00000000,NULL,0,1,NULL,1,'GNF',9000000.00000000,9000000.00000000,1620000.00000000,10620000.00000000),(142,19,NULL,NULL,NULL,'<u><strong>DEMOLITION (m2) :</strong></u><br />\r\n* D&eacute;molition des ma&ccedil;onneries et &eacute;vacuations des gravats.<br />\r\n* R&eacute;prise des finitions suite &agrave; la d&eacute;molition.',NULL,'TVA',18.000,0.000,'1',0.000,'0',12,0,0,390000,390000.00000000,4680000.00000000,842400.00000000,0.00000000,0.00000000,5522400.00000000,0,NULL,NULL,0,200000.00000000,NULL,0,2,NULL,1,'GNF',390000.00000000,4680000.00000000,842400.00000000,5522400.00000000),(143,19,NULL,NULL,NULL,'<u><strong>CLOISONNEMENT SALLE ARCHIVE ET MODIFICATION SALLE REUNION (m2) :</strong></u><br />\r\n* Fourniture et installation des armature m&eacute;tallique 48mm pour le cloisonnement des diff&eacute;rents espaces.<br />\r\n* Fourniture et r&eacute;alisation des cloisons en plaque de pl&acirc;tre BA13 (une peau de chaque c&ocirc;t&eacute;).<br />\r\n* Fourniture et r&eacute;alisation des enduits de finition et des pon&ccedil;ages.',NULL,'TVA',18.000,0.000,'1',0.000,'0',17,0,0,NULL,365000.00000000,6205000.00000000,1116900.00000000,0.00000000,0.00000000,7321900.00000000,0,NULL,NULL,0,257120.00000000,NULL,0,3,NULL,1,'GNF',365000.00000000,6205000.00000000,1116900.00000000,7321900.00000000),(144,19,NULL,NULL,NULL,'<u><strong>ISOLANT (m2) :</strong></u><br />\r\n* Fourniture et pose d&#39;une isolation acoustique et thermique, sp&eacute;cifique aux cloisons distributives.',NULL,'TVA',18.000,0.000,'1',0.000,'0',17,0,0,NULL,89500.00000000,1521500.00000000,273870.00000000,0.00000000,0.00000000,1795370.00000000,0,NULL,NULL,0,54123.00000000,NULL,0,4,NULL,1,'GNF',89500.00000000,1521500.00000000,273870.00000000,1795370.00000000),(145,19,NULL,NULL,NULL,'<u><strong>PEINTURE (m2) :</strong></u><br />\r\n* Fourniture et application d&#39;un primaire d&#39;accrochage pour plaque de pl&acirc;tre BA13.<br />\r\n* Fourniture et application d&#39;une peinture de finition blanche sur les cloisons de pl&acirc;tre (deux couches).',NULL,'TVA',18.000,0.000,'1',0.000,'0',34,0,0,NULL,34900.00000000,1186600.00000000,213588.00000000,0.00000000,0.00000000,1400188.00000000,0,NULL,NULL,0,19855.00000000,NULL,0,7,NULL,1,'GNF',34900.00000000,1186600.00000000,213588.00000000,1400188.00000000),(146,19,NULL,NULL,NULL,'<u><strong>PEINTURE (m2) :</strong></u><br />\r\n* Fourniture et application d&#39;une peinture de finition blanche sur les murs ma&ccedil;onnerie existantes (deux couches).<br />\r\n* Fourniture et application d&#39;une peinture de finition blanche sur les plafonds (deux couches).',NULL,'TVA',18.000,0.000,'1',0.000,'0',350,0,0,29900,29900.00000000,10465000.00000000,1883700.00000000,0.00000000,0.00000000,12348700.00000000,0,NULL,NULL,0,17900.00000000,NULL,0,8,NULL,1,'GNF',29900.00000000,10465000.00000000,1883700.00000000,12348700.00000000),(147,19,NULL,NULL,NULL,'<u><strong>MENUISERIE (unit&eacute;) :</strong></u><br />\r\n* Fourniture et pose d&#39;une porte aluminium blanc laqu&eacute; 80/200, pour la salle archive<br />\r\nAluminium 12/10&egrave;me, verre 6mm, quincaillerie fournis.',NULL,'TVA',18.000,0.000,'1',0.000,'0',1,0,0,NULL,3500000.00000000,3500000.00000000,630000.00000000,0.00000000,0.00000000,4130000.00000000,0,NULL,NULL,0,2500000.00000000,NULL,0,6,NULL,1,'GNF',3500000.00000000,3500000.00000000,630000.00000000,4130000.00000000),(148,19,NULL,NULL,NULL,'<u><strong>ELECTRICITE (unit&eacute;) :</strong></u><br />\r\n* Fourniture, c&acirc;blage puis branchement d&#39;un r&eacute;seau &eacute;lectrique prises standarts et ondul&eacute;es sous goulotte murale en p&eacute;rifirie des salles de r&eacute;unions et internet caf&eacute;.<br />\r\n(24 postes en raison de 2 prises standarts et 2 prises ondul&eacute;es par poste).',NULL,'TVA',18.000,0.000,'1',0.000,'0',96,0,0,430000,430000.00000000,41280000.00000000,7430400.00000000,0.00000000,0.00000000,48710400.00000000,0,NULL,NULL,0,286000.00000000,NULL,0,11,NULL,1,'GNF',430000.00000000,41280000.00000000,7430400.00000000,48710400.00000000),(149,19,NULL,NULL,NULL,'<u><strong>CARRELAGE (ml) :</strong></u><br />\r\n* Fourniture et pose de plinthes carrelage sur les bas de cloisons r&eacute;alis&eacute;es.',NULL,'TVA',18.000,0.000,'1',0.000,'0',12,0,0,NULL,35000.00000000,420000.00000000,75600.00000000,0.00000000,0.00000000,495600.00000000,0,NULL,NULL,0,10000.00000000,NULL,0,5,NULL,1,'GNF',35000.00000000,420000.00000000,75600.00000000,495600.00000000),(150,19,NULL,NULL,NULL,'<u><strong>ELECTRICITE (ml) :</strong></u><br />\r\n* Fourniture et mise en place du c&acirc;ble &eacute;lectrique de liaison du stabilisateur du 9&egrave;me &eacute;tage au compteur du 3&egrave;me &eacute;tage.<br />\r\nLa section du c&acirc;ble sera d&eacute;fini en rapport &agrave; la charge nominale.',NULL,'TVA',18.000,0.000,'1',0.000,'0',50,0,0,150000,150000.00000000,7500000.00000000,1350000.00000000,0.00000000,0.00000000,8850000.00000000,0,NULL,NULL,0,70000.00000000,NULL,0,9,NULL,1,'GNF',150000.00000000,7500000.00000000,1350000.00000000,8850000.00000000),(153,19,NULL,NULL,NULL,'<u><strong>FIN DE CHANTIER (forfait ) :</strong></u><br />\r\n* Nettoyage complet du chantier.',NULL,'TVA',18.000,0.000,'1',0.000,'0',1,0,0,NULL,3000000.00000000,3000000.00000000,540000.00000000,0.00000000,0.00000000,3540000.00000000,0,NULL,NULL,0,1000000.00000000,NULL,0,14,NULL,1,'GNF',3000000.00000000,3000000.00000000,540000.00000000,3540000.00000000),(160,20,NULL,NULL,NULL,'Panneau de Brassage 48 ports CAT6',NULL,'HT',0.000,0.000,'0',0.000,'0',3,0,0,5850000,5850000.00000000,17550000.00000000,0.00000000,0.00000000,0.00000000,17550000.00000000,0,NULL,NULL,0,0.00000000,NULL,0,1,NULL,1,'GNF',5850000.00000000,17550000.00000000,0.00000000,17550000.00000000),(161,20,NULL,NULL,NULL,'800m de c&acirc;ble UTP Cat 6e',NULL,'HT',0.000,0.000,'0',0.000,'0',800,0,0,10125,10125.00000000,8100000.00000000,0.00000000,0.00000000,0.00000000,8100000.00000000,0,NULL,NULL,0,0.00000000,NULL,0,2,NULL,1,'GNF',10125.00000000,8100000.00000000,0.00000000,8100000.00000000),(162,20,NULL,NULL,NULL,'Prise informatique Cat 6',NULL,'HT',0.000,0.000,'0',0.000,'0',116,0,0,101250,101250.00000000,11745000.00000000,0.00000000,0.00000000,0.00000000,11745000.00000000,0,NULL,NULL,0,0.00000000,NULL,0,3,NULL,1,'GNF',101250.00000000,11745000.00000000,0.00000000,11745000.00000000),(163,20,NULL,NULL,NULL,'Boitier encastr&eacute;',NULL,'HT',0.000,0.000,'0',0.000,'0',116,0,0,37800,37800.00000000,4384800.00000000,0.00000000,0.00000000,0.00000000,4384800.00000000,0,NULL,NULL,0,0.00000000,NULL,0,4,NULL,1,'GNF',37800.00000000,4384800.00000000,0.00000000,4384800.00000000),(164,20,NULL,NULL,NULL,'Cordon de brassage 1 m',NULL,'HT',0.000,0.000,'0',0.000,'0',87,0,0,33750,33750.00000000,2936250.00000000,0.00000000,0.00000000,0.00000000,2936250.00000000,0,NULL,NULL,0,0.00000000,NULL,0,5,NULL,1,'GNF',33750.00000000,2936250.00000000,0.00000000,2936250.00000000),(165,20,NULL,NULL,NULL,'Cordon de brassage 3 m',NULL,'HT',0.000,0.000,'0',0.000,'0',87,0,0,49275,49275.00000000,4286925.00000000,0.00000000,0.00000000,0.00000000,4286925.00000000,0,NULL,NULL,0,0.00000000,NULL,0,6,NULL,1,'GNF',49275.00000000,4286925.00000000,0.00000000,4286925.00000000),(167,20,NULL,NULL,NULL,'Fourniture de chemins de cables et accesoires',NULL,'HT',0.000,0.000,'0',0.000,'0',56,0,0,109039,109039.00000000,6106184.00000000,0.00000000,0.00000000,0.00000000,6106184.00000000,0,NULL,NULL,0,0.00000000,NULL,0,7,NULL,1,'GNF',109039.00000000,6106184.00000000,0.00000000,6106184.00000000),(168,20,NULL,NULL,NULL,'Approvisionnement pose de chemin de cable - passage des cables informatiques - raccordement des cables -&nbsp; fourniture d&#39;un boitier de recetage et essaie',NULL,'HT',0.000,0.000,'0',0.000,'0',1,0,0,50750000,50750000.00000000,50750000.00000000,0.00000000,0.00000000,0.00000000,50750000.00000000,0,NULL,NULL,0,0.00000000,NULL,0,8,NULL,1,'GNF',50750000.00000000,50750000.00000000,0.00000000,50750000.00000000),(169,21,NULL,NULL,NULL,'Installation et replie du chantier ( forfait)',NULL,'TVA',18.000,0.000,'1',0.000,'0',1,10,150000,1350000,1500000.00000000,1350000.00000000,243000.00000000,0.00000000,0.00000000,1593000.00000000,0,NULL,NULL,0,0.00000000,NULL,0,1,NULL,1,'GNF',1500000.00000000,1350000.00000000,243000.00000000,1593000.00000000),(170,21,NULL,NULL,NULL,'Decapage des pav&eacute;es&nbsp; m2',NULL,'TVA',18.000,0.000,'1',0.000,'0',100.8,10,2500,22500,25000.00000000,2268000.00000000,408240.00000000,0.00000000,0.00000000,2676240.00000000,0,NULL,NULL,0,0.00000000,NULL,0,2,NULL,1,'GNF',25000.00000000,2268000.00000000,408240.00000000,2676240.00000000),(171,21,NULL,NULL,NULL,'Fouille de 15 cm de profondeur m3',NULL,'TVA',18.000,0.000,'1',0.000,'0',100000,10,1.5,13.5,15.00000000,1350000.00000000,243000.00000000,0.00000000,0.00000000,1593000.00000000,0,NULL,NULL,0,0.00000000,NULL,0,3,NULL,1,'GNF',15.00000000,1350000.00000000,243000.00000000,1593000.00000000),(172,21,NULL,NULL,NULL,'Beton sol arm&eacute; de 10 cm dose &agrave; 350 kg m3',NULL,'TVA',18.000,0.000,'1',0.000,'0',10.08,10,250000,2250000,2500000.00000000,22680000.00000000,4082400.00000000,0.00000000,0.00000000,26762400.00000000,0,NULL,NULL,0,0.00000000,NULL,0,4,NULL,1,'GNF',2500000.00000000,22680000.00000000,4082400.00000000,26762400.00000000),(173,21,NULL,NULL,NULL,'Pose des pav&eacute;es m2',NULL,'TVA',18.000,0.000,'1',0.000,'0',100.8,10,8000,72000,80000.00000000,7257600.00000000,1306368.00000000,0.00000000,0.00000000,8563968.00000000,0,NULL,NULL,0,0.00000000,NULL,0,5,NULL,1,'GNF',80000.00000000,7257600.00000000,1306368.00000000,8563968.00000000),(174,21,NULL,NULL,NULL,'Ouverture d&#39;une fen&ecirc;tre de 1,20*1,00 (forfait)',NULL,'TVA',18.000,0.000,'1',0.000,'0',1,10,150000,1350000,1500000.00000000,1350000.00000000,243000.00000000,0.00000000,0.00000000,1593000.00000000,0,NULL,NULL,0,0.00000000,NULL,0,6,NULL,1,'GNF',1500000.00000000,1350000.00000000,243000.00000000,1593000.00000000),(175,21,NULL,NULL,NULL,'Fourniture et pose d&#39;une grille de 1,2m*1,00m',NULL,'TVA',18.000,0.000,'1',0.000,'0',1,10,200000,1800000,2000000.00000000,1800000.00000000,324000.00000000,0.00000000,0.00000000,2124000.00000000,0,NULL,NULL,0,0.00000000,NULL,0,7,NULL,1,'GNF',2000000.00000000,1800000.00000000,324000.00000000,2124000.00000000),(176,24,NULL,NULL,NULL,'<u><strong>UNITE DE CLIMATISATION DE PRECISION :</strong></u><br />\r\n* Puissance froid (totale) : 12KW<br />\r\n* Volume d&#39;air : 3600m3/h<br />\r\n* Poids environ : 140kg<br />\r\n* R&eacute;frig&eacute;rant : R407C<br />\r\n<u><strong>OPTIONS :</strong></u><br />\r\n* Sonde humidit&eacute; ambiante et contr&ocirc;le deshumidification<br />\r\n* Alarme active eau sous le faux plancher<br />\r\n* Alarme fum&eacute;&eacute; / feu<br />\r\n* R&eacute;seau local master-slave',NULL,'TVA',18.000,0.000,'1',0.000,'0',1,0,0,247138750,247138750.00000000,247138750.00000000,44484975.00000000,0.00000000,0.00000000,291623725.00000000,0,NULL,NULL,0,197711000.00000000,NULL,0,1,NULL,1,'GNF',247138750.00000000,247138750.00000000,44484975.00000000,291623725.00000000),(177,24,NULL,NULL,NULL,'<u><strong>MATERIEL D&#39;INSTALLATION :</strong></u><br />\r\n* Cuivre 5/8 (30m)<br />\r\n* Cuivre 3/8 (30m)<br />\r\n* Armaflex (70m)<br />\r\n* C&acirc;ble 3*1.5mm2 (60m)<br />\r\n* Coude 7/8 (18pcs)<br />\r\n* PVC 32 (40m)<br />\r\n* Chemin de c&acirc;ble + fixation (30m)<br />\r\n* Bouteille Gaz R410A (2pcs)<br />\r\n* C&acirc;ble &eacute;lectrique d&#39;alimentation 5*6mm (40m)<br />\r\n* Disjoncteur de protection 32A (1pcs)',NULL,'TVA',18.000,0.000,'1',0.000,'0',1,0,0,38576500,38576500.00000000,38576500.00000000,6943770.00000000,0.00000000,0.00000000,45520270.00000000,0,NULL,NULL,0,19288250.00000000,NULL,0,2,NULL,1,'GNF',38576500.00000000,38576500.00000000,6943770.00000000,45520270.00000000),(178,24,NULL,NULL,NULL,'<u><strong>INTALLATION ET MISE EN SERVICE DES APPAREILS</strong></u>',NULL,'TVA',18.000,0.000,'1',0.000,'0',1,0,0,12500000,12500000.00000000,12500000.00000000,2250000.00000000,0.00000000,0.00000000,14750000.00000000,1,NULL,NULL,0,10000000.00000000,NULL,0,3,NULL,1,'GNF',12500000.00000000,12500000.00000000,2250000.00000000,14750000.00000000),(179,24,NULL,NULL,NULL,'<u><strong>DEPLACEMENT ET MANUTENTION DES EQUIPEMENTS JUSQU&#39;A L&#39;EMPLACEMENT DEFINITIVE&nbsp;</strong></u>',NULL,'TVA',18.000,0.000,'1',0.000,'0',1,0,0,NULL,20000000.00000000,20000000.00000000,3600000.00000000,0.00000000,0.00000000,23600000.00000000,1,NULL,NULL,0,20000000.00000000,NULL,0,4,NULL,1,'GNF',20000000.00000000,20000000.00000000,3600000.00000000,23600000.00000000),(180,24,NULL,NULL,NULL,'<u><strong>INSTALLATION D&#39;UNE CLIMATISATION DE BACK-UP</strong></u><br />\r\nAfin que l&#39;installation soit op&eacute;rationnelle, les travaux se feront en deux phases.<br />\r\n<strong>* PHASE 1 :</strong> Installation de la climatisation de back-up<br />\r\n<strong>* PHASE 2 :</strong> Installation du syst&egrave;me final &agrave; r&eacute;ception des &eacute;quipements<br />\r\n<br />\r\nSplit Mural 24000BTU<br />\r\nT&eacute;l&eacute;commande infra rouge.<br />\r\nTous les accessoires et les frais d&#39;installations.',NULL,'TVA',18.000,0.000,'1',0.000,'0',2,0,0,19800000,19800000.00000000,39600000.00000000,7128000.00000000,0.00000000,0.00000000,46728000.00000000,1,NULL,NULL,0,11974100.00000000,NULL,0,5,NULL,1,'GNF',19800000.00000000,39600000.00000000,7128000.00000000,46728000.00000000),(187,26,NULL,NULL,NULL,'<u><strong>MACONNERIE (m2) :</strong></u><br />\r\n* R&eacute;alisation d&#39;un bar en ma&ccedil;onnerie (brique de 15 + crepissage des deux faces).',NULL,'TVA',18.000,0.000,'1',0.000,'0',2.1,0,0,NULL,400000.00000000,840000.00000000,151200.00000000,0.00000000,0.00000000,991200.00000000,1,NULL,NULL,0,0.00000000,NULL,0,1,NULL,1,'GNF',400000.00000000,840000.00000000,151200.00000000,991200.00000000),(188,26,NULL,NULL,NULL,'<u><strong>PEINTURE MUR (m2) :</strong></u><br />\r\n* Fourniture et application de deux couches de peinture (teinte fonc&eacute;e) + reprise des enduits si n&eacute;cessaire.',NULL,'TVA',18.000,0.000,'1',0.000,'0',84,0,0,NULL,69000.00000000,5796000.00000000,1043280.00000000,0.00000000,0.00000000,6839280.00000000,1,NULL,NULL,0,51000.00000000,NULL,0,2,NULL,1,'GNF',69000.00000000,5796000.00000000,1043280.00000000,6839280.00000000),(189,26,NULL,NULL,NULL,'<u><strong>PEINTURE PLAFOND (m2) :</strong></u><br />\r\n* Fourniture et application de deux couches de peinture (teinte fonc&eacute;e) + reprise des enduits si n&eacute;cessaire.',NULL,'TVA',18.000,0.000,'1',0.000,'0',40,0,0,NULL,75000.00000000,3000000.00000000,540000.00000000,0.00000000,0.00000000,3540000.00000000,1,NULL,NULL,0,0.00000000,NULL,0,3,NULL,1,'GNF',75000.00000000,3000000.00000000,540000.00000000,3540000.00000000),(190,26,NULL,NULL,NULL,'<u><strong>INSTALLATION (forfait) :</strong></u><br />\r\n* Pose de la porte des toilettes.',NULL,'TVA',18.000,0.000,'1',0.000,'0',1,0,0,NULL,500000.00000000,500000.00000000,90000.00000000,0.00000000,0.00000000,590000.00000000,1,NULL,NULL,0,0.00000000,NULL,0,4,NULL,1,'GNF',500000.00000000,500000.00000000,90000.00000000,590000.00000000),(191,26,NULL,NULL,NULL,'<u><strong>ELECTRICITE (forfait) :</strong></u><br />\r\n* Repose des luminaires existants.',NULL,'TVA',18.000,0.000,'1',0.000,'0',1,0,0,NULL,1000000.00000000,1000000.00000000,180000.00000000,0.00000000,0.00000000,1180000.00000000,1,NULL,NULL,0,0.00000000,NULL,0,5,NULL,1,'GNF',1000000.00000000,1000000.00000000,180000.00000000,1180000.00000000),(192,26,NULL,NULL,NULL,'<u><strong>MACONNERIE (forfait) :</strong></u><br />\r\n* R&eacute;alisation d&#39;un plan de travail carrel&eacute;.',NULL,'TVA',18.000,0.000,'1',0.000,'0',1,0,0,2600000,2600000.00000000,2600000.00000000,468000.00000000,0.00000000,0.00000000,3068000.00000000,0,NULL,NULL,0,0.00000000,NULL,0,6,NULL,1,'GNF',2600000.00000000,2600000.00000000,468000.00000000,3068000.00000000),(193,26,NULL,NULL,NULL,'<u><strong>PLOMBERIE (forfait) :</strong></u><br />\r\n* Fourniture et r&eacute;alisation des arriv&eacute;es et &eacute;vacuations d&#39;eau.<br />\r\n* Fourniture et pose d&#39;un &eacute;vier et robinet.',NULL,'TVA',18.000,0.000,'1',0.000,'0',1,0,0,3500000,3500000.00000000,3500000.00000000,630000.00000000,0.00000000,0.00000000,4130000.00000000,0,NULL,NULL,0,0.00000000,NULL,0,7,NULL,1,'GNF',3500000.00000000,3500000.00000000,630000.00000000,4130000.00000000),(194,27,NULL,NULL,NULL,'<p><u><strong>FOURNITURE ET INSTALLATION D&#39;UN VISIOPHONE 1 POSTE AVEC CONTACT D&#39;OUVERTURE DE PORTE :</strong></u><br />\r\n<strong>Caract&egrave;ristiques :</strong><br />\r\nFa&ccedil;ades aimant&eacute;es interchangeables &agrave; volont&eacute; (noire ou blanche). Ouverture depuis la platine de rue avec les badges RFID. Double ouverture portail et serrure depuis l&#39;&eacute;cran int&eacute;rieur. M&eacute;morisation des visiteurs.</p>\r\n\r\n<p>Platine de rue : cam&eacute;ra avec angle de vue de 90&deg;, cam&eacute;ra r&eacute;glable &agrave; la verticale et &agrave; l&rsquo;horizontale, LED infrarouges pour la vision nocturne jusqu&rsquo;&agrave; 1,5m, porte nom avec r&eacute;tro &eacute;clairage. Ecran : &eacute;cran couleur TFT LCD 7&rsquo;&rsquo;, fa&ccedil;ades aimant&eacute;es interchangeables (noire ou blanche), luminosit&eacute; et contraste de l&rsquo;&eacute;cran r&eacute;glable, 7 m&eacute;lodies, volume de la sonnerie r&eacute;glable, volume de la voix r&eacute;glable. Installation : installation de la platine de rue : saillie, distance max platine et &eacute;cran int&eacute;rieur : 100m, 2 fils : 1m &ndash; 100m = 1,5mm2.</p>',NULL,'TVA',18.000,0.000,'1',0.000,'0',1,0,0,6258000,6258000.00000000,6258000.00000000,1126440.00000000,0.00000000,0.00000000,7384440.00000000,0,NULL,NULL,0,2659650.00000000,NULL,0,1,NULL,1,'GNF',6258000.00000000,6258000.00000000,1126440.00000000,7384440.00000000),(195,27,NULL,NULL,NULL,'Transformateur modulaire 12Volts',NULL,'TVA',18.000,0.000,'1',0.000,'0',1,0,0,NULL,1680000.00000000,1680000.00000000,302400.00000000,0.00000000,0.00000000,1982400.00000000,0,NULL,NULL,0,756000.00000000,NULL,0,2,NULL,1,'GNF',1680000.00000000,1680000.00000000,302400.00000000,1982400.00000000),(196,27,NULL,NULL,NULL,'G&acirc;che sp&eacute;cial pour l&#39;ouverture de la porte.',NULL,'TVA',18.000,0.000,'1',0.000,'0',1,0,0,NULL,630000.00000000,630000.00000000,113400.00000000,0.00000000,0.00000000,743400.00000000,0,NULL,NULL,0,267750.00000000,NULL,0,3,NULL,1,'GNF',630000.00000000,630000.00000000,113400.00000000,743400.00000000),(197,27,NULL,NULL,NULL,'Fourniture et r&eacute;alisation du c&acirc;blage &eacute;lectrique pour alimentation.',NULL,'TVA',18.000,0.000,'1',0.000,'0',1,0,0,NULL,400000.00000000,400000.00000000,72000.00000000,0.00000000,0.00000000,472000.00000000,1,NULL,NULL,0,300000.00000000,NULL,0,4,NULL,1,'GNF',400000.00000000,400000.00000000,72000.00000000,472000.00000000),(198,27,NULL,NULL,NULL,'Menuiserie pour pose de la g&acirc;che &eacute;lectrique sur la porte',NULL,'TVA',18.000,0.000,'1',0.000,'0',1,0,0,NULL,1000000.00000000,1000000.00000000,180000.00000000,0.00000000,0.00000000,1180000.00000000,1,NULL,NULL,0,500000.00000000,NULL,0,5,NULL,1,'GNF',1000000.00000000,1000000.00000000,180000.00000000,1180000.00000000),(199,27,NULL,NULL,NULL,'Installation et essaies du syst&egrave;me.',NULL,'TVA',18.000,0.000,'1',0.000,'0',1,0,0,NULL,1000000.00000000,1000000.00000000,180000.00000000,0.00000000,0.00000000,1180000.00000000,1,NULL,NULL,0,500000.00000000,NULL,0,6,NULL,1,'GNF',1000000.00000000,1000000.00000000,180000.00000000,1180000.00000000),(200,19,NULL,NULL,NULL,'<u><strong>ILOT ACOUSTIQUE (unit&eacute;) :</strong></u><br />\r\nFourniture et pose d&#39;&icirc;lots acoustiques (environ 120*120*40) permettant la correction acoustique de la pi&egrave;ce par absorbtion des sons sur les deux faces. Les &icirc;lots permettent d&#39;atteindre un confort acoustique optimal en limitant les ph&eacute;nom&egrave;nes d&#39;&eacute;chos. Un syst&egrave;me d&#39;&eacute;clairage indirect par ruban LED sera install&eacute; sur certaines dalles.<br />\r\n&nbsp;',NULL,'TVA',18.000,0.000,'1',0.000,'0',12,0,0,NULL,3630000.00000000,43560000.00000000,7840800.00000000,0.00000000,0.00000000,51400800.00000000,0,NULL,NULL,0,2660000.00000000,NULL,0,13,NULL,1,'GNF',3630000.00000000,43560000.00000000,7840800.00000000,51400800.00000000),(201,19,NULL,NULL,NULL,'<u><strong>ELECTRICITE (forfait) :</strong></u><br />\r\n* Installation d&#39;un coffret &eacute;quip&eacute; des protections pour les prises ondul&eacute;es (disjoncteur diff&eacute;rentiel 30mA et disjoncteur 20A).',NULL,'TVA',18.000,0.000,'1',0.000,'0',1,0,0,6760000,6760000.00000000,6760000.00000000,1216800.00000000,0.00000000,0.00000000,7976800.00000000,0,NULL,NULL,0,3240000.00000000,NULL,0,10,NULL,1,'GNF',6760000.00000000,6760000.00000000,1216800.00000000,7976800.00000000),(202,19,NULL,NULL,NULL,'<u><strong>CLIMATISATION (unit&eacute;) :</strong></u><br />\r\n* Fourniture et pose d&#39;une climatisation 18000BTU pour la salle internet caf&eacute;.',NULL,'TVA',18.000,0.000,'1',0.000,'0',1,0,0,NULL,9690000.00000000,9690000.00000000,1744200.00000000,0.00000000,0.00000000,11434200.00000000,0,NULL,NULL,0,8000000.00000000,NULL,0,12,NULL,1,'GNF',9690000.00000000,9690000.00000000,1744200.00000000,11434200.00000000),(203,28,NULL,NULL,NULL,'<u><strong>Fourniture et installation d&#39;un surpresseur :</strong></u><br />\r\n* Supresseur complet 05HP.<br />\r\n* Accessoires de pose (vannes d&#39;arr&ecirc;t laiton D32, clapets laiton D32, coudes laitons D32, mamellons galvanis&eacute;s).<br />\r\n* Flotteur m&eacute;canique et ses accessoires.',NULL,'TVA',18.000,0.000,'1',0.000,'0',1,0,0,NULL,2988000.00000000,2988000.00000000,537840.00000000,0.00000000,0.00000000,3525840.00000000,0,NULL,NULL,0,1660000.00000000,NULL,0,1,NULL,1,'GNF',2988000.00000000,2988000.00000000,537840.00000000,3525840.00000000),(204,29,NULL,NULL,NULL,'<u><strong>Montage et installation des meubles notifi&eacute;s ci-dessous (forfait) :</strong></u><br />\r\n* 2 Printer Cabinet.<br />\r\n* 2 Computer Cabinet.<br />\r\n* 7 Paper Box.<br />\r\n* 6 Prontdesk Standart.<br />\r\n* 3 Frontdesk Premium.<br />\r\n* 1 Desk Biom&egrave;tre (170*170).<br />\r\n* 1 Desk Biom&egrave;tre (180*200).<br />\r\n* 2 Photobooth<br />\r\n* 1 R&eacute;ception Desk 160.<br />\r\n* 1 S&eacute;curity Counter.<br />\r\n* 17 meubles Ik&eacute;a.<br />\r\n&nbsp;',NULL,'TVA',18.000,0.000,'1',0.000,'0',1,0,0,9485295,9485295.00000000,9485295.00000000,1707353.10000000,0.00000000,0.00000000,11192648.10000000,1,NULL,NULL,0,6323530.00000000,NULL,0,1,NULL,1,'GNF',9485295.00000000,9485295.00000000,1707353.10000000,11192648.10000000),(205,29,NULL,NULL,NULL,'<u><strong>Installation de store (forfait) :</strong></u><br />\r\n* Montage, installation et r&eacute;glage des stores des fen&ecirc;tres ext&eacute;rieures.',NULL,'TVA',18.000,0.000,'1',0.000,'0',1,0,0,NULL,3000000.00000000,3000000.00000000,540000.00000000,0.00000000,0.00000000,3540000.00000000,1,NULL,NULL,0,1000000.00000000,NULL,0,2,NULL,1,'GNF',3000000.00000000,3000000.00000000,540000.00000000,3540000.00000000),(206,29,NULL,NULL,NULL,'<u><strong>Evacuation des d&eacute;chets et nettoyage apr&egrave;s l&#39;installation.</strong></u>',NULL,'TVA',18.000,0.000,'1',0.000,'0',1,100,0,NULL,1500000.00000000,0.00000000,0.00000000,0.00000000,0.00000000,0.00000000,1,NULL,NULL,0,1000000.00000000,NULL,0,3,NULL,1,'GNF',1500000.00000000,0.00000000,0.00000000,0.00000000),(207,30,NULL,NULL,NULL,'<u><strong>MENUISERIE (unit&eacute;) :</strong></u><br />\r\n* Fourniture et installation de porte aluminium blanc laqu&eacute; 90/200 (traverse centrale).<br />\r\nAluminium 12/10&egrave;me, verre TRIPLEX, &eacute;paisseur cadre 7cm, quincailleries fournis.',NULL,'TVA',18.000,0.000,'1',0.000,'0',6,0,0,4500000,4500000.00000000,27000000.00000000,4860000.00000000,0.00000000,0.00000000,31860000.00000000,0,NULL,NULL,0,3500000.00000000,NULL,0,1,NULL,1,'GNF',4500000.00000000,27000000.00000000,4860000.00000000,31860000.00000000),(210,31,NULL,NULL,NULL,'Barres TR 80/40',NULL,'TVA',18.000,0.000,'1',0.000,'0',35,0,0,377000,377000.00000000,13195000.00000000,2375100.00000000,0.00000000,0.00000000,15570100.00000000,0,NULL,NULL,0,290000.00000000,NULL,0,3,NULL,1,'GNF',377000.00000000,13195000.00000000,2375100.00000000,15570100.00000000),(211,31,NULL,NULL,NULL,'Barres TC 40*40',NULL,'TVA',18.000,0.000,'1',0.000,'0',90,0,0,169000,169000.00000000,15210000.00000000,2737800.00000000,0.00000000,0.00000000,17947800.00000000,0,NULL,NULL,0,130000.00000000,NULL,0,4,NULL,1,'GNF',169000.00000000,15210000.00000000,2737800.00000000,17947800.00000000),(212,31,NULL,NULL,NULL,'Barre de fer plat 30*8',NULL,'TVA',18.000,0.000,'1',0.000,'0',690,0,0,182000,182000.00000000,125580000.00000000,22604400.00000000,0.00000000,0.00000000,148184400.00000000,0,NULL,NULL,0,140000.00000000,NULL,0,5,NULL,1,'GNF',182000.00000000,125580000.00000000,22604400.00000000,148184400.00000000),(213,31,NULL,NULL,NULL,'Carton de baguette',NULL,'TVA',18.000,0.000,'1',0.000,'0',2,0,0,520000,520000.00000000,1040000.00000000,187200.00000000,0.00000000,0.00000000,1227200.00000000,0,NULL,NULL,0,400000.00000000,NULL,0,6,NULL,1,'GNF',520000.00000000,1040000.00000000,187200.00000000,1227200.00000000),(214,31,NULL,NULL,NULL,'Bidon de peinture',NULL,'TVA',18.000,0.000,'1',0.000,'0',1,0,0,780000,780000.00000000,780000.00000000,140400.00000000,0.00000000,0.00000000,920400.00000000,0,NULL,NULL,0,600000.00000000,NULL,0,7,NULL,1,'GNF',780000.00000000,780000.00000000,140400.00000000,920400.00000000),(215,31,NULL,NULL,NULL,'Disque &agrave; couper',NULL,'TVA',18.000,0.000,'1',0.000,'0',50,0,0,19500,19500.00000000,975000.00000000,175500.00000000,0.00000000,0.00000000,1150500.00000000,0,NULL,NULL,0,15000.00000000,NULL,0,8,NULL,1,'GNF',19500.00000000,975000.00000000,175500.00000000,1150500.00000000),(216,31,NULL,NULL,NULL,'Transport',NULL,'TVA',18.000,0.000,'1',0.000,'0',1,0,0,NULL,390000.00000000,390000.00000000,70200.00000000,0.00000000,0.00000000,460200.00000000,0,NULL,NULL,0,300000.00000000,NULL,0,11,NULL,1,'GNF',390000.00000000,390000.00000000,70200.00000000,460200.00000000),(217,31,NULL,NULL,NULL,'Main d&#39;oeuvre',NULL,'TVA',18.000,0.000,'1',0.000,'0',1,0,0,NULL,19500000.00000000,19500000.00000000,3510000.00000000,0.00000000,0.00000000,23010000.00000000,0,NULL,NULL,0,15000000.00000000,NULL,0,12,NULL,1,'GNF',19500000.00000000,19500000.00000000,3510000.00000000,23010000.00000000),(218,31,NULL,NULL,NULL,'D&eacute;molition des barbelets existants plus &eacute;vacuation',NULL,'TVA',18.000,0.000,'1',0.000,'0',1,0,0,20000000,20000000.00000000,20000000.00000000,3600000.00000000,0.00000000,0.00000000,23600000.00000000,1,NULL,NULL,0,10000000.00000000,NULL,0,2,NULL,1,'GNF',20000000.00000000,20000000.00000000,3600000.00000000,23600000.00000000),(219,31,NULL,NULL,NULL,'Travaux de ma&ccedil;onnerie pour fixation des barri&egrave;res',NULL,'TVA',18.000,0.000,'1',0.000,'0',1,0,0,NULL,35000000.00000000,35000000.00000000,6300000.00000000,0.00000000,0.00000000,41300000.00000000,0,NULL,NULL,0,20000000.00000000,NULL,0,9,NULL,1,'GNF',35000000.00000000,35000000.00000000,6300000.00000000,41300000.00000000),(220,31,NULL,NULL,NULL,'Nettoyage du chantier',NULL,'TVA',18.000,0.000,'1',0.000,'0',1,0,0,NULL,5000000.00000000,5000000.00000000,900000.00000000,0.00000000,0.00000000,5900000.00000000,1,NULL,NULL,0,2500000.00000000,NULL,0,13,NULL,1,'GNF',5000000.00000000,5000000.00000000,900000.00000000,5900000.00000000),(222,31,NULL,NULL,NULL,'Reprise des fissures + fourniture et application d&#39;une peinture speciale exterieures en deux couches (m2)',NULL,'TVA',18.000,0.000,'1',0.000,'0',875,0,0,42900,42900.00000000,37537500.00000000,6756750.00000000,0.00000000,0.00000000,44294250.00000000,0,NULL,NULL,0,0.00000000,NULL,0,10,NULL,1,'GNF',42900.00000000,37537500.00000000,6756750.00000000,44294250.00000000),(223,31,NULL,NULL,NULL,'Location d&#39;un echaffaudage pour intervention',NULL,'TVA',18.000,0.000,'1',0.000,'0',1,0,0,5000000,5000000.00000000,5000000.00000000,900000.00000000,0.00000000,0.00000000,5900000.00000000,1,NULL,NULL,0,0.00000000,NULL,0,1,NULL,1,'GNF',5000000.00000000,5000000.00000000,900000.00000000,5900000.00000000),(224,33,NULL,NULL,NULL,'<strong>* Vente de mobilier de bureau</strong>, (voir liste ci-jointe).',NULL,'HT',0.000,0.000,'0',0.000,'0',1,3,19682306.31,636394570.69,656076877.00000000,636394570.69000000,0.00000000,0.00000000,0.00000000,636394570.69000000,0,NULL,NULL,0,459900000.00000000,NULL,0,1,NULL,1,'GNF',656076877.00000000,636394570.69000000,0.00000000,636394570.69000000),(225,33,NULL,NULL,NULL,'<strong>* Frais de transport de l&#39;usine au Port de Conakry.</strong>',NULL,'HT',0.000,0.000,'0',0.000,'0',1,0,0,38420200,38420200.00000000,38420200.00000000,0.00000000,0.00000000,0.00000000,38420200.00000000,1,NULL,NULL,0,0.00000000,NULL,0,2,NULL,1,'GNF',38420200.00000000,38420200.00000000,0.00000000,38420200.00000000),(226,33,NULL,NULL,NULL,'<strong>* Livraison du Port au Site de Webb Fontaine.<br />\r\n* D&eacute;chargement du container.<br />\r\n* Montage et installation du mobilier.</strong><br />\r\n<u><em>Le d&eacute;douanement est &agrave; la charge du client.</em></u>',NULL,'HT',0.000,0.000,'0',0.000,'0',1,0,0,21110000,21110000.00000000,21110000.00000000,0.00000000,0.00000000,0.00000000,21110000.00000000,1,NULL,NULL,0,0.00000000,NULL,0,3,NULL,1,'GNF',21110000.00000000,21110000.00000000,0.00000000,21110000.00000000),(227,34,NULL,NULL,NULL,'Fourniture de pied d&#39;Alpinia (unit&eacute;).',NULL,'TVA',18.000,0.000,'1',0.000,'0',15,0,0,20000,20000.00000000,300000.00000000,54000.00000000,0.00000000,0.00000000,354000.00000000,0,NULL,NULL,0,15000.00000000,NULL,0,1,NULL,1,'GNF',20000.00000000,300000.00000000,54000.00000000,354000.00000000),(228,34,NULL,NULL,NULL,'Fourniture de pied d&#39;Ibiscus (unit&eacute;).',NULL,'TVA',18.000,0.000,'1',0.000,'0',15,0,0,20000,20000.00000000,300000.00000000,54000.00000000,0.00000000,0.00000000,354000.00000000,0,NULL,NULL,0,15000.00000000,NULL,0,2,NULL,1,'GNF',20000.00000000,300000.00000000,54000.00000000,354000.00000000),(229,34,NULL,NULL,NULL,'Fourniture de pied deBouganvier Multi-couleurs (unit&eacute;).',NULL,'TVA',18.000,0.000,'1',0.000,'0',100,0,0,NULL,9000.00000000,900000.00000000,162000.00000000,0.00000000,0.00000000,1062000.00000000,0,NULL,NULL,0,7500.00000000,NULL,0,3,NULL,1,'GNF',9000.00000000,900000.00000000,162000.00000000,1062000.00000000),(230,34,NULL,NULL,NULL,'Fourniture de pied pour haie isolante mixte (unit&eacute;).',NULL,'TVA',18.000,0.000,'1',0.000,'0',60,0,0,8000,8000.00000000,480000.00000000,86400.00000000,0.00000000,0.00000000,566400.00000000,0,NULL,NULL,0,5000.00000000,NULL,0,4,NULL,1,'GNF',8000.00000000,480000.00000000,86400.00000000,566400.00000000),(231,34,NULL,NULL,NULL,'Fourniture de pied de Troton du Bresil (unit&eacute;)',NULL,'TVA',18.000,0.000,'1',0.000,'0',15,0,0,28000,28000.00000000,420000.00000000,75600.00000000,0.00000000,0.00000000,495600.00000000,0,NULL,NULL,0,20000.00000000,NULL,0,5,NULL,1,'GNF',28000.00000000,420000.00000000,75600.00000000,495600.00000000),(232,34,NULL,NULL,NULL,'Fourniture de Gason au sac (unit&eacute;).',NULL,'TVA',18.000,0.000,'1',0.000,'0',35,0,0,88000,88000.00000000,3080000.00000000,554400.00000000,0.00000000,0.00000000,3634400.00000000,0,NULL,NULL,0,80000.00000000,NULL,0,6,NULL,1,'GNF',88000.00000000,3080000.00000000,554400.00000000,3634400.00000000),(233,34,NULL,NULL,NULL,'Fourniture de terre v&eacute;g&eacute;tale noire (m3).',NULL,'TVA',18.000,0.000,'1',0.000,'0',8,0,0,235000,235000.00000000,1880000.00000000,338400.00000000,0.00000000,0.00000000,2218400.00000000,0,NULL,NULL,0,187500.00000000,NULL,0,7,NULL,1,'GNF',235000.00000000,1880000.00000000,338400.00000000,2218400.00000000),(234,34,NULL,NULL,NULL,'Livraison - Main d&#39;oeuvre - Am&eacute;nagement - Nettoyage du chantier',NULL,'TVA',18.000,0.000,'1',0.000,'0',1,0,0,NULL,2400000.00000000,2400000.00000000,432000.00000000,0.00000000,0.00000000,2832000.00000000,1,NULL,NULL,0,2000000.00000000,NULL,0,8,NULL,1,'GNF',2400000.00000000,2400000.00000000,432000.00000000,2832000.00000000),(235,34,NULL,NULL,NULL,'Fourniture et livraison de granit (m3).<br />\r\n<em>&quot;Le tarif de livraison peut vari&eacute; en fonction de la quantit&eacute; au ratio du camion&quot;</em>',NULL,'TVA',18.000,0.000,'1',0.000,'0',1,0,0,NULL,420000.00000000,420000.00000000,75600.00000000,0.00000000,0.00000000,495600.00000000,0,NULL,NULL,0,300000.00000000,NULL,0,9,NULL,1,'GNF',420000.00000000,420000.00000000,75600.00000000,495600.00000000),(237,35,NULL,NULL,NULL,'<u><strong>CONTROLE D&#39;ACCES (unit&eacute;) :</strong></u><br />\r\n* Installation des syst&egrave;mes de contr&ocirc;le d&#39;acc&egrave;s, param&egrave;trage et formation.',NULL,'TVA',18.000,0.000,'1',0.000,'0',12,20,379999.8,1519999.2,1899999.00000000,18239990.40000000,3283198.27000000,0.00000000,0.00000000,21523188.67000000,0,NULL,NULL,0,1150000.00000000,NULL,0,1,NULL,1,'GNF',1899999.00000000,18239990.40000000,3283198.27000000,21523188.67000000),(238,35,NULL,NULL,NULL,'<u><strong>ACCESOIRE POUR LE CONTR&Ocirc;LE D&#39;ACCES (ensemble) :</strong></u><br />\r\n* C&acirc;ble &eacute;lectrique NEXANS 3*2.5mm2.<br />\r\n* C&acirc;ble FTP cat&eacute;gorie 6 blind&eacute;.<br />\r\n* Gaine flexible diam&egrave;tre 25mm.',NULL,'TVA',18.000,0.000,'1',0.000,'0',1,5,221400,4206600,4428000.00000000,4206600.00000000,757188.00000000,0.00000000,0.00000000,4963788.00000000,0,NULL,NULL,0,4630000.00000000,NULL,0,2,NULL,1,'GNF',4428000.00000000,4206600.00000000,757188.00000000,4963788.00000000),(239,36,NULL,NULL,NULL,'<u><strong>FAUX-PLAFOND (420m2) :</strong></u><br />\r\n* R&eacute;alisation de la d&eacute;pose du faux-plafond existant pour intervention des travaux.<br />\r\n* Repose du faux-plafond avec toutes les modifications engeandr&eacute;es par les travaux d&#39;am&eacute;nagement r&eacute;alis&eacute;s.&nbsp;',NULL,'TVA',18.000,0.000,'1',0.000,'0',420,25,25000,75000,100000.00000000,31500000.00000000,5670000.00000000,0.00000000,0.00000000,37170000.00000000,1,NULL,NULL,0,70000.00000000,NULL,0,1,NULL,1,'GNF',100000.00000000,31500000.00000000,5670000.00000000,37170000.00000000),(240,37,NULL,NULL,NULL,'<u><strong>MENUISERIE (unit&eacute;) :</strong></u><br />\r\n* D&eacute;pose des portes d&#39;entr&eacute;es en bois existantes.<br />\r\n* Reprise des ma&ccedil;onneries de finitions et mise d&#39;aplomb pour pose des nouvelles portes.',NULL,'TVA',18.000,0.000,'1',0.000,'0',2,40,280000,420000,700000.00000000,840000.00000000,151200.00000000,0.00000000,0.00000000,991200.00000000,1,NULL,NULL,0,0.00000000,NULL,0,1,NULL,1,'GNF',700000.00000000,840000.00000000,151200.00000000,991200.00000000),(241,37,NULL,NULL,NULL,'<u><strong>MENUISERIE (unit&eacute;) :</strong></u><br />\r\n* Fourniture et pose de porte en verre s&eacute;curite 10mm, dimensions 210/90.<br />\r\n* Syst&egrave;me d&#39;ouverture interieure/exterieure avec verrous haut et bas.<br />\r\n* Poignet fournis.',NULL,'TVA',18.000,0.000,'1',0.000,'0',3,10,1900000,17100000,19000000.00000000,51300000.00000000,9234000.00000000,0.00000000,0.00000000,60534000.00000000,0,NULL,NULL,0,7500000.00000000,NULL,0,2,NULL,1,'GNF',19000000.00000000,51300000.00000000,9234000.00000000,60534000.00000000),(242,27,NULL,NULL,NULL,'<u><strong>MENUISERIE :</strong></u><br />\r\n* Fourniture et pose d&#39;une porte s&eacute;curit&eacute; couleur bois.<br />\r\n* Travaux d&#39;am&eacute;nagement et de finition pour pose de la porte.',NULL,'TVA',18.000,0.000,'1',0.000,'0',1,0,0,22000000,22000000.00000000,22000000.00000000,3960000.00000000,0.00000000,0.00000000,25960000.00000000,0,NULL,NULL,0,0.00000000,NULL,0,7,NULL,1,'GNF',22000000.00000000,22000000.00000000,3960000.00000000,25960000.00000000),(247,38,NULL,NULL,NULL,'<u><strong>INSTALLATION D&#39;UNE CLIMATISATION DE BACK-UP</strong></u><br />\r\nAfin que l&#39;installation soit op&eacute;rationnelle, les travaux se feront en deux phases.<br />\r\n<strong>* PHASE 1 :</strong> Installation de la climatisation de back-up<br />\r\n<strong>* PHASE 2 :</strong> Installation du syst&egrave;me final &agrave; r&eacute;ception des &eacute;quipements<br />\r\n<br />\r\nSplit Mural 24000BTU<br />\r\nT&eacute;l&eacute;commande infra rouge.<br />\r\nTous les accessoires et les frais d&#39;installations.',NULL,'TVA',18.000,0.000,'1',0.000,'0',2,0,0,NULL,19800000.00000000,39600000.00000000,7128000.00000000,0.00000000,0.00000000,46728000.00000000,1,NULL,NULL,0,11974100.00000000,NULL,0,1,NULL,1,'GNF',19800000.00000000,39600000.00000000,7128000.00000000,46728000.00000000),(249,39,NULL,NULL,NULL,'<u><strong>PLAFOND (m2) :</strong></u><br />\r\n* Fourniture et pose d&#39;un plafond en placopl&acirc;tre BA13.<br />\r\n* Installation des points de fixations et des fourrures.<br />\r\n* Poses des plaques et r&eacute;alisation des enduits.<br />\r\n* Pon&ccedil;age des enduits afin d&#39;optenir une surface pr&ecirc;te &agrave; peindre.',NULL,'TVA',18.000,0.000,'1',0.000,'0',500,0,0,329000,329000.00000000,164500000.00000000,29610000.00000000,0.00000000,0.00000000,194110000.00000000,0,NULL,NULL,0,120000.00000000,NULL,0,1,NULL,1,'GNF',329000.00000000,164500000.00000000,29610000.00000000,194110000.00000000),(250,39,NULL,NULL,NULL,'<u><strong>PLAFOND (m2) :</strong></u><br />\r\n* Fourniture et pose d&#39;un plafond en placopl&acirc;tre BA13 sur stucture d&eacute;j&agrave; &eacute;xistante.<br />\r\n* Pose des plaques et r&eacute;alisations des enduits.<br />\r\n* Pon&ccedil;age des enduits afin d&#39;optenir une surface pr&ecirc;te &agrave; peindre.',NULL,'TVA',18.000,0.000,'1',0.000,'0',100,0,0,279000,279000.00000000,27900000.00000000,5022000.00000000,0.00000000,0.00000000,32922000.00000000,0,NULL,NULL,0,90000.00000000,NULL,0,2,NULL,1,'GNF',279000.00000000,27900000.00000000,5022000.00000000,32922000.00000000),(251,40,NULL,NULL,NULL,'<strong><u>CLIMATISATION :</u></strong><br />\r\n* Fourniture et installation d&#39;une climatisation en colonne 50 000 BTU.',NULL,'TVA',18.000,0.000,'1',0.000,'0',1,0,0,NULL,24000000.00000000,24000000.00000000,4320000.00000000,0.00000000,0.00000000,28320000.00000000,0,NULL,NULL,0,16000000.00000000,NULL,0,2,NULL,1,'GNF',24000000.00000000,24000000.00000000,4320000.00000000,28320000.00000000),(252,40,NULL,NULL,NULL,'<u><strong>PLAFOND (m2) :</strong></u><br />\r\n* Fouriture et pose d&#39;un plafond en BA13 Hydrofug&eacute;.<br />\r\n* Installation d&#39;une structure primaire m&eacute;tallique.<br />\r\n* Fixation des plaques de placopl&acirc;tre BA13.<br />\r\n* R&eacute;alisation des enduits et pon&ccedil;age de ceux-ci pour optenir une surface pr&ecirc;te &agrave; peindre.',NULL,'TVA',18.000,0.000,'1',0.000,'0',50,0,0,245000,245000.00000000,12250000.00000000,2205000.00000000,0.00000000,0.00000000,14455000.00000000,0,NULL,NULL,0,120000.00000000,NULL,0,3,NULL,1,'GNF',245000.00000000,12250000.00000000,2205000.00000000,14455000.00000000),(253,40,NULL,NULL,NULL,'<u><strong>CLOISONNEMENT (m2) :</strong></u><br />\r\n* Fourniture et pose d&#39;une contrecloison en BA13 Hydrofug&eacute;.<br />\r\n* Installation d&#39;une structure primaire m&eacute;tallique.<br />\r\n* Fixation des plaques de placopl&acirc;tre BA13.<br />\r\n* R&eacute;alisation des enduits et pon&ccedil;age de ceux-ci pour optenir une surface pr&ecirc;te &agrave; peindre.<br />\r\n* Reprise des parties &eacute;lectriques pour adaptation &agrave; la contre-cloison.',NULL,'TVA',18.000,0.000,'1',0.000,'0',100,0,0,289000,289000.00000000,28900000.00000000,5202000.00000000,0.00000000,0.00000000,34102000.00000000,0,NULL,NULL,0,142000.00000000,NULL,0,4,NULL,1,'GNF',289000.00000000,28900000.00000000,5202000.00000000,34102000.00000000),(254,40,NULL,NULL,NULL,'<u><strong>ISOLATION (m2) :</strong></u><br />\r\n* Fourniture et pose d&#39;un isolant thermique dans les murs et plafond.<br />\r\n&nbsp;',NULL,'TVA',18.000,0.000,'1',0.000,'0',150,0,0,NULL,109000.00000000,16350000.00000000,2943000.00000000,0.00000000,0.00000000,19293000.00000000,0,NULL,NULL,0,75000.00000000,NULL,0,5,NULL,1,'GNF',109000.00000000,16350000.00000000,2943000.00000000,19293000.00000000),(255,40,NULL,NULL,NULL,'<u><strong>MANUTENTION :</strong></u><br />\r\nLivraison et manutention des mat&eacute;riaux sur site.',NULL,'TVA',18.000,0.000,'1',0.000,'0',1,0,0,NULL,8000000.00000000,8000000.00000000,1440000.00000000,0.00000000,0.00000000,9440000.00000000,1,NULL,NULL,0,4000000.00000000,NULL,0,1,NULL,1,'GNF',8000000.00000000,8000000.00000000,1440000.00000000,9440000.00000000),(256,40,NULL,NULL,NULL,'<u><strong>NETTOYAGE :</strong></u><br />\r\nNettoyage du chantier et &eacute;vacuation des gravats.',NULL,'TVA',18.000,0.000,'1',0.000,'0',1,0,0,NULL,3000000.00000000,3000000.00000000,540000.00000000,0.00000000,0.00000000,3540000.00000000,1,NULL,NULL,0,1500000.00000000,NULL,0,6,NULL,1,'GNF',3000000.00000000,3000000.00000000,540000.00000000,3540000.00000000),(257,41,NULL,NULL,NULL,'<u><strong>REVETEMENT SOL (m2) :</strong></u><br />\r\n* Fourniture et pose d&#39;un parquet stratifi&eacute; flottant dans la salle de r&eacute;union du 3&egrave;me &eacute;tage.<br />\r\n* Fourniture et pose d&#39;un polyane mattelass&eacute; sous le parquet, am&eacute;liorant les performence accoustique et hydrom&eacute;trique.&nbsp;',NULL,'TVA',18.000,0.000,'1',0.000,'0',60,0,0,NULL,357000.00000000,21420000.00000000,3855600.00000000,0.00000000,0.00000000,25275600.00000000,0,NULL,NULL,0,255000.00000000,NULL,0,1,NULL,1,'GNF',357000.00000000,21420000.00000000,3855600.00000000,25275600.00000000),(258,41,NULL,NULL,NULL,'<u><strong>FINITION (ml) :</strong></u><br />\r\n* Fourniture et pose d&#39;un quart de rond en bois, entre le parquet et la plinthe existante.',NULL,'TVA',18.000,0.000,'1',0.000,'0',32,0,0,120000,120000.00000000,3840000.00000000,691200.00000000,0.00000000,0.00000000,4531200.00000000,0,NULL,NULL,0,80000.00000000,NULL,0,2,NULL,1,'GNF',120000.00000000,3840000.00000000,691200.00000000,4531200.00000000),(259,42,NULL,NULL,NULL,'<u><strong>PLAFOND (m2) :</strong></u><br />\r\n* Fourniture et application d&#39;une peinture en deux couches sur tous les plafonds.<br />\r\n* Protection des &eacute;quipements actuels.',NULL,'TVA',18.000,0.000,'1',0.000,'0',360,0,0,NULL,33000.00000000,11880000.00000000,2138400.00000000,0.00000000,0.00000000,14018400.00000000,0,NULL,NULL,0,17000.00000000,NULL,0,1,NULL,1,'GNF',33000.00000000,11880000.00000000,2138400.00000000,14018400.00000000),(260,42,NULL,NULL,NULL,'<u><strong>MURS (m2) :</strong></u><br />\r\n* Reprise des enduits et fissures + pon&ccedil;age afin d&#39;optenir une finition propre.<br />\r\n* Fourniture et application d&#39;une peinture blanche en deux couches.<br />\r\n* Protection des &eacute;quipements actuels.',NULL,'TVA',18.000,0.000,'1',0.000,'0',760,0,0,NULL,39000.00000000,29640000.00000000,5335200.00000000,0.00000000,0.00000000,34975200.00000000,0,NULL,NULL,0,23000.00000000,NULL,0,2,NULL,1,'GNF',39000.00000000,29640000.00000000,5335200.00000000,34975200.00000000),(261,42,NULL,NULL,NULL,'<u><strong>NETTOYAGE (forfait) :</strong></u><br />\r\n* Nettoyage du chantier.',NULL,'TVA',18.000,0.000,'1',0.000,'0',1,0,0,NULL,2500000.00000000,2500000.00000000,450000.00000000,0.00000000,0.00000000,2950000.00000000,1,NULL,NULL,0,2000000.00000000,NULL,0,3,NULL,1,'GNF',2500000.00000000,2500000.00000000,450000.00000000,2950000.00000000),(262,13,NULL,NULL,NULL,'<u><strong>FINITION (ml) :</strong></u><br />\r\n* Fourniture et pose de baguette de finition en PVC sur les parties hautes des cloisons.',NULL,'TVA',18.000,0.000,'1',0.000,'0',48,0,0,NULL,70000.00000000,3360000.00000000,604800.00000000,0.00000000,0.00000000,3964800.00000000,0,NULL,NULL,0,50000.00000000,NULL,0,2,NULL,1,'GNF',70000.00000000,3360000.00000000,604800.00000000,3964800.00000000),(263,43,NULL,NULL,NULL,'<p><u><strong>* Fourniture et pose des stores suivants :</strong></u><br />\r\nCALIFORNIEN A LAMELLES VERTICALES&nbsp;PVC GRIS<br />\r\n4,98 X 1,60<br />\r\n4,50 X 1,60</p>\r\n',NULL,'TVA',18.000,0.000,'1',0.000,'0',1,0,0,NULL,16380000.00000000,16380000.00000000,2948400.00000000,0.00000000,0.00000000,19328400.00000000,0,NULL,NULL,0,7000000.00000000,NULL,0,1,NULL,1,'GNF',16380000.00000000,16380000.00000000,2948400.00000000,19328400.00000000),(264,43,NULL,NULL,NULL,'<u><strong>* Fourniture et pose des stores suivants :</strong></u><br />\r\nCALIFORNIEN A LAMELLES VERTICALES TISSU GRIS CLAIRE\r\n<p>3,50 x 2,50<br />\r\n2,20 x 2,50 (6 unit&eacute;s)<br />\r\n4,94 x 1,50<br />\r\n5,00 x 1,50<br />\r\n2,40 x 1,50<br />\r\n2,50 x 1,50<br />\r\n4,50 x 1,50</p>',NULL,'TVA',18.000,0.000,'1',0.000,'0',1,0,0,48911732,48911732.00000000,48911732.00000000,8804111.76000000,0.00000000,0.00000000,57715843.76000000,0,NULL,NULL,0,28771607.00000000,NULL,0,2,NULL,1,'GNF',48911732.00000000,48911732.00000000,8804111.76000000,57715843.76000000),(265,45,NULL,NULL,NULL,'<u><strong>RENOVATION DES PARTIES BASSES MURALES (m2) :</strong></u><br />\r\n* Fourniture et remplacement des placo-platres par du placo-platre BA13 Hydrofuge sur les arties basses murales, hauteur 1m.<br />\r\n* D&eacute;montage du placo existant, remise en &eacute;tat de la structure m&eacute;tallique puis fixation d&#39;une nouvelle plaque hydrofuge, resitante &agrave; l&#39;humidit&eacute;.<br />\r\n* Fourniture et r&eacute;alisation des enduits, pon&ccedil;age afin de rendre le mur pret &agrave; peindre.<br />\r\n&nbsp;',NULL,'TVA',18.000,0.000,'1',0.000,'0',93,0,0,369000,369000.00000000,34317000.00000000,6177060.00000000,0.00000000,0.00000000,40494060.00000000,0,NULL,NULL,0,230000.00000000,NULL,0,1,NULL,1,'GNF',369000.00000000,34317000.00000000,6177060.00000000,40494060.00000000),(266,45,NULL,NULL,NULL,'<u><strong>RENOVATION DES PEINTURES (m2) :</strong></u><br />\r\n* Fourniture de l&#39;enduit pour retouche des parties d&eacute;ffectueuses, puis pon&ccedil;age.<br />\r\n* Application de deux couches de peinture fourni par le client sur les murs et les plafond.<br />\r\n&nbsp;',NULL,'TVA',18.000,0.000,'1',0.000,'0',1010,0,0,39000,39000.00000000,39390000.00000000,7090200.00000000,0.00000000,0.00000000,46480200.00000000,0,NULL,NULL,0,50700.00000000,NULL,0,2,NULL,1,'GNF',39000.00000000,39390000.00000000,7090200.00000000,46480200.00000000),(267,47,NULL,NULL,NULL,'<u><strong>PRESTATION DE NETTOYAGE GENERAL DU CENTRE (1journ&eacute;e) :</strong></u><br />\r\n* Nettoyage de tous les sols (produit sp&eacute;cial parquet fournis par le client).<br />\r\n* Nettoyage des plinthes.<br />\r\n* Nettoyage des parties vitr&eacute;es (portes, baies, fen&ecirc;tres).<br />\r\n* Nettoyage des sanitaires ainsi que de la kitchened.<br />\r\n* D&eacute;poussi&egrave;rage des bureaux si n&eacute;cessaire.',NULL,'TVA',18.000,0.000,'1',0.000,'0',1,0,0,NULL,2900000.00000000,2900000.00000000,522000.00000000,0.00000000,0.00000000,3422000.00000000,1,NULL,NULL,0,2000000.00000000,NULL,0,1,NULL,1,'GNF',2900000.00000000,2900000.00000000,522000.00000000,3422000.00000000),(268,45,NULL,NULL,NULL,'<u><strong>NETTOYAGE (forfait) :</strong></u><br />\r\n* Utilisation de protection lors des diff&egrave;rents travaux.<br />\r\n* Nettoyage &agrave; la fin du chantier.',NULL,'TVA',18.000,0.000,'1',0.000,'0',1,0,0,NULL,6000000.00000000,6000000.00000000,1080000.00000000,0.00000000,0.00000000,7080000.00000000,1,NULL,NULL,0,4000000.00000000,NULL,0,4,NULL,1,'GNF',6000000.00000000,6000000.00000000,1080000.00000000,7080000.00000000),(269,45,NULL,NULL,NULL,'<strong><u>POSES DE PLINTHES (ml) :</u></strong><br />\r\n* Pose de plinthes sur les parties basses r&eacute;nov&eacute;es (plinthe fournis par le client).',NULL,'TVA',18.000,0.000,'1',0.000,'0',93,0,0,NULL,19000.00000000,1767000.00000000,318060.00000000,0.00000000,0.00000000,2085060.00000000,1,NULL,NULL,0,10000.00000000,NULL,0,3,NULL,1,'GNF',19000.00000000,1767000.00000000,318060.00000000,2085060.00000000),(270,48,NULL,NULL,NULL,'<u><strong>Fourniture et pose d&#39;une palissade de chantier (ml) :</strong></u><br />\r\n* Structure en bois avec t&ocirc;les acier.',NULL,'TVA',18.000,0.000,'1',0.000,'0',60,0,0,NULL,119990.00000000,7199400.00000000,1295892.00000000,0.00000000,0.00000000,8495292.00000000,0,NULL,NULL,0,83330.00000000,NULL,0,1,NULL,1,'GNF',119990.00000000,7199400.00000000,1295892.00000000,8495292.00000000),(271,49,NULL,NULL,NULL,'<u><strong>FAUX-PLAFOND SALLE DE FORMATION 3&egrave;me ETAGE (m2) :</strong></u><br />\r\n* Fourniture et pose d&#39;une structure alumunium blanc pour faux-plafond.<br />\r\n* Fourniture et pose de dalle plafond 60/60 en fibre.',NULL,'TVA',18.000,0.000,'1',0.000,'0',50,0,0,275000,275000.00000000,13750000.00000000,2475000.00000000,0.00000000,0.00000000,16225000.00000000,0,NULL,NULL,0,230000.00000000,NULL,0,1,NULL,1,'GNF',275000.00000000,13750000.00000000,2475000.00000000,16225000.00000000);

--
-- Table structure for table `llx_propaldet_extrafields`
--

CREATE TABLE `llx_propaldet_extrafields` (
  `rowid` int(11) NOT NULL AUTO_INCREMENT,
  `tms` timestamp NOT NULL DEFAULT CURRENT_TIMESTAMP ON UPDATE CURRENT_TIMESTAMP,
  `fk_object` int(11) NOT NULL,
  `import_key` varchar(14) COLLATE utf8_unicode_ci DEFAULT NULL,
  PRIMARY KEY (`rowid`),
  KEY `idx_propaldet_extrafields` (`fk_object`)
) ENGINE=InnoDB DEFAULT CHARSET=utf8 COLLATE=utf8_unicode_ci;

--
-- Dumping data for table `llx_propaldet_extrafields`
--


--
-- Table structure for table `llx_resource`
--

CREATE TABLE `llx_resource` (
  `rowid` int(11) NOT NULL AUTO_INCREMENT,
  `entity` int(11) NOT NULL DEFAULT '1',
  `ref` varchar(255) COLLATE utf8_unicode_ci DEFAULT NULL,
  `asset_number` varchar(255) COLLATE utf8_unicode_ci DEFAULT NULL,
  `description` text COLLATE utf8_unicode_ci,
  `fk_code_type_resource` varchar(32) COLLATE utf8_unicode_ci DEFAULT NULL,
  `datec` datetime DEFAULT NULL,
  `date_valid` datetime DEFAULT NULL,
  `fk_user_author` int(11) DEFAULT NULL,
  `fk_user_modif` int(11) DEFAULT NULL,
  `fk_user_valid` int(11) DEFAULT NULL,
  `fk_statut` smallint(6) NOT NULL DEFAULT '0',
  `note_public` text COLLATE utf8_unicode_ci,
  `note_private` text COLLATE utf8_unicode_ci,
  `import_key` varchar(14) COLLATE utf8_unicode_ci DEFAULT NULL,
  `extraparams` varchar(255) COLLATE utf8_unicode_ci DEFAULT NULL,
  `fk_country` int(11) DEFAULT NULL,
  `tms` timestamp NOT NULL DEFAULT CURRENT_TIMESTAMP ON UPDATE CURRENT_TIMESTAMP,
  PRIMARY KEY (`rowid`),
  UNIQUE KEY `uk_resource_ref` (`ref`,`entity`),
  KEY `fk_code_type_resource_idx` (`fk_code_type_resource`),
  KEY `idx_resource_fk_country` (`fk_country`),
  CONSTRAINT `fk_resource_fk_country` FOREIGN KEY (`fk_country`) REFERENCES `llx_c_country` (`rowid`)
) ENGINE=InnoDB DEFAULT CHARSET=utf8 COLLATE=utf8_unicode_ci;

--
-- Dumping data for table `llx_resource`
--


--
-- Table structure for table `llx_resource_extrafields`
--

CREATE TABLE `llx_resource_extrafields` (
  `rowid` int(11) NOT NULL AUTO_INCREMENT,
  `tms` timestamp NOT NULL DEFAULT CURRENT_TIMESTAMP ON UPDATE CURRENT_TIMESTAMP,
  `fk_object` int(11) NOT NULL,
  `import_key` varchar(14) COLLATE utf8_unicode_ci DEFAULT NULL,
  PRIMARY KEY (`rowid`),
  KEY `idx_resource_extrafields` (`fk_object`)
) ENGINE=InnoDB DEFAULT CHARSET=utf8 COLLATE=utf8_unicode_ci;

--
-- Dumping data for table `llx_resource_extrafields`
--


--
-- Table structure for table `llx_rights_def`
--

CREATE TABLE `llx_rights_def` (
  `id` int(11) NOT NULL,
  `libelle` varchar(255) COLLATE utf8_unicode_ci DEFAULT NULL,
  `module` varchar(64) COLLATE utf8_unicode_ci DEFAULT NULL,
  `entity` int(11) NOT NULL DEFAULT '1',
  `perms` varchar(50) COLLATE utf8_unicode_ci DEFAULT NULL,
  `subperms` varchar(50) COLLATE utf8_unicode_ci DEFAULT NULL,
  `type` varchar(1) COLLATE utf8_unicode_ci DEFAULT NULL,
  `bydefault` tinyint(4) DEFAULT '0',
  PRIMARY KEY (`id`,`entity`)
) ENGINE=InnoDB DEFAULT CHARSET=utf8 COLLATE=utf8_unicode_ci;

--
-- Dumping data for table `llx_rights_def`
--

INSERT INTO `llx_rights_def` (`id`, `libelle`, `module`, `entity`, `perms`, `subperms`, `type`, `bydefault`) VALUES (11,'Read invoices','facture',1,'lire',NULL,'a',0),(12,'Create and update invoices','facture',1,'creer',NULL,'a',0),(13,'Devalidate invoices','facture',1,'invoice_advance','unvalidate','a',0),(14,'Validate invoices','facture',1,'invoice_advance','validate','a',0),(15,'Send invoices by email','facture',1,'invoice_advance','send','a',0),(16,'Issue payments on invoices','facture',1,'paiement',NULL,'a',0),(19,'Delete invoices','facture',1,'supprimer',NULL,'a',0),(21,'Read commercial proposals','propale',1,'lire',NULL,'r',0),(22,'Create and update commercial proposals','propale',1,'creer',NULL,'w',0),(24,'Validate commercial proposals','propale',1,'propal_advance','validate','d',0),(25,'Send commercial proposals to customers','propale',1,'propal_advance','send','d',0),(26,'Close commercial proposals','propale',1,'cloturer',NULL,'d',0),(27,'Delete commercial proposals','propale',1,'supprimer',NULL,'d',0),(28,'Exporting commercial proposals and attributes','propale',1,'export',NULL,'r',0),(31,'Read products','produit',1,'lire',NULL,'r',0),(32,'Create/modify products','produit',1,'creer',NULL,'w',0),(34,'Delete products','produit',1,'supprimer',NULL,'d',0),(38,'Export products','produit',1,'export',NULL,'r',0),(41,'Read projects and tasks (shared projects or projects I am contact for). Can also enter time consumed on assigned tasks (timesheet)','projet',1,'lire',NULL,'r',0),(42,'Create/modify projects and tasks (shared projects or projects I am contact for)','projet',1,'creer',NULL,'w',0),(44,'Delete project and tasks (shared projects or projects I am contact for)','projet',1,'supprimer',NULL,'d',0),(45,'Export projects','projet',1,'export',NULL,'d',0),(91,'Lire les charges','tax',1,'charges','lire','r',0),(92,'Creer/modifier les charges','tax',1,'charges','creer','w',0),(93,'Supprimer les charges','tax',1,'charges','supprimer','d',0),(94,'Exporter les charges','tax',1,'charges','export','r',0),(111,'Lire les comptes bancaires','banque',1,'lire',NULL,'r',0),(112,'Creer/modifier montant/supprimer ecriture bancaire','banque',1,'modifier',NULL,'w',0),(113,'Configurer les comptes bancaires (creer, gerer categories)','banque',1,'configurer',NULL,'a',0),(114,'Rapprocher les ecritures bancaires','banque',1,'consolidate',NULL,'w',0),(115,'Exporter transactions et releves','banque',1,'export',NULL,'r',0),(116,'Virements entre comptes','banque',1,'transfer',NULL,'w',0),(117,'Gerer les envois de cheques','banque',1,'cheque',NULL,'w',0),(121,'Read third parties','societe',1,'lire',NULL,'r',0),(122,'Create and update third parties','societe',1,'creer',NULL,'w',0),(125,'Delete third parties','societe',1,'supprimer',NULL,'d',0),(126,'Export third parties','societe',1,'export',NULL,'r',0),(141,'Read all projects and tasks (also private projects I am not contact for)','projet',1,'all','lire','r',0),(142,'Create/modify all projects and tasks (also private projects I am not contact for). Can also enter time consumed on assigned tasks (timesheet)','projet',1,'all','creer','w',0),(144,'Delete all projects and tasks (also private projects I am not contact for)','projet',1,'all','supprimer','d',0),(241,'Lire les categories','categorie',1,'lire',NULL,'r',0),(242,'Creer/modifier les categories','categorie',1,'creer',NULL,'w',0),(243,'Supprimer les categories','categorie',1,'supprimer',NULL,'d',0),(251,'Consulter les autres utilisateurs','user',1,'user','lire','r',0),(252,'Consulter les permissions des autres utilisateurs','user',1,'user_advance','readperms','r',0),(253,'Creer/modifier utilisateurs internes et externes','user',1,'user','creer','w',0),(254,'Creer/modifier utilisateurs externes seulement','user',1,'user_advance','write','w',0),(255,'Modifier le mot de passe des autres utilisateurs','user',1,'user','password','w',0),(256,'Supprimer ou desactiver les autres utilisateurs','user',1,'user','supprimer','d',0),(262,'Read all third parties by internal users (otherwise only if commercial contact). Not effective for external users (limited to themselves).','societe',1,'client','voir','r',0),(281,'Read contacts','societe',1,'contact','lire','r',0),(282,'Create and update contact','societe',1,'contact','creer','w',0),(283,'Delete contacts','societe',1,'contact','supprimer','d',0),(286,'Export contacts','societe',1,'contact','export','d',0),(300,'Read barcodes','barcode',1,'lire_advance',NULL,'r',1),(301,'Create/modify barcodes','barcode',1,'creer_advance',NULL,'w',0),(341,'Consulter ses propres permissions','user',1,'self_advance','readperms','r',0),(342,'Creer/modifier ses propres infos utilisateur','user',1,'self','creer','w',0),(343,'Modifier son propre mot de passe','user',1,'self','password','w',0),(344,'Modifier ses propres permissions','user',1,'self_advance','writeperms','w',0),(351,'Consulter les groupes','user',1,'group_advance','read','r',0),(352,'Consulter les permissions des groupes','user',1,'group_advance','readperms','r',0),(353,'Creer/modifier les groupes et leurs permissions','user',1,'group_advance','write','w',0),(354,'Supprimer ou desactiver les groupes','user',1,'group_advance','delete','d',0),(358,'Exporter les utilisateurs','user',1,'user','export','r',0),(511,'Read payments of employee salaries','salaries',1,'read',NULL,'r',0),(512,'Create/modify payments of empoyee salaries','salaries',1,'write',NULL,'w',0),(514,'Delete payments of employee salary','salaries',1,'delete',NULL,'d',0),(517,'Export payments of employee salaries','salaries',1,'export',NULL,'r',0),(531,'Read services','service',1,'lire',NULL,'r',0),(532,'Create/modify services','service',1,'creer',NULL,'w',0),(534,'Delete les services','service',1,'supprimer',NULL,'d',0),(538,'Export services','service',1,'export',NULL,'r',0),(1001,'Lire les stocks','stock',1,'lire',NULL,'r',0),(1002,'Creer/Modifier les stocks','stock',1,'creer',NULL,'w',0),(1003,'Supprimer les stocks','stock',1,'supprimer',NULL,'d',0),(1004,'Lire mouvements de stocks','stock',1,'mouvement','lire','r',0),(1005,'Creer/modifier mouvements de stocks','stock',1,'mouvement','creer','w',0),(1121,'Read supplier proposals','supplier_proposal',1,'lire',NULL,'w',0),(1122,'Create/modify supplier proposals','supplier_proposal',1,'creer',NULL,'w',0),(1123,'Validate supplier proposals','supplier_proposal',1,'validate_advance',NULL,'w',0),(1124,'Envoyer les demandes fournisseurs','supplier_proposal',1,'send_advance',NULL,'w',0),(1125,'Delete supplier proposals','supplier_proposal',1,'supprimer',NULL,'w',0),(1126,'Close supplier price requests','supplier_proposal',1,'cloturer',NULL,'w',0),(1181,'Consulter les fournisseurs','fournisseur',1,'lire',NULL,'r',0),(1182,'Consulter les commandes fournisseur','fournisseur',1,'commande','lire','r',0),(1183,'Creer une commande fournisseur','fournisseur',1,'commande','creer','w',0),(1184,'Valider une commande fournisseur','fournisseur',1,'supplier_order_advance','validate','w',0),(1185,'Approuver une commande fournisseur','fournisseur',1,'commande','approuver','w',0),(1186,'Commander une commande fournisseur','fournisseur',1,'commande','commander','w',0),(1187,'Receptionner une commande fournisseur','fournisseur',1,'commande','receptionner','d',0),(1188,'Supprimer une commande fournisseur','fournisseur',1,'commande','supprimer','d',0),(1189,'Check/Uncheck a supplier order reception','fournisseur',1,'commande_advance','check','w',0),(1191,'Exporter les commande fournisseurs, attributs','fournisseur',1,'commande','export','r',0),(1201,'Lire les exports','export',1,'lire',NULL,'r',0),(1202,'Creer/modifier un export','export',1,'creer',NULL,'w',0),(1231,'Consulter les factures fournisseur','fournisseur',1,'facture','lire','r',0),(1232,'Creer une facture fournisseur','fournisseur',1,'facture','creer','w',0),(1233,'Valider une facture fournisseur','fournisseur',1,'supplier_invoice_advance','validate','w',0),(1234,'Supprimer une facture fournisseur','fournisseur',1,'facture','supprimer','d',0),(1235,'Envoyer les factures par mail','fournisseur',1,'supplier_invoice_advance','send','a',0),(1236,'Exporter les factures fournisseurs, attributs et reglements','fournisseur',1,'facture','export','r',0),(1251,'Run mass imports of external data (data load)','import',1,'run',NULL,'r',0),(1321,'Export customer invoices, attributes and payments','facture',1,'facture','export','r',0),(1322,'Re-open a fully paid invoice','facture',1,'invoice_advance','reopen','r',0),(2401,'Read actions/tasks linked to his account','agenda',1,'myactions','read','r',0),(2402,'Create/modify actions/tasks linked to his account','agenda',1,'myactions','create','w',0),(2403,'Delete actions/tasks linked to his account','agenda',1,'myactions','delete','w',0),(2411,'Read actions/tasks of others','agenda',1,'allactions','read','r',0),(2412,'Create/modify actions/tasks of others','agenda',1,'allactions','create','w',0),(2413,'Delete actions/tasks of others','agenda',1,'allactions','delete','w',0),(2414,'Export actions/tasks of others','agenda',1,'export',NULL,'w',0),(2501,'Consulter/Télécharger les documents','ecm',1,'read',NULL,'r',0),(2503,'Soumettre ou supprimer des documents','ecm',1,'upload',NULL,'w',0),(2515,'Administrer les rubriques de documents','ecm',1,'setup',NULL,'w',0),(20001,'Read your own leave requests','holiday',1,'read',NULL,'w',0),(20002,'Create/modify your own leave requests','holiday',1,'write',NULL,'w',0),(20003,'Delete leave requests','holiday',1,'delete',NULL,'w',0),(20004,'Read leave requests for everybody','holiday',1,'read_all',NULL,'w',0),(20005,'Create/modify leave requests for everybody','holiday',1,'write_all',NULL,'w',0),(20006,'Setup leave requests of users (setup and update balance)','holiday',1,'define_holiday',NULL,'w',0),(20007,'Approve leave requests','holiday',1,'approve',NULL,'w',0),(23001,'Read cron jobs','cron',1,'read',NULL,'w',0),(23002,'Create cron Jobs','cron',1,'create',NULL,'w',0),(23003,'Delete cron Jobs','cron',1,'delete',NULL,'w',0),(23004,'Execute cron Jobs','cron',1,'execute',NULL,'w',0),(50401,'Bind products and invoices with accounting accounts','accounting',1,'bind','write','r',0),(50411,'Read operations in Ledger','accounting',1,'mouvements','lire','r',0),(50412,'Write/Edit operations in Ledger','accounting',1,'mouvements','creer','w',0),(50420,'Report and export reports (turnover, balance, journals, ledger)','accounting',1,'comptarapport','lire','r',0),(50430,'Define and close a fiscal year','accounting',1,'fiscalyear',NULL,'r',0),(50440,'Manage chart of accounts, setup of accountancy','accounting',1,'chartofaccount',NULL,'r',0),(59001,'Visualiser les marges','margins',1,'liretous',NULL,'r',0),(59002,'Définir les marges','margins',1,'creer',NULL,'w',0),(59003,'Read every user margin','margins',1,'read','all','r',0),(63001,'Read resources','resource',1,'read',NULL,'w',0),(63002,'Create/Modify resources','resource',1,'write',NULL,'w',0),(63003,'Delete resources','resource',1,'delete',NULL,'w',0),(63004,'Link resources to agenda events','resource',1,'link',NULL,'w',0);

--
-- Table structure for table `llx_societe`
--

CREATE TABLE `llx_societe` (
  `rowid` int(11) NOT NULL AUTO_INCREMENT,
  `nom` varchar(128) COLLATE utf8_unicode_ci DEFAULT NULL,
  `name_alias` varchar(128) COLLATE utf8_unicode_ci DEFAULT NULL,
  `entity` int(11) NOT NULL DEFAULT '1',
  `ref_ext` varchar(255) COLLATE utf8_unicode_ci DEFAULT NULL,
  `ref_int` varchar(255) COLLATE utf8_unicode_ci DEFAULT NULL,
  `statut` tinyint(4) DEFAULT '0',
  `parent` int(11) DEFAULT NULL,
  `status` tinyint(4) DEFAULT '1',
  `code_client` varchar(24) COLLATE utf8_unicode_ci DEFAULT NULL,
  `code_fournisseur` varchar(24) COLLATE utf8_unicode_ci DEFAULT NULL,
  `code_compta` varchar(24) COLLATE utf8_unicode_ci DEFAULT NULL,
  `code_compta_fournisseur` varchar(24) COLLATE utf8_unicode_ci DEFAULT NULL,
  `address` varchar(255) COLLATE utf8_unicode_ci DEFAULT NULL,
  `zip` varchar(25) COLLATE utf8_unicode_ci DEFAULT NULL,
  `town` varchar(50) COLLATE utf8_unicode_ci DEFAULT NULL,
  `fk_departement` int(11) DEFAULT '0',
  `fk_pays` int(11) DEFAULT '0',
  `fk_account` int(11) DEFAULT '0',
  `phone` varchar(20) COLLATE utf8_unicode_ci DEFAULT NULL,
  `fax` varchar(20) COLLATE utf8_unicode_ci DEFAULT NULL,
  `url` varchar(255) COLLATE utf8_unicode_ci DEFAULT NULL,
  `email` varchar(128) COLLATE utf8_unicode_ci DEFAULT NULL,
  `skype` varchar(255) COLLATE utf8_unicode_ci DEFAULT NULL,
  `fk_effectif` int(11) DEFAULT '0',
  `fk_typent` int(11) DEFAULT '0',
  `fk_forme_juridique` int(11) DEFAULT '0',
  `fk_currency` varchar(3) COLLATE utf8_unicode_ci DEFAULT NULL,
  `siren` varchar(128) COLLATE utf8_unicode_ci DEFAULT NULL,
  `siret` varchar(128) COLLATE utf8_unicode_ci DEFAULT NULL,
  `ape` varchar(128) COLLATE utf8_unicode_ci DEFAULT NULL,
  `idprof4` varchar(128) COLLATE utf8_unicode_ci DEFAULT NULL,
  `idprof5` varchar(128) COLLATE utf8_unicode_ci DEFAULT NULL,
  `idprof6` varchar(128) COLLATE utf8_unicode_ci DEFAULT NULL,
  `tva_intra` varchar(20) COLLATE utf8_unicode_ci DEFAULT NULL,
  `capital` double(24,8) DEFAULT NULL,
  `fk_stcomm` int(11) NOT NULL DEFAULT '0',
  `note_private` text COLLATE utf8_unicode_ci,
  `note_public` text COLLATE utf8_unicode_ci,
  `model_pdf` varchar(255) COLLATE utf8_unicode_ci DEFAULT NULL,
  `prefix_comm` varchar(5) COLLATE utf8_unicode_ci DEFAULT NULL,
  `client` tinyint(4) DEFAULT '0',
  `fournisseur` tinyint(4) DEFAULT '0',
  `supplier_account` varchar(32) COLLATE utf8_unicode_ci DEFAULT NULL,
  `fk_prospectlevel` varchar(12) COLLATE utf8_unicode_ci DEFAULT NULL,
  `fk_incoterms` int(11) DEFAULT NULL,
  `location_incoterms` varchar(255) COLLATE utf8_unicode_ci DEFAULT NULL,
  `customer_bad` tinyint(4) DEFAULT '0',
  `customer_rate` double DEFAULT '0',
  `supplier_rate` double DEFAULT '0',
  `remise_client` double DEFAULT '0',
  `remise_supplier` double DEFAULT '0',
  `mode_reglement` tinyint(4) DEFAULT NULL,
  `cond_reglement` tinyint(4) DEFAULT NULL,
  `mode_reglement_supplier` tinyint(4) DEFAULT NULL,
  `cond_reglement_supplier` tinyint(4) DEFAULT NULL,
  `fk_shipping_method` int(11) DEFAULT NULL,
  `tva_assuj` tinyint(4) DEFAULT '1',
  `localtax1_assuj` tinyint(4) DEFAULT '0',
  `localtax1_value` double(6,3) DEFAULT NULL,
  `localtax2_assuj` tinyint(4) DEFAULT '0',
  `localtax2_value` double(6,3) DEFAULT NULL,
  `barcode` varchar(180) COLLATE utf8_unicode_ci DEFAULT NULL,
  `fk_barcode_type` int(11) DEFAULT '0',
  `price_level` int(11) DEFAULT NULL,
  `outstanding_limit` double(24,8) DEFAULT NULL,
  `order_min_amount` double(24,8) DEFAULT NULL,
  `supplier_order_min_amount` double(24,8) DEFAULT NULL,
  `default_lang` varchar(6) COLLATE utf8_unicode_ci DEFAULT NULL,
  `logo` varchar(255) COLLATE utf8_unicode_ci DEFAULT NULL,
  `canvas` varchar(32) COLLATE utf8_unicode_ci DEFAULT NULL,
  `fk_entrepot` int(11) DEFAULT '0',
  `webservices_url` varchar(255) COLLATE utf8_unicode_ci DEFAULT NULL,
  `webservices_key` varchar(128) COLLATE utf8_unicode_ci DEFAULT NULL,
  `tms` timestamp NOT NULL DEFAULT CURRENT_TIMESTAMP ON UPDATE CURRENT_TIMESTAMP,
  `datec` datetime DEFAULT NULL,
  `fk_user_creat` int(11) DEFAULT NULL,
  `fk_user_modif` int(11) DEFAULT NULL,
  `fk_multicurrency` int(11) DEFAULT NULL,
  `multicurrency_code` varchar(255) COLLATE utf8_unicode_ci DEFAULT NULL,
  `import_key` varchar(14) COLLATE utf8_unicode_ci DEFAULT NULL,
  PRIMARY KEY (`rowid`),
  UNIQUE KEY `uk_societe_prefix_comm` (`prefix_comm`,`entity`),
  UNIQUE KEY `uk_societe_code_client` (`code_client`,`entity`),
  UNIQUE KEY `uk_societe_code_fournisseur` (`code_fournisseur`,`entity`),
  UNIQUE KEY `uk_societe_barcode` (`barcode`,`fk_barcode_type`,`entity`),
  KEY `idx_societe_user_creat` (`fk_user_creat`),
  KEY `idx_societe_user_modif` (`fk_user_modif`)
) ENGINE=InnoDB AUTO_INCREMENT=78 DEFAULT CHARSET=utf8 COLLATE=utf8_unicode_ci;

--
-- Dumping data for table `llx_societe`
--

INSERT INTO `llx_societe` (`rowid`, `nom`, `name_alias`, `entity`, `ref_ext`, `ref_int`, `statut`, `parent`, `status`, `code_client`, `code_fournisseur`, `code_compta`, `code_compta_fournisseur`, `address`, `zip`, `town`, `fk_departement`, `fk_pays`, `fk_account`, `phone`, `fax`, `url`, `email`, `skype`, `fk_effectif`, `fk_typent`, `fk_forme_juridique`, `fk_currency`, `siren`, `siret`, `ape`, `idprof4`, `idprof5`, `idprof6`, `tva_intra`, `capital`, `fk_stcomm`, `note_private`, `note_public`, `model_pdf`, `prefix_comm`, `client`, `fournisseur`, `supplier_account`, `fk_prospectlevel`, `fk_incoterms`, `location_incoterms`, `customer_bad`, `customer_rate`, `supplier_rate`, `remise_client`, `remise_supplier`, `mode_reglement`, `cond_reglement`, `mode_reglement_supplier`, `cond_reglement_supplier`, `fk_shipping_method`, `tva_assuj`, `localtax1_assuj`, `localtax1_value`, `localtax2_assuj`, `localtax2_value`, `barcode`, `fk_barcode_type`, `price_level`, `outstanding_limit`, `order_min_amount`, `supplier_order_min_amount`, `default_lang`, `logo`, `canvas`, `fk_entrepot`, `webservices_url`, `webservices_key`, `tms`, `datec`, `fk_user_creat`, `fk_user_modif`, `fk_multicurrency`, `multicurrency_code`, `import_key`) VALUES (1,'GESNY AFRICA','',1,NULL,NULL,0,NULL,1,NULL,'SU1901-0001',NULL,NULL,'Almamya - Commune de Kaloum BP-896',NULL,'CONAKRY',0,108,0,'00224627885143',NULL,NULL,'contact@gesnyafrica.com',NULL,NULL,0,NULL,NULL,'RCCM/GC-KAL/075.725B/2017','','NIF : 041922Z','','','','',NULL,0,NULL,NULL,NULL,NULL,0,1,NULL,'',0,NULL,0,0,0,0,0,NULL,NULL,NULL,NULL,NULL,1,NULL,0.000,NULL,0.000,NULL,0,NULL,NULL,NULL,NULL,NULL,NULL,NULL,0,NULL,NULL,'2019-01-15 17:22:55','2019-01-15 17:22:54',3,3,0,'',NULL),(2,'METAL GUINEE','',1,NULL,NULL,0,NULL,1,NULL,'SU1901-0002',NULL,NULL,'Cité des Médecins, Kipé - BP 3770',NULL,'CONAKRY',0,108,0,'00224628350109',NULL,NULL,NULL,NULL,NULL,0,NULL,NULL,'RCCM GC-KAL/0296A/2004','','','','','','',NULL,0,NULL,NULL,NULL,NULL,0,1,NULL,'',0,NULL,0,0,0,0,0,NULL,NULL,NULL,NULL,NULL,1,NULL,0.000,NULL,0.000,NULL,0,NULL,NULL,NULL,NULL,NULL,NULL,NULL,0,NULL,NULL,'2019-01-15 17:28:46','2019-01-15 17:28:46',3,3,0,'',NULL),(3,'EMMANUEL BOU','',1,NULL,NULL,0,NULL,1,NULL,'SU1901-0003',NULL,NULL,'Immeuble FMR BP 6316',NULL,'CONAKRY',0,108,0,'00224622212321',NULL,NULL,'ebou@fmr-guinee.com',NULL,NULL,0,NULL,NULL,'','','','','','','',NULL,0,NULL,NULL,NULL,NULL,0,1,NULL,'',0,NULL,0,0,0,0,0,NULL,NULL,NULL,NULL,NULL,1,NULL,0.000,NULL,0.000,NULL,0,NULL,NULL,NULL,NULL,NULL,NULL,NULL,0,NULL,NULL,'2019-01-15 17:40:43','2019-01-15 17:40:43',3,3,0,'',NULL),(4,'ARPT','',1,NULL,NULL,0,NULL,1,'CU1901-0001',NULL,NULL,NULL,'Quartier Almamya Commune de Kaloum BP 1500',NULL,'CONAKRY',0,108,0,'00224657666631',NULL,'www.arpt.gov.gn',NULL,NULL,NULL,5,NULL,NULL,'','','','','','','',NULL,0,NULL,NULL,NULL,NULL,3,0,NULL,'',0,NULL,0,0,0,0,0,NULL,NULL,NULL,NULL,NULL,1,NULL,0.000,NULL,0.000,NULL,0,NULL,NULL,NULL,NULL,NULL,NULL,NULL,0,NULL,NULL,'2019-01-16 17:27:41','2019-01-16 17:27:40',2,2,0,'',NULL),(5,'HASTINE','',1,NULL,NULL,0,NULL,1,'CU1901-0002','SU1901-0004',NULL,NULL,'Sise à Nongo Rue UNC BP-2256\r\nCommune de Ratoma',NULL,'CONAKRY',0,108,0,'00224622422307',NULL,NULL,'martinhassane@msn.com',NULL,NULL,0,NULL,NULL,'RCCM/GC-KAL058526A/2015','','','','','','',NULL,0,NULL,NULL,NULL,NULL,1,1,NULL,'',0,NULL,0,0,0,0,0,NULL,NULL,NULL,NULL,NULL,1,NULL,0.000,NULL,0.000,NULL,0,NULL,NULL,NULL,NULL,NULL,NULL,NULL,0,NULL,NULL,'2019-05-27 17:23:09','2019-01-16 17:52:47',2,2,1,'GNF',NULL),(6,'GUILAB','',1,NULL,NULL,0,NULL,1,'CU1901-0003',NULL,NULL,NULL,'Centre Emetteur de Kipé\r\nBP 1809',NULL,'CONAKRY',0,108,0,'00224622815383',NULL,'www.guilab.com.gn','cto@guilab.com.gn',NULL,NULL,100,NULL,NULL,'','','','','','','',NULL,0,NULL,NULL,NULL,NULL,3,0,NULL,'',0,NULL,0,0,0,0,0,NULL,NULL,NULL,NULL,NULL,1,NULL,0.000,NULL,0.000,NULL,0,NULL,NULL,NULL,NULL,NULL,NULL,NULL,0,NULL,NULL,'2019-01-18 12:22:02','2019-01-18 12:22:02',2,2,0,'',NULL),(7,'SILENCIO','',1,NULL,NULL,0,NULL,1,'CU1901-0004','SU1901-0005',NULL,NULL,'La Minière',NULL,'CONAKRY',0,108,0,'00224623058853',NULL,NULL,NULL,NULL,NULL,0,NULL,NULL,'','','','','','','',NULL,0,NULL,NULL,NULL,NULL,3,1,NULL,'',0,NULL,0,0,0,0,0,NULL,NULL,NULL,NULL,NULL,1,NULL,0.000,NULL,0.000,NULL,0,NULL,NULL,NULL,NULL,NULL,NULL,NULL,0,NULL,NULL,'2019-01-19 16:06:15','2019-01-19 16:06:15',2,2,0,'',NULL),(8,'MTN','',1,NULL,NULL,0,NULL,1,NULL,'SU1901-0006',NULL,NULL,'Quartier Almamya, Commune de Kaloum\r\nB.P. 3237',NULL,'CONAKRY',0,108,0,'00224664222222',NULL,'www.mtn.com.gn','businesssales@mtn.com.gn',NULL,NULL,0,NULL,NULL,'','','','','','','',NULL,0,NULL,NULL,NULL,NULL,0,1,NULL,'',0,NULL,0,0,0,0,0,NULL,NULL,NULL,NULL,NULL,0,NULL,0.000,NULL,0.000,NULL,0,NULL,NULL,NULL,NULL,NULL,NULL,NULL,0,NULL,NULL,'2019-01-21 14:50:26','2019-01-21 14:44:06',2,2,0,'',NULL),(9,'MARCHE','',1,NULL,NULL,0,NULL,1,NULL,'SU1901-0007',NULL,NULL,'Marché Niger\r\nCommune de KALOUM',NULL,'CONAKRY',0,108,0,NULL,NULL,NULL,NULL,NULL,NULL,0,NULL,NULL,'','','','','','','',NULL,0,NULL,NULL,NULL,NULL,0,1,NULL,'',0,NULL,0,0,0,0,0,NULL,NULL,NULL,NULL,NULL,0,NULL,0.000,NULL,0.000,NULL,0,NULL,NULL,NULL,NULL,NULL,NULL,NULL,0,NULL,NULL,'2019-01-21 14:53:29','2019-01-21 14:46:29',2,2,0,'',NULL),(10,'TELEPHONIE','',1,NULL,NULL,0,NULL,1,NULL,'SU1901-0008',NULL,NULL,'Recharge Téléphonique de quartier',NULL,'CONAKRY',0,108,0,NULL,NULL,NULL,NULL,NULL,NULL,0,NULL,NULL,'','','','','','','',NULL,0,NULL,NULL,NULL,NULL,0,1,NULL,'',0,NULL,0,0,0,0,0,NULL,NULL,NULL,NULL,NULL,0,NULL,0.000,NULL,0.000,NULL,0,NULL,NULL,NULL,NULL,NULL,NULL,NULL,0,NULL,NULL,'2019-01-21 14:54:45','2019-01-21 14:54:45',2,2,0,'',NULL),(11,'PRESTATAIRE MÉNAGE','',1,NULL,NULL,0,NULL,1,NULL,'SU1901-0009',NULL,NULL,'',NULL,'CONAKRY',0,108,0,NULL,NULL,NULL,NULL,NULL,NULL,0,NULL,NULL,'','','','','','','',NULL,0,NULL,NULL,NULL,NULL,0,1,NULL,'',0,NULL,0,0,0,0,0,NULL,NULL,NULL,NULL,NULL,0,NULL,0.000,NULL,0.000,NULL,0,NULL,NULL,NULL,NULL,NULL,NULL,NULL,0,NULL,NULL,'2019-06-07 12:28:15','2019-01-21 14:56:25',2,2,1,'GNF',NULL),(12,'KIOSQUE','',1,NULL,NULL,0,NULL,1,NULL,'SU1901-0010',NULL,NULL,'Quartier',NULL,'CONAKRY',0,108,0,NULL,NULL,NULL,NULL,NULL,NULL,0,NULL,NULL,'','','','','','','',NULL,0,NULL,NULL,NULL,NULL,0,1,NULL,'',0,NULL,0,0,0,0,0,NULL,NULL,NULL,NULL,NULL,0,NULL,0.000,NULL,0.000,NULL,0,NULL,NULL,NULL,NULL,NULL,NULL,NULL,0,NULL,NULL,'2019-01-21 14:58:05','2019-01-21 14:58:05',2,2,0,'',NULL),(13,'BATEQUIP','',1,NULL,NULL,0,NULL,1,NULL,'SU1901-0011',NULL,NULL,'B.P.591 Commune de Matam',NULL,'CONAKRY',0,108,0,'00224621996431',NULL,NULL,NULL,NULL,NULL,0,NULL,NULL,'','','','','','','',NULL,0,NULL,NULL,NULL,NULL,0,1,NULL,'',0,NULL,0,0,0,0,0,NULL,NULL,NULL,NULL,NULL,0,NULL,0.000,NULL,0.000,NULL,0,NULL,NULL,NULL,NULL,NULL,NULL,NULL,0,NULL,NULL,'2019-01-21 15:51:08','2019-01-21 15:51:07',2,2,0,'',NULL),(14,'CARBURANT','',1,NULL,NULL,0,NULL,1,NULL,'SU1901-0012',NULL,NULL,'Station',NULL,'CONAKRY',0,108,0,NULL,NULL,NULL,NULL,NULL,NULL,0,NULL,NULL,'','','','','','','',NULL,0,NULL,NULL,NULL,NULL,0,1,NULL,'',0,NULL,0,0,0,0,0,NULL,NULL,NULL,NULL,NULL,0,NULL,0.000,NULL,0.000,NULL,0,NULL,NULL,NULL,NULL,NULL,NULL,NULL,0,NULL,NULL,'2019-01-21 16:08:38','2019-01-21 16:08:38',2,2,0,'',NULL),(15,'DAHI','',1,NULL,NULL,0,NULL,1,NULL,'SU1901-0013',NULL,NULL,'B.P.4542 La Minière',NULL,'CONAKRY',0,108,0,'00224631357474',NULL,NULL,'jihad_dahi@hotmail.com',NULL,NULL,0,NULL,NULL,'','','','','','','',NULL,0,NULL,NULL,NULL,NULL,0,1,NULL,'',0,NULL,0,0,0,0,0,NULL,NULL,NULL,NULL,NULL,0,NULL,0.000,NULL,0.000,NULL,0,NULL,NULL,NULL,NULL,NULL,NULL,NULL,0,NULL,NULL,'2019-01-21 16:12:36','2019-01-21 16:12:36',2,2,0,'',NULL),(16,'HEROES COFFEE','',1,NULL,NULL,0,NULL,1,NULL,'SU1901-0014',NULL,NULL,'Commune de Kaloum',NULL,'CONAKRY',0,108,0,'00224623690165',NULL,NULL,NULL,NULL,NULL,0,NULL,NULL,'','','','','','','',NULL,0,NULL,NULL,NULL,NULL,0,1,NULL,'',0,NULL,0,0,0,0,0,NULL,NULL,NULL,NULL,NULL,0,NULL,0.000,NULL,0.000,NULL,0,NULL,NULL,NULL,NULL,NULL,NULL,NULL,0,NULL,NULL,'2019-01-21 16:15:29','2019-01-21 16:15:29',2,2,0,'',NULL),(17,'BARRY Alhassane','',1,NULL,NULL,0,NULL,1,NULL,'SU1901-0015',NULL,NULL,'Carrefour Internationale\r\nCommune de Hamdalaye',NULL,'CONAKRY',0,108,0,'00224628999121',NULL,NULL,NULL,NULL,NULL,0,NULL,NULL,'','','','','','','',NULL,0,NULL,NULL,NULL,NULL,0,1,NULL,'',0,NULL,0,0,0,0,0,NULL,NULL,NULL,NULL,NULL,0,NULL,0.000,NULL,0.000,NULL,0,NULL,NULL,NULL,NULL,NULL,NULL,NULL,0,NULL,NULL,'2019-01-21 16:36:21','2019-01-21 16:36:21',2,2,0,'',NULL),(18,'CELESTIN','',1,NULL,NULL,0,NULL,1,NULL,'SU1901-0016',NULL,NULL,'Route du Niger\r\nCommune de Kaloum',NULL,'CONAKRY',0,108,0,NULL,NULL,NULL,NULL,NULL,NULL,0,NULL,NULL,'','','','','','','',NULL,0,NULL,NULL,NULL,NULL,0,1,NULL,'',0,NULL,0,0,0,0,0,NULL,NULL,NULL,NULL,NULL,0,NULL,0.000,NULL,0.000,NULL,0,NULL,NULL,NULL,NULL,NULL,NULL,NULL,0,NULL,NULL,'2019-01-21 16:42:22','2019-01-21 16:42:22',2,2,0,'',NULL),(19,'HELENE K LA BOUTIQUE','',1,NULL,NULL,0,NULL,1,'CU1901-0005',NULL,NULL,NULL,'Corniche Nord, la jetée\r\nLa Minière',NULL,'CONAKRY',0,108,0,'00224625328585',NULL,NULL,'helenchado@hotmail.com',NULL,NULL,0,NULL,NULL,'','','','','','','',NULL,0,NULL,NULL,NULL,NULL,3,0,NULL,'',0,NULL,0,0,0,0,0,NULL,NULL,NULL,NULL,NULL,1,NULL,0.000,NULL,0.000,NULL,0,NULL,NULL,NULL,NULL,NULL,NULL,NULL,0,NULL,NULL,'2019-05-17 14:14:03','2019-01-21 19:15:36',2,2,1,'GNF',NULL),(20,'Rama DIALLO','PRESSING',1,NULL,NULL,0,NULL,1,'CU1901-0006',NULL,NULL,NULL,'Pont de kakembé\r\nCommune de Taouya',NULL,'CONAKRY',0,108,0,'00224628772968',NULL,NULL,NULL,NULL,NULL,0,NULL,NULL,'','','','','','','',NULL,0,NULL,NULL,NULL,NULL,1,0,NULL,'',0,NULL,0,0,0,0,0,NULL,NULL,NULL,NULL,NULL,1,NULL,0.000,NULL,0.000,NULL,0,NULL,NULL,NULL,NULL,NULL,NULL,NULL,0,NULL,NULL,'2019-02-22 18:26:36','2019-01-22 17:22:41',2,2,0,'',NULL),(21,'Ministère des Travaux Publics','',1,NULL,NULL,0,NULL,1,'CU1901-0007',NULL,NULL,NULL,'Boulevard de Commerce\r\nImmeuble Ministère des Travaux Publics\r\n3ème étage / bureau 301\r\nB.P.581',NULL,'CONAKRY',0,108,0,NULL,NULL,NULL,NULL,NULL,NULL,0,NULL,NULL,'','','','','','','',NULL,0,NULL,NULL,NULL,NULL,3,0,NULL,'',0,NULL,0,0,0,0,0,NULL,NULL,NULL,NULL,NULL,1,NULL,0.000,NULL,0.000,NULL,0,NULL,NULL,NULL,NULL,NULL,NULL,NULL,0,NULL,NULL,'2019-01-23 15:47:04','2019-01-23 15:47:03',2,2,0,'',NULL),(22,'SOCK Marcel','',1,NULL,NULL,0,NULL,1,'CU1901-0008',NULL,NULL,NULL,'Immeuble Almamya 5ème étage face à l’ascenseur\r\nCommune de Kaloum',NULL,'CONAKRY',0,108,0,'00224626869594',NULL,NULL,NULL,NULL,NULL,0,NULL,NULL,'','','','','','','',NULL,0,NULL,NULL,NULL,NULL,1,0,NULL,'',0,NULL,0,0,0,0,0,NULL,NULL,NULL,NULL,NULL,0,NULL,0.000,NULL,0.000,NULL,0,NULL,NULL,NULL,NULL,NULL,NULL,NULL,0,NULL,NULL,'2019-03-01 13:22:44','2019-01-26 16:35:39',2,2,0,'',NULL),(23,'PLADIS','',1,NULL,NULL,0,NULL,1,NULL,'SU1901-0017',NULL,NULL,'Complexe Futuris Logistic, Lot Ennouala, N°2, Dépot A3\r\nBld Moulay Ismail',NULL,'CASABLANCA',0,12,0,'00212522344459',NULL,'www;pladis.ma','contact@pladis.ma',NULL,NULL,0,NULL,NULL,'342795','31391148','18734293','4760808','000281490000011','','',NULL,0,NULL,NULL,NULL,NULL,0,1,NULL,'',0,NULL,0,0,0,0,0,NULL,NULL,NULL,NULL,NULL,0,NULL,0.000,NULL,0.000,NULL,0,NULL,NULL,NULL,NULL,NULL,NULL,NULL,0,NULL,NULL,'2019-01-29 10:54:02','2019-01-29 10:54:02',2,2,0,'',NULL),(24,'MT-SOLUTIONS','',1,NULL,NULL,0,NULL,1,NULL,'SU1901-0018',NULL,NULL,'Immeuble Airwell, Quartier Almamya\r\nCommune de Kaloum',NULL,'CONAKRY',0,108,0,'00224623646455',NULL,'www.mt-solutions.africa','callcenter@mt-solutions.africa',NULL,NULL,0,NULL,NULL,'','','','','','','',NULL,0,NULL,NULL,NULL,NULL,0,1,NULL,'',0,NULL,0,0,0,0,0,NULL,NULL,NULL,NULL,NULL,1,NULL,0.000,NULL,0.000,NULL,0,NULL,NULL,NULL,NULL,NULL,NULL,NULL,0,NULL,NULL,'2019-01-29 15:40:51','2019-01-29 15:40:51',2,2,0,'',NULL),(25,'RESO','',1,NULL,NULL,0,NULL,1,NULL,'SU1901-0019',NULL,NULL,'6, rue des Tuileries','67460','SOUFFELWEYERSHEIM',74,1,0,'0388478425',NULL,NULL,'jean-francois.lavigne@reso.fr',NULL,NULL,0,NULL,NULL,'','','','','','','',NULL,0,NULL,NULL,NULL,NULL,0,1,NULL,'',0,NULL,0,0,0,0,0,NULL,NULL,NULL,NULL,NULL,0,NULL,0.000,NULL,0.000,NULL,0,NULL,NULL,NULL,NULL,NULL,NULL,NULL,0,NULL,NULL,'2019-01-29 15:44:53','2019-01-29 15:44:53',2,2,0,'',NULL),(26,'E2CI','',1,NULL,NULL,0,NULL,1,'CU1902-0009',NULL,NULL,NULL,'Place de la Bougie, ACI2000',NULL,'BAMAKO',0,147,0,'0022371946784',NULL,NULL,'gseradieu@e2ci-sa.com',NULL,NULL,0,NULL,NULL,'','','','','','','',NULL,0,NULL,NULL,NULL,NULL,1,0,NULL,'',0,NULL,0,0,0,0,0,NULL,NULL,NULL,NULL,NULL,1,NULL,0.000,NULL,0.000,NULL,0,NULL,NULL,NULL,NULL,NULL,NULL,NULL,0,NULL,NULL,'2019-04-29 12:58:04','2019-02-18 11:18:02',2,2,0,'',NULL),(27,'BARRY Saïkou','',1,NULL,NULL,0,NULL,1,'CU1902-0010',NULL,NULL,NULL,'',NULL,'CONAKRY',0,108,0,'00224622567065',NULL,NULL,'sakoubarry@gmail.com',NULL,NULL,0,NULL,NULL,'','','','','','','',NULL,0,NULL,NULL,NULL,NULL,3,0,NULL,'',0,NULL,0,0,0,0,0,NULL,NULL,NULL,NULL,NULL,1,NULL,0.000,NULL,0.000,NULL,0,NULL,NULL,NULL,NULL,NULL,NULL,NULL,0,NULL,NULL,'2019-02-21 18:26:09','2019-02-21 18:26:09',2,2,0,'',NULL),(28,'Ibrahim CISSSE','',1,NULL,NULL,0,NULL,1,'CU1902-0011',NULL,NULL,NULL,'La Minière',NULL,'CONAKRY',0,108,0,'00224628531919',NULL,NULL,NULL,NULL,NULL,0,NULL,NULL,'','','','','','','',NULL,0,NULL,NULL,NULL,NULL,3,0,NULL,'',0,NULL,0,0,0,0,0,NULL,NULL,NULL,NULL,NULL,1,NULL,0.000,NULL,0.000,NULL,0,NULL,NULL,NULL,NULL,NULL,NULL,NULL,0,NULL,NULL,'2019-02-25 16:32:57','2019-02-25 16:32:57',2,2,0,'',NULL),(29,'Carine REBOUL','',1,NULL,NULL,0,NULL,1,'CU1902-0012',NULL,NULL,NULL,'La Minière',NULL,'CONAKRY',0,108,0,'00224629849701',NULL,NULL,'carine.reboul@gmail.com',NULL,NULL,0,NULL,NULL,'','','','','','','',NULL,0,NULL,NULL,NULL,NULL,1,0,NULL,'',0,NULL,0,0,0,0,0,NULL,NULL,NULL,NULL,NULL,1,NULL,0.000,NULL,0.000,NULL,0,NULL,NULL,NULL,NULL,NULL,NULL,NULL,0,NULL,NULL,'2019-05-15 17:58:20','2019-02-28 16:00:48',2,2,1,'GNF',NULL),(30,'NAITE Moustapha','',1,NULL,NULL,0,NULL,1,'CU1903-0013',NULL,NULL,NULL,'Lambanyi',NULL,'CONAKRY',0,108,0,'00224622970000',NULL,NULL,'mnaite@yahoo.fr',NULL,NULL,0,NULL,NULL,'','','','','','','',NULL,0,NULL,NULL,NULL,NULL,3,0,NULL,'',0,NULL,0,0,0,0,0,NULL,NULL,NULL,NULL,NULL,1,NULL,0.000,NULL,0.000,NULL,0,NULL,NULL,NULL,NULL,NULL,NULL,NULL,0,NULL,NULL,'2019-03-06 17:45:42','2019-03-06 17:45:42',2,2,0,'',NULL),(31,'Hôtel MLYS','',1,NULL,NULL,0,NULL,1,'CU1903-0014','SU1903-0020',NULL,NULL,'Quartier Almamya',NULL,'CONAKRY',0,108,0,'00224624299369',NULL,NULL,'contact@hotelmlys.com',NULL,NULL,0,NULL,NULL,'','','','','','','',NULL,0,NULL,NULL,NULL,NULL,1,1,NULL,'',0,NULL,0,0,0,0,0,NULL,NULL,NULL,NULL,NULL,1,NULL,0.000,NULL,0.000,NULL,0,NULL,NULL,NULL,NULL,NULL,NULL,NULL,0,NULL,NULL,'2019-03-25 17:17:23','2019-03-08 16:47:49',2,2,0,'',NULL),(32,'SELEG','',1,NULL,NULL,0,NULL,1,'CU1903-0015','SU1903-0021',NULL,NULL,'Sandervalia 4ème avenue',NULL,'CONAKRY',0,108,0,'00224622266096',NULL,NULL,'etablissementseleg@gmail.com',NULL,NULL,0,NULL,NULL,'RCCM/GC-KAL/022.758B/2009','','','','','','',NULL,0,NULL,NULL,NULL,NULL,3,1,NULL,'',0,NULL,0,0,0,0,0,NULL,NULL,NULL,NULL,NULL,1,NULL,0.000,NULL,0.000,NULL,0,NULL,NULL,NULL,NULL,NULL,NULL,NULL,0,NULL,NULL,'2019-03-11 14:52:00','2019-03-11 14:52:00',2,2,0,'',NULL),(33,'ROZAN Denis','',1,NULL,NULL,0,NULL,1,'CU1903-0016',NULL,NULL,NULL,'La Minière',NULL,'CONAKRY',0,108,0,'00224627257876',NULL,NULL,'denis.group@heavymat.com',NULL,NULL,0,NULL,NULL,'','','','','','','',NULL,0,NULL,NULL,NULL,NULL,3,0,NULL,'',0,NULL,0,0,0,0,0,NULL,NULL,NULL,NULL,NULL,1,NULL,0.000,NULL,0.000,NULL,0,NULL,NULL,NULL,NULL,NULL,NULL,NULL,0,NULL,NULL,'2019-03-11 16:43:34','2019-03-11 16:43:34',2,2,0,'',NULL),(34,'PARQUE Véronique','',1,NULL,NULL,0,NULL,1,'CU1903-0017',NULL,NULL,NULL,'Commune de Ratoma',NULL,'CONAKRY',0,108,0,'00224622214904',NULL,NULL,'veroparque@gmail.com',NULL,NULL,0,NULL,NULL,'','','','','','','',NULL,0,NULL,NULL,NULL,NULL,3,0,NULL,'',0,NULL,0,0,0,0,0,NULL,NULL,NULL,NULL,NULL,1,NULL,0.000,NULL,0.000,NULL,0,NULL,NULL,NULL,NULL,NULL,NULL,NULL,0,NULL,NULL,'2019-03-12 11:51:26','2019-03-12 11:51:26',2,2,0,'',NULL),(35,'Webb Fontaine','',1,NULL,NULL,0,NULL,1,'CU1903-0018',NULL,NULL,NULL,'',NULL,NULL,0,108,0,NULL,NULL,NULL,'luciano.fernandez@webbfontaine.com',NULL,NULL,0,NULL,NULL,'','','','','','','',NULL,0,NULL,NULL,NULL,NULL,1,0,NULL,'',0,NULL,0,0,0,0,0,NULL,NULL,NULL,NULL,NULL,1,NULL,0.000,NULL,0.000,NULL,0,NULL,NULL,NULL,NULL,NULL,NULL,NULL,0,NULL,NULL,'2019-05-14 17:24:57','2019-03-23 14:51:27',2,2,1,'GNF',NULL),(36,'ARCANE','',1,NULL,NULL,0,NULL,1,'CU1904-0019',NULL,NULL,NULL,'99 Quai de la marne','94345','JOINVILLE LE PONT CEDEX',0,1,0,'0033148855750',NULL,NULL,'moufida.blidi@arcane-concept.com',NULL,NULL,0,NULL,NULL,'','','','','','','',NULL,0,NULL,NULL,NULL,NULL,3,0,NULL,'',0,NULL,0,0,0,0,0,NULL,NULL,NULL,NULL,NULL,1,NULL,0.000,NULL,0.000,NULL,0,NULL,NULL,NULL,NULL,NULL,NULL,NULL,0,NULL,NULL,'2019-04-04 17:55:23','2019-04-04 17:55:23',2,2,2,'EUR',NULL),(37,'Marifala','',1,NULL,NULL,0,NULL,1,'CU1904-0020',NULL,NULL,NULL,'',NULL,NULL,0,108,0,NULL,NULL,NULL,NULL,NULL,NULL,0,NULL,NULL,'','','','','','','',NULL,0,NULL,NULL,NULL,NULL,3,0,NULL,'',0,NULL,0,0,0,0,0,NULL,NULL,NULL,NULL,NULL,1,NULL,0.000,NULL,0.000,NULL,0,NULL,NULL,NULL,NULL,NULL,NULL,NULL,0,NULL,NULL,'2019-04-08 17:21:40','2019-04-08 17:21:40',2,2,1,'GNF',NULL),(38,'FOFANA Almamy','',1,NULL,NULL,0,NULL,1,'CU1905-0021','SU1905-0022',NULL,NULL,'',NULL,NULL,0,108,0,NULL,NULL,NULL,NULL,NULL,NULL,0,NULL,NULL,'','','','','','','',NULL,0,NULL,NULL,NULL,NULL,3,1,NULL,'',0,NULL,0,0,0,0,0,NULL,NULL,NULL,NULL,NULL,1,NULL,0.000,NULL,0.000,NULL,0,NULL,NULL,NULL,NULL,NULL,NULL,NULL,0,NULL,NULL,'2019-05-06 18:55:21','2019-05-06 18:55:21',2,2,1,'GNF',NULL),(39,'Ministère de l\'environnement et des eaux et forêts','',1,NULL,NULL,0,NULL,1,'CU1905-0022',NULL,NULL,NULL,'',NULL,'CONAKRY',0,108,0,NULL,NULL,NULL,NULL,NULL,NULL,0,NULL,NULL,'','','','','','','',NULL,0,NULL,NULL,NULL,NULL,3,0,NULL,'',0,NULL,0,0,0,0,0,NULL,NULL,NULL,NULL,NULL,1,NULL,0.000,NULL,0.000,NULL,0,NULL,NULL,NULL,NULL,NULL,NULL,NULL,0,NULL,NULL,'2019-05-07 13:41:23','2019-05-06 19:23:50',2,2,1,'GNF',NULL),(40,'CAPAGO','',1,NULL,NULL,0,NULL,1,'CU1905-0023','SU1906-0038',NULL,NULL,'Immeuble ZEIN, 6ème étage.',NULL,'CONAKRY',0,108,0,NULL,NULL,NULL,'Crigaud@capago.eu',NULL,NULL,0,NULL,NULL,'','','','','','','',NULL,0,NULL,NULL,NULL,NULL,3,1,NULL,'',0,NULL,0,0,0,0,0,NULL,NULL,NULL,NULL,NULL,1,NULL,0.000,NULL,0.000,NULL,0,NULL,NULL,NULL,NULL,NULL,NULL,NULL,0,NULL,NULL,'2019-06-29 15:33:35','2019-05-10 16:23:09',2,2,1,'GNF',NULL),(41,'TAS International','',1,NULL,NULL,0,NULL,1,'CU1905-0024','SU1905-0023',NULL,NULL,'',NULL,'CONAKRY',0,108,0,NULL,NULL,NULL,NULL,NULL,NULL,0,NULL,NULL,'','','','','','','',NULL,0,NULL,NULL,NULL,NULL,3,1,NULL,'',0,NULL,0,0,0,0,0,NULL,NULL,NULL,NULL,NULL,1,NULL,0.000,NULL,0.000,NULL,0,NULL,NULL,NULL,NULL,NULL,NULL,NULL,0,NULL,NULL,'2019-05-23 17:39:15','2019-05-23 17:39:15',2,2,1,'GNF',NULL),(42,'Inconnu','',1,NULL,NULL,0,NULL,1,'CU1905-0025',NULL,NULL,NULL,'',NULL,'CONAKRY',0,108,0,NULL,NULL,NULL,NULL,NULL,NULL,0,NULL,NULL,'','','','','','','',NULL,0,NULL,NULL,NULL,NULL,3,0,NULL,'',0,NULL,0,0,0,0,0,NULL,NULL,NULL,NULL,NULL,1,NULL,0.000,NULL,0.000,NULL,0,NULL,NULL,NULL,NULL,NULL,NULL,NULL,0,NULL,NULL,'2019-05-24 16:47:26','2019-05-24 16:47:26',2,2,1,'GNF',NULL),(43,'Kadija','',1,NULL,NULL,0,NULL,1,'CU1905-0026',NULL,NULL,NULL,'',NULL,'CONAKRY',0,108,0,NULL,NULL,NULL,'bkhadija1940@gmail.com',NULL,NULL,0,NULL,NULL,'','','','','','','',NULL,0,NULL,NULL,NULL,NULL,3,0,NULL,'',0,NULL,0,0,0,0,0,NULL,NULL,NULL,NULL,NULL,1,NULL,0.000,NULL,0.000,NULL,0,NULL,NULL,NULL,NULL,NULL,NULL,NULL,0,NULL,NULL,'2019-05-27 16:22:03','2019-05-27 10:45:07',2,2,1,'GNF',NULL),(44,'TOTAL','',1,NULL,NULL,0,NULL,1,NULL,'SU1906-0024',NULL,NULL,'',NULL,'CONAKRY',0,108,0,NULL,NULL,NULL,NULL,NULL,NULL,0,NULL,NULL,'','','','','','','',NULL,0,NULL,NULL,NULL,NULL,0,1,NULL,'',0,NULL,0,0,0,0,0,NULL,NULL,NULL,NULL,NULL,1,NULL,0.000,NULL,0.000,NULL,0,NULL,NULL,NULL,NULL,NULL,NULL,NULL,0,NULL,NULL,'2019-06-06 18:17:33','2019-06-06 18:17:33',2,2,1,'GNF',NULL),(45,'Restaurant CEDRE','',1,NULL,NULL,0,NULL,1,NULL,'SU1906-0025',NULL,NULL,'',NULL,'CONAKRY',0,108,0,NULL,NULL,NULL,NULL,NULL,NULL,0,NULL,NULL,'','','','','','','',NULL,0,NULL,NULL,NULL,NULL,0,1,NULL,'',0,NULL,0,0,0,0,0,NULL,NULL,NULL,NULL,NULL,1,NULL,0.000,NULL,0.000,NULL,0,NULL,NULL,NULL,NULL,NULL,NULL,NULL,0,NULL,NULL,'2019-06-06 18:23:46','2019-06-06 18:23:46',2,2,1,'GNF',NULL),(46,'PRESTATAIRE CARRELEUR','',1,NULL,NULL,0,NULL,1,NULL,'SU1906-0026',NULL,NULL,'',NULL,'CONAKRY',0,108,0,NULL,NULL,NULL,NULL,NULL,NULL,0,NULL,NULL,'','','','','','','',NULL,0,NULL,NULL,NULL,NULL,0,1,NULL,'',0,NULL,0,0,0,0,0,NULL,NULL,NULL,NULL,NULL,0,NULL,0.000,NULL,0.000,NULL,0,NULL,NULL,NULL,NULL,NULL,NULL,NULL,0,NULL,NULL,'2019-06-07 12:28:49','2019-06-07 12:28:49',2,2,1,'GNF',NULL),(47,'PRESTATAIRE MACON','',1,NULL,NULL,0,NULL,1,NULL,'SU1906-0027',NULL,NULL,'',NULL,'CONAKRY',0,108,0,NULL,NULL,NULL,NULL,NULL,NULL,0,NULL,NULL,'','','','','','','',NULL,0,NULL,NULL,NULL,NULL,0,1,NULL,'',0,NULL,0,0,0,0,0,NULL,NULL,NULL,NULL,NULL,0,NULL,0.000,NULL,0.000,NULL,0,NULL,NULL,NULL,NULL,NULL,NULL,NULL,0,NULL,NULL,'2019-06-07 12:31:21','2019-06-07 12:31:21',2,2,1,'GNF',NULL),(48,'PRESTATIARE PLOMBIER','',1,NULL,NULL,0,NULL,1,NULL,'SU1906-0028',NULL,NULL,'',NULL,NULL,0,108,0,NULL,NULL,NULL,NULL,NULL,NULL,0,NULL,NULL,'','','','','','','',NULL,0,NULL,NULL,NULL,NULL,0,1,NULL,'',0,NULL,0,0,0,0,0,NULL,NULL,NULL,NULL,NULL,0,NULL,0.000,NULL,0.000,NULL,0,NULL,NULL,NULL,NULL,NULL,NULL,NULL,0,NULL,NULL,'2019-06-07 12:31:41','2019-06-07 12:31:41',2,2,1,'GNF',NULL),(49,'PRESTATAIRE ELECTRICIEN','',1,NULL,NULL,0,NULL,1,NULL,'SU1906-0029',NULL,NULL,'',NULL,'CONAKRY',0,108,0,NULL,NULL,NULL,NULL,NULL,NULL,0,NULL,NULL,'','','','','','','',NULL,0,NULL,NULL,NULL,NULL,0,1,NULL,'',0,NULL,0,0,0,0,0,NULL,NULL,NULL,NULL,NULL,0,NULL,0.000,NULL,0.000,NULL,0,NULL,NULL,NULL,NULL,NULL,NULL,NULL,0,NULL,NULL,'2019-06-07 12:32:05','2019-06-07 12:32:05',2,2,1,'GNF',NULL),(50,'PRESTATAIRE AUTRE','',1,NULL,NULL,0,NULL,1,NULL,'SU1906-0030',NULL,NULL,'',NULL,'CONAKRY',0,108,0,NULL,NULL,NULL,NULL,NULL,NULL,0,NULL,NULL,'','','','','','','',NULL,0,NULL,NULL,NULL,NULL,0,1,NULL,'',0,NULL,0,0,0,0,0,NULL,NULL,NULL,NULL,NULL,0,NULL,0.000,NULL,0.000,NULL,0,NULL,NULL,NULL,NULL,NULL,NULL,NULL,0,NULL,NULL,'2019-06-07 12:32:46','2019-06-07 12:32:46',2,2,1,'GNF',NULL),(51,'PRESTATAIRE SANTE','',1,NULL,NULL,0,NULL,1,NULL,'SU1906-0031',NULL,NULL,'',NULL,'CONAKRY',0,108,0,NULL,NULL,NULL,NULL,NULL,NULL,0,NULL,NULL,'','','','','','','',NULL,0,NULL,NULL,NULL,NULL,0,1,NULL,'',0,NULL,0,0,0,0,0,NULL,NULL,NULL,NULL,NULL,0,NULL,0.000,NULL,0.000,NULL,0,NULL,NULL,NULL,NULL,NULL,NULL,NULL,0,NULL,NULL,'2019-06-21 09:42:35','2019-06-07 12:33:30',2,6,1,'GNF',NULL),(52,'RESTAURATION RAPIDE','',1,NULL,NULL,0,NULL,1,NULL,'SU1906-0032',NULL,NULL,'',NULL,'CONAKRY',0,108,0,NULL,NULL,NULL,NULL,NULL,NULL,0,NULL,NULL,'','','','','','','',NULL,0,NULL,NULL,NULL,NULL,0,1,NULL,'',0,NULL,0,0,0,0,0,NULL,NULL,NULL,NULL,NULL,0,NULL,0.000,NULL,0.000,NULL,0,NULL,NULL,NULL,NULL,NULL,NULL,NULL,0,NULL,NULL,'2019-06-21 09:42:47','2019-06-07 12:34:14',2,6,1,'GNF',NULL),(53,'PRESTATAIRE DEMOLITION','',1,NULL,NULL,0,NULL,1,NULL,'SU1906-0033',NULL,NULL,'',NULL,'CONAKRY',0,108,0,NULL,NULL,NULL,NULL,NULL,NULL,0,NULL,NULL,'','','','','','','',NULL,0,NULL,NULL,NULL,NULL,0,1,NULL,'',0,NULL,0,0,0,0,0,NULL,NULL,NULL,NULL,NULL,0,NULL,0.000,NULL,0.000,NULL,0,NULL,NULL,NULL,NULL,NULL,NULL,NULL,0,NULL,NULL,'2019-06-07 12:34:56','2019-06-07 12:34:56',2,2,1,'GNF',NULL),(54,'PRESTATAIRE TRANSPORT','',1,NULL,NULL,0,NULL,1,NULL,'SU1906-0034',NULL,NULL,'',NULL,'CONAKRY',0,108,0,NULL,NULL,NULL,NULL,NULL,NULL,0,NULL,NULL,'','','','','','','',NULL,0,NULL,NULL,NULL,NULL,0,1,NULL,'',0,NULL,0,0,0,0,0,NULL,NULL,NULL,NULL,NULL,0,NULL,0.000,NULL,0.000,NULL,0,NULL,NULL,NULL,NULL,NULL,NULL,NULL,0,NULL,NULL,'2019-06-21 09:42:59','2019-06-07 12:36:28',2,6,1,'GNF',NULL),(55,'FOURNISSEUR DIVERS','',1,NULL,NULL,0,NULL,1,NULL,'SU1906-0035',NULL,NULL,'',NULL,'CONAKRY',0,108,0,NULL,NULL,NULL,NULL,NULL,NULL,0,NULL,NULL,'','','','','','','',NULL,0,NULL,NULL,NULL,NULL,0,1,NULL,'',0,NULL,0,0,0,0,0,NULL,NULL,NULL,NULL,NULL,0,NULL,0.000,NULL,0.000,NULL,0,NULL,NULL,NULL,NULL,NULL,NULL,NULL,0,NULL,NULL,'2019-06-21 09:43:17','2019-06-07 12:38:23',2,6,1,'GNF',NULL),(56,'PRESTATAIRE VITRIER','',1,NULL,NULL,0,NULL,1,NULL,'SU1906-0036',NULL,NULL,'',NULL,'CONAKRY',0,108,0,NULL,NULL,NULL,NULL,NULL,NULL,0,NULL,NULL,'','','','','','','',NULL,0,NULL,NULL,NULL,NULL,0,1,NULL,'',0,NULL,0,0,0,0,0,NULL,NULL,NULL,NULL,NULL,0,NULL,0.000,NULL,0.000,NULL,0,NULL,NULL,NULL,NULL,NULL,NULL,NULL,0,NULL,NULL,'2019-06-07 13:09:30','2019-06-07 13:09:30',2,2,1,'GNF',NULL),(57,'Déclarations','',1,NULL,NULL,0,NULL,1,'CU1906-0027','SU1906-0037',NULL,NULL,'',NULL,'CONAKRY',0,108,0,NULL,NULL,NULL,NULL,NULL,NULL,0,NULL,NULL,'','','','','','','',NULL,0,NULL,NULL,NULL,NULL,0,1,NULL,'',0,NULL,0,0,0,0,0,NULL,NULL,NULL,NULL,NULL,1,NULL,0.000,NULL,0.000,NULL,0,NULL,NULL,NULL,NULL,NULL,NULL,NULL,0,NULL,NULL,'2019-06-11 10:54:22','2019-06-11 10:19:19',6,6,1,'GNF',NULL),(58,'PRESTATAIRE PEINTRE','',1,NULL,NULL,0,NULL,1,NULL,'SU1906-0039',NULL,NULL,'',NULL,NULL,0,108,0,NULL,NULL,NULL,NULL,NULL,NULL,0,NULL,NULL,'','','','','','','',NULL,0,NULL,NULL,NULL,NULL,0,1,NULL,'',0,NULL,0,0,0,0,0,NULL,NULL,NULL,NULL,NULL,0,NULL,0.000,NULL,0.000,NULL,0,NULL,NULL,NULL,NULL,NULL,NULL,NULL,0,NULL,NULL,'2019-06-21 09:39:55','2019-06-11 11:00:09',6,6,1,'GNF',NULL),(59,'TRANS NET','',1,NULL,NULL,0,NULL,1,NULL,'SU1906-0040',NULL,NULL,'',NULL,'CONAKRY',0,108,0,NULL,NULL,NULL,NULL,NULL,NULL,0,NULL,NULL,'','','','','','','',NULL,0,NULL,NULL,NULL,NULL,0,1,NULL,'',0,NULL,0,0,0,0,0,NULL,NULL,NULL,NULL,NULL,1,NULL,0.000,NULL,0.000,NULL,0,NULL,NULL,NULL,NULL,NULL,NULL,NULL,0,NULL,NULL,'2019-06-12 09:52:34','2019-06-12 09:52:34',6,6,1,'GNF',NULL),(60,'HI TECH','',1,NULL,NULL,0,NULL,1,NULL,'SU1906-0041',NULL,NULL,'',NULL,'CONAKRY',0,108,0,NULL,NULL,NULL,NULL,NULL,NULL,0,NULL,NULL,'','','','','','','',NULL,0,NULL,NULL,NULL,NULL,0,1,NULL,'',0,NULL,0,0,0,0,0,NULL,NULL,NULL,NULL,NULL,0,NULL,0.000,NULL,0.000,NULL,0,NULL,NULL,NULL,NULL,NULL,NULL,NULL,0,NULL,NULL,'2019-06-21 09:40:20','2019-06-12 10:02:43',6,6,1,'GNF',NULL),(61,'Alpha Oumar Diallo','',1,NULL,NULL,0,NULL,1,NULL,'SU1906-0042',NULL,NULL,'',NULL,'CONAKRY',0,108,0,NULL,NULL,NULL,NULL,NULL,NULL,0,NULL,NULL,'','','','','','','',NULL,0,NULL,NULL,NULL,NULL,0,1,NULL,'',0,NULL,0,0,0,0,0,NULL,NULL,NULL,NULL,NULL,0,NULL,0.000,NULL,0.000,NULL,0,NULL,NULL,NULL,NULL,NULL,NULL,NULL,0,NULL,NULL,'2019-06-20 11:54:13','2019-06-12 10:11:27',6,6,1,'GNF',NULL),(63,'Cambistes','',1,NULL,NULL,0,NULL,1,NULL,'SU1906-0044',NULL,NULL,'',NULL,'CONAKRY',0,108,0,NULL,NULL,NULL,NULL,NULL,NULL,0,NULL,NULL,'','','','','','','',NULL,0,NULL,NULL,NULL,NULL,0,1,NULL,'',0,NULL,0,0,0,0,0,NULL,NULL,NULL,NULL,NULL,0,NULL,0.000,NULL,0.000,NULL,0,NULL,NULL,NULL,NULL,NULL,NULL,NULL,0,NULL,NULL,'2019-06-12 10:24:05','2019-06-12 10:24:05',6,6,1,'GNF',NULL),(64,'ELECTROMATIQUE','',1,NULL,NULL,0,NULL,1,NULL,'SU1906-0045',NULL,NULL,'',NULL,'CONAKRY',0,108,0,NULL,NULL,NULL,NULL,NULL,NULL,0,NULL,NULL,'','','','','','','',NULL,0,NULL,NULL,NULL,NULL,0,1,NULL,'',0,NULL,0,0,0,0,0,NULL,NULL,NULL,NULL,NULL,0,NULL,0.000,NULL,0.000,NULL,0,NULL,NULL,NULL,NULL,NULL,NULL,NULL,0,NULL,NULL,'2019-06-12 10:42:13','2019-06-12 10:42:12',6,6,1,'GNF',NULL),(65,'SAFABHE VOYAGE','',1,NULL,NULL,0,NULL,1,NULL,'SU1906-0046',NULL,NULL,'',NULL,'CONAKRY',0,108,0,NULL,NULL,NULL,NULL,NULL,NULL,0,NULL,NULL,'','','','','','','',NULL,0,NULL,NULL,NULL,NULL,0,1,NULL,'',0,NULL,0,0,0,0,0,NULL,NULL,NULL,NULL,NULL,0,NULL,0.000,NULL,0.000,NULL,0,NULL,NULL,NULL,NULL,NULL,NULL,NULL,0,NULL,NULL,'2019-06-12 10:58:58','2019-06-12 10:58:58',6,6,1,'GNF',NULL),(66,'Prestataire Maçon','',1,NULL,NULL,0,NULL,1,NULL,'SU1906-0047',NULL,NULL,'',NULL,'CONAKRY',0,108,0,NULL,NULL,NULL,NULL,NULL,NULL,0,NULL,NULL,'','','','','','','',NULL,0,NULL,NULL,NULL,NULL,0,1,NULL,'',0,NULL,0,0,0,0,0,NULL,NULL,NULL,NULL,NULL,0,NULL,0.000,NULL,0.000,NULL,0,NULL,NULL,NULL,NULL,NULL,NULL,NULL,0,NULL,NULL,'2019-06-14 09:30:49','2019-06-14 09:30:49',6,6,1,'GNF',NULL),(67,'Wi Max','',1,NULL,NULL,0,NULL,1,NULL,'SU1906-0048',NULL,NULL,'',NULL,'CONAKRY',0,108,0,NULL,NULL,NULL,NULL,NULL,NULL,0,NULL,NULL,'','','','','','','',NULL,0,NULL,NULL,NULL,NULL,0,1,NULL,'',0,NULL,0,0,0,0,0,NULL,NULL,NULL,NULL,NULL,0,NULL,0.000,NULL,0.000,NULL,0,NULL,NULL,NULL,NULL,NULL,NULL,NULL,0,NULL,NULL,'2019-06-17 16:07:02','2019-06-17 16:07:02',6,6,1,'GNF',NULL),(68,'DIAKELEC','',1,NULL,NULL,0,NULL,1,NULL,'SU1906-0049',NULL,NULL,'',NULL,'CONAKRY',0,108,0,NULL,NULL,NULL,NULL,NULL,NULL,0,NULL,NULL,'','','','','','','',NULL,0,NULL,NULL,NULL,NULL,0,1,NULL,'',0,NULL,0,0,0,0,0,NULL,NULL,NULL,NULL,NULL,0,NULL,0.000,NULL,0.000,NULL,0,NULL,NULL,NULL,NULL,NULL,NULL,NULL,0,NULL,NULL,'2019-06-17 16:46:51','2019-06-17 16:46:51',6,6,1,'GNF',NULL),(69,'Etablissement CISSE DECOR','',1,NULL,NULL,0,NULL,1,NULL,'SU1906-0050',NULL,NULL,'',NULL,'CONAKRY',0,108,0,NULL,NULL,NULL,NULL,NULL,NULL,0,NULL,NULL,'','','','','','','',NULL,0,NULL,NULL,NULL,NULL,0,1,NULL,'',0,NULL,0,0,0,0,0,NULL,NULL,NULL,NULL,NULL,0,NULL,0.000,NULL,0.000,NULL,0,NULL,NULL,NULL,NULL,NULL,NULL,NULL,0,NULL,NULL,'2019-06-17 16:59:53','2019-06-17 16:59:53',6,6,1,'GNF',NULL),(70,'Prestataire MENUISIER','',1,NULL,NULL,0,NULL,1,NULL,'SU1906-0051',NULL,NULL,'',NULL,'CONAKRY',0,108,0,NULL,NULL,NULL,NULL,NULL,NULL,0,NULL,NULL,'','','','','','','',NULL,0,NULL,NULL,NULL,NULL,0,1,NULL,'',0,NULL,0,0,0,0,0,NULL,NULL,NULL,NULL,NULL,0,NULL,0.000,NULL,0.000,NULL,0,NULL,NULL,NULL,NULL,NULL,NULL,NULL,0,NULL,NULL,'2019-06-18 13:06:36','2019-06-18 13:06:36',6,6,1,'GNF',NULL),(71,'Oufarez','',1,NULL,NULL,0,NULL,1,NULL,'SU1906-0052',NULL,NULL,'',NULL,'CONAKRY',0,108,0,NULL,NULL,NULL,NULL,NULL,NULL,0,NULL,NULL,'','','','','','','',NULL,0,NULL,NULL,NULL,NULL,0,1,NULL,'',0,NULL,0,0,0,0,0,NULL,NULL,NULL,NULL,NULL,0,NULL,0.000,NULL,0.000,NULL,0,NULL,NULL,NULL,NULL,NULL,NULL,NULL,0,NULL,NULL,'2019-06-20 09:28:01','2019-06-20 09:28:00',6,6,1,'GNF',NULL),(73,'ONOMO Hôtel','',1,NULL,NULL,0,NULL,1,'CU1906-0028',NULL,NULL,NULL,'',NULL,'CONAKRY',0,108,0,NULL,NULL,NULL,NULL,NULL,NULL,0,NULL,NULL,'','','','','','','',NULL,0,NULL,NULL,NULL,NULL,3,0,NULL,'',0,NULL,0,0,0,0,0,NULL,NULL,NULL,NULL,NULL,1,NULL,0.000,NULL,0.000,NULL,0,NULL,NULL,NULL,NULL,NULL,NULL,NULL,0,NULL,NULL,'2019-06-20 12:36:15','2019-06-20 12:36:15',6,6,1,'GNF',NULL),(74,'FMR','',1,NULL,NULL,0,NULL,1,NULL,'SU1906-0054',NULL,NULL,'',NULL,'CONAKRY',0,108,0,NULL,NULL,NULL,NULL,NULL,NULL,0,NULL,NULL,'','','','','','','',NULL,0,NULL,NULL,NULL,NULL,0,1,NULL,'',0,NULL,0,0,0,0,0,NULL,NULL,NULL,NULL,NULL,0,NULL,0.000,NULL,0.000,NULL,0,NULL,NULL,NULL,NULL,NULL,NULL,NULL,0,NULL,NULL,'2019-06-26 12:17:45','2019-06-26 12:17:45',6,6,1,'GNF',NULL),(75,'TVA','',1,NULL,NULL,0,NULL,1,NULL,'SU1906-0055',NULL,NULL,'',NULL,'CONAKRY',0,108,0,NULL,NULL,NULL,NULL,NULL,NULL,0,NULL,NULL,'','','','','','','',NULL,0,NULL,NULL,NULL,NULL,0,1,NULL,'',0,NULL,0,0,0,0,0,NULL,NULL,NULL,NULL,NULL,0,NULL,0.000,NULL,0.000,NULL,0,NULL,NULL,NULL,NULL,NULL,NULL,NULL,0,NULL,NULL,'2019-06-28 15:18:17','2019-06-28 15:17:41',6,6,1,'GNF',NULL),(76,'Banque','',1,NULL,NULL,0,NULL,1,NULL,'SU1906-0056',NULL,NULL,'',NULL,'CONAKRY',0,108,0,NULL,NULL,NULL,NULL,NULL,NULL,0,NULL,NULL,'','','','','','','',NULL,0,NULL,NULL,NULL,NULL,0,1,NULL,'',0,NULL,0,0,0,0,0,NULL,NULL,NULL,NULL,NULL,0,NULL,0.000,NULL,0.000,NULL,0,NULL,NULL,NULL,NULL,NULL,NULL,NULL,0,NULL,NULL,'2019-06-28 15:25:29','2019-06-28 15:24:54',6,6,1,'GNF',NULL),(77,'Pharmacie Printania','',1,NULL,NULL,0,NULL,1,'CU1907-0029','SU1907-0057',NULL,NULL,'Kaloum',NULL,'CONAKRY',0,108,0,NULL,NULL,NULL,'printaniagn@yahoo.fr',NULL,NULL,0,NULL,NULL,'','','','','','','',NULL,0,NULL,NULL,NULL,NULL,3,1,NULL,'',0,NULL,0,0,0,0,0,NULL,NULL,NULL,NULL,NULL,1,NULL,0.000,NULL,0.000,NULL,0,NULL,NULL,NULL,NULL,NULL,NULL,NULL,0,NULL,NULL,'2019-07-01 14:04:01','2019-07-01 14:00:23',2,2,1,'GNF',NULL);

--
-- Table structure for table `llx_societe_account`
--

CREATE TABLE `llx_societe_account` (
  `rowid` int(11) NOT NULL AUTO_INCREMENT,
  `entity` int(11) DEFAULT '1',
  `key_account` varchar(128) COLLATE utf8_unicode_ci DEFAULT NULL,
  `login` varchar(128) COLLATE utf8_unicode_ci NOT NULL,
  `pass_encoding` varchar(24) COLLATE utf8_unicode_ci DEFAULT NULL,
  `pass_crypted` varchar(128) COLLATE utf8_unicode_ci DEFAULT NULL,
  `pass_temp` varchar(128) COLLATE utf8_unicode_ci DEFAULT NULL,
  `fk_soc` int(11) DEFAULT NULL,
  `site` varchar(128) COLLATE utf8_unicode_ci DEFAULT NULL,
  `fk_website` int(11) DEFAULT NULL,
  `note_private` text COLLATE utf8_unicode_ci,
  `date_last_login` datetime DEFAULT NULL,
  `date_previous_login` datetime DEFAULT NULL,
  `date_creation` datetime NOT NULL,
  `tms` timestamp NOT NULL DEFAULT CURRENT_TIMESTAMP ON UPDATE CURRENT_TIMESTAMP,
  `fk_user_creat` int(11) NOT NULL,
  `fk_user_modif` int(11) DEFAULT NULL,
  `import_key` varchar(14) COLLATE utf8_unicode_ci DEFAULT NULL,
  `status` int(11) DEFAULT NULL,
  PRIMARY KEY (`rowid`),
  UNIQUE KEY `uk_societe_account_login_website_soc` (`entity`,`fk_soc`,`login`,`site`,`fk_website`),
  UNIQUE KEY `uk_societe_account_key_account_soc` (`entity`,`fk_soc`,`key_account`,`site`,`fk_website`),
  KEY `idx_societe_account_rowid` (`rowid`),
  KEY `idx_societe_account_login` (`login`),
  KEY `idx_societe_account_status` (`status`),
  KEY `idx_societe_account_fk_website` (`fk_website`),
  KEY `idx_societe_account_fk_soc` (`fk_soc`),
  CONSTRAINT `llx_societe_account_fk_societe` FOREIGN KEY (`fk_soc`) REFERENCES `llx_societe` (`rowid`),
  CONSTRAINT `llx_societe_account_fk_website` FOREIGN KEY (`fk_website`) REFERENCES `llx_website` (`rowid`)
) ENGINE=InnoDB DEFAULT CHARSET=utf8 COLLATE=utf8_unicode_ci;

--
-- Dumping data for table `llx_societe_account`
--


--
-- Table structure for table `llx_societe_address`
--

CREATE TABLE `llx_societe_address` (
  `rowid` int(11) NOT NULL AUTO_INCREMENT,
  `datec` datetime DEFAULT NULL,
  `tms` timestamp NOT NULL DEFAULT CURRENT_TIMESTAMP ON UPDATE CURRENT_TIMESTAMP,
  `label` varchar(30) COLLATE utf8_unicode_ci DEFAULT NULL,
  `fk_soc` int(11) DEFAULT '0',
  `name` varchar(60) COLLATE utf8_unicode_ci DEFAULT NULL,
  `address` varchar(255) COLLATE utf8_unicode_ci DEFAULT NULL,
  `zip` varchar(10) COLLATE utf8_unicode_ci DEFAULT NULL,
  `town` varchar(50) COLLATE utf8_unicode_ci DEFAULT NULL,
  `fk_pays` int(11) DEFAULT '0',
  `phone` varchar(20) COLLATE utf8_unicode_ci DEFAULT NULL,
  `fax` varchar(20) COLLATE utf8_unicode_ci DEFAULT NULL,
  `note` text COLLATE utf8_unicode_ci,
  `fk_user_creat` int(11) DEFAULT NULL,
  `fk_user_modif` int(11) DEFAULT NULL,
  PRIMARY KEY (`rowid`)
) ENGINE=InnoDB DEFAULT CHARSET=utf8 COLLATE=utf8_unicode_ci;

--
-- Dumping data for table `llx_societe_address`
--


--
-- Table structure for table `llx_societe_commerciaux`
--

CREATE TABLE `llx_societe_commerciaux` (
  `rowid` int(11) NOT NULL AUTO_INCREMENT,
  `fk_soc` int(11) DEFAULT NULL,
  `fk_user` int(11) DEFAULT NULL,
  `import_key` varchar(14) COLLATE utf8_unicode_ci DEFAULT NULL,
  PRIMARY KEY (`rowid`),
  UNIQUE KEY `uk_societe_commerciaux` (`fk_soc`,`fk_user`)
) ENGINE=InnoDB DEFAULT CHARSET=utf8 COLLATE=utf8_unicode_ci;

--
-- Dumping data for table `llx_societe_commerciaux`
--


--
-- Table structure for table `llx_societe_extrafields`
--

CREATE TABLE `llx_societe_extrafields` (
  `rowid` int(11) NOT NULL AUTO_INCREMENT,
  `tms` timestamp NOT NULL DEFAULT CURRENT_TIMESTAMP ON UPDATE CURRENT_TIMESTAMP,
  `fk_object` int(11) NOT NULL,
  `import_key` varchar(14) COLLATE utf8_unicode_ci DEFAULT NULL,
  PRIMARY KEY (`rowid`),
  UNIQUE KEY `uk_societe_extrafields` (`fk_object`)
) ENGINE=InnoDB DEFAULT CHARSET=utf8 COLLATE=utf8_unicode_ci;

--
-- Dumping data for table `llx_societe_extrafields`
--


--
-- Table structure for table `llx_societe_log`
--

CREATE TABLE `llx_societe_log` (
  `id` int(11) NOT NULL AUTO_INCREMENT,
  `datel` datetime DEFAULT NULL,
  `fk_soc` int(11) DEFAULT NULL,
  `fk_statut` int(11) DEFAULT NULL,
  `fk_user` int(11) DEFAULT NULL,
  `author` varchar(30) COLLATE utf8_unicode_ci DEFAULT NULL,
  `label` varchar(128) COLLATE utf8_unicode_ci DEFAULT NULL,
  PRIMARY KEY (`id`)
) ENGINE=InnoDB DEFAULT CHARSET=utf8 COLLATE=utf8_unicode_ci;

--
-- Dumping data for table `llx_societe_log`
--


--
-- Table structure for table `llx_societe_prices`
--

CREATE TABLE `llx_societe_prices` (
  `rowid` int(11) NOT NULL AUTO_INCREMENT,
  `fk_soc` int(11) DEFAULT '0',
  `tms` timestamp NOT NULL DEFAULT CURRENT_TIMESTAMP ON UPDATE CURRENT_TIMESTAMP,
  `datec` datetime DEFAULT NULL,
  `fk_user_author` int(11) DEFAULT NULL,
  `price_level` tinyint(4) DEFAULT '1',
  PRIMARY KEY (`rowid`)
) ENGINE=InnoDB DEFAULT CHARSET=utf8 COLLATE=utf8_unicode_ci;

--
-- Dumping data for table `llx_societe_prices`
--


--
-- Table structure for table `llx_societe_remise`
--

CREATE TABLE `llx_societe_remise` (
  `rowid` int(11) NOT NULL AUTO_INCREMENT,
  `entity` int(11) NOT NULL DEFAULT '1',
  `fk_soc` int(11) NOT NULL,
  `tms` timestamp NOT NULL DEFAULT CURRENT_TIMESTAMP ON UPDATE CURRENT_TIMESTAMP,
  `datec` datetime DEFAULT NULL,
  `fk_user_author` int(11) DEFAULT NULL,
  `remise_client` double(6,3) NOT NULL DEFAULT '0.000',
  `note` text COLLATE utf8_unicode_ci,
  PRIMARY KEY (`rowid`)
) ENGINE=InnoDB DEFAULT CHARSET=utf8 COLLATE=utf8_unicode_ci;

--
-- Dumping data for table `llx_societe_remise`
--


--
-- Table structure for table `llx_societe_remise_except`
--

CREATE TABLE `llx_societe_remise_except` (
  `rowid` int(11) NOT NULL AUTO_INCREMENT,
  `entity` int(11) NOT NULL DEFAULT '1',
  `fk_soc` int(11) NOT NULL,
  `discount_type` int(11) NOT NULL DEFAULT '0',
  `datec` datetime DEFAULT NULL,
  `amount_ht` double(24,8) NOT NULL,
  `amount_tva` double(24,8) NOT NULL DEFAULT '0.00000000',
  `amount_ttc` double(24,8) NOT NULL DEFAULT '0.00000000',
  `tva_tx` double(6,3) NOT NULL DEFAULT '0.000',
  `fk_user` int(11) NOT NULL,
  `fk_facture_line` int(11) DEFAULT NULL,
  `fk_facture` int(11) DEFAULT NULL,
  `fk_facture_source` int(11) DEFAULT NULL,
  `fk_invoice_supplier_line` int(11) DEFAULT NULL,
  `fk_invoice_supplier` int(11) DEFAULT NULL,
  `fk_invoice_supplier_source` int(11) DEFAULT NULL,
  `description` text COLLATE utf8_unicode_ci NOT NULL,
  `multicurrency_amount_ht` double(24,8) NOT NULL DEFAULT '0.00000000',
  `multicurrency_amount_tva` double(24,8) NOT NULL DEFAULT '0.00000000',
  `multicurrency_amount_ttc` double(24,8) NOT NULL DEFAULT '0.00000000',
  PRIMARY KEY (`rowid`),
  KEY `idx_societe_remise_except_fk_user` (`fk_user`),
  KEY `idx_societe_remise_except_fk_soc` (`fk_soc`),
  KEY `idx_societe_remise_except_fk_facture_line` (`fk_facture_line`),
  KEY `idx_societe_remise_except_fk_facture` (`fk_facture`),
  KEY `idx_societe_remise_except_fk_facture_source` (`fk_facture_source`),
  KEY `idx_societe_remise_except_discount_type` (`discount_type`),
  KEY `fk_soc_remise_fk_invoice_supplier_line` (`fk_invoice_supplier_line`),
  KEY `fk_societe_remise_fk_invoice_supplier_source` (`fk_invoice_supplier`),
  CONSTRAINT `fk_soc_remise_fk_facture_line` FOREIGN KEY (`fk_facture_line`) REFERENCES `llx_facturedet` (`rowid`),
  CONSTRAINT `fk_soc_remise_fk_invoice_supplier_line` FOREIGN KEY (`fk_invoice_supplier_line`) REFERENCES `llx_facture_fourn_det` (`rowid`),
  CONSTRAINT `fk_soc_remise_fk_soc` FOREIGN KEY (`fk_soc`) REFERENCES `llx_societe` (`rowid`),
  CONSTRAINT `fk_societe_remise_fk_facture` FOREIGN KEY (`fk_facture`) REFERENCES `llx_facture` (`rowid`),
  CONSTRAINT `fk_societe_remise_fk_facture_source` FOREIGN KEY (`fk_facture_source`) REFERENCES `llx_facture` (`rowid`),
  CONSTRAINT `fk_societe_remise_fk_invoice_supplier` FOREIGN KEY (`fk_invoice_supplier`) REFERENCES `llx_facture_fourn` (`rowid`),
  CONSTRAINT `fk_societe_remise_fk_invoice_supplier_source` FOREIGN KEY (`fk_invoice_supplier`) REFERENCES `llx_facture_fourn` (`rowid`),
  CONSTRAINT `fk_societe_remise_fk_user` FOREIGN KEY (`fk_user`) REFERENCES `llx_user` (`rowid`)
) ENGINE=InnoDB AUTO_INCREMENT=21 DEFAULT CHARSET=utf8 COLLATE=utf8_unicode_ci;

--
-- Dumping data for table `llx_societe_remise_except`
--

INSERT INTO `llx_societe_remise_except` (`rowid`, `entity`, `fk_soc`, `discount_type`, `datec`, `amount_ht`, `amount_tva`, `amount_ttc`, `tva_tx`, `fk_user`, `fk_facture_line`, `fk_facture`, `fk_facture_source`, `fk_invoice_supplier_line`, `fk_invoice_supplier`, `fk_invoice_supplier_source`, `description`, `multicurrency_amount_ht`, `multicurrency_amount_tva`, `multicurrency_amount_ttc`) VALUES (1,1,6,0,'2019-01-29 09:47:28',32007834.00000000,5761410.12000000,37769244.12000000,18.000,2,95,NULL,8,NULL,NULL,NULL,'(DEPOSIT)',32007834.00000000,5761410.12000000,37769244.12000000),(2,1,6,0,'2019-01-29 09:55:50',96023502.00000000,17284230.36000000,113307732.36000000,18.000,2,96,NULL,10,NULL,NULL,NULL,'(DEPOSIT)',96023502.00000000,17284230.36000000,113307732.36000000),(3,1,35,0,'2019-04-15 18:14:02',304530044.00000000,54815407.91999999,359345451.91999990,18.000,2,157,NULL,30,NULL,NULL,NULL,'(DEPOSIT)',0.00000000,0.00000000,0.00000000),(4,1,35,0,'2019-04-15 18:15:46',203264120.40000000,36587541.60000000,239851661.60000000,18.000,2,150,NULL,29,NULL,NULL,NULL,'(DEPOSIT)',0.00000000,0.00000000,0.00000000),(5,1,6,0,'2019-05-16 11:12:33',80019585.00000000,14403525.30000000,94423110.30000000,18.000,2,97,NULL,13,NULL,NULL,NULL,'(DEPOSIT)',80019585.00000000,14403525.30000000,94423110.30000000),(6,1,6,0,'2019-05-16 11:12:59',64015668.00000000,11522820.24000000,75538488.24000000,18.000,2,98,NULL,11,NULL,NULL,NULL,'(DEPOSIT)',64015668.00000000,11522820.24000000,75538488.24000000),(7,1,6,0,'2019-05-16 11:27:21',25926345.54000000,0.00000000,25926345.54000000,0.000,2,NULL,NULL,NULL,NULL,NULL,NULL,'Retenue sur TVA',25926345.54000000,0.00000000,25926345.54000000),(8,1,6,0,'2019-05-16 11:31:58',16003917.00000000,0.00000000,16003917.00000000,0.000,2,101,NULL,NULL,NULL,NULL,NULL,'Retenue sur TVA',16003917.00000000,0.00000000,16003917.00000000),(9,1,26,0,'2019-05-16 12:03:22',139582805.60000000,25124905.00799999,164707710.60799995,18.000,2,125,NULL,19,NULL,NULL,NULL,'(DEPOSIT)',13420.88675844,2415.75961652,15836.64637496),(10,1,35,0,'2019-05-16 12:21:52',59507240.00000000,10711303.20000000,70218543.20000000,18.000,2,NULL,NULL,41,NULL,NULL,NULL,'(DEPOSIT)',0.00000000,0.00000000,0.00000000),(11,1,35,0,'2019-05-20 17:07:25',556739816.55000000,0.00000000,556739816.55000000,0.000,2,NULL,NULL,42,NULL,NULL,NULL,'(DEPOSIT)',0.00000000,0.00000000,0.00000000),(12,1,35,0,'2019-05-23 16:08:41',135509413.60000000,24391694.52000000,159901108.52000000,18.000,2,151,NULL,46,NULL,NULL,NULL,'(DEPOSIT)',0.00000000,0.00000000,0.00000000),(13,1,35,0,'2019-05-25 10:14:28',41712000.00000000,7508160.00000000,49220160.00000000,18.000,2,161,NULL,48,NULL,NULL,NULL,'(DEPOSIT)',0.00000000,0.00000000,0.00000000),(14,1,35,0,'2019-06-03 14:49:26',203264120.40000000,36587541.60000000,239851661.60000000,18.000,2,149,NULL,50,NULL,NULL,NULL,'(DEPOSIT)',0.00000000,0.00000000,0.00000000),(15,1,35,0,'2019-06-03 14:56:25',52233385.60000000,9402009.48000000,61635395.48000000,18.000,2,NULL,NULL,51,NULL,NULL,NULL,'(DEPOSIT)',0.00000000,0.00000000,0.00000000),(16,1,26,0,'2019-06-05 17:15:57',69790951.64000000,12562371.29000000,82353322.92999999,18.000,2,126,NULL,23,NULL,NULL,NULL,'(DEPOSIT)',6710.40000000,1207.87000000,7918.27000000),(17,1,26,0,'2019-06-05 17:16:37',69791402.80000000,12562452.54000000,82353855.54000000,18.000,2,127,NULL,36,NULL,NULL,NULL,'(DEPOSIT)',6710.71000000,1207.93000000,7918.64000000),(20,1,26,0,'2019-07-01 13:50:21',305505.00000000,0.00000000,305505.00000000,0.000,2,NULL,52,74,NULL,NULL,NULL,'(CREDIT_NOTE)',305505.00000000,0.00000000,305505.00000000);

--
-- Table structure for table `llx_societe_remise_supplier`
--

CREATE TABLE `llx_societe_remise_supplier` (
  `rowid` int(11) NOT NULL AUTO_INCREMENT,
  `entity` int(11) NOT NULL DEFAULT '1',
  `fk_soc` int(11) NOT NULL,
  `tms` timestamp NOT NULL DEFAULT CURRENT_TIMESTAMP ON UPDATE CURRENT_TIMESTAMP,
  `datec` datetime DEFAULT NULL,
  `fk_user_author` int(11) DEFAULT NULL,
  `remise_supplier` double(6,3) NOT NULL DEFAULT '0.000',
  `note` text COLLATE utf8_unicode_ci,
  PRIMARY KEY (`rowid`)
) ENGINE=InnoDB DEFAULT CHARSET=utf8 COLLATE=utf8_unicode_ci;

--
-- Dumping data for table `llx_societe_remise_supplier`
--


--
-- Table structure for table `llx_societe_rib`
--

CREATE TABLE `llx_societe_rib` (
  `rowid` int(11) NOT NULL AUTO_INCREMENT,
  `type` varchar(32) COLLATE utf8_unicode_ci NOT NULL DEFAULT 'ban',
  `label` varchar(30) COLLATE utf8_unicode_ci DEFAULT NULL,
  `fk_soc` int(11) NOT NULL,
  `datec` datetime DEFAULT NULL,
  `tms` timestamp NOT NULL DEFAULT CURRENT_TIMESTAMP ON UPDATE CURRENT_TIMESTAMP,
  `bank` varchar(255) COLLATE utf8_unicode_ci DEFAULT NULL,
  `code_banque` varchar(128) COLLATE utf8_unicode_ci DEFAULT NULL,
  `code_guichet` varchar(6) COLLATE utf8_unicode_ci DEFAULT NULL,
  `number` varchar(255) COLLATE utf8_unicode_ci DEFAULT NULL,
  `cle_rib` varchar(5) COLLATE utf8_unicode_ci DEFAULT NULL,
  `bic` varchar(20) COLLATE utf8_unicode_ci DEFAULT NULL,
  `iban_prefix` varchar(34) COLLATE utf8_unicode_ci DEFAULT NULL,
  `domiciliation` varchar(255) COLLATE utf8_unicode_ci DEFAULT NULL,
  `proprio` varchar(60) COLLATE utf8_unicode_ci DEFAULT NULL,
  `owner_address` varchar(255) COLLATE utf8_unicode_ci DEFAULT NULL,
  `default_rib` smallint(6) NOT NULL DEFAULT '0',
  `rum` varchar(32) COLLATE utf8_unicode_ci DEFAULT NULL,
  `date_rum` date DEFAULT NULL,
  `frstrecur` varchar(16) COLLATE utf8_unicode_ci DEFAULT 'FRST',
  `last_four` varchar(4) COLLATE utf8_unicode_ci DEFAULT NULL,
  `card_type` varchar(255) COLLATE utf8_unicode_ci DEFAULT NULL,
  `cvn` varchar(255) COLLATE utf8_unicode_ci DEFAULT NULL,
  `exp_date_month` int(11) DEFAULT NULL,
  `exp_date_year` int(11) DEFAULT NULL,
  `country_code` varchar(10) COLLATE utf8_unicode_ci DEFAULT NULL,
  `approved` int(11) DEFAULT '0',
  `email` varchar(255) COLLATE utf8_unicode_ci DEFAULT NULL,
  `ending_date` date DEFAULT NULL,
  `max_total_amount_of_all_payments` double(24,8) DEFAULT NULL,
  `preapproval_key` varchar(255) COLLATE utf8_unicode_ci DEFAULT NULL,
  `starting_date` date DEFAULT NULL,
  `total_amount_of_all_payments` double(24,8) DEFAULT NULL,
  `stripe_card_ref` varchar(128) COLLATE utf8_unicode_ci DEFAULT NULL,
  `status` int(11) NOT NULL DEFAULT '1',
  `import_key` varchar(14) COLLATE utf8_unicode_ci DEFAULT NULL,
  PRIMARY KEY (`rowid`),
  UNIQUE KEY `uk_societe_rib` (`label`,`fk_soc`)
) ENGINE=InnoDB DEFAULT CHARSET=utf8 COLLATE=utf8_unicode_ci;

--
-- Dumping data for table `llx_societe_rib`
--


--
-- Table structure for table `llx_socpeople`
--

CREATE TABLE `llx_socpeople` (
  `rowid` int(11) NOT NULL AUTO_INCREMENT,
  `datec` datetime DEFAULT NULL,
  `tms` timestamp NOT NULL DEFAULT CURRENT_TIMESTAMP ON UPDATE CURRENT_TIMESTAMP,
  `fk_soc` int(11) DEFAULT NULL,
  `entity` int(11) NOT NULL DEFAULT '1',
  `ref_ext` varchar(255) COLLATE utf8_unicode_ci DEFAULT NULL,
  `civility` varchar(6) COLLATE utf8_unicode_ci DEFAULT NULL,
  `lastname` varchar(50) COLLATE utf8_unicode_ci DEFAULT NULL,
  `firstname` varchar(50) COLLATE utf8_unicode_ci DEFAULT NULL,
  `address` varchar(255) COLLATE utf8_unicode_ci DEFAULT NULL,
  `zip` varchar(25) COLLATE utf8_unicode_ci DEFAULT NULL,
  `town` varchar(255) COLLATE utf8_unicode_ci DEFAULT NULL,
  `fk_departement` int(11) DEFAULT NULL,
  `fk_pays` int(11) DEFAULT '0',
  `birthday` date DEFAULT NULL,
  `poste` varchar(80) COLLATE utf8_unicode_ci DEFAULT NULL,
  `phone` varchar(30) COLLATE utf8_unicode_ci DEFAULT NULL,
  `phone_perso` varchar(30) COLLATE utf8_unicode_ci DEFAULT NULL,
  `phone_mobile` varchar(30) COLLATE utf8_unicode_ci DEFAULT NULL,
  `fax` varchar(30) COLLATE utf8_unicode_ci DEFAULT NULL,
  `email` varchar(255) COLLATE utf8_unicode_ci DEFAULT NULL,
  `jabberid` varchar(255) COLLATE utf8_unicode_ci DEFAULT NULL,
  `skype` varchar(255) COLLATE utf8_unicode_ci DEFAULT NULL,
  `photo` varchar(255) COLLATE utf8_unicode_ci DEFAULT NULL,
  `no_email` smallint(6) NOT NULL DEFAULT '0',
  `priv` smallint(6) NOT NULL DEFAULT '0',
  `fk_user_creat` int(11) DEFAULT '0',
  `fk_user_modif` int(11) DEFAULT NULL,
  `note_private` text COLLATE utf8_unicode_ci,
  `note_public` text COLLATE utf8_unicode_ci,
  `default_lang` varchar(6) COLLATE utf8_unicode_ci DEFAULT NULL,
  `canvas` varchar(32) COLLATE utf8_unicode_ci DEFAULT NULL,
  `import_key` varchar(14) COLLATE utf8_unicode_ci DEFAULT NULL,
  `statut` tinyint(4) NOT NULL DEFAULT '1',
  PRIMARY KEY (`rowid`),
  KEY `idx_socpeople_fk_soc` (`fk_soc`),
  KEY `idx_socpeople_fk_user_creat` (`fk_user_creat`),
  CONSTRAINT `fk_socpeople_fk_soc` FOREIGN KEY (`fk_soc`) REFERENCES `llx_societe` (`rowid`),
  CONSTRAINT `fk_socpeople_user_creat_user_rowid` FOREIGN KEY (`fk_user_creat`) REFERENCES `llx_user` (`rowid`)
) ENGINE=InnoDB AUTO_INCREMENT=2 DEFAULT CHARSET=utf8 COLLATE=utf8_unicode_ci;

--
-- Dumping data for table `llx_socpeople`
--

INSERT INTO `llx_socpeople` (`rowid`, `datec`, `tms`, `fk_soc`, `entity`, `ref_ext`, `civility`, `lastname`, `firstname`, `address`, `zip`, `town`, `fk_departement`, `fk_pays`, `birthday`, `poste`, `phone`, `phone_perso`, `phone_mobile`, `fax`, `email`, `jabberid`, `skype`, `photo`, `no_email`, `priv`, `fk_user_creat`, `fk_user_modif`, `note_private`, `note_public`, `default_lang`, `canvas`, `import_key`, `statut`) VALUES (1,'2019-01-15 17:30:54','2019-01-15 17:30:54',2,1,'','MR','LY','Daouda','','','',NULL,108,NULL,'Commercial','00224622575206','00224664294383','','','lydaouda62@yahoo.fr','','',NULL,0,0,3,3,'','',NULL,NULL,NULL,1);

--
-- Table structure for table `llx_socpeople_extrafields`
--

CREATE TABLE `llx_socpeople_extrafields` (
  `rowid` int(11) NOT NULL AUTO_INCREMENT,
  `tms` timestamp NOT NULL DEFAULT CURRENT_TIMESTAMP ON UPDATE CURRENT_TIMESTAMP,
  `fk_object` int(11) NOT NULL,
  `import_key` varchar(14) COLLATE utf8_unicode_ci DEFAULT NULL,
  PRIMARY KEY (`rowid`),
  KEY `idx_socpeople_extrafields` (`fk_object`)
) ENGINE=InnoDB DEFAULT CHARSET=utf8 COLLATE=utf8_unicode_ci;

--
-- Dumping data for table `llx_socpeople_extrafields`
--


--
-- Table structure for table `llx_stock_mouvement`
--

CREATE TABLE `llx_stock_mouvement` (
  `rowid` int(11) NOT NULL AUTO_INCREMENT,
  `tms` timestamp NOT NULL DEFAULT CURRENT_TIMESTAMP ON UPDATE CURRENT_TIMESTAMP,
  `datem` datetime DEFAULT NULL,
  `fk_product` int(11) NOT NULL,
  `batch` varchar(30) COLLATE utf8_unicode_ci DEFAULT NULL,
  `eatby` date DEFAULT NULL,
  `sellby` date DEFAULT NULL,
  `fk_entrepot` int(11) NOT NULL,
  `value` double DEFAULT NULL,
  `price` double(24,8) DEFAULT '0.00000000',
  `type_mouvement` smallint(6) DEFAULT NULL,
  `fk_user_author` int(11) DEFAULT NULL,
  `label` varchar(255) COLLATE utf8_unicode_ci DEFAULT NULL,
  `inventorycode` varchar(128) COLLATE utf8_unicode_ci DEFAULT NULL,
  `fk_origin` int(11) DEFAULT NULL,
  `origintype` varchar(32) COLLATE utf8_unicode_ci DEFAULT NULL,
  `model_pdf` varchar(255) COLLATE utf8_unicode_ci DEFAULT NULL,
  PRIMARY KEY (`rowid`),
  KEY `idx_stock_mouvement_fk_product` (`fk_product`),
  KEY `idx_stock_mouvement_fk_entrepot` (`fk_entrepot`)
) ENGINE=InnoDB AUTO_INCREMENT=3 DEFAULT CHARSET=utf8 COLLATE=utf8_unicode_ci;

--
-- Dumping data for table `llx_stock_mouvement`
--

INSERT INTO `llx_stock_mouvement` (`rowid`, `tms`, `datem`, `fk_product`, `batch`, `eatby`, `sellby`, `fk_entrepot`, `value`, `price`, `type_mouvement`, `fk_user_author`, `label`, `inventorycode`, `fk_origin`, `origintype`, `model_pdf`) VALUES (1,'2019-07-02 19:22:37','2019-07-02 19:22:37',12,NULL,NULL,NULL,1,10,0.00000000,0,2,'ajout','190702192202',0,'',NULL),(2,'2019-07-02 19:23:31','2019-07-02 19:23:31',12,NULL,NULL,NULL,1,-2,0.00000000,1,2,'Correction du stock pour le produit ','190702192252',0,'',NULL);

--
-- Table structure for table `llx_subscription`
--

CREATE TABLE `llx_subscription` (
  `rowid` int(11) NOT NULL AUTO_INCREMENT,
  `tms` timestamp NOT NULL DEFAULT CURRENT_TIMESTAMP ON UPDATE CURRENT_TIMESTAMP,
  `datec` datetime DEFAULT NULL,
  `fk_adherent` int(11) DEFAULT NULL,
  `dateadh` datetime DEFAULT NULL,
  `datef` date DEFAULT NULL,
  `subscription` double(24,8) DEFAULT NULL,
  `fk_bank` int(11) DEFAULT NULL,
  `note` text COLLATE utf8_unicode_ci,
  PRIMARY KEY (`rowid`),
  UNIQUE KEY `uk_subscription` (`fk_adherent`,`dateadh`)
) ENGINE=InnoDB DEFAULT CHARSET=utf8 COLLATE=utf8_unicode_ci;

--
-- Dumping data for table `llx_subscription`
--


--
-- Table structure for table `llx_supplier_proposal`
--

CREATE TABLE `llx_supplier_proposal` (
  `rowid` int(11) NOT NULL AUTO_INCREMENT,
  `ref` varchar(30) COLLATE utf8_unicode_ci NOT NULL,
  `entity` int(11) NOT NULL DEFAULT '1',
  `ref_ext` varchar(255) COLLATE utf8_unicode_ci DEFAULT NULL,
  `ref_int` varchar(255) COLLATE utf8_unicode_ci DEFAULT NULL,
  `fk_soc` int(11) DEFAULT NULL,
  `fk_projet` int(11) DEFAULT NULL,
  `tms` timestamp NOT NULL DEFAULT CURRENT_TIMESTAMP ON UPDATE CURRENT_TIMESTAMP,
  `datec` datetime DEFAULT NULL,
  `date_valid` datetime DEFAULT NULL,
  `date_cloture` datetime DEFAULT NULL,
  `fk_user_author` int(11) DEFAULT NULL,
  `fk_user_modif` int(11) DEFAULT NULL,
  `fk_user_valid` int(11) DEFAULT NULL,
  `fk_user_cloture` int(11) DEFAULT NULL,
  `fk_statut` smallint(6) NOT NULL DEFAULT '0',
  `price` double DEFAULT '0',
  `remise_percent` double DEFAULT '0',
  `remise_absolue` double DEFAULT '0',
  `remise` double DEFAULT '0',
  `total_ht` double(24,8) DEFAULT '0.00000000',
  `tva` double(24,8) DEFAULT '0.00000000',
  `localtax1` double(24,8) DEFAULT '0.00000000',
  `localtax2` double(24,8) DEFAULT '0.00000000',
  `total` double(24,8) DEFAULT '0.00000000',
  `fk_account` int(11) DEFAULT NULL,
  `fk_currency` varchar(3) COLLATE utf8_unicode_ci DEFAULT NULL,
  `fk_cond_reglement` int(11) DEFAULT NULL,
  `fk_mode_reglement` int(11) DEFAULT NULL,
  `note_private` text COLLATE utf8_unicode_ci,
  `note_public` text COLLATE utf8_unicode_ci,
  `model_pdf` varchar(255) COLLATE utf8_unicode_ci DEFAULT NULL,
  `last_main_doc` varchar(255) COLLATE utf8_unicode_ci DEFAULT NULL,
  `date_livraison` date DEFAULT NULL,
  `fk_shipping_method` int(11) DEFAULT NULL,
  `import_key` varchar(14) COLLATE utf8_unicode_ci DEFAULT NULL,
  `extraparams` varchar(255) COLLATE utf8_unicode_ci DEFAULT NULL,
  `fk_multicurrency` int(11) DEFAULT NULL,
  `multicurrency_code` varchar(255) COLLATE utf8_unicode_ci DEFAULT NULL,
  `multicurrency_tx` double(24,8) DEFAULT '1.00000000',
  `multicurrency_total_ht` double(24,8) DEFAULT '0.00000000',
  `multicurrency_total_tva` double(24,8) DEFAULT '0.00000000',
  `multicurrency_total_ttc` double(24,8) DEFAULT '0.00000000',
  PRIMARY KEY (`rowid`)
) ENGINE=InnoDB DEFAULT CHARSET=utf8 COLLATE=utf8_unicode_ci;

--
-- Dumping data for table `llx_supplier_proposal`
--


--
-- Table structure for table `llx_supplier_proposal_extrafields`
--

CREATE TABLE `llx_supplier_proposal_extrafields` (
  `rowid` int(11) NOT NULL AUTO_INCREMENT,
  `tms` timestamp NOT NULL DEFAULT CURRENT_TIMESTAMP ON UPDATE CURRENT_TIMESTAMP,
  `fk_object` int(11) NOT NULL,
  `import_key` varchar(14) COLLATE utf8_unicode_ci DEFAULT NULL,
  PRIMARY KEY (`rowid`)
) ENGINE=InnoDB DEFAULT CHARSET=utf8 COLLATE=utf8_unicode_ci;

--
-- Dumping data for table `llx_supplier_proposal_extrafields`
--


--
-- Table structure for table `llx_supplier_proposaldet`
--

CREATE TABLE `llx_supplier_proposaldet` (
  `rowid` int(11) NOT NULL AUTO_INCREMENT,
  `fk_supplier_proposal` int(11) NOT NULL,
  `fk_parent_line` int(11) DEFAULT NULL,
  `fk_product` int(11) DEFAULT NULL,
  `label` varchar(255) COLLATE utf8_unicode_ci DEFAULT NULL,
  `description` text COLLATE utf8_unicode_ci,
  `fk_remise_except` int(11) DEFAULT NULL,
  `vat_src_code` varchar(10) COLLATE utf8_unicode_ci DEFAULT '',
  `tva_tx` double(6,3) DEFAULT '0.000',
  `localtax1_tx` double(6,3) DEFAULT '0.000',
  `localtax1_type` varchar(10) COLLATE utf8_unicode_ci DEFAULT NULL,
  `localtax2_tx` double(6,3) DEFAULT '0.000',
  `localtax2_type` varchar(10) COLLATE utf8_unicode_ci DEFAULT NULL,
  `qty` double DEFAULT NULL,
  `remise_percent` double DEFAULT '0',
  `remise` double DEFAULT '0',
  `price` double DEFAULT NULL,
  `subprice` double(24,8) DEFAULT '0.00000000',
  `total_ht` double(24,8) DEFAULT '0.00000000',
  `total_tva` double(24,8) DEFAULT '0.00000000',
  `total_localtax1` double(24,8) DEFAULT '0.00000000',
  `total_localtax2` double(24,8) DEFAULT '0.00000000',
  `total_ttc` double(24,8) DEFAULT '0.00000000',
  `product_type` int(11) DEFAULT '0',
  `info_bits` int(11) DEFAULT '0',
  `buy_price_ht` double(24,8) DEFAULT '0.00000000',
  `fk_product_fournisseur_price` int(11) DEFAULT NULL,
  `special_code` int(11) DEFAULT '0',
  `rang` int(11) DEFAULT '0',
  `ref_fourn` varchar(30) COLLATE utf8_unicode_ci DEFAULT NULL,
  `fk_multicurrency` int(11) DEFAULT NULL,
  `multicurrency_code` varchar(255) COLLATE utf8_unicode_ci DEFAULT NULL,
  `multicurrency_subprice` double(24,8) DEFAULT '0.00000000',
  `multicurrency_total_ht` double(24,8) DEFAULT '0.00000000',
  `multicurrency_total_tva` double(24,8) DEFAULT '0.00000000',
  `multicurrency_total_ttc` double(24,8) DEFAULT '0.00000000',
  `fk_unit` int(11) DEFAULT NULL,
  PRIMARY KEY (`rowid`),
  KEY `idx_supplier_proposaldet_fk_supplier_proposal` (`fk_supplier_proposal`),
  KEY `idx_supplier_proposaldet_fk_product` (`fk_product`),
  KEY `fk_supplier_proposaldet_fk_unit` (`fk_unit`),
  CONSTRAINT `fk_supplier_proposaldet_fk_supplier_proposal` FOREIGN KEY (`fk_supplier_proposal`) REFERENCES `llx_supplier_proposal` (`rowid`),
  CONSTRAINT `fk_supplier_proposaldet_fk_unit` FOREIGN KEY (`fk_unit`) REFERENCES `llx_c_units` (`rowid`)
) ENGINE=InnoDB DEFAULT CHARSET=utf8 COLLATE=utf8_unicode_ci;

--
-- Dumping data for table `llx_supplier_proposaldet`
--


--
-- Table structure for table `llx_supplier_proposaldet_extrafields`
--

CREATE TABLE `llx_supplier_proposaldet_extrafields` (
  `rowid` int(11) NOT NULL AUTO_INCREMENT,
  `tms` timestamp NOT NULL DEFAULT CURRENT_TIMESTAMP ON UPDATE CURRENT_TIMESTAMP,
  `fk_object` int(11) NOT NULL,
  `import_key` varchar(14) COLLATE utf8_unicode_ci DEFAULT NULL,
  PRIMARY KEY (`rowid`)
) ENGINE=InnoDB DEFAULT CHARSET=utf8 COLLATE=utf8_unicode_ci;

--
-- Dumping data for table `llx_supplier_proposaldet_extrafields`
--


--
-- Table structure for table `llx_ticket`
--

CREATE TABLE `llx_ticket` (
  `rowid` int(11) NOT NULL AUTO_INCREMENT,
  `entity` int(11) DEFAULT '1',
  `ref` varchar(128) COLLATE utf8_unicode_ci NOT NULL,
  `track_id` varchar(128) COLLATE utf8_unicode_ci NOT NULL,
  `fk_soc` int(11) DEFAULT '0',
  `fk_project` int(11) DEFAULT '0',
  `origin_email` varchar(128) COLLATE utf8_unicode_ci DEFAULT NULL,
  `fk_user_create` int(11) DEFAULT NULL,
  `fk_user_assign` int(11) DEFAULT NULL,
  `subject` varchar(255) COLLATE utf8_unicode_ci DEFAULT NULL,
  `message` text COLLATE utf8_unicode_ci,
  `fk_statut` int(11) DEFAULT NULL,
  `resolution` int(11) DEFAULT NULL,
  `progress` varchar(100) COLLATE utf8_unicode_ci DEFAULT NULL,
  `timing` varchar(20) COLLATE utf8_unicode_ci DEFAULT NULL,
  `type_code` varchar(32) COLLATE utf8_unicode_ci DEFAULT NULL,
  `category_code` varchar(32) COLLATE utf8_unicode_ci DEFAULT NULL,
  `severity_code` varchar(32) COLLATE utf8_unicode_ci DEFAULT NULL,
  `datec` datetime DEFAULT NULL,
  `date_read` datetime DEFAULT NULL,
  `date_close` datetime DEFAULT NULL,
  `notify_tiers_at_create` tinyint(4) DEFAULT NULL,
  `tms` timestamp NOT NULL DEFAULT CURRENT_TIMESTAMP ON UPDATE CURRENT_TIMESTAMP,
  PRIMARY KEY (`rowid`),
  UNIQUE KEY `uk_ticket_track_id` (`track_id`)
) ENGINE=InnoDB DEFAULT CHARSET=utf8 COLLATE=utf8_unicode_ci;

--
-- Dumping data for table `llx_ticket`
--


--
-- Table structure for table `llx_ticket_extrafields`
--

CREATE TABLE `llx_ticket_extrafields` (
  `rowid` int(11) NOT NULL AUTO_INCREMENT,
  `tms` timestamp NOT NULL DEFAULT CURRENT_TIMESTAMP ON UPDATE CURRENT_TIMESTAMP,
  `fk_object` int(11) NOT NULL,
  `import_key` varchar(14) COLLATE utf8_unicode_ci DEFAULT NULL,
  PRIMARY KEY (`rowid`)
) ENGINE=InnoDB DEFAULT CHARSET=utf8 COLLATE=utf8_unicode_ci;

--
-- Dumping data for table `llx_ticket_extrafields`
--


--
-- Table structure for table `llx_ticket_msg`
--

CREATE TABLE `llx_ticket_msg` (
  `rowid` int(11) NOT NULL AUTO_INCREMENT,
  `entity` int(11) DEFAULT '1',
  `fk_track_id` varchar(128) COLLATE utf8_unicode_ci DEFAULT NULL,
  `fk_user_action` int(11) DEFAULT NULL,
  `datec` datetime DEFAULT NULL,
  `message` text COLLATE utf8_unicode_ci,
  `private` int(11) DEFAULT '0',
  PRIMARY KEY (`rowid`),
  KEY `fk_ticket_msg_fk_track_id` (`fk_track_id`),
  CONSTRAINT `fk_ticket_msg_fk_track_id` FOREIGN KEY (`fk_track_id`) REFERENCES `llx_ticket` (`track_id`)
) ENGINE=InnoDB DEFAULT CHARSET=utf8 COLLATE=utf8_unicode_ci;

--
-- Dumping data for table `llx_ticket_msg`
--


--
-- Table structure for table `llx_tva`
--

CREATE TABLE `llx_tva` (
  `rowid` int(11) NOT NULL AUTO_INCREMENT,
  `tms` timestamp NOT NULL DEFAULT CURRENT_TIMESTAMP ON UPDATE CURRENT_TIMESTAMP,
  `datec` datetime DEFAULT NULL,
  `datep` date DEFAULT NULL,
  `datev` date DEFAULT NULL,
  `amount` double(24,8) NOT NULL DEFAULT '0.00000000',
  `fk_typepayment` int(11) DEFAULT NULL,
  `num_payment` varchar(50) COLLATE utf8_unicode_ci DEFAULT NULL,
  `label` varchar(255) COLLATE utf8_unicode_ci DEFAULT NULL,
  `entity` int(11) NOT NULL DEFAULT '1',
  `note` text COLLATE utf8_unicode_ci,
  `fk_bank` int(11) DEFAULT NULL,
  `fk_user_creat` int(11) DEFAULT NULL,
  `fk_user_modif` int(11) DEFAULT NULL,
  `import_key` varchar(14) COLLATE utf8_unicode_ci DEFAULT NULL,
  PRIMARY KEY (`rowid`)
) ENGINE=InnoDB DEFAULT CHARSET=utf8 COLLATE=utf8_unicode_ci;

--
-- Dumping data for table `llx_tva`
--


--
-- Table structure for table `llx_user`
--

CREATE TABLE `llx_user` (
  `rowid` int(11) NOT NULL AUTO_INCREMENT,
  `entity` int(11) NOT NULL DEFAULT '1',
  `ref_ext` varchar(50) COLLATE utf8_unicode_ci DEFAULT NULL,
  `ref_int` varchar(50) COLLATE utf8_unicode_ci DEFAULT NULL,
  `employee` tinyint(4) DEFAULT '1',
  `fk_establishment` int(11) DEFAULT '0',
  `datec` datetime DEFAULT NULL,
  `tms` timestamp NOT NULL DEFAULT CURRENT_TIMESTAMP ON UPDATE CURRENT_TIMESTAMP,
  `fk_user_creat` int(11) DEFAULT NULL,
  `fk_user_modif` int(11) DEFAULT NULL,
  `login` varchar(50) COLLATE utf8_unicode_ci NOT NULL,
  `pass_encoding` varchar(24) COLLATE utf8_unicode_ci DEFAULT NULL,
  `pass` varchar(128) COLLATE utf8_unicode_ci DEFAULT NULL,
  `pass_crypted` varchar(128) COLLATE utf8_unicode_ci DEFAULT NULL,
  `pass_temp` varchar(128) COLLATE utf8_unicode_ci DEFAULT NULL,
  `api_key` varchar(128) COLLATE utf8_unicode_ci DEFAULT NULL,
  `gender` varchar(10) COLLATE utf8_unicode_ci DEFAULT NULL,
  `civility` varchar(6) COLLATE utf8_unicode_ci DEFAULT NULL,
  `lastname` varchar(50) COLLATE utf8_unicode_ci DEFAULT NULL,
  `firstname` varchar(50) COLLATE utf8_unicode_ci DEFAULT NULL,
  `address` varchar(255) COLLATE utf8_unicode_ci DEFAULT NULL,
  `zip` varchar(25) COLLATE utf8_unicode_ci DEFAULT NULL,
  `town` varchar(50) COLLATE utf8_unicode_ci DEFAULT NULL,
  `fk_state` int(11) DEFAULT '0',
  `fk_country` int(11) DEFAULT '0',
  `birth` date DEFAULT NULL,
  `job` varchar(128) COLLATE utf8_unicode_ci DEFAULT NULL,
  `skype` varchar(255) COLLATE utf8_unicode_ci DEFAULT NULL,
  `office_phone` varchar(20) COLLATE utf8_unicode_ci DEFAULT NULL,
  `office_fax` varchar(20) COLLATE utf8_unicode_ci DEFAULT NULL,
  `user_mobile` varchar(20) COLLATE utf8_unicode_ci DEFAULT NULL,
  `email` varchar(255) COLLATE utf8_unicode_ci DEFAULT NULL,
  `signature` text COLLATE utf8_unicode_ci,
  `admin` smallint(6) DEFAULT '0',
  `module_comm` smallint(6) DEFAULT '1',
  `module_compta` smallint(6) DEFAULT '1',
  `fk_soc` int(11) DEFAULT NULL,
  `fk_socpeople` int(11) DEFAULT NULL,
  `fk_member` int(11) DEFAULT NULL,
  `fk_user` int(11) DEFAULT NULL,
  `note_public` text COLLATE utf8_unicode_ci,
  `note` text COLLATE utf8_unicode_ci,
  `model_pdf` varchar(255) COLLATE utf8_unicode_ci DEFAULT NULL,
  `datelastlogin` datetime DEFAULT NULL,
  `datepreviouslogin` datetime DEFAULT NULL,
  `egroupware_id` int(11) DEFAULT NULL,
  `ldap_sid` varchar(255) COLLATE utf8_unicode_ci DEFAULT NULL,
  `openid` varchar(255) COLLATE utf8_unicode_ci DEFAULT NULL,
  `statut` tinyint(4) DEFAULT '1',
  `photo` varchar(255) COLLATE utf8_unicode_ci DEFAULT NULL,
  `lang` varchar(6) COLLATE utf8_unicode_ci DEFAULT NULL,
  `color` varchar(6) COLLATE utf8_unicode_ci DEFAULT NULL,
  `barcode` varchar(255) COLLATE utf8_unicode_ci DEFAULT NULL,
  `fk_barcode_type` int(11) DEFAULT '0',
  `accountancy_code` varchar(32) COLLATE utf8_unicode_ci DEFAULT NULL,
  `nb_holiday` int(11) DEFAULT '0',
  `thm` double(24,8) DEFAULT NULL,
  `tjm` double(24,8) DEFAULT NULL,
  `salary` double(24,8) DEFAULT NULL,
  `salaryextra` double(24,8) DEFAULT NULL,
  `dateemployment` date DEFAULT NULL,
  `weeklyhours` double(16,8) DEFAULT NULL,
  `import_key` varchar(14) COLLATE utf8_unicode_ci DEFAULT NULL,
  `default_range` int(11) DEFAULT NULL,
  `default_c_exp_tax_cat` int(11) DEFAULT NULL,
  PRIMARY KEY (`rowid`),
  UNIQUE KEY `uk_user_login` (`login`,`entity`),
  UNIQUE KEY `uk_user_fk_socpeople` (`fk_socpeople`),
  UNIQUE KEY `uk_user_fk_member` (`fk_member`),
  UNIQUE KEY `uk_user_api_key` (`api_key`),
  KEY `idx_user_fk_societe` (`fk_soc`)
) ENGINE=InnoDB AUTO_INCREMENT=8 DEFAULT CHARSET=utf8 COLLATE=utf8_unicode_ci;

--
-- Dumping data for table `llx_user`
--

INSERT INTO `llx_user` (`rowid`, `entity`, `ref_ext`, `ref_int`, `employee`, `fk_establishment`, `datec`, `tms`, `fk_user_creat`, `fk_user_modif`, `login`, `pass_encoding`, `pass`, `pass_crypted`, `pass_temp`, `api_key`, `gender`, `civility`, `lastname`, `firstname`, `address`, `zip`, `town`, `fk_state`, `fk_country`, `birth`, `job`, `skype`, `office_phone`, `office_fax`, `user_mobile`, `email`, `signature`, `admin`, `module_comm`, `module_compta`, `fk_soc`, `fk_socpeople`, `fk_member`, `fk_user`, `note_public`, `note`, `model_pdf`, `datelastlogin`, `datepreviouslogin`, `egroupware_id`, `ldap_sid`, `openid`, `statut`, `photo`, `lang`, `color`, `barcode`, `fk_barcode_type`, `accountancy_code`, `nb_holiday`, `thm`, `tjm`, `salary`, `salaryextra`, `dateemployment`, `weeklyhours`, `import_key`, `default_range`, `default_c_exp_tax_cat`) VALUES (1,0,NULL,NULL,1,0,'2019-01-14 14:21:07','2019-05-11 13:16:47',NULL,NULL,'admin',NULL,NULL,'$2y$10$97zY31Dd9SZME5EkCm5qRudoACiLAgiVZxqqzuBKvvH3kqOs7OYvK',NULL,NULL,NULL,NULL,'SuperAdmin','','','','',NULL,NULL,NULL,'','','','','','info@mt-solutions.africa','',1,1,1,NULL,NULL,NULL,NULL,NULL,'',NULL,'2019-06-24 12:11:06','2019-05-09 13:28:32',NULL,'',NULL,1,NULL,NULL,'',NULL,0,'',0,NULL,NULL,NULL,NULL,NULL,NULL,NULL,NULL,NULL),(2,0,NULL,NULL,1,0,'2019-01-14 15:08:37','2019-05-10 15:54:27',NULL,NULL,'cedric',NULL,NULL,'$2y$10$VS/Ii.FirOpU.D4nKGHJ0epUvp/OuUPW5M5HrREFk4ZF7OTjWknCG',NULL,'2bv3wd46',NULL,NULL,'cedric','','','','',NULL,NULL,NULL,'','','','','','info@mt-solutions.africa','',1,1,1,NULL,NULL,NULL,NULL,NULL,'',NULL,'2019-07-02 18:34:52','2019-07-02 15:31:34',NULL,'',NULL,1,NULL,NULL,'',NULL,0,'',0,NULL,NULL,NULL,NULL,NULL,NULL,NULL,NULL,NULL),(3,1,NULL,NULL,1,0,'2019-01-14 15:57:51','2019-05-11 13:17:05',NULL,NULL,'info',NULL,NULL,'$2y$10$VQuIq7Q0QRegmKwxoevlPunf6lG8U/GS2LJx0X/lkoSDgdX4reL9S',NULL,'j1tzm5gd',NULL,NULL,'info','','','','',NULL,NULL,NULL,'','','','','','info@mt-solutions.africa','',0,1,1,NULL,NULL,NULL,NULL,NULL,'',NULL,'2019-01-15 17:12:05','2019-01-14 16:04:46',NULL,'',NULL,1,NULL,NULL,'',NULL,0,'',0,NULL,NULL,NULL,NULL,NULL,NULL,NULL,NULL,NULL),(4,1,NULL,NULL,1,0,'2019-01-21 18:34:05','2019-05-16 14:34:54',NULL,NULL,'LOUA',NULL,NULL,'$2y$10$qJsaIiiom5qniZ1Z7MrnLeoPnoa.LyroeAs42jKWZapztXr07QEci',NULL,'8s03gwhb','woman',NULL,'LOUA','Charlotte','','','',NULL,NULL,NULL,'Assistante','','','','','','',0,1,1,NULL,NULL,NULL,NULL,NULL,'',NULL,'2019-05-14 15:45:08','2019-05-14 14:04:25',NULL,'',NULL,0,NULL,NULL,'',NULL,0,'',0,NULL,NULL,700000.00000000,NULL,'2019-01-01',NULL,NULL,NULL,NULL),(5,1,NULL,NULL,1,0,'2019-05-16 14:41:48','2019-05-16 14:42:52',NULL,NULL,'SOUMAH',NULL,NULL,'$2y$10$FmAlf7.8dHf.mw0sCg3xq.1TjOAzTYa2GKu1evRMsOFvmBboEaFBO',NULL,'p40qj3xh','man',NULL,'SOUMAH','Almamy','','','CONAKRY',NULL,108,'1987-05-10','','','','','625266060','soumahalmamy12@gmail.com','',0,1,1,NULL,NULL,NULL,2,NULL,'',NULL,'2019-07-02 17:43:59','2019-07-02 16:53:51',NULL,'',NULL,1,NULL,NULL,'ffffaa',NULL,0,'',0,NULL,NULL,NULL,NULL,NULL,NULL,NULL,NULL,NULL),(6,1,NULL,NULL,1,0,'2019-06-07 09:30:28','2019-06-27 16:52:49',NULL,NULL,'Halimatou',NULL,NULL,'$2y$10$gyVsMuHMcAzFm2ZFDSp.Kua1RbJcVdn9wjfBg6EkOIrNguA5N3q.u',NULL,'641w90ng',NULL,NULL,'DIALLO','Halimatou','','','',NULL,108,'1970-01-01','Assistante de direction','','','','00224 624269360','assistante@mt-solutions.afica','',0,1,1,NULL,NULL,NULL,2,NULL,'',NULL,'2019-07-02 14:28:09','2019-07-02 10:47:46',NULL,'',NULL,1,NULL,NULL,'',NULL,0,'',0,NULL,NULL,6000000.00000000,NULL,'2019-07-01',NULL,NULL,NULL,NULL),(7,1,NULL,NULL,1,0,'2019-06-08 16:00:53','2019-06-08 16:00:54',NULL,NULL,'Samba',NULL,NULL,'$2y$10$E.36oYVg6GpcYXIy.S7MLeZZ8NKolWHPrfiRzh9ELjRE3fuXxG6vO',NULL,'5kv6920b',NULL,NULL,'BAH','Samba','','','DUBREKA',NULL,108,NULL,'Architecte','','00224622125188','','','archi@mt-solutions.africa','',0,1,1,NULL,NULL,NULL,2,NULL,'',NULL,'2019-06-22 13:09:36','2019-06-20 17:18:01',NULL,'',NULL,1,NULL,NULL,'',NULL,0,'',0,NULL,NULL,NULL,NULL,NULL,NULL,NULL,NULL,NULL);

--
-- Table structure for table `llx_user_alert`
--

CREATE TABLE `llx_user_alert` (
  `rowid` int(11) NOT NULL AUTO_INCREMENT,
  `type` int(11) DEFAULT NULL,
  `fk_contact` int(11) DEFAULT NULL,
  `fk_user` int(11) DEFAULT NULL,
  PRIMARY KEY (`rowid`)
) ENGINE=InnoDB DEFAULT CHARSET=utf8 COLLATE=utf8_unicode_ci;

--
-- Dumping data for table `llx_user_alert`
--


--
-- Table structure for table `llx_user_clicktodial`
--

CREATE TABLE `llx_user_clicktodial` (
  `fk_user` int(11) NOT NULL,
  `url` varchar(255) COLLATE utf8_unicode_ci DEFAULT NULL,
  `login` varchar(32) COLLATE utf8_unicode_ci DEFAULT NULL,
  `pass` varchar(64) COLLATE utf8_unicode_ci DEFAULT NULL,
  `poste` varchar(20) COLLATE utf8_unicode_ci DEFAULT NULL,
  PRIMARY KEY (`fk_user`)
) ENGINE=InnoDB DEFAULT CHARSET=utf8 COLLATE=utf8_unicode_ci;

--
-- Dumping data for table `llx_user_clicktodial`
--


--
-- Table structure for table `llx_user_employment`
--

CREATE TABLE `llx_user_employment` (
  `rowid` int(11) NOT NULL AUTO_INCREMENT,
  `entity` int(11) NOT NULL DEFAULT '1',
  `ref` varchar(50) COLLATE utf8_unicode_ci DEFAULT NULL,
  `ref_ext` varchar(50) COLLATE utf8_unicode_ci DEFAULT NULL,
  `fk_user` int(11) DEFAULT NULL,
  `datec` datetime DEFAULT NULL,
  `tms` timestamp NOT NULL DEFAULT CURRENT_TIMESTAMP ON UPDATE CURRENT_TIMESTAMP,
  `fk_user_creat` int(11) DEFAULT NULL,
  `fk_user_modif` int(11) DEFAULT NULL,
  `job` varchar(128) COLLATE utf8_unicode_ci DEFAULT NULL,
  `status` int(11) NOT NULL,
  `salary` double(24,8) DEFAULT NULL,
  `salaryextra` double(24,8) DEFAULT NULL,
  `weeklyhours` double(16,8) DEFAULT NULL,
  `dateemployment` date DEFAULT NULL,
  `dateemploymentend` date DEFAULT NULL,
  PRIMARY KEY (`rowid`),
  UNIQUE KEY `uk_user_employment` (`ref`,`entity`),
  KEY `fk_user_employment_fk_user` (`fk_user`),
  CONSTRAINT `fk_user_employment_fk_user` FOREIGN KEY (`fk_user`) REFERENCES `llx_user` (`rowid`)
) ENGINE=InnoDB DEFAULT CHARSET=utf8 COLLATE=utf8_unicode_ci;

--
-- Dumping data for table `llx_user_employment`
--


--
-- Table structure for table `llx_user_extrafields`
--

CREATE TABLE `llx_user_extrafields` (
  `rowid` int(11) NOT NULL AUTO_INCREMENT,
  `tms` timestamp NOT NULL DEFAULT CURRENT_TIMESTAMP ON UPDATE CURRENT_TIMESTAMP,
  `fk_object` int(11) NOT NULL,
  `import_key` varchar(14) COLLATE utf8_unicode_ci DEFAULT NULL,
  PRIMARY KEY (`rowid`),
  KEY `idx_user_extrafields` (`fk_object`)
) ENGINE=InnoDB DEFAULT CHARSET=utf8 COLLATE=utf8_unicode_ci;

--
-- Dumping data for table `llx_user_extrafields`
--


--
-- Table structure for table `llx_user_param`
--

CREATE TABLE `llx_user_param` (
  `fk_user` int(11) NOT NULL,
  `entity` int(11) NOT NULL DEFAULT '1',
  `param` varchar(180) COLLATE utf8_unicode_ci NOT NULL,
  `value` text COLLATE utf8_unicode_ci NOT NULL,
  UNIQUE KEY `uk_user_param` (`fk_user`,`param`,`entity`)
) ENGINE=InnoDB DEFAULT CHARSET=utf8 COLLATE=utf8_unicode_ci;

--
-- Dumping data for table `llx_user_param`
--

INSERT INTO `llx_user_param` (`fk_user`, `entity`, `param`, `value`) VALUES (2,1,'MAIN_SELECTEDFIELDS_banktransactionlist','b.rowid,description,b.datev,type,b.num_chq,bu.label,b.debit,b.credit,balance,b.num_releve,b.conciliated,'),(2,1,'MAIN_SELECTEDFIELDS_invoicelist','f.facnumber,f.date,f.date_lim_reglement,s.nom,f.total_ht,dynamount_payed,rtp,f.fk_statut,'),(2,1,'MAIN_SELECTEDFIELDS_projectlist','p.ref,p.title,s.nom,p.dateo,p.datee,p.public,p.opp_amount,p.fk_opp_status,p.budget_amount,p.fk_statut,'),(6,1,'MAIN_SELECTEDFIELDS_banktransactionlist','b.rowid,description,b.dateo,b.datev,bu.label,ba.ref,b.debit,b.credit,balance,b.num_releve,');

--
-- Table structure for table `llx_user_rib`
--

CREATE TABLE `llx_user_rib` (
  `rowid` int(11) NOT NULL AUTO_INCREMENT,
  `fk_user` int(11) NOT NULL,
  `entity` int(11) NOT NULL DEFAULT '1',
  `datec` datetime DEFAULT NULL,
  `tms` timestamp NOT NULL DEFAULT CURRENT_TIMESTAMP ON UPDATE CURRENT_TIMESTAMP,
  `label` varchar(30) COLLATE utf8_unicode_ci DEFAULT NULL,
  `bank` varchar(255) COLLATE utf8_unicode_ci DEFAULT NULL,
  `code_banque` varchar(128) COLLATE utf8_unicode_ci DEFAULT NULL,
  `code_guichet` varchar(6) COLLATE utf8_unicode_ci DEFAULT NULL,
  `number` varchar(255) COLLATE utf8_unicode_ci DEFAULT NULL,
  `cle_rib` varchar(5) COLLATE utf8_unicode_ci DEFAULT NULL,
  `bic` varchar(11) COLLATE utf8_unicode_ci DEFAULT NULL,
  `iban_prefix` varchar(34) COLLATE utf8_unicode_ci DEFAULT NULL,
  `domiciliation` varchar(255) COLLATE utf8_unicode_ci DEFAULT NULL,
  `proprio` varchar(60) COLLATE utf8_unicode_ci DEFAULT NULL,
  `owner_address` varchar(255) COLLATE utf8_unicode_ci DEFAULT NULL,
  PRIMARY KEY (`rowid`)
) ENGINE=InnoDB DEFAULT CHARSET=utf8 COLLATE=utf8_unicode_ci;

--
-- Dumping data for table `llx_user_rib`
--


--
-- Table structure for table `llx_user_rights`
--

CREATE TABLE `llx_user_rights` (
  `rowid` int(11) NOT NULL AUTO_INCREMENT,
  `entity` int(11) NOT NULL DEFAULT '1',
  `fk_user` int(11) NOT NULL,
  `fk_id` int(11) NOT NULL,
  PRIMARY KEY (`rowid`),
  UNIQUE KEY `uk_user_rights` (`entity`,`fk_user`,`fk_id`),
  KEY `fk_user_rights_fk_user_user` (`fk_user`),
  CONSTRAINT `fk_user_rights_fk_user_user` FOREIGN KEY (`fk_user`) REFERENCES `llx_user` (`rowid`)
) ENGINE=InnoDB AUTO_INCREMENT=747 DEFAULT CHARSET=utf8 COLLATE=utf8_unicode_ci;

--
-- Dumping data for table `llx_user_rights`
--

INSERT INTO `llx_user_rights` (`rowid`, `entity`, `fk_user`, `fk_id`) VALUES (141,1,1,11),(128,1,1,12),(131,1,1,13),(133,1,1,14),(135,1,1,15),(138,1,1,16),(142,1,1,19),(49,1,1,21),(34,1,1,22),(37,1,1,24),(39,1,1,25),(42,1,1,26),(46,1,1,27),(50,1,1,28),(219,1,1,31),(212,1,1,32),(216,1,1,34),(220,1,1,38),(386,1,1,41),(379,1,1,42),(383,1,1,44),(387,1,1,45),(159,1,1,91),(152,1,1,92),(156,1,1,93),(160,1,1,94),(223,1,1,95),(199,1,1,111),(180,1,1,112),(184,1,1,113),(188,1,1,114),(192,1,1,115),(196,1,1,116),(200,1,1,117),(11,1,1,121),(4,1,1,122),(8,1,1,125),(12,1,1,126),(396,1,1,141),(393,1,1,142),(397,1,1,144),(261,1,1,241),(258,1,1,242),(262,1,1,243),(15,1,1,262),(27,1,1,281),(20,1,1,282),(24,1,1,283),(28,1,1,286),(729,1,1,300),(731,1,1,301),(173,1,1,511),(166,1,1,512),(170,1,1,514),(174,1,1,517),(235,1,1,531),(228,1,1,532),(232,1,1,534),(236,1,1,538),(245,1,1,1001),(242,1,1,1002),(246,1,1,1003),(251,1,1,1004),(252,1,1,1005),(121,1,1,1121),(106,1,1,1122),(110,1,1,1123),(114,1,1,1124),(118,1,1,1125),(122,1,1,1126),(53,1,1,1181),(81,1,1,1182),(58,1,1,1183),(61,1,1,1184),(64,1,1,1185),(68,1,1,1186),(72,1,1,1187),(78,1,1,1188),(75,1,1,1189),(82,1,1,1191),(269,1,1,1201),(270,1,1,1202),(99,1,1,1231),(88,1,1,1232),(91,1,1,1233),(94,1,1,1234),(97,1,1,1235),(100,1,1,1236),(265,1,1,1251),(145,1,1,1321),(147,1,1,1322),(406,1,1,2401),(403,1,1,2402),(407,1,1,2403),(416,1,1,2411),(413,1,1,2412),(417,1,1,2413),(420,1,1,2414),(483,1,1,2501),(480,1,1,2503),(484,1,1,2515),(458,1,1,20001),(439,1,1,20002),(443,1,1,20003),(451,1,1,20004),(455,1,1,20005),(459,1,1,20006),(447,1,1,20007),(283,1,1,23001),(276,1,1,23002),(280,1,1,23003),(284,1,1,23004),(735,1,1,50401),(739,1,1,50411),(740,1,1,50412),(743,1,1,50420),(745,1,1,50430),(733,1,1,50440),(203,1,1,59001),(205,1,1,59002),(207,1,1,59003),(432,1,1,63001),(425,1,1,63002),(429,1,1,63003),(433,1,1,63004),(143,1,2,11),(130,1,2,12),(132,1,2,13),(134,1,2,14),(136,1,2,15),(140,1,2,16),(144,1,2,19),(51,1,2,21),(36,1,2,22),(38,1,2,24),(40,1,2,25),(44,1,2,26),(48,1,2,27),(52,1,2,28),(221,1,2,31),(214,1,2,32),(218,1,2,34),(222,1,2,38),(388,1,2,41),(381,1,2,42),(385,1,2,44),(389,1,2,45),(161,1,2,91),(154,1,2,92),(158,1,2,93),(162,1,2,94),(224,1,2,95),(201,1,2,111),(182,1,2,112),(186,1,2,113),(190,1,2,114),(194,1,2,115),(198,1,2,116),(202,1,2,117),(13,1,2,121),(6,1,2,122),(10,1,2,125),(14,1,2,126),(398,1,2,141),(395,1,2,142),(399,1,2,144),(263,1,2,241),(260,1,2,242),(264,1,2,243),(16,1,2,262),(29,1,2,281),(22,1,2,282),(26,1,2,283),(30,1,2,286),(730,1,2,300),(732,1,2,301),(175,1,2,511),(168,1,2,512),(172,1,2,514),(176,1,2,517),(237,1,2,531),(230,1,2,532),(234,1,2,534),(238,1,2,538),(247,1,2,1001),(244,1,2,1002),(248,1,2,1003),(253,1,2,1004),(254,1,2,1005),(123,1,2,1121),(108,1,2,1122),(112,1,2,1123),(116,1,2,1124),(120,1,2,1125),(124,1,2,1126),(54,1,2,1181),(83,1,2,1182),(60,1,2,1183),(62,1,2,1184),(66,1,2,1185),(70,1,2,1186),(74,1,2,1187),(80,1,2,1188),(76,1,2,1189),(84,1,2,1191),(271,1,2,1201),(272,1,2,1202),(101,1,2,1231),(90,1,2,1232),(92,1,2,1233),(96,1,2,1234),(98,1,2,1235),(102,1,2,1236),(266,1,2,1251),(146,1,2,1321),(148,1,2,1322),(408,1,2,2401),(405,1,2,2402),(409,1,2,2403),(418,1,2,2411),(415,1,2,2412),(419,1,2,2413),(421,1,2,2414),(485,1,2,2501),(482,1,2,2503),(486,1,2,2515),(460,1,2,20001),(441,1,2,20002),(445,1,2,20003),(453,1,2,20004),(457,1,2,20005),(461,1,2,20006),(449,1,2,20007),(285,1,2,23001),(278,1,2,23002),(282,1,2,23003),(286,1,2,23004),(736,1,2,50401),(741,1,2,50411),(742,1,2,50412),(744,1,2,50420),(746,1,2,50430),(734,1,2,50440),(204,1,2,59001),(206,1,2,59002),(208,1,2,59003),(434,1,2,63001),(427,1,2,63002),(431,1,2,63003),(435,1,2,63004),(304,1,3,11),(305,1,3,12),(306,1,3,13),(307,1,3,14),(308,1,3,15),(309,1,3,16),(310,1,3,19),(337,1,3,21),(338,1,3,22),(339,1,3,24),(340,1,3,25),(341,1,3,26),(342,1,3,27),(343,1,3,28),(333,1,3,31),(334,1,3,32),(335,1,3,34),(336,1,3,38),(372,1,3,91),(373,1,3,92),(374,1,3,93),(375,1,3,94),(297,1,3,95),(287,1,3,111),(288,1,3,112),(289,1,3,113),(290,1,3,114),(291,1,3,115),(292,1,3,116),(293,1,3,117),(352,1,3,121),(353,1,3,122),(354,1,3,125),(355,1,3,126),(294,1,3,241),(295,1,3,242),(296,1,3,243),(356,1,3,262),(357,1,3,281),(358,1,3,282),(359,1,3,283),(360,1,3,286),(344,1,3,511),(345,1,3,512),(346,1,3,514),(347,1,3,517),(348,1,3,531),(349,1,3,532),(350,1,3,534),(351,1,3,538),(361,1,3,1001),(362,1,3,1002),(363,1,3,1003),(364,1,3,1004),(365,1,3,1005),(366,1,3,1121),(367,1,3,1122),(368,1,3,1123),(369,1,3,1124),(370,1,3,1125),(371,1,3,1126),(313,1,3,1181),(314,1,3,1182),(315,1,3,1183),(316,1,3,1184),(317,1,3,1185),(318,1,3,1186),(319,1,3,1187),(320,1,3,1188),(321,1,3,1189),(322,1,3,1191),(302,1,3,1201),(303,1,3,1202),(323,1,3,1231),(324,1,3,1232),(325,1,3,1233),(326,1,3,1234),(327,1,3,1235),(328,1,3,1236),(329,1,3,1251),(311,1,3,1321),(312,1,3,1322),(298,1,3,23001),(299,1,3,23002),(300,1,3,23003),(301,1,3,23004),(330,1,3,59001),(331,1,3,59002),(332,1,3,59003),(476,1,4,95),(462,1,4,111),(463,1,4,112),(464,1,4,113),(465,1,4,114),(466,1,4,115),(467,1,4,116),(468,1,4,117),(469,1,4,2401),(470,1,4,2402),(471,1,4,2403),(472,1,4,2411),(473,1,4,2412),(474,1,4,2413),(475,1,4,2414),(497,1,5,11),(498,1,5,12),(499,1,5,13),(500,1,5,14),(501,1,5,15),(502,1,5,16),(528,1,5,21),(529,1,5,22),(530,1,5,24),(531,1,5,25),(532,1,5,26),(534,1,5,28),(522,1,5,31),(523,1,5,32),(525,1,5,38),(526,1,5,41),(544,1,5,95),(492,1,5,111),(489,1,5,112),(491,1,5,114),(493,1,5,117),(539,1,5,121),(527,1,5,141),(494,1,5,241),(547,1,5,262),(540,1,5,281),(535,1,5,531),(536,1,5,532),(538,1,5,538),(541,1,5,1001),(506,1,5,1181),(507,1,5,1182),(508,1,5,1183),(509,1,5,1184),(510,1,5,1185),(511,1,5,1186),(512,1,5,1187),(514,1,5,1189),(515,1,5,1191),(496,1,5,1201),(516,1,5,1231),(517,1,5,1232),(518,1,5,1233),(520,1,5,1235),(521,1,5,1236),(504,1,5,1321),(505,1,5,1322),(542,1,5,2401),(543,1,5,2411),(495,1,5,2501),(545,1,5,59001),(546,1,5,59003),(653,1,6,11),(577,1,6,12),(578,1,6,13),(579,1,6,14),(580,1,6,15),(581,1,6,16),(622,1,6,21),(623,1,6,22),(624,1,6,24),(625,1,6,25),(626,1,6,26),(628,1,6,28),(611,1,6,31),(612,1,6,32),(613,1,6,34),(614,1,6,38),(615,1,6,41),(616,1,6,42),(618,1,6,45),(568,1,6,95),(558,1,6,111),(559,1,6,112),(560,1,6,113),(561,1,6,114),(562,1,6,115),(563,1,6,116),(564,1,6,117),(633,1,6,121),(634,1,6,122),(635,1,6,125),(636,1,6,126),(619,1,6,141),(620,1,6,142),(565,1,6,241),(566,1,6,242),(567,1,6,243),(637,1,6,262),(638,1,6,281),(639,1,6,282),(641,1,6,286),(629,1,6,531),(630,1,6,532),(632,1,6,538),(642,1,6,1001),(643,1,6,1002),(644,1,6,1003),(645,1,6,1004),(646,1,6,1005),(647,1,6,1121),(648,1,6,1122),(649,1,6,1123),(650,1,6,1124),(652,1,6,1126),(585,1,6,1181),(655,1,6,1182),(587,1,6,1183),(588,1,6,1184),(589,1,6,1185),(590,1,6,1186),(591,1,6,1187),(656,1,6,1188),(593,1,6,1189),(594,1,6,1191),(657,1,6,1231),(596,1,6,1232),(597,1,6,1233),(658,1,6,1234),(599,1,6,1235),(600,1,6,1236),(583,1,6,1321),(584,1,6,1322),(551,1,6,2401),(552,1,6,2402),(553,1,6,2403),(554,1,6,2411),(555,1,6,2412),(556,1,6,2413),(557,1,6,2414),(573,1,6,2501),(574,1,6,2503),(575,1,6,2515),(601,1,6,20001),(602,1,6,20002),(604,1,6,20004),(605,1,6,20005),(606,1,6,20006),(607,1,6,20007),(569,1,6,23001),(570,1,6,23002),(571,1,6,23003),(572,1,6,23004),(608,1,6,59001),(609,1,6,59002),(610,1,6,59003),(669,1,7,11),(670,1,7,12),(671,1,7,13),(672,1,7,14),(673,1,7,15),(674,1,7,16),(699,1,7,21),(700,1,7,22),(701,1,7,24),(702,1,7,25),(703,1,7,26),(705,1,7,28),(688,1,7,31),(689,1,7,32),(691,1,7,38),(692,1,7,41),(695,1,7,45),(710,1,7,121),(696,1,7,141),(719,1,7,241),(725,1,7,251),(728,1,7,262),(711,1,7,281),(726,1,7,358),(706,1,7,531),(707,1,7,532),(709,1,7,538),(712,1,7,1001),(713,1,7,1004),(717,1,7,1121),(721,1,7,1181),(722,1,7,1182),(720,1,7,1201),(723,1,7,1231),(724,1,7,1251),(676,1,7,1321),(677,1,7,1322),(659,1,7,2401),(660,1,7,2402),(661,1,7,2403),(662,1,7,2411),(663,1,7,2412),(665,1,7,2414),(666,1,7,2501),(668,1,7,2515),(678,1,7,20001),(679,1,7,20002),(681,1,7,20004),(682,1,7,20005),(683,1,7,20006),(684,1,7,20007),(727,1,7,23001),(685,1,7,59001),(686,1,7,59002),(687,1,7,59003),(715,1,7,63001),(716,1,7,63004);

--
-- Table structure for table `llx_usergroup`
--

CREATE TABLE `llx_usergroup` (
  `rowid` int(11) NOT NULL AUTO_INCREMENT,
  `nom` varchar(180) COLLATE utf8_unicode_ci NOT NULL,
  `entity` int(11) NOT NULL DEFAULT '1',
  `datec` datetime DEFAULT NULL,
  `tms` timestamp NOT NULL DEFAULT CURRENT_TIMESTAMP ON UPDATE CURRENT_TIMESTAMP,
  `note` text COLLATE utf8_unicode_ci,
  `model_pdf` varchar(255) COLLATE utf8_unicode_ci DEFAULT NULL,
  PRIMARY KEY (`rowid`),
  UNIQUE KEY `uk_usergroup_name` (`nom`,`entity`)
) ENGINE=InnoDB DEFAULT CHARSET=utf8 COLLATE=utf8_unicode_ci;

--
-- Dumping data for table `llx_usergroup`
--


--
-- Table structure for table `llx_usergroup_extrafields`
--

CREATE TABLE `llx_usergroup_extrafields` (
  `rowid` int(11) NOT NULL AUTO_INCREMENT,
  `tms` timestamp NOT NULL DEFAULT CURRENT_TIMESTAMP ON UPDATE CURRENT_TIMESTAMP,
  `fk_object` int(11) NOT NULL,
  `import_key` varchar(14) COLLATE utf8_unicode_ci DEFAULT NULL,
  PRIMARY KEY (`rowid`),
  KEY `idx_usergroup_extrafields` (`fk_object`)
) ENGINE=InnoDB DEFAULT CHARSET=utf8 COLLATE=utf8_unicode_ci;

--
-- Dumping data for table `llx_usergroup_extrafields`
--


--
-- Table structure for table `llx_usergroup_rights`
--

CREATE TABLE `llx_usergroup_rights` (
  `rowid` int(11) NOT NULL AUTO_INCREMENT,
  `entity` int(11) NOT NULL DEFAULT '1',
  `fk_usergroup` int(11) NOT NULL,
  `fk_id` int(11) NOT NULL,
  PRIMARY KEY (`rowid`),
  UNIQUE KEY `uk_usergroup_rights` (`entity`,`fk_usergroup`,`fk_id`),
  KEY `fk_usergroup_rights_fk_usergroup` (`fk_usergroup`),
  CONSTRAINT `fk_usergroup_rights_fk_usergroup` FOREIGN KEY (`fk_usergroup`) REFERENCES `llx_usergroup` (`rowid`)
) ENGINE=InnoDB DEFAULT CHARSET=utf8 COLLATE=utf8_unicode_ci;

--
-- Dumping data for table `llx_usergroup_rights`
--


--
-- Table structure for table `llx_usergroup_user`
--

CREATE TABLE `llx_usergroup_user` (
  `rowid` int(11) NOT NULL AUTO_INCREMENT,
  `entity` int(11) NOT NULL DEFAULT '1',
  `fk_user` int(11) NOT NULL,
  `fk_usergroup` int(11) NOT NULL,
  PRIMARY KEY (`rowid`),
  UNIQUE KEY `uk_usergroup_user` (`entity`,`fk_user`,`fk_usergroup`),
  KEY `fk_usergroup_user_fk_user` (`fk_user`),
  KEY `fk_usergroup_user_fk_usergroup` (`fk_usergroup`),
  CONSTRAINT `fk_usergroup_user_fk_user` FOREIGN KEY (`fk_user`) REFERENCES `llx_user` (`rowid`),
  CONSTRAINT `fk_usergroup_user_fk_usergroup` FOREIGN KEY (`fk_usergroup`) REFERENCES `llx_usergroup` (`rowid`)
) ENGINE=InnoDB DEFAULT CHARSET=utf8 COLLATE=utf8_unicode_ci;

--
-- Dumping data for table `llx_usergroup_user`
--


--
-- Table structure for table `llx_website`
--

CREATE TABLE `llx_website` (
  `rowid` int(11) NOT NULL AUTO_INCREMENT,
  `type_container` varchar(16) COLLATE utf8_unicode_ci NOT NULL DEFAULT 'page',
  `entity` int(11) NOT NULL DEFAULT '1',
  `ref` varchar(128) COLLATE utf8_unicode_ci NOT NULL,
  `description` varchar(255) COLLATE utf8_unicode_ci DEFAULT NULL,
  `status` int(11) DEFAULT '1',
  `fk_default_home` int(11) DEFAULT NULL,
  `virtualhost` varchar(255) COLLATE utf8_unicode_ci DEFAULT NULL,
  `fk_user_create` int(11) DEFAULT NULL,
  `fk_user_modif` int(11) DEFAULT NULL,
  `date_creation` datetime DEFAULT NULL,
  `tms` timestamp NOT NULL DEFAULT CURRENT_TIMESTAMP ON UPDATE CURRENT_TIMESTAMP,
  `import_key` varchar(14) COLLATE utf8_unicode_ci DEFAULT NULL,
  PRIMARY KEY (`rowid`),
  UNIQUE KEY `uk_website_ref` (`ref`,`entity`)
) ENGINE=InnoDB DEFAULT CHARSET=utf8 COLLATE=utf8_unicode_ci;

--
-- Dumping data for table `llx_website`
--


--
-- Table structure for table `llx_website_extrafields`
--

CREATE TABLE `llx_website_extrafields` (
  `rowid` int(11) NOT NULL AUTO_INCREMENT,
  `tms` timestamp NOT NULL DEFAULT CURRENT_TIMESTAMP ON UPDATE CURRENT_TIMESTAMP,
  `fk_object` int(11) NOT NULL,
  `import_key` varchar(14) COLLATE utf8_unicode_ci DEFAULT NULL,
  PRIMARY KEY (`rowid`),
  KEY `idx_website_extrafields` (`fk_object`)
) ENGINE=InnoDB DEFAULT CHARSET=utf8 COLLATE=utf8_unicode_ci;

--
-- Dumping data for table `llx_website_extrafields`
--


--
-- Table structure for table `llx_website_page`
--

CREATE TABLE `llx_website_page` (
  `rowid` int(11) NOT NULL AUTO_INCREMENT,
  `fk_website` int(11) NOT NULL,
  `type_container` varchar(16) COLLATE utf8_unicode_ci NOT NULL DEFAULT 'page',
  `pageurl` varchar(255) COLLATE utf8_unicode_ci NOT NULL,
  `aliasalt` varchar(255) COLLATE utf8_unicode_ci DEFAULT NULL,
  `title` varchar(255) COLLATE utf8_unicode_ci DEFAULT NULL,
  `description` varchar(255) COLLATE utf8_unicode_ci DEFAULT NULL,
  `keywords` varchar(255) COLLATE utf8_unicode_ci DEFAULT NULL,
  `lang` varchar(6) COLLATE utf8_unicode_ci DEFAULT NULL,
  `fk_page` int(11) DEFAULT NULL,
  `htmlheader` text COLLATE utf8_unicode_ci,
  `content` mediumtext COLLATE utf8_unicode_ci,
  `status` int(11) DEFAULT '1',
  `grabbed_from` varchar(255) COLLATE utf8_unicode_ci DEFAULT NULL,
  `fk_user_create` int(11) DEFAULT NULL,
  `fk_user_modif` int(11) DEFAULT NULL,
  `date_creation` datetime DEFAULT NULL,
  `tms` timestamp NOT NULL DEFAULT CURRENT_TIMESTAMP ON UPDATE CURRENT_TIMESTAMP,
  `import_key` varchar(14) COLLATE utf8_unicode_ci DEFAULT NULL,
  PRIMARY KEY (`rowid`),
  UNIQUE KEY `uk_website_page_url` (`fk_website`,`pageurl`),
  CONSTRAINT `fk_website_page_website` FOREIGN KEY (`fk_website`) REFERENCES `llx_website` (`rowid`)
) ENGINE=InnoDB DEFAULT CHARSET=utf8 COLLATE=utf8_unicode_ci;

--
-- Dumping data for table `llx_website_page`
--



