-- Dumping data for table `llx_adherent`
--


--
-- Table structure for table `llx_adherent_extrafields`
--

CREATE TABLE `llx_adherent_extrafields` (
  `rowid` int(11) NOT NULL AUTO_INCREMENT,
  `tms` timestamp NOT NULL DEFAULT CURRENT_TIMESTAMP ON UPDATE CURRENT_TIMESTAMP,
  `fk_object` int(11) NOT NULL,
  `import_key` varchar(14) COLLATE utf8_unicode_ci DEFAULT NULL,
  PRIMARY KEY (`rowid`),
  KEY `idx_adherent_extrafields` (`fk_object`)
) ENGINE=InnoDB DEFAULT CHARSET=utf8 COLLATE=utf8_unicode_ci;

--
-- Dumping data for table `llx_adherent_extrafields`
--


--
-- Table structure for table `llx_adherent_type`
--

CREATE TABLE `llx_adherent_type` (
  `rowid` int(11) NOT NULL AUTO_INCREMENT,
  `entity` int(11) NOT NULL DEFAULT '1',
  `tms` timestamp NOT NULL DEFAULT CURRENT_TIMESTAMP ON UPDATE CURRENT_TIMESTAMP,
  `statut` smallint(6) NOT NULL DEFAULT '0',
  `libelle` varchar(50) COLLATE utf8_unicode_ci NOT NULL,
  `subscription` varchar(3) COLLATE utf8_unicode_ci NOT NULL DEFAULT 'yes',
  `vote` varchar(3) COLLATE utf8_unicode_ci NOT NULL DEFAULT 'yes',
  `note` text COLLATE utf8_unicode_ci,
  `mail_valid` text COLLATE utf8_unicode_ci,
  PRIMARY KEY (`rowid`),
  UNIQUE KEY `uk_adherent_type_libelle` (`libelle`,`entity`)
) ENGINE=InnoDB DEFAULT CHARSET=utf8 COLLATE=utf8_unicode_ci;

--
-- Dumping data for table `llx_adherent_type`
--


--
-- Table structure for table `llx_adherent_type_extrafields`
--

CREATE TABLE `llx_adherent_type_extrafields` (
  `rowid` int(11) NOT NULL AUTO_INCREMENT,
  `tms` timestamp NOT NULL DEFAULT CURRENT_TIMESTAMP ON UPDATE CURRENT_TIMESTAMP,
  `fk_object` int(11) NOT NULL,
  `import_key` varchar(14) COLLATE utf8_unicode_ci DEFAULT NULL,
  PRIMARY KEY (`rowid`),
  KEY `idx_adherent_type_extrafields` (`fk_object`)
) ENGINE=InnoDB DEFAULT CHARSET=utf8 COLLATE=utf8_unicode_ci;

--
-- Dumping data for table `llx_adherent_type_extrafields`
--


--
-- Table structure for table `llx_advtargetemailing`
--

CREATE TABLE `llx_advtargetemailing` (
  `rowid` int(11) NOT NULL AUTO_INCREMENT,
  `name` varchar(180) COLLATE utf8_unicode_ci NOT NULL,
  `entity` int(11) NOT NULL DEFAULT '1',
  `fk_element` int(11) NOT NULL,
  `type_element` varchar(180) COLLATE utf8_unicode_ci NOT NULL,
  `filtervalue` text COLLATE utf8_unicode_ci,
  `fk_user_author` int(11) NOT NULL,
  `datec` datetime NOT NULL,
  `fk_user_mod` int(11) NOT NULL,
  `tms` timestamp NOT NULL DEFAULT CURRENT_TIMESTAMP ON UPDATE CURRENT_TIMESTAMP,
  PRIMARY KEY (`rowid`),
  UNIQUE KEY `uk_advtargetemailing_name` (`name`)
) ENGINE=InnoDB DEFAULT CHARSET=utf8 COLLATE=utf8_unicode_ci;

--
-- Dumping data for table `llx_advtargetemailing`
--


--
-- Table structure for table `llx_asset`
--

CREATE TABLE `llx_asset` (
  `rowid` int(11) NOT NULL AUTO_INCREMENT,
  `ref` varchar(128) COLLATE utf8_unicode_ci NOT NULL,
  `entity` int(11) NOT NULL DEFAULT '1',
  `label` varchar(255) COLLATE utf8_unicode_ci DEFAULT NULL,
  `amount_ht` double(24,8) DEFAULT NULL,
  `amount_vat` double(24,8) DEFAULT NULL,
  `fk_asset_type` int(11) NOT NULL,
  `description` text COLLATE utf8_unicode_ci,
  `note_public` text COLLATE utf8_unicode_ci,
  `note_private` text COLLATE utf8_unicode_ci,
  `date_creation` datetime NOT NULL,
  `tms` timestamp NOT NULL DEFAULT CURRENT_TIMESTAMP ON UPDATE CURRENT_TIMESTAMP,
  `fk_user_creat` int(11) NOT NULL,
  `fk_user_modif` int(11) DEFAULT NULL,
  `import_key` varchar(14) COLLATE utf8_unicode_ci DEFAULT NULL,
  `status` int(11) NOT NULL,
  PRIMARY KEY (`rowid`),
  KEY `idx_asset_rowid` (`rowid`),
  KEY `idx_asset_ref` (`ref`),
  KEY `idx_asset_entity` (`entity`),
  KEY `idx_asset_fk_asset_type` (`fk_asset_type`),
  CONSTRAINT `fk_asset_asset_type` FOREIGN KEY (`fk_asset_type`) REFERENCES `llx_asset_type` (`rowid`)
) ENGINE=InnoDB DEFAULT CHARSET=utf8 COLLATE=utf8_unicode_ci;

--
-- Dumping data for table `llx_asset`
--


--
-- Table structure for table `llx_asset_extrafields`
--

CREATE TABLE `llx_asset_extrafields` (
  `rowid` int(11) NOT NULL AUTO_INCREMENT,
  `tms` timestamp NOT NULL DEFAULT CURRENT_TIMESTAMP ON UPDATE CURRENT_TIMESTAMP,
  `fk_object` int(11) NOT NULL,
  `import_key` varchar(14) COLLATE utf8_unicode_ci DEFAULT NULL,
  PRIMARY KEY (`rowid`)
) ENGINE=InnoDB DEFAULT CHARSET=utf8 COLLATE=utf8_unicode_ci;

--
-- Dumping data for table `llx_asset_extrafields`
--


--
-- Table structure for table `llx_asset_type`
--

CREATE TABLE `llx_asset_type` (
  `rowid` int(11) NOT NULL AUTO_INCREMENT,
  `entity` int(11) NOT NULL DEFAULT '1',
  `tms` timestamp NOT NULL DEFAULT CURRENT_TIMESTAMP ON UPDATE CURRENT_TIMESTAMP,
  `label` varchar(50) COLLATE utf8_unicode_ci NOT NULL,
  `accountancy_code_asset` varchar(32) COLLATE utf8_unicode_ci DEFAULT NULL,
  `accountancy_code_depreciation_asset` varchar(32) COLLATE utf8_unicode_ci DEFAULT NULL,
  `accountancy_code_depreciation_expense` varchar(32) COLLATE utf8_unicode_ci DEFAULT NULL,
  `note` text COLLATE utf8_unicode_ci,
  PRIMARY KEY (`rowid`),
  UNIQUE KEY `uk_asset_type_label` (`label`,`entity`)
) ENGINE=InnoDB DEFAULT CHARSET=utf8 COLLATE=utf8_unicode_ci;

--
-- Dumping data for table `llx_asset_type`
--


--
-- Table structure for table `llx_asset_type_extrafields`
--

CREATE TABLE `llx_asset_type_extrafields` (
  `rowid` int(11) NOT NULL AUTO_INCREMENT,
  `tms` timestamp NOT NULL DEFAULT CURRENT_TIMESTAMP ON UPDATE CURRENT_TIMESTAMP,
  `fk_object` int(11) NOT NULL,
  `import_key` varchar(14) COLLATE utf8_unicode_ci DEFAULT NULL,
  PRIMARY KEY (`rowid`),
  KEY `idx_asset_type_extrafields` (`fk_object`)
) ENGINE=InnoDB DEFAULT CHARSET=utf8 COLLATE=utf8_unicode_ci;

--
-- Dumping data for table `llx_asset_type_extrafields`
--


--
-- Table structure for table `llx_bank`
--

CREATE TABLE `llx_bank` (
  `rowid` int(11) NOT NULL AUTO_INCREMENT,
  `datec` datetime DEFAULT NULL,
  `tms` timestamp NOT NULL DEFAULT CURRENT_TIMESTAMP ON UPDATE CURRENT_TIMESTAMP,
  `datev` date DEFAULT NULL,
  `dateo` date DEFAULT NULL,
  `amount` double(24,8) NOT NULL DEFAULT '0.00000000',
  `label` varchar(255) COLLATE utf8_unicode_ci DEFAULT NULL,
  `fk_account` int(11) DEFAULT NULL,
  `fk_user_author` int(11) DEFAULT NULL,
  `fk_user_rappro` int(11) DEFAULT NULL,
  `fk_type` varchar(6) COLLATE utf8_unicode_ci DEFAULT NULL,
  `num_releve` varchar(50) COLLATE utf8_unicode_ci DEFAULT NULL,
  `num_chq` varchar(50) COLLATE utf8_unicode_ci DEFAULT NULL,
  `numero_compte` varchar(32) COLLATE utf8_unicode_ci DEFAULT NULL,
  `rappro` tinyint(4) DEFAULT '0',
  `note` text COLLATE utf8_unicode_ci,
  `fk_bordereau` int(11) DEFAULT '0',
  `banque` varchar(255) COLLATE utf8_unicode_ci DEFAULT NULL,
  `emetteur` varchar(255) COLLATE utf8_unicode_ci DEFAULT NULL,
  `author` varchar(40) COLLATE utf8_unicode_ci DEFAULT NULL,
  PRIMARY KEY (`rowid`),
  KEY `idx_bank_datev` (`datev`),
  KEY `idx_bank_dateo` (`dateo`),
  KEY `idx_bank_fk_account` (`fk_account`),
  KEY `idx_bank_rappro` (`rappro`),
  KEY `idx_bank_num_releve` (`num_releve`)
) ENGINE=InnoDB AUTO_INCREMENT=715 DEFAULT CHARSET=utf8 COLLATE=utf8_unicode_ci;

--
-- Dumping data for table `llx_bank`
--

INSERT INTO `llx_bank` (`rowid`, `datec`, `tms`, `datev`, `dateo`, `amount`, `label`, `fk_account`, `fk_user_author`, `fk_user_rappro`, `fk_type`, `num_releve`, `num_chq`, `numero_compte`, `rappro`, `note`, `fk_bordereau`, `banque`, `emetteur`, `author`) VALUES (1,'2019-01-14 16:02:57','2019-02-07 19:25:06','2019-01-01','2019-01-01',-299940862.00000000,'Solde initial',1,1,NULL,'',NULL,'','',0,NULL,0,'','',NULL),(3,'2019-01-16 18:19:16','2019-03-04 15:48:40','2018-04-16','2018-04-16',100000000.00000000,'(CustomerInvoicePayment)',1,2,NULL,'CHQ',NULL,'0614593','',0,NULL,1,'UBA','HASTINE',NULL),(4,'2019-01-16 18:22:04','2019-03-04 15:48:40','2018-05-10','2018-05-10',100000000.00000000,'(CustomerInvoicePayment)',1,2,NULL,'CHQ',NULL,'00726162','',0,NULL,1,'UBA','HASTINE',NULL),(7,'2019-01-21 14:40:09','2019-06-05 18:17:25','2019-01-01','2019-01-01',-6770000.00000000,'Solde initial',2,2,2,'','HISTORIQUE','','',1,NULL,0,'','',NULL),(8,'2019-01-21 14:52:28','2019-06-05 18:17:24','2019-01-03','2019-01-03',-355000.00000000,'INTERNET',2,2,2,'LIQ','HISTORIQUE','CA0103','',1,NULL,0,'','',NULL),(9,'2019-01-21 15:00:22','2019-06-05 18:16:37','2019-01-03','2019-01-03',-20000.00000000,'BUREAU',2,2,2,'LIQ','HISTORIQUE','CA0104','',1,NULL,0,'','',NULL),(10,'2019-01-21 15:06:41','2019-06-05 18:16:37','2019-01-03','2019-01-03',-15000.00000000,'BUREAU',2,2,2,'LIQ','HISTORIQUE','CA0105','',1,NULL,0,'','',NULL),(11,'2019-01-21 15:14:53','2019-06-05 18:16:37','2019-01-03','2019-01-03',-100000.00000000,'TELEPHONIE',2,2,2,'LIQ','HISTORIQUE','CA0106','',1,NULL,0,'','',NULL),(12,'2019-01-21 15:30:22','2019-06-05 18:16:37','2019-01-04','2019-01-04',-25000.00000000,'BUREAU',2,2,2,'LIQ','HISTORIQUE','CA0108','',1,NULL,0,'','',NULL),(13,'2019-01-21 15:36:59','2019-06-05 18:16:37','2019-01-07','2019-01-07',1065000.00000000,'APPRO',2,2,2,'LIQ','HISTORIQUE','CA0109','',1,NULL,0,'SKYEBANK','COMPTE EUROS',NULL),(14,'2019-01-21 15:42:23','2019-06-05 18:16:37','2019-01-07','2019-01-07',-5000.00000000,'BUREAU',2,2,2,'LIQ','HISTORIQUE','CA0110','',1,NULL,0,'','',NULL),(15,'2019-01-21 15:56:14','2019-06-05 18:16:37','2019-01-07','2019-01-07',-1950000.00000000,'MINIERE KOUROUMA',2,2,2,'LIQ','HISTORIQUE','CA0111','',1,NULL,0,'','',NULL),(16,'2019-01-21 16:11:06','2019-06-05 18:16:37','2019-01-07','2019-01-07',-150000.00000000,'VOITURE MAMADY',2,2,2,'LIQ','HISTORIQUE','CA0112','',1,NULL,0,'','',NULL),(17,'2019-01-21 16:14:17','2019-06-05 18:16:37','2019-01-07','2019-01-07',-200000.00000000,'(SupplierInvoicePayment)',2,2,2,'LIQ','HISTORIQUE','CA0113','',1,NULL,0,NULL,NULL,NULL),(18,'2019-01-21 16:17:24','2019-06-05 18:16:37','2019-01-07','2019-01-07',-145000.00000000,'(SupplierInvoicePayment)',2,2,2,'LIQ','HISTORIQUE','CA0114','',1,NULL,0,NULL,NULL,NULL),(19,'2019-01-21 16:39:56','2019-06-05 18:16:37','2019-01-08','2019-01-08',-300000.00000000,'Règlement fournisseur',2,2,2,'LIQ','HISTORIQUE','MINIERE KOUROUMA','',1,NULL,0,'','',NULL),(20,'2019-01-21 16:45:18','2019-06-05 18:16:37','2019-01-08','2019-01-08',-1200000.00000000,'(SupplierInvoicePayment)',2,2,2,'LIQ','HISTORIQUE','MINIERE KOUROUMA','',1,NULL,0,NULL,NULL,NULL),(21,'2019-01-21 18:09:06','2019-06-05 18:16:37','2019-01-08','2019-01-08',-100000.00000000,'Règlement fournisseur',2,2,2,'LIQ','HISTORIQUE','BUREAU','',1,NULL,0,'','',NULL),(22,'2019-01-21 18:35:29','2019-06-05 18:16:37','2019-01-03','2019-01-03',-700000.00000000,'PRIME CHARLOTTE',2,2,2,'LIQ','HISTORIQUE','','',1,NULL,0,'','',NULL),(23,'2019-01-21 19:11:10','2019-06-05 18:16:37','2019-01-03','2019-01-03',-500000.00000000,'PRIME CEDRIC',2,2,2,'LIQ','HISTORIQUE','','',1,NULL,0,'','',NULL),(24,'2019-01-21 19:26:19','2019-06-05 18:17:25','2018-10-17','2018-10-17',10000000.00000000,'(CustomerInvoicePayment)',2,2,2,'LIQ','HISTORIQUE',NULL,'',1,NULL,0,NULL,NULL,NULL),(25,'2019-01-21 19:27:21','2019-06-05 18:16:37','2019-01-07','2019-01-08',5000000.00000000,'(CustomerInvoicePayment)',2,2,2,'LIQ','HISTORIQUE','FA-190107-01','',1,NULL,0,NULL,NULL,NULL),(26,'2019-01-29 09:46:14','2019-03-04 15:48:40','2019-01-28','2019-01-28',34888539.00000000,'(CustomerInvoicePayment)',1,2,NULL,'CHQ',NULL,'0185569','',0,NULL,1,'BCI','GUILAB',NULL),(27,'2019-01-29 09:55:30','2019-03-04 15:48:40','2018-11-13','2018-11-13',104665617.00000000,'(CustomerInvoicePayment)',1,2,NULL,'CHQ',NULL,'0185524','',0,NULL,1,'BCI','GUILAB',NULL),(28,'2019-02-07 18:05:57','2019-03-04 15:48:40','2019-01-09','2019-01-09',6720000.00000000,'Facture OUFAREZ FA-181113-19',1,2,NULL,'CHQ',NULL,'00495881','',0,NULL,1,NULL,NULL,NULL),(29,'2019-02-07 18:07:10','2019-03-04 15:48:40','2019-01-11','2019-01-11',13000000.00000000,'Facture ACO-190111-03 Honoraire consulat Slovaquie',1,2,NULL,'CHQ',NULL,'14919290','',0,NULL,1,NULL,NULL,NULL),(30,'2019-02-07 18:08:19','2019-02-07 18:08:19','2019-01-11','2019-01-11',-5000000.00000000,'Appro Caisse LOUA',1,2,NULL,'CHQ',NULL,'266112','',0,NULL,0,NULL,NULL,NULL),(31,'2019-02-07 18:09:21','2019-02-07 18:09:21','2019-01-11','2019-01-11',-6720000.00000000,'Rejet CHQ OUFAREZ FA-181113-19',1,2,NULL,'CHQ',NULL,'00495881','',0,NULL,0,NULL,NULL,NULL),(32,'2019-02-07 18:45:07','2019-02-07 18:45:07','2019-01-17','2019-01-17',-3000000.00000000,'Appro Caisse LOUA',1,2,NULL,'LIQ',NULL,'Courrier','',0,NULL,0,NULL,NULL,NULL),(33,'2019-02-07 18:48:02','2019-02-07 18:48:02','2019-01-11','2019-01-11',-56500.00000000,'Frais Banque Rejet CHQ',1,2,NULL,'LIQ',NULL,NULL,'',0,NULL,0,NULL,NULL,NULL),(34,'2019-02-07 19:12:07','2019-02-07 19:12:07','2019-01-14','2019-01-14',-143000.00000000,'Frais Bancaire',1,2,NULL,'PRE',NULL,NULL,'',0,NULL,0,NULL,NULL,NULL),(35,'2019-02-07 19:12:40','2019-02-07 19:12:40','2019-01-14','2019-01-14',-1690.00000000,'Frais Bancaire',1,2,NULL,'PRE',NULL,NULL,'',0,NULL,0,NULL,NULL,NULL),(36,'2019-02-07 19:13:23','2019-02-07 19:13:23','2019-01-14','2019-01-14',-13000.00000000,'Frais Bancaire',1,2,NULL,'PRE',NULL,NULL,'',0,NULL,0,NULL,NULL,NULL),(37,'2019-02-07 19:13:58','2019-02-07 19:13:58','2019-01-14','2019-01-14',-18590.00000000,'Frais Bancaire',1,2,NULL,'PRE',NULL,NULL,'',0,NULL,0,NULL,NULL,NULL),(38,'2019-02-07 19:20:28','2019-03-04 15:48:40','2019-01-31','2019-01-31',40000000.00000000,'(CustomerInvoicePayment)',1,2,NULL,'CHQ',NULL,'00841920','',0,NULL,1,'BCI','HASTINE',NULL),(39,'2019-02-07 19:21:45','2019-02-07 19:21:45','2019-01-31','2019-01-31',-5000000.00000000,'Appro Caisse BAH',1,2,NULL,'LIQ',NULL,'Courrier','',0,NULL,0,NULL,NULL,NULL),(40,'2019-02-07 19:32:06','2019-02-07 19:32:06','2019-02-01','2019-02-01',-20841096.00000000,'(SupplierInvoicePayment)',1,2,NULL,'CHQ',NULL,'00285201','',0,NULL,0,NULL,NULL,NULL),(41,'2019-02-26 11:25:12','2019-03-04 15:48:40','2019-02-20','2019-02-20',69777078.00000000,'(CustomerInvoicePayment)',1,2,NULL,'CHQ',NULL,'14888483','',0,NULL,1,'ECOBANK','GUILAB',NULL),(42,'2019-03-04 15:52:28','2019-03-04 15:52:28','2019-03-01','2019-03-01',50000000.00000000,'(CustomerInvoicePayment)',1,2,NULL,'CHQ',NULL,'00841946','',0,NULL,0,'UBA','HASTINE',NULL),(43,'2019-03-08 14:54:50','2019-06-05 18:16:37','2019-02-09','2019-02-09',3000000.00000000,'(CustomerInvoicePayment)',2,2,2,'LIQ','HISTORIQUE',NULL,'',1,NULL,0,NULL,NULL,NULL),(44,'2019-03-08 14:55:19','2019-06-05 18:16:37','2019-03-07','2019-03-07',2000000.00000000,'(CustomerInvoicePayment)',2,2,2,'LIQ','HISTORIQUE',NULL,'',1,NULL,0,NULL,NULL,NULL),(45,'2019-03-13 11:14:29','2019-06-05 18:16:37','2019-03-13','2019-03-13',31200000.00000000,'(CustomerInvoicePayment)',2,2,2,'LIQ','HISTORIQUE',NULL,'',1,NULL,0,NULL,NULL,NULL),(46,'2019-03-14 11:54:41','2019-06-05 18:16:37','2019-03-14','2019-03-14',5000000.00000000,'(CustomerInvoicePayment)',2,2,2,'LIQ','HISTORIQUE',NULL,'',1,NULL,0,NULL,NULL,NULL),(47,'2019-03-18 14:39:19','2019-07-02 16:43:35','2019-03-18','2019-03-18',0.00000000,'(Solde initial)',3,2,2,'SOLD','20190601',NULL,'',1,NULL,0,NULL,NULL,NULL),(48,'2019-03-18 15:58:24','2019-03-18 15:58:24','2019-03-18','2019-03-18',1895080.00000000,'(CustomerInvoicePayment)',1,2,NULL,'LIQ',NULL,NULL,'',0,NULL,0,NULL,NULL,NULL),(49,'2019-03-22 15:42:43','2019-06-05 18:16:37','2019-03-21','2019-03-21',5000000.00000000,'(CustomerInvoicePayment)',2,2,2,'LIQ','HISTORIQUE',NULL,'',1,NULL,0,NULL,NULL,NULL),(50,'2019-03-27 10:28:50','2019-03-27 10:28:50','2019-03-26','2019-03-26',52000000.00000000,'(CustomerInvoicePayment)',1,2,NULL,'LIQ',NULL,NULL,'',0,NULL,0,NULL,NULL,NULL),(51,'2019-04-01 17:17:37','2019-07-02 16:43:35','2019-03-28','2019-03-28',15836.65000000,'(CustomerInvoicePayment)',3,2,2,'VIR','20190601','400006037','',1,NULL,0,'BNDA','E2CI',NULL),(52,'2019-04-10 15:04:38','2019-07-02 16:43:35','2019-04-08','2019-04-08',7918.00000000,'(CustomerInvoicePayment)',3,2,2,'VIR','20190601','400006073','',1,NULL,0,'BNDA','E2CI',NULL),(53,'2019-04-10 15:23:43','2019-06-05 18:16:36','2019-04-08','2019-04-08',20000000.00000000,'(CustomerInvoicePayment)',2,2,2,'LIQ','HISTORIQUE',NULL,'',1,NULL,0,NULL,NULL,NULL),(54,'2019-04-10 16:31:41','2019-04-10 16:31:41','2019-04-05','2019-04-05',169000000.00000000,'(CustomerInvoicePayment)',1,2,NULL,'CHQ',NULL,'00904826','',0,NULL,0,'UBA','HASTINE',NULL),(55,'2019-04-15 18:14:05','2019-04-15 18:14:05','2019-04-15','2019-04-15',359345451.91999996,'(CustomerInvoicePayment)',1,2,NULL,'CHQ',NULL,'15205774','',0,NULL,0,'ECOBANK','Webb Fontaine',NULL),(56,'2019-04-15 18:15:47','2019-04-15 18:15:47','2019-04-15','2019-04-15',239851661.60000000,'(CustomerInvoicePayment)',1,2,NULL,'CHQ',NULL,'15205775','',0,NULL,0,'ECOBANK','Webb Fontaine',NULL),(57,'2019-04-26 16:11:00','2019-04-26 16:11:00','2019-04-24','2019-04-24',49965523.05000000,'(CustomerInvoicePayment)',1,2,NULL,'CHQ',NULL,'15205780','',0,NULL,0,'ECOBANK','Webb Fontaine',NULL),(58,'2019-05-10 15:05:04','2019-05-10 15:05:04','2019-05-10','2019-05-10',87221348.00000000,'(CustomerInvoicePayment)',1,2,NULL,'CHQ',NULL,'00514045','',0,NULL,0,'BCI','GUILAB',NULL),(60,'2019-05-15 18:12:25','2019-05-15 18:12:25','2019-05-14','2019-05-14',5074000.00000000,'(CustomerInvoicePayment)',1,2,NULL,'CHQ',NULL,'01362189','',0,NULL,0,'SGBG','KEITA Mamady',NULL),(61,'2019-05-16 12:02:03','2019-06-05 18:16:37','2019-04-04','2019-04-04',1174100.00000000,'(CustomerInvoicePayment)',2,2,2,'LIQ','HISTORIQUE',NULL,'',1,NULL,0,NULL,NULL,NULL),(62,'2019-05-16 12:16:52','2019-05-16 12:16:52','2019-02-11','2019-02-11',245250000.00000000,'(CustomerInvoicePayment)',1,2,NULL,'VIR',NULL,'070/DFC/DG-ARPT/2019','',0,NULL,0,'Banque Centrale','ARPT',NULL),(63,'2019-05-16 12:18:43','2019-05-16 12:18:43','2019-02-11','2019-02-11',20250000.00000000,'(CustomerInvoicePayment)',1,2,NULL,'PRE',NULL,'RETENU TVA','',0,NULL,0,NULL,NULL,NULL),(64,'2019-05-16 12:21:52','2019-05-16 12:21:52','2019-05-14','2019-05-14',70218543.20000000,'(CustomerInvoicePayment)',1,2,NULL,'CHQ',NULL,'15267664','',0,NULL,0,'ECOBANK','Webb Fontaine',NULL),(65,'2019-05-17 14:12:25','2019-06-05 18:16:36','2019-05-17','2019-05-17',5000000.00000000,'(CustomerInvoicePayment)',2,2,2,'LIQ','HISTORIQUE',NULL,'',1,NULL,0,NULL,NULL,NULL),(66,'2019-05-20 17:07:25','2019-05-20 17:07:25','2019-05-16','2019-05-16',556739816.55000000,'(CustomerInvoicePayment)',1,2,NULL,'CHQ',NULL,'15267665','',0,NULL,0,'ECOBANK','Webb Fontaine',NULL),(67,'2019-05-23 16:08:41','2019-05-23 16:08:41','2019-05-21','2019-05-21',159901108.52000000,'(CustomerInvoicePayment)',1,2,NULL,'CHQ',NULL,'15267668','',0,NULL,0,'ECOBANK','Webb Fontaine',NULL),(68,'2019-05-25 10:14:28','2019-05-25 10:14:28','2019-05-24','2019-05-24',49220160.00000000,'(CustomerInvoicePayment)',1,2,NULL,'CHQ',NULL,'15267669','',0,NULL,0,'ECOBANK','Webb Fontaine',NULL),(69,'2019-06-03 14:49:26','2019-07-03 09:13:25','2019-06-03','2019-06-03',239851661.60000000,'(CustomerInvoicePayment)',1,2,6,'CHQ','20190630','15267681','',1,NULL,0,'ECOBANK','Webb Fontaine',NULL),(70,'2019-06-03 14:56:25','2019-07-03 09:13:25','2019-06-03','2019-06-03',61635395.48000000,'(CustomerInvoicePayment)',1,2,6,'CHQ','20190630','15267682','',1,NULL,0,'ECOBANK','Webb Fontaine',NULL),(71,'2019-06-05 17:12:21','2019-07-02 16:43:19','2019-05-03','2019-05-03',7918.00000000,'(CustomerInvoicePayment)',3,2,2,'VIR','20190630','002025967','',1,NULL,0,'Banque Nationale de Développement Agricole','E2CI',NULL),(72,'2019-06-05 17:50:26','2019-07-16 11:22:40','2019-06-01','2019-06-01',-75271100.00000000,'REGUL POUR MISE A JOUR AU 1ER JUIN',2,2,2,'LIQ','TET','REGUL','',1,NULL,0,'','',NULL),(73,'2019-06-05 18:07:18','2019-07-09 10:49:58','2019-06-01','2019-06-01',-215000.00000000,'ACHAT DIVERS MATERIAUX WEBB FONTAINE',2,2,6,'LIQ','20190630',NULL,'',1,NULL,0,NULL,NULL,NULL),(76,'2019-06-06 18:20:59','2019-07-16 10:05:17','2019-06-03','2019-06-03',-150000.00000000,'Carburant Samba BAH',2,2,6,'LIQ','20190630','','',1,NULL,0,'','',NULL),(77,'2019-06-06 18:23:10','2019-07-09 10:49:58','2019-06-03','2019-06-03',3690000.00000000,'APPRO CAISSE TIERS',2,2,6,'LIQ','20190630','PRET','',1,NULL,0,NULL,NULL,NULL),(78,'2019-06-06 18:25:27','2019-07-09 10:49:58','2019-06-03','2019-06-03',-105000.00000000,'Frais de restauration Cédric',2,2,6,'LIQ','20190630','','',1,NULL,0,'','',NULL),(79,'2019-06-07 10:00:40','2019-07-09 10:49:58','2019-06-03','2019-06-03',-21000.00000000,'Achat brique',2,2,6,'LIQ','20190630','','',1,NULL,0,'','',NULL),(81,'2019-06-07 13:04:06','2019-07-09 10:49:58','2019-06-03','2019-06-03',-190000.00000000,'Achat matériel de nettoyage',2,2,6,'LIQ','20190630','','',1,NULL,0,'','',NULL),(82,'2019-06-07 13:07:30','2019-07-09 10:49:58','2019-06-03','2019-06-03',-150000.00000000,'Recharge Cedric',2,2,6,'LIQ','20190630','','',1,NULL,0,'','',NULL),(85,'2019-06-07 14:45:42','2019-07-09 10:49:58','2019-06-03','2019-06-03',-10000.00000000,'Frais Taxi moto',2,6,6,'LIQ','20190630','','',1,NULL,0,'','',NULL),(86,'2019-06-07 14:50:27','2019-07-09 10:49:58','2019-06-03','2019-06-03',-500000.00000000,'Frais prestataire vitrier paiement n°4',2,6,6,'LIQ','20190630','','',1,NULL,0,'','',NULL),(87,'2019-06-07 14:53:54','2019-07-09 10:49:58','2019-06-03','2019-06-03',-300000.00000000,'Frais de déjeuner pour les prestataires',2,6,6,'LIQ','20190630','','',1,NULL,0,'','',NULL),(88,'2019-06-07 14:56:06','2019-07-09 10:49:58','2019-06-03','2019-06-03',-200000.00000000,'Frais nettoyage',2,6,6,'LIQ','20190630','','',1,NULL,0,'','',NULL),(89,'2019-06-07 14:59:29','2019-07-09 10:49:58','2019-06-03','2019-06-03',-1000000.00000000,'Prestataire démolition Coléah',2,6,6,'LIQ','20190630','','',1,NULL,0,'','',NULL),(90,'2019-06-07 15:03:09','2019-07-09 10:49:58','2019-06-03','2019-06-03',-85000.00000000,'frais rupture',2,6,6,'LIQ','20190630','','',1,NULL,0,'','',NULL),(91,'2019-06-07 15:08:08','2019-07-09 10:49:58','2019-06-03','2019-06-03',-600000.00000000,'frais prestataire maçon',2,6,6,'LIQ','20190630','','',1,NULL,0,'','',NULL),(92,'2019-06-07 15:16:22','2019-07-09 10:49:58','2019-06-03','2019-06-03',-400000.00000000,'Frais prestataire Menuisier',2,6,6,'LIQ','20190630','','',1,NULL,0,'','',NULL),(94,'2019-06-07 15:20:32','2019-07-09 10:49:58','2019-06-03','2019-06-03',-30000.00000000,'Frais achat sac poubelle et transport',2,6,6,'LIQ','20190630','','',1,NULL,0,'','',NULL),(96,'2019-06-07 15:26:09','2019-07-09 10:49:57','2019-06-05','2019-06-05',-125000.00000000,'frais recharge et internet Baldé',2,6,6,'LIQ','20190630','','',1,NULL,0,'','',NULL),(97,'2019-06-07 15:33:31','2019-07-09 10:49:57','2019-06-05','2019-06-05',-8000000.00000000,'Acompte prestataire faux plafond',2,6,6,'LIQ','20190630','','',1,NULL,0,'','',NULL),(98,'2019-06-07 15:43:44','2019-07-09 10:49:57','2019-06-05','2019-06-05',-80000.00000000,'Achat de chasse d\'eau par plombier',2,6,6,'LIQ','20190630','','',1,NULL,0,'','',NULL),(101,'2019-06-07 15:52:37','2019-07-09 10:49:57','2019-06-05','2019-06-05',-380000.00000000,'Achat serrure italien et main d\'oeuvre',2,6,6,'LIQ','20190630','','',1,NULL,0,'','',NULL),(102,'2019-06-07 15:54:58','2019-07-09 10:49:57','2019-06-05','2019-06-05',-10000.00000000,'frais taxi moto Almamy',2,6,6,'LIQ','20190630','','',1,NULL,0,'','',NULL),(105,'2019-06-07 16:50:24','2019-07-09 10:49:57','2019-06-03','2019-06-03',-110000.00000000,'(SupplierInvoicePayment)',2,2,6,'LIQ','20190630',NULL,'',1,NULL,0,NULL,NULL,NULL),(106,'2019-06-07 16:53:46','2019-07-09 10:49:57','2019-06-03','2019-06-03',-200000.00000000,'(SupplierInvoicePayment)',2,2,6,'LIQ','20190630',NULL,'',1,NULL,0,NULL,NULL,NULL),(107,'2019-06-07 16:56:42','2019-07-09 10:49:57','2019-06-03','2019-06-03',5000000.00000000,'PAIEMENT FACTURE N°ACO-181108-18',2,2,6,'LIQ','20190630','MINIERE BARRY','',1,NULL,0,NULL,NULL,NULL),(108,'2019-06-07 17:00:04','2019-07-16 13:30:12','2019-06-05','2019-06-05',-8000000.00000000,'APPRO CAISSE',1,2,6,'PRE','20190630','292879','',1,NULL,0,'','',NULL),(109,'2019-06-07 17:00:04','2019-07-09 10:49:57','2019-06-05','2019-06-05',8000000.00000000,'APPRO CAISSE',2,2,6,'VIR','20190630',NULL,'',1,NULL,0,NULL,NULL,NULL),(110,'2019-06-08 10:42:53','2019-07-09 10:49:57','2019-06-03','2019-06-03',-2000000.00000000,'(SupplierInvoicePayment)',2,6,6,'LIQ','20190630',NULL,'',1,NULL,0,NULL,NULL,NULL),(111,'2019-06-08 10:59:24','2019-07-09 10:49:57','2019-06-03','2019-06-03',-200000.00000000,'(SupplierInvoicePayment)',2,6,6,'LIQ','20190630',NULL,'',1,NULL,0,NULL,NULL,NULL),(113,'2019-06-08 11:42:54','2019-07-27 16:05:29','2019-06-05','2019-06-05',-200000.00000000,'Règlement fournisseur',2,6,6,'LIQ','20190730','','',1,NULL,0,'','',NULL),(114,'2019-06-08 11:47:24','2019-07-09 10:49:57','2019-06-05','2019-06-05',-50000.00000000,'(SupplierInvoicePayment)',2,6,6,'LIQ','20190630',NULL,'',1,NULL,0,NULL,NULL,NULL),(115,'2019-06-08 11:53:46','2019-07-09 10:49:57','2019-06-05','2019-06-05',-100000.00000000,'(SupplierInvoicePayment)',2,6,6,'LIQ','20190630',NULL,'',1,NULL,0,NULL,NULL,NULL),(116,'2019-06-08 12:07:48','2019-07-09 10:49:57','2019-06-06','2019-06-06',-200000.00000000,'(SupplierInvoicePayment)',2,6,6,'LIQ','20190630',NULL,'',1,NULL,0,NULL,NULL,NULL),(117,'2019-06-08 12:10:56','2019-07-09 10:49:57','2019-06-06','2019-06-06',-415000.00000000,'(SupplierInvoicePayment)',2,6,6,'LIQ','20190630',NULL,'',1,NULL,0,NULL,NULL,NULL),(118,'2019-06-08 12:15:03','2019-07-09 10:49:57','2019-06-06','2019-06-06',-200000.00000000,'(SupplierInvoicePayment)',2,6,6,'LIQ','20190630',NULL,'',1,NULL,0,NULL,NULL,NULL),(119,'2019-06-08 12:16:44','2019-07-09 10:49:56','2019-06-07','2019-06-07',-25000.00000000,'(SupplierInvoicePayment)',2,6,6,'LIQ','20190630',NULL,'',1,NULL,0,NULL,NULL,NULL),(120,'2019-06-08 12:23:28','2019-07-09 10:49:56','2019-06-07','2019-06-07',-250000.00000000,'(SupplierInvoicePayment)',2,6,6,'LIQ','20190630',NULL,'',1,NULL,0,NULL,NULL,NULL),(121,'2019-06-08 12:27:57','2019-07-09 10:49:56','2019-06-07','2019-06-07',-30000.00000000,'(SupplierInvoicePayment)',2,6,6,'LIQ','20190630',NULL,'',1,NULL,0,NULL,NULL,NULL),(122,'2019-06-08 12:31:46','2019-07-09 10:49:56','2019-06-07','2019-06-07',-50000.00000000,'(SupplierInvoicePayment)',2,6,6,'LIQ','20190630',NULL,'',1,NULL,0,NULL,NULL,NULL),(123,'2019-06-08 12:33:21','2019-07-09 10:49:56','2019-06-07','2019-06-07',-100000.00000000,'(SupplierInvoicePayment)',2,6,6,'LIQ','20190630',NULL,'',1,NULL,0,NULL,NULL,NULL),(124,'2019-06-08 12:36:39','2019-07-09 10:49:56','2019-06-07','2019-06-07',-50000.00000000,'(SupplierInvoicePayment)',2,6,6,'LIQ','20190630',NULL,'',1,NULL,0,NULL,NULL,NULL),(125,'2019-06-08 12:38:50','2019-07-09 10:49:56','2019-06-07','2019-06-07',-100000.00000000,'(SupplierInvoicePayment)',2,6,6,'LIQ','20190630',NULL,'',1,NULL,0,NULL,NULL,NULL),(126,'2019-06-08 12:45:52','2019-07-09 10:49:57','2019-06-06','2019-06-06',-210000.00000000,'(SupplierInvoicePayment)',2,6,6,'LIQ','20190630',NULL,'',1,NULL,0,NULL,NULL,NULL),(127,'2019-06-08 14:04:48','2019-07-09 10:49:56','2019-06-07','2019-06-07',-1000000.00000000,'(SupplierInvoicePayment)',2,6,6,'LIQ','20190630',NULL,'',1,NULL,0,NULL,NULL,NULL),(128,'2019-06-08 14:14:24','2019-07-09 10:49:56','2019-06-07','2019-06-07',-10000.00000000,'(SupplierInvoicePayment)',2,6,6,'LIQ','20190630',NULL,'',1,NULL,0,NULL,NULL,NULL),(129,'2019-06-08 15:25:22','2019-07-16 13:24:05','2019-06-07','2019-06-07',-5000000.00000000,'APPRO  CAISSE CHQ 00292888',1,2,6,'PRE','20190630','292888','',1,NULL,0,'','',NULL),(130,'2019-06-08 15:25:22','2019-07-09 10:49:56','2019-06-07','2019-06-07',5000000.00000000,'APPRO  CAISSE CHQ 00292888',2,2,6,'VIR','20190630',NULL,'',1,NULL,0,NULL,NULL,NULL),(131,'2019-06-08 15:34:20','2019-06-26 12:54:02','2019-06-01','2019-06-01',-2122062203.24000000,'REGUL POUR MISE A JOUR AU 1ER JUIN',1,2,NULL,'LIQ',NULL,'REGUL','',0,NULL,0,'','',NULL),(132,'2019-06-08 15:43:27','2019-07-03 09:13:25','2019-06-03','2019-06-03',-20807500.00000000,'(SupplierInvoicePayment)',1,2,6,'CHQ','20190630','00292877','',1,NULL,0,NULL,NULL,NULL),(133,'2019-06-11 09:38:17','2019-07-09 10:49:56','2019-06-08','2019-06-08',-95000.00000000,'(SupplierInvoicePayment)',2,6,6,'LIQ','20190630',NULL,'',1,NULL,0,NULL,NULL,NULL),(134,'2019-06-11 09:41:13','2019-07-09 10:49:56','2019-06-08','2019-06-08',-1500000.00000000,'(SupplierInvoicePayment)',2,6,6,'LIQ','20190630',NULL,'',1,NULL,0,NULL,NULL,NULL),(135,'2019-06-11 09:44:49','2019-07-09 10:49:56','2019-06-08','2019-06-08',-1000000.00000000,'(SupplierInvoicePayment)',2,6,6,'LIQ','20190630',NULL,'',1,NULL,0,NULL,NULL,NULL),(136,'2019-06-11 09:46:44','2019-07-09 10:49:56','2019-06-08','2019-06-08',-200000.00000000,'(SupplierInvoicePayment)',2,6,6,'LIQ','20190630',NULL,'',1,NULL,0,NULL,NULL,NULL),(137,'2019-06-11 09:48:59','2019-07-09 10:49:56','2019-06-08','2019-06-08',-135000.00000000,'(SupplierInvoicePayment)',2,6,6,'LIQ','20190630',NULL,'',1,NULL,0,NULL,NULL,NULL),(138,'2019-06-11 09:52:50','2019-07-09 10:49:56','2019-06-08','2019-06-08',-100000.00000000,'(SupplierInvoicePayment)',2,6,6,'LIQ','20190630',NULL,'',1,NULL,0,NULL,NULL,NULL),(139,'2019-06-11 09:56:04','2019-07-09 10:49:56','2019-06-08','2019-06-08',-50000.00000000,'(SupplierInvoicePayment)',2,6,6,'LIQ','20190630',NULL,'',1,NULL,0,NULL,NULL,NULL),(140,'2019-06-11 10:15:15','2019-07-16 13:21:31','2019-06-10','2019-06-10',-10000000.00000000,'00292895',1,6,6,'PRE','20190630','292895','',1,NULL,0,'','',NULL),(141,'2019-06-11 10:15:15','2019-07-09 10:49:56','2019-06-10','2019-06-10',10000000.00000000,'00292895',2,6,6,'VIR','20190630',NULL,'',1,NULL,0,NULL,NULL,NULL),(142,'2019-06-11 10:22:13','2019-07-09 10:49:56','2019-06-10','2019-06-10',-1650000.00000000,'(SupplierInvoicePayment)',2,6,6,'LIQ','20190630',NULL,'',1,NULL,0,NULL,NULL,NULL),(143,'2019-06-11 10:24:19','2019-07-09 10:49:56','2019-06-10','2019-06-10',-162000.00000000,'(SupplierInvoicePayment)',2,6,6,'LIQ','20190630',NULL,'',1,NULL,0,NULL,NULL,NULL),(146,'2019-06-11 10:34:27','2019-07-09 10:49:56','2019-06-10','2019-06-10',-200000.00000000,'(SupplierInvoicePayment)',2,6,6,'LIQ','20190630',NULL,'',1,NULL,0,NULL,NULL,NULL),(147,'2019-06-11 10:35:59','2019-07-09 10:49:55','2019-06-10','2019-06-10',-150000.00000000,'(SupplierInvoicePayment)',2,6,6,'LIQ','20190630',NULL,'',1,NULL,0,NULL,NULL,NULL),(148,'2019-06-11 10:56:23','2019-07-09 10:49:55','2019-06-10','2019-06-10',-10000.00000000,'(SupplierInvoicePayment)',2,6,6,'LIQ','20190630',NULL,'',1,NULL,0,NULL,NULL,NULL),(149,'2019-06-11 11:13:14','2019-07-09 10:49:55','2019-06-10','2019-06-10',-2500000.00000000,'(SupplierInvoicePayment)',2,6,6,'LIQ','20190630',NULL,'',1,NULL,0,NULL,NULL,NULL),(150,'2019-06-11 11:15:21','2019-07-09 10:49:55','2019-06-10','2019-06-10',-70000.00000000,'(SupplierInvoicePayment)',2,6,6,'LIQ','20190630',NULL,'',1,NULL,0,NULL,NULL,NULL),(151,'2019-06-11 11:16:47','2019-07-09 10:49:55','2019-06-10','2019-06-10',-290000.00000000,'(SupplierInvoicePayment)',2,6,6,'LIQ','20190630',NULL,'',1,NULL,0,NULL,NULL,NULL),(152,'2019-06-11 11:18:50','2019-07-09 10:49:55','2019-06-10','2019-06-10',-150000.00000000,'(SupplierInvoicePayment)',2,6,6,'LIQ','20190630',NULL,'',1,NULL,0,NULL,NULL,NULL),(153,'2019-06-11 11:20:43','2019-07-09 10:49:55','2019-06-10','2019-06-10',-150000.00000000,'(SupplierInvoicePayment)',2,6,6,'LIQ','20190630',NULL,'',1,NULL,0,NULL,NULL,NULL),(154,'2019-06-11 11:22:20','2019-07-09 10:49:55','2019-06-10','2019-06-10',-2250000.00000000,'(SupplierInvoicePayment)',2,6,6,'LIQ','20190630',NULL,'',1,NULL,0,NULL,NULL,NULL),(155,'2019-06-11 11:34:37','2019-07-09 10:51:54','2019-06-10','2019-06-10',-20000.00000000,'(SupplierInvoicePayment)',2,6,6,'LIQ','20190630',NULL,'',1,NULL,0,NULL,NULL,NULL),(156,'2019-06-12 09:37:35','2019-07-03 09:13:25','2019-06-03','2019-06-03',-2000000.00000000,'(SupplierInvoicePayment)',1,6,6,'CHQ','20190630','292878','',1,NULL,0,NULL,NULL,NULL),(157,'2019-06-12 09:40:50','2019-07-03 09:13:25','2019-06-03','2019-06-03',-2000000.00000000,'(SupplierInvoicePayment)',1,6,6,'CHQ','20190630','292880','',1,NULL,0,NULL,NULL,NULL),(158,'2019-06-12 09:42:57','2019-07-03 09:13:25','2019-06-03','2019-06-03',-1200000.00000000,'(SupplierInvoicePayment)',1,6,6,'CHQ','20190630','292881','',1,NULL,0,NULL,NULL,NULL),(159,'2019-06-12 09:48:23','2019-07-03 09:13:25','2019-06-03','2019-06-03',-3000000.00000000,'(SupplierInvoicePayment)',1,6,6,'CHQ','20190630','292882','',1,NULL,0,NULL,NULL,NULL),(160,'2019-06-12 09:54:48','2019-07-03 09:13:25','2019-06-03','2019-06-03',-40989012.00000000,'(SupplierInvoicePayment)',1,6,6,'CHQ','20190630','292883','',1,NULL,0,NULL,NULL,NULL),(161,'2019-06-12 10:01:20','2019-07-03 09:13:25','2019-06-05','2019-06-05',-10000000.00000000,'(SupplierInvoicePayment)',1,6,6,'CHQ','20190630','292884','',1,NULL,0,NULL,NULL,NULL),(162,'2019-06-12 10:06:17','2019-07-03 09:13:25','2019-06-06','2019-06-06',-7372000.00000000,'(SupplierInvoicePayment)',1,6,6,'CHQ','20190630','292885','',1,NULL,0,NULL,NULL,NULL),(163,'2019-06-12 10:07:58','2019-07-03 09:13:25','2019-06-06','2019-06-06',-5400000.00000000,'(SupplierInvoicePayment)',1,6,6,'CHQ','20190630','292886','',1,NULL,0,NULL,NULL,NULL),(164,'2019-06-12 10:13:51','2019-07-03 09:13:25','2019-06-06','2019-06-06',-2937000.00000000,'(SupplierInvoicePayment)',1,6,6,'CHQ','20190630','292887','',1,NULL,0,NULL,NULL,NULL),(165,'2019-06-12 10:16:20','2019-07-03 09:13:25','2019-06-07','2019-06-07',-12000000.00000000,'(SupplierInvoicePayment)',1,6,6,'CHQ','20190630','292889','',1,NULL,0,NULL,NULL,NULL),(166,'2019-06-12 10:33:36','2019-07-03 09:13:25','2019-06-07','2019-06-07',-8150000.00000000,'(SupplierInvoicePayment)',1,6,6,'CHQ','20190630','292890','',1,NULL,0,NULL,NULL,NULL),(171,'2019-06-12 11:14:04','2019-07-03 09:13:24','2019-06-10','2019-06-10',-5000000.00000000,'(SupplierInvoicePayment)',1,6,6,'CHQ','20190630','292896','',1,NULL,0,NULL,NULL,NULL),(172,'2019-06-12 11:21:07','2019-07-09 10:51:54','2019-06-11','2019-06-11',-50000.00000000,'(SupplierInvoicePayment)',2,6,6,'LIQ','20190630',NULL,'',1,NULL,0,NULL,NULL,NULL),(173,'2019-06-12 11:23:42','2019-07-09 11:12:55','2019-06-11','2019-06-11',-1000000.00000000,'(SupplierInvoicePayment)',2,6,6,'LIQ','20190630',NULL,'',1,NULL,0,NULL,NULL,NULL),(174,'2019-06-13 12:02:09','2019-07-09 11:12:55','2019-06-11','2019-06-11',-200000.00000000,'(SupplierInvoicePayment)',2,6,6,'LIQ','20190630',NULL,'',1,NULL,0,NULL,NULL,NULL),(175,'2019-06-14 09:04:06','2019-07-09 11:12:55','2019-06-11','2019-06-11',-150000.00000000,'(SupplierInvoicePayment)',2,6,6,'LIQ','20190630',NULL,'',1,NULL,0,NULL,NULL,NULL),(177,'2019-06-14 09:08:21','2019-07-16 13:20:22','2019-06-12','2019-06-12',-20000000.00000000,'Appro Caisse',1,6,6,'PRE','20190630','292897','',1,NULL,0,'','',NULL),(178,'2019-06-14 09:08:21','2019-07-09 11:12:55','2019-06-12','2019-06-12',20000000.00000000,'Appro Caisse',2,6,6,'VIR','20190630',NULL,'',1,NULL,0,NULL,NULL,NULL),(179,'2019-06-14 09:09:51','2019-07-09 11:12:55','2019-06-12','2019-06-12',-220000.00000000,'(SupplierInvoicePayment)',2,6,6,'LIQ','20190630',NULL,'',1,NULL,0,NULL,NULL,NULL),(180,'2019-06-14 09:16:10','2019-07-09 11:12:55','2019-06-12','2019-06-12',-1865000.00000000,'(SupplierInvoicePayment)',2,6,6,'LIQ','20190630',NULL,'',1,NULL,0,NULL,NULL,NULL),(182,'2019-06-14 09:24:37','2019-07-09 11:12:55','2019-06-12','2019-06-12',-100000.00000000,'(SupplierInvoicePayment)',2,6,6,'LIQ','20190630',NULL,'',1,NULL,0,NULL,NULL,NULL),(183,'2019-06-14 09:27:20','2019-07-09 11:12:54','2019-06-12','2019-06-12',-10000.00000000,'(SupplierInvoicePayment)',2,6,6,'LIQ','20190630',NULL,'',1,NULL,0,NULL,NULL,NULL),(184,'2019-06-14 09:29:23','2019-07-09 11:12:54','2019-06-13','2019-06-13',-100000.00000000,'(SupplierInvoicePayment)',2,6,6,'LIQ','20190630',NULL,'',1,NULL,0,NULL,NULL,NULL),(185,'2019-06-14 09:32:39','2019-07-09 11:12:54','2019-06-13','2019-06-13',-290000.00000000,'(SupplierInvoicePayment)',2,6,6,'LIQ','20190630',NULL,'',1,NULL,0,NULL,NULL,NULL),(186,'2019-06-14 09:35:32','2019-07-09 11:12:54','2019-06-13','2019-06-13',-1805000.00000000,'(SupplierInvoicePayment)',2,6,6,'LIQ','20190630',NULL,'',1,NULL,0,NULL,NULL,NULL),(188,'2019-06-14 10:26:27','2019-07-09 11:12:54','2019-06-12','2019-06-12',-900000.00000000,'(SupplierInvoicePayment)',2,6,6,'LIQ','20190630',NULL,'',1,NULL,0,NULL,NULL,NULL),(189,'2019-06-14 10:34:56','2019-07-09 11:12:54','2019-06-13','2019-06-13',-250000.00000000,'(SupplierInvoicePayment)',2,6,6,'LIQ','20190630',NULL,'',1,NULL,0,NULL,NULL,NULL),(190,'2019-06-14 10:36:41','2019-07-09 11:12:54','2019-06-14','2019-06-14',-50000.00000000,'(SupplierInvoicePayment)',2,6,6,'LIQ','20190630',NULL,'',1,NULL,0,NULL,NULL,NULL),(191,'2019-06-17 14:55:34','2019-07-09 11:12:54','2019-06-14','2019-06-14',-50000.00000000,'(SupplierInvoicePayment)',2,6,6,'LIQ','20190630',NULL,'',1,NULL,0,NULL,NULL,NULL),(192,'2019-06-17 14:57:22','2019-07-09 11:12:54','2019-06-14','2019-06-14',-200000.00000000,'(SupplierInvoicePayment)',2,6,6,'LIQ','20190630',NULL,'',1,NULL,0,NULL,NULL,NULL),(193,'2019-06-17 15:00:04','2019-07-09 11:12:54','2019-06-14','2019-06-14',-90000.00000000,'(SupplierInvoicePayment)',2,6,6,'LIQ','20190630',NULL,'',1,NULL,0,NULL,NULL,NULL),(194,'2019-06-17 15:04:00','2019-07-09 11:12:54','2019-06-14','2019-06-14',-460000.00000000,'(SupplierInvoicePayment)',2,6,6,'LIQ','20190630',NULL,'',1,NULL,0,NULL,NULL,NULL),(195,'2019-06-17 15:09:35','2019-07-09 11:12:54','2019-06-14','2019-06-14',-200000.00000000,'(SupplierInvoicePayment)',2,6,6,'LIQ','20190630',NULL,'',1,NULL,0,NULL,NULL,NULL),(196,'2019-06-17 15:11:50','2019-07-09 11:12:54','2019-06-14','2019-06-14',-10000.00000000,'(SupplierInvoicePayment)',2,6,6,'LIQ','20190630',NULL,'',1,NULL,0,NULL,NULL,NULL),(197,'2019-06-17 15:50:18','2019-07-09 11:12:54','2019-06-14','2019-06-14',-50000.00000000,'(SupplierInvoicePayment)',2,6,6,'LIQ','20190630',NULL,'',1,NULL,0,NULL,NULL,NULL),(198,'2019-06-17 15:51:54','2019-07-09 11:12:54','2019-06-14','2019-06-14',-50000.00000000,'(SupplierInvoicePayment)',2,6,6,'LIQ','20190630',NULL,'',1,NULL,0,NULL,NULL,NULL),(199,'2019-06-17 15:53:10','2019-07-09 11:12:54','2019-06-14','2019-06-14',-50000.00000000,'(SupplierInvoicePayment)',2,6,6,'LIQ','20190630',NULL,'',1,NULL,0,NULL,NULL,NULL),(200,'2019-06-17 15:56:35','2019-07-09 11:12:53','2019-06-14','2019-06-14',-912000.00000000,'(SupplierInvoicePayment)',2,6,6,'LIQ','20190630',NULL,'',1,NULL,0,NULL,NULL,NULL),(201,'2019-06-17 15:58:17','2019-07-09 11:12:53','2019-06-14','2019-06-14',-200000.00000000,'(SupplierInvoicePayment)',2,6,6,'LIQ','20190630',NULL,'',1,NULL,0,NULL,NULL,NULL),(202,'2019-06-17 16:01:39','2019-07-09 11:12:53','2019-06-14','2019-06-14',-1000000.00000000,'(SupplierInvoicePayment)',2,6,6,'LIQ','20190630',NULL,'',1,NULL,0,NULL,NULL,NULL),(203,'2019-06-17 16:03:29','2019-07-09 11:12:53','2019-06-14','2019-06-14',-50000.00000000,'(SupplierInvoicePayment)',2,6,6,'LIQ','20190630',NULL,'',1,NULL,0,NULL,NULL,NULL),(205,'2019-06-17 16:05:35','2019-07-09 11:12:53','2019-06-15','2019-06-15',-25000.00000000,'(SupplierInvoicePayment)',2,6,6,'LIQ','20190630',NULL,'',1,NULL,0,NULL,NULL,NULL),(206,'2019-06-17 16:09:06','2019-07-09 11:12:53','2019-06-15','2019-06-15',-355000.00000000,'(SupplierInvoicePayment)',2,6,6,'LIQ','20190630',NULL,'',1,NULL,0,NULL,NULL,NULL),(207,'2019-06-17 16:10:57','2019-07-09 11:12:53','2019-06-15','2019-06-15',-330000.00000000,'(SupplierInvoicePayment)',2,6,6,'LIQ','20190630',NULL,'',1,NULL,0,NULL,NULL,NULL),(208,'2019-06-17 16:12:51','2019-07-09 11:12:53','2019-06-15','2019-06-15',-100000.00000000,'(SupplierInvoicePayment)',2,6,6,'LIQ','20190630',NULL,'',1,NULL,0,NULL,NULL,NULL),(209,'2019-06-17 16:15:03','2019-07-09 11:12:53','2019-06-15','2019-06-15',-2000000.00000000,'(SupplierInvoicePayment)',2,6,6,'LIQ','20190630',NULL,'',1,NULL,0,NULL,NULL,NULL),(210,'2019-06-17 16:18:28','2019-07-09 11:12:53','2019-06-17','2019-06-17',-55000.00000000,'(SupplierInvoicePayment)',2,6,6,'LIQ','20190630',NULL,'',1,NULL,0,NULL,NULL,NULL),(211,'2019-06-17 16:20:16','2019-07-09 11:12:53','2019-06-17','2019-06-17',-25000.00000000,'(SupplierInvoicePayment)',2,6,6,'LIQ','20190630',NULL,'',1,NULL,0,NULL,NULL,NULL),(212,'2019-06-17 16:22:18','2019-07-09 11:12:53','2019-06-17','2019-06-17',-180000.00000000,'(SupplierInvoicePayment)',2,6,6,'LIQ','20190630',NULL,'',1,NULL,0,NULL,NULL,NULL),(213,'2019-06-17 16:23:47','2019-07-09 11:12:53','2019-06-17','2019-06-17',-10000.00000000,'(SupplierInvoicePayment)',2,6,6,'LIQ','20190630',NULL,'',1,NULL,0,NULL,NULL,NULL),(214,'2019-06-17 16:25:04','2019-07-09 11:12:53','2019-06-17','2019-06-17',-200000.00000000,'(SupplierInvoicePayment)',2,6,6,'LIQ','20190630',NULL,'',1,NULL,0,NULL,NULL,NULL),(215,'2019-06-17 16:25:53','2019-07-16 13:18:45','2019-06-17','2019-06-17',-10000000.00000000,'Appro Caisse',1,6,6,'PRE','20190630','296003','',1,NULL,0,'','',NULL),(216,'2019-06-17 16:25:53','2019-07-09 11:12:53','2019-06-17','2019-06-17',10000000.00000000,'Appro Caisse',2,6,6,'VIR','20190630',NULL,'',1,NULL,0,NULL,NULL,NULL),(223,'2019-06-18 10:38:54','2019-07-09 11:12:53','2019-06-17','2019-06-17',-400000.00000000,'(SupplierInvoicePayment)',2,6,6,'LIQ','20190630',NULL,'',1,NULL,0,NULL,NULL,NULL),(224,'2019-06-18 10:47:04','2019-07-09 11:12:53','2019-06-17','2019-06-17',-100000.00000000,'(SupplierInvoicePayment)',2,6,6,'LIQ','20190630',NULL,'',1,NULL,0,NULL,NULL,NULL),(225,'2019-06-18 10:48:37','2019-07-09 11:12:53','2019-06-17','2019-06-17',-600000.00000000,'(SupplierInvoicePayment)',2,6,6,'LIQ','20190630',NULL,'',1,NULL,0,NULL,NULL,NULL),(226,'2019-06-18 10:50:14','2019-07-09 11:12:53','2019-06-17','2019-06-17',-300000.00000000,'(SupplierInvoicePayment)',2,6,6,'LIQ','20190630',NULL,'',1,NULL,0,NULL,NULL,NULL),(227,'2019-06-18 10:52:37','2019-07-09 11:12:53','2019-06-17','2019-06-17',-100000.00000000,'(SupplierInvoicePayment)',2,6,6,'LIQ','20190630',NULL,'',1,NULL,0,NULL,NULL,NULL),(228,'2019-06-18 10:57:40','2019-07-09 11:12:52','2019-06-17','2019-06-17',-20000.00000000,'(SupplierInvoicePayment)',2,6,6,'LIQ','20190630',NULL,'',1,NULL,0,NULL,NULL,NULL),(229,'2019-06-18 11:00:53','2019-07-09 11:12:52','2019-06-17','2019-06-17',-300000.00000000,'(SupplierInvoicePayment)',2,6,6,'LIQ','20190630',NULL,'',1,NULL,0,NULL,NULL,NULL),(231,'2019-06-18 13:09:00','2019-07-09 11:12:52','2019-06-18','2019-06-18',-1715000.00000000,'(SupplierInvoicePayment)',2,6,6,'LIQ','20190630',NULL,'',1,NULL,0,NULL,NULL,NULL),(232,'2019-06-18 13:12:03','2019-07-09 11:12:52','2019-06-18','2019-06-18',-100000.00000000,'(SupplierInvoicePayment)',2,6,6,'LIQ','20190630',NULL,'',1,NULL,0,NULL,NULL,NULL),(233,'2019-06-18 13:13:27','2019-07-09 11:12:52','2019-06-18','2019-06-18',-50000.00000000,'(SupplierInvoicePayment)',2,6,6,'LIQ','20190630',NULL,'',1,NULL,0,NULL,NULL,NULL),(234,'2019-06-19 10:11:51','2019-07-09 11:12:52','2019-06-18','2019-06-18',-50000.00000000,'(SupplierInvoicePayment)',2,6,6,'LIQ','20190630',NULL,'',1,NULL,0,NULL,NULL,NULL),(235,'2019-06-19 10:15:21','2019-07-09 11:12:52','2019-06-18','2019-06-18',-250000.00000000,'(SupplierInvoicePayment)',2,6,6,'LIQ','20190630',NULL,'',1,NULL,0,NULL,NULL,NULL),(236,'2019-06-19 10:16:41','2019-07-09 11:12:52','2019-06-18','2019-06-18',-100000.00000000,'(SupplierInvoicePayment)',2,6,6,'LIQ','20190630',NULL,'',1,NULL,0,NULL,NULL,NULL),(237,'2019-06-19 10:19:21','2019-07-09 11:12:52','2019-06-18','2019-06-18',-5000.00000000,'(SupplierInvoicePayment)',2,6,6,'LIQ','20190630',NULL,'',1,NULL,0,NULL,NULL,NULL),(238,'2019-06-19 10:27:18','2019-07-09 11:12:52','2019-06-18','2019-06-18',-5864000.00000000,'(SupplierInvoicePayment)',2,6,6,'LIQ','20190630',NULL,'',1,NULL,0,NULL,NULL,NULL),(239,'2019-06-19 10:29:47','2019-07-09 11:12:52','2019-06-18','2019-06-18',-150000.00000000,'(SupplierInvoicePayment)',2,6,6,'LIQ','20190630',NULL,'',1,NULL,0,NULL,NULL,NULL),(240,'2019-06-19 10:31:31','2019-07-09 11:12:52','2019-06-18','2019-06-18',-80000.00000000,'(SupplierInvoicePayment)',2,6,6,'LIQ','20190630',NULL,'',1,NULL,0,NULL,NULL,NULL),(241,'2019-06-19 10:33:57','2019-07-09 11:12:52','2019-06-18','2019-06-18',-300000.00000000,'(SupplierInvoicePayment)',2,6,6,'LIQ','20190630',NULL,'',1,NULL,0,NULL,NULL,NULL),(242,'2019-06-19 10:35:18','2019-07-09 11:12:52','2019-06-19','2019-06-19',-50000.00000000,'(SupplierInvoicePayment)',2,6,6,'LIQ','20190630',NULL,'',1,NULL,0,NULL,NULL,NULL),(243,'2019-06-19 10:38:37','2019-07-09 11:12:54','2019-06-12','2019-06-12',-2445000.00000000,'(SupplierInvoicePayment)',2,6,6,'LIQ','20190630',NULL,'',1,NULL,0,NULL,NULL,NULL),(245,'2019-06-19 15:41:02','2019-07-09 11:12:52','2019-06-19','2019-06-19',-90000.00000000,'(SupplierInvoicePayment)',2,6,6,'LIQ','20190630',NULL,'',1,NULL,0,NULL,NULL,NULL),(246,'2019-06-19 15:42:59','2019-07-09 11:12:52','2019-06-19','2019-06-19',-50000.00000000,'(SupplierInvoicePayment)',2,6,6,'LIQ','20190630',NULL,'',1,NULL,0,NULL,NULL,NULL),(248,'2019-06-20 09:44:53','2019-07-03 09:13:24','2019-06-17','2019-06-17',-3400000.00000000,'(SupplierInvoicePayment)',1,6,6,'CHQ','20190630','296005','',1,NULL,0,NULL,NULL,NULL),(249,'2019-06-20 09:50:11','2019-07-03 09:13:24','2019-06-17','2019-06-17',-8443000.00000000,'(SupplierInvoicePayment)',1,6,6,'CHQ','20190630','296001','',1,NULL,0,NULL,NULL,NULL),(251,'2019-06-20 11:44:06','2019-07-03 09:13:24','2019-06-17','2019-06-17',-20650000.00000000,'(SupplierInvoicePayment)',1,6,6,'CHQ','20190630','296004','',1,NULL,0,NULL,NULL,NULL),(252,'2019-06-20 11:44:57','2019-07-03 09:13:24','2019-06-14','2019-06-14',-900000.00000000,'(SupplierInvoicePayment)',1,6,6,'CHQ','20190630','292900','',1,NULL,0,NULL,NULL,NULL),(253,'2019-06-20 11:46:48','2019-07-03 09:13:24','2019-06-14','2019-06-14',-10422000.00000000,'(SupplierInvoicePayment)',1,6,6,'CHQ','20190630','292899','',1,NULL,0,NULL,NULL,NULL),(255,'2019-06-20 11:49:24','2019-07-03 09:13:24','2019-06-13','2019-06-13',-6000000.00000000,'(SupplierInvoicePayment)',1,6,6,'CHQ','20190630','292898','',1,NULL,0,NULL,NULL,NULL),(256,'2019-06-20 11:51:16','2019-07-03 09:13:24','2019-06-17','2019-06-17',-8000000.00000000,'(SupplierInvoicePayment)',1,6,6,'CHQ','20190630','296002','',1,NULL,0,NULL,NULL,NULL),(258,'2019-06-20 11:52:58','2019-07-03 09:13:24','2019-06-10','2019-06-10',-9400000.00000000,'(SupplierInvoicePayment)',1,6,6,'CHQ','20190630','292894','',1,NULL,0,NULL,NULL,NULL),(262,'2019-06-20 12:07:09','2019-07-09 11:12:52','2019-06-19','2019-06-19',-300000.00000000,'(SupplierInvoicePayment)',2,5,6,'LIQ','20190630',NULL,'',1,NULL,0,NULL,NULL,NULL),(263,'2019-06-20 14:45:37','2019-07-09 11:12:51','2019-06-20','2019-06-20',-340000.00000000,'(SupplierInvoicePayment)',2,5,6,'LIQ','20190630',NULL,'',1,NULL,0,NULL,NULL,NULL),(264,'2019-06-20 14:57:16','2019-07-09 11:12:51','2019-06-20','2019-06-20',-95000.00000000,'(SupplierInvoicePayment)',2,5,6,'LIQ','20190630',NULL,'',1,NULL,0,NULL,NULL,NULL),(268,'2019-06-20 15:14:40','2019-07-09 11:12:51','2019-06-20','2019-06-20',-200000.00000000,'(SupplierInvoicePayment)',2,5,6,'LIQ','20190630',NULL,'',1,NULL,0,NULL,NULL,NULL),(270,'2019-06-20 16:28:26','2019-07-09 11:12:52','2019-06-19','2019-06-19',-500000.00000000,'(SupplierInvoicePayment)',2,6,6,'LIQ','20190630',NULL,'',1,NULL,0,NULL,NULL,NULL),(271,'2019-06-20 16:31:40','2019-07-09 11:12:51','2019-06-19','2019-06-19',-10000.00000000,'(SupplierInvoicePayment)',2,6,6,'LIQ','20190630',NULL,'',1,NULL,0,NULL,NULL,NULL),(272,'2019-06-20 16:32:41','2019-07-09 11:12:51','2019-06-19','2019-06-19',-300000.00000000,'(SupplierInvoicePayment)',2,6,6,'LIQ','20190630',NULL,'',1,NULL,0,NULL,NULL,NULL),(273,'2019-06-20 16:35:36','2019-07-09 11:12:51','2019-06-20','2019-06-20',-230000.00000000,'(SupplierInvoicePayment)',2,6,6,'LIQ','20190630',NULL,'',1,NULL,0,NULL,NULL,NULL),(274,'2019-06-20 16:37:09','2019-07-09 11:12:51','2019-06-20','2019-06-20',-350000.00000000,'(SupplierInvoicePayment)',2,6,6,'LIQ','20190630',NULL,'',1,NULL,0,NULL,NULL,NULL),(275,'2019-06-20 16:38:27','2019-07-09 11:12:51','2019-06-20','2019-06-20',-430000.00000000,'(SupplierInvoicePayment)',2,6,6,'LIQ','20190630',NULL,'',1,NULL,0,NULL,NULL,NULL),(276,'2019-06-20 16:59:25','2019-07-09 11:12:51','2019-06-20','2019-06-20',-100000.00000000,'(SupplierInvoicePayment)',2,6,6,'LIQ','20190630',NULL,'',1,NULL,0,NULL,NULL,NULL),(277,'2019-06-21 09:15:26','2019-07-03 09:13:24','2019-06-10','2019-06-10',-26875000.00000000,'(SupplierInvoicePayment)',1,6,6,'CHQ','20190630','00292891','',1,NULL,0,NULL,NULL,NULL),(278,'2019-06-21 09:16:23','2019-07-03 09:13:24','2019-06-10','2019-06-10',-84257280.00000000,'(SupplierInvoicePayment)',1,6,6,'CHQ','20190630','292893','',1,NULL,0,NULL,NULL,NULL),(279,'2019-06-21 09:19:49','2019-07-03 09:13:24','2019-06-10','2019-06-10',-8052000.00000000,'(SupplierInvoicePayment)',1,6,6,'CHQ','20190630','292892','',1,NULL,0,NULL,NULL,NULL),(280,'2019-06-21 09:50:50','2019-07-09 11:12:51','2019-06-21','2019-06-21',-30000.00000000,'(SupplierInvoicePayment)',2,5,6,'LIQ','20190630',NULL,'',1,NULL,0,NULL,NULL,NULL),(282,'2019-06-21 10:06:00','2019-07-09 11:12:51','2019-06-21','2019-06-21',-200000.00000000,'(SupplierInvoicePayment)',2,5,6,'LIQ','20190630',NULL,'',1,NULL,0,NULL,NULL,NULL),(283,'2019-06-21 10:16:41','2019-07-09 11:12:53','2019-06-15','2019-06-15',-500000.00000000,'(SupplierInvoicePayment)',2,5,6,'LIQ','20190630',NULL,'',1,NULL,0,NULL,NULL,NULL),(284,'2019-06-21 12:42:47','2019-07-09 11:12:51','2019-06-21','2019-06-21',-120000.00000000,'(SupplierInvoicePayment)',2,5,6,'LIQ','20190630',NULL,'',1,NULL,0,NULL,NULL,NULL),(285,'2019-06-21 12:48:20','2019-07-09 11:12:51','2019-06-21','2019-06-21',-900000.00000000,'(SupplierInvoicePayment)',2,5,6,'LIQ','20190630',NULL,'',1,NULL,0,NULL,NULL,NULL),(286,'2019-06-21 13:17:07','2019-07-09 11:12:51','2019-06-21','2019-06-21',-100000.00000000,'(SupplierInvoicePayment)',2,5,6,'LIQ','20190630',NULL,'',1,NULL,0,NULL,NULL,NULL),(288,'2019-06-24 08:44:06','2019-07-09 11:12:51','2019-06-22','2019-06-22',-320000.00000000,'(SupplierInvoicePayment)',2,5,6,'LIQ','20190630',NULL,'',1,NULL,0,NULL,NULL,NULL),(289,'2019-06-24 08:46:50','2019-07-09 11:12:51','2019-06-22','2019-06-22',-180000.00000000,'(SupplierInvoicePayment)',2,5,6,'LIQ','20190630',NULL,'',1,NULL,0,NULL,NULL,NULL),(290,'2019-06-24 08:50:07','2019-07-09 11:12:51','2019-06-22','2019-06-22',-30000.00000000,'(SupplierInvoicePayment)',2,5,6,'LIQ','20190630',NULL,'',1,NULL,0,NULL,NULL,NULL),(291,'2019-06-24 09:04:08','2019-07-09 11:12:51','2019-06-22','2019-06-22',-1000000.00000000,'(SupplierInvoicePayment)',2,5,6,'LIQ','20190630',NULL,'',1,NULL,0,NULL,NULL,NULL),(292,'2019-06-24 09:06:02','2019-07-09 11:12:51','2019-06-22','2019-06-22',-200000.00000000,'(SupplierInvoicePayment)',2,5,6,'LIQ','20190630',NULL,'',1,NULL,0,NULL,NULL,NULL),(293,'2019-06-24 09:08:10','2019-07-09 11:12:51','2019-06-22','2019-06-22',-80000.00000000,'(SupplierInvoicePayment)',2,5,6,'LIQ','20190630',NULL,'',1,NULL,0,NULL,NULL,NULL),(294,'2019-06-24 09:42:14','2019-07-16 13:15:27','2019-06-22','2019-06-22',-5000000.00000000,'Appro Caisse',1,6,6,'PRE','20190630','296008','',1,NULL,0,'SKYEBANK','02296006',NULL),(295,'2019-06-24 09:42:14','2019-07-09 11:12:50','2019-06-22','2019-06-22',5000000.00000000,'Appro Caisse',2,6,6,'VIR','20190630','','',1,NULL,0,'SKYEBANK','02296006',NULL),(297,'2019-06-24 12:46:24','2019-07-16 13:12:45','2019-06-24','2019-06-24',-6385520.00000000,'(SupplierInvoicePayment)',1,5,6,'CHQ','20190630','296007','',1,NULL,0,'','',NULL),(298,'2019-06-24 17:56:36','2019-07-09 11:12:50','2019-06-24','2019-06-24',-620000.00000000,'(SupplierInvoicePayment)',2,5,6,'LIQ','20190630',NULL,'',1,NULL,0,NULL,NULL,NULL),(299,'2019-06-24 17:58:47','2019-07-09 11:12:50','2019-06-24','2019-06-24',-40000.00000000,'(SupplierInvoicePayment)',2,5,6,'LIQ','20190630',NULL,'',1,NULL,0,NULL,NULL,NULL),(300,'2019-06-24 18:00:31','2019-07-09 11:12:50','2019-06-24','2019-06-24',-35000.00000000,'(SupplierInvoicePayment)',2,5,6,'LIQ','20190630',NULL,'',1,NULL,0,NULL,NULL,NULL),(301,'2019-06-24 18:02:08','2019-07-09 11:12:50','2019-06-24','2019-06-24',-200000.00000000,'(SupplierInvoicePayment)',2,5,6,'LIQ','20190630',NULL,'',1,NULL,0,NULL,NULL,NULL),(302,'2019-06-24 18:03:59','2019-07-09 11:12:50','2019-06-24','2019-06-24',-100000.00000000,'(SupplierInvoicePayment)',2,5,6,'LIQ','20190630',NULL,'',1,NULL,0,NULL,NULL,NULL),(303,'2019-06-24 18:06:33','2019-07-09 11:12:50','2019-06-24','2019-06-24',-200000.00000000,'(SupplierInvoicePayment)',2,5,6,'LIQ','20190630',NULL,'',1,NULL,0,NULL,NULL,NULL),(304,'2019-06-24 18:07:47','2019-07-09 11:12:50','2019-06-24','2019-06-24',-50000.00000000,'(SupplierInvoicePayment)',2,5,6,'LIQ','20190630',NULL,'',1,NULL,0,NULL,NULL,NULL),(305,'2019-06-24 18:12:56','2019-07-09 11:12:50','2019-06-24','2019-06-24',-150000.00000000,'(SupplierInvoicePayment)',2,5,6,'LIQ','20190630',NULL,'',1,NULL,0,NULL,NULL,NULL),(306,'2019-06-25 15:27:24','2019-07-09 11:12:50','2019-06-25','2019-06-25',-20000.00000000,'(SupplierInvoicePayment)',2,5,6,'LIQ','20190630',NULL,'',1,NULL,0,NULL,NULL,NULL),(307,'2019-06-25 15:29:13','2019-07-09 11:12:50','2019-06-25','2019-06-25',-15000.00000000,'(SupplierInvoicePayment)',2,5,6,'LIQ','20190630',NULL,'',1,NULL,0,NULL,NULL,NULL),(308,'2019-06-25 15:32:27','2019-07-09 11:12:50','2019-06-25','2019-06-25',-75000.00000000,'(SupplierInvoicePayment)',2,5,6,'LIQ','20190630',NULL,'',1,NULL,0,NULL,NULL,NULL),(310,'2019-06-25 15:42:26','2019-07-09 11:12:49','2019-06-25','2019-06-25',-55000.00000000,'(SupplierInvoicePayment)',2,5,6,'LIQ','20190630',NULL,'',1,NULL,0,NULL,NULL,NULL),(311,'2019-06-25 15:45:37','2019-07-09 11:36:23','2019-06-25','2019-06-25',-140000.00000000,'(SupplierInvoicePayment)',2,5,6,'LIQ','20190630',NULL,'',1,NULL,0,NULL,NULL,NULL),(312,'2019-06-25 16:31:18','2019-07-09 11:36:23','2019-06-25','2019-06-25',-150000.00000000,'(SupplierInvoicePayment)',2,5,6,'LIQ','20190630',NULL,'',1,NULL,0,NULL,NULL,NULL),(313,'2019-06-25 17:31:36','2019-07-09 11:36:23','2019-06-25','2019-06-25',-100000.00000000,'(SupplierInvoicePayment)',2,5,6,'LIQ','20190630',NULL,'',1,NULL,0,NULL,NULL,NULL),(314,'2019-06-26 12:08:47','2019-07-09 11:36:23','2019-06-25','2019-06-25',-400000.00000000,'(SupplierInvoicePayment)',2,5,6,'LIQ','20190630',NULL,'',1,NULL,0,NULL,NULL,NULL),(315,'2019-06-26 12:13:28','2019-07-09 11:36:23','2019-06-25','2019-06-25',-50000.00000000,'(SupplierInvoicePayment)',2,5,6,'LIQ','20190630',NULL,'',1,NULL,0,NULL,NULL,NULL),(316,'2019-06-26 12:21:47','2019-07-09 11:36:23','2019-06-25','2019-06-25',-200000.00000000,'(SupplierInvoicePayment)',2,5,6,'LIQ','20190630',NULL,'',1,NULL,0,NULL,NULL,NULL),(317,'2019-06-26 12:24:25','2019-07-16 13:11:41','2019-06-25','2019-06-25',-330000193.00000000,'(SupplierInvoicePayment)',1,5,6,'CHQ','20190630','296009','',1,NULL,0,'','',NULL),(318,'2019-06-26 12:26:34','2019-07-09 11:36:23','2019-06-26','2019-06-26',-200000.00000000,'(SupplierInvoicePayment)',2,5,6,'LIQ','20190630',NULL,'',1,NULL,0,NULL,NULL,NULL),(319,'2019-06-26 12:56:32','2019-06-26 12:56:32','2019-05-14','2019-05-14',5074115.05000000,'(CustomerInvoicePayment)',1,2,NULL,'CHQ',NULL,'01362189','',0,NULL,0,'Société Générale','Carine REBOUL',NULL),(320,'2019-06-27 11:28:14','2019-07-16 13:10:04','2019-06-26','2019-06-26',-10000000.00000000,'Appro Caisse',1,6,6,'PRE','20190630','296013','',1,NULL,0,'','',NULL),(321,'2019-06-27 11:28:14','2019-07-09 11:36:23','2019-06-26','2019-06-26',10000000.00000000,'Appro Caisse',2,6,6,'VIR','20190630',NULL,'',1,NULL,0,NULL,NULL,NULL),(324,'2019-06-27 16:17:52','2019-07-09 11:36:23','2019-06-26','2019-06-26',-25000.00000000,'(SupplierInvoicePayment)',2,5,6,'LIQ','20190630',NULL,'',1,NULL,0,NULL,NULL,NULL),(325,'2019-06-27 16:19:36','2019-07-09 11:36:23','2019-06-26','2019-06-26',-15000.00000000,'(SupplierInvoicePayment)',2,5,6,'LIQ','20190630',NULL,'',1,NULL,0,NULL,NULL,NULL),(326,'2019-06-27 16:22:52','2019-07-09 11:36:23','2019-06-26','2019-06-26',-10000.00000000,'(SupplierInvoicePayment)',2,5,6,'LIQ','20190630',NULL,'',1,NULL,0,NULL,NULL,NULL),(327,'2019-06-27 16:25:26','2019-07-09 11:36:23','2019-06-26','2019-06-26',-200000.00000000,'(SupplierInvoicePayment)',2,5,6,'LIQ','20190630',NULL,'',1,NULL,0,NULL,NULL,NULL),(328,'2019-06-27 16:27:12','2019-07-09 11:36:23','2019-06-26','2019-06-26',-100000.00000000,'(SupplierInvoicePayment)',2,5,6,'LIQ','20190630',NULL,'',1,NULL,0,NULL,NULL,NULL),(330,'2019-06-27 16:36:14','2019-07-09 11:36:23','2019-06-27','2019-06-27',-1000000.00000000,'(SupplierInvoicePayment)',2,5,6,'LIQ','20190630',NULL,'',1,NULL,0,NULL,NULL,NULL),(331,'2019-06-27 16:38:21','2019-07-09 11:36:23','2019-06-27','2019-06-27',-100000.00000000,'(SupplierInvoicePayment)',2,5,6,'LIQ','20190630',NULL,'',1,NULL,0,NULL,NULL,NULL),(332,'2019-06-27 16:43:54','2019-07-16 13:09:02','2019-06-26','2019-06-26',-2355000.00000000,'(SupplierInvoicePayment)',1,5,6,'CHQ','20190630','296010','',1,NULL,0,'','',NULL),(333,'2019-06-27 16:48:21','2019-07-16 13:07:54','2019-06-26','2019-06-26',-5100000.00000000,'(SupplierInvoicePayment)',1,5,6,'CHQ','20190630','296011','',1,NULL,0,'','',NULL),(334,'2019-06-27 16:50:55','2019-07-16 13:06:58','2019-06-26','2019-06-26',-1100000.00000000,'(SupplierInvoicePayment)',1,5,6,'CHQ','20190630','296012','',1,NULL,0,'','',NULL),(335,'2019-06-27 16:55:26','2019-07-19 15:26:06','2019-06-27','2019-06-27',-2000000.00000000,'Règlement fournisseur',1,5,6,'CHQ','20190630','296014','',1,NULL,0,'','',NULL),(337,'2019-06-27 17:33:00','2019-07-09 11:36:22','2019-06-27','2019-06-27',-200000.00000000,'(SupplierInvoicePayment)',2,5,6,'LIQ','20190630',NULL,'',1,NULL,0,NULL,NULL,NULL),(339,'2019-06-27 17:37:02','2019-07-16 13:04:29','2019-06-27','2019-06-27',-1472000.00000000,'(SupplierInvoicePayment)',1,5,6,'CHQ','20190630','296017','',1,NULL,0,'','',NULL),(340,'2019-06-27 17:39:01','2019-07-19 15:26:06','2019-06-27','2019-06-27',-5645200.00000000,'Règlement fournisseur',1,5,6,'CHQ','20190630','296018','',1,NULL,0,'','',NULL),(341,'2019-06-27 17:43:52','2019-07-16 13:01:59','2019-06-27','2019-06-27',-3400000.00000000,'(SupplierInvoicePayment)',1,5,6,'CHQ','20190630','296019','',1,NULL,0,'','',NULL),(342,'2019-06-27 17:46:39','2019-07-16 13:01:00','2019-06-27','2019-06-27',-16000000.00000000,'(SupplierInvoicePayment)',1,5,6,'CHQ','20190630','296020','',1,NULL,0,'','',NULL),(343,'2019-06-27 17:48:30','2019-07-16 13:00:03','2019-06-27','2019-06-27',-6000000.00000000,'(SupplierInvoicePayment)',1,5,6,'CHQ','20190630','296021','',1,NULL,0,'','',NULL),(344,'2019-06-27 17:52:00','2019-07-02 16:36:37','2019-06-27','2019-06-27',339.00000000,'Règlement client',3,2,2,'LIQ','20190630','','',1,NULL,0,'','',NULL),(345,'2019-06-27 17:54:58','2019-07-02 16:36:37','2019-06-27','2019-06-27',1931.00000000,'Règlement client',3,2,2,'LIQ','20190630','','',1,NULL,0,'','',NULL),(346,'2019-06-27 18:02:47','2019-07-16 12:59:00','2019-06-27','2019-06-27',-2000000.00000000,'(SupplierInvoicePayment)',1,5,6,'CHQ','20190630','296022','',1,NULL,0,'','',NULL),(347,'2019-06-27 18:12:11','2019-07-09 11:36:22','2019-06-27','2019-06-27',-250000.00000000,'(SupplierInvoicePayment)',2,5,6,'LIQ','20190630',NULL,'',1,NULL,0,NULL,NULL,NULL),(348,'2019-06-28 11:53:49','2019-07-02 16:43:35','2019-06-01','2019-06-01',-23155.41000000,'REGUL JUIN',3,2,2,'LIQ','20190601','','',1,NULL,0,'','',NULL),(350,'2019-06-28 15:11:36','2019-07-09 11:36:22','2019-06-28','2019-06-28',-50000.00000000,'(SupplierInvoicePayment)',2,5,6,'LIQ','20190630',NULL,'',1,NULL,0,NULL,NULL,NULL),(351,'2019-06-28 15:51:30','2019-07-03 09:13:23','2019-06-28','2019-06-28',-50000.00000000,'(SupplierInvoicePayment)',1,5,6,'PRE','20190630',NULL,'',1,NULL,0,NULL,NULL,NULL),(352,'2019-06-28 15:53:26','2019-07-03 09:13:22','2019-06-28','2019-06-28',-9000.00000000,'(SupplierInvoicePayment)',1,5,6,'PRE','20190630',NULL,'',1,NULL,0,NULL,NULL,NULL),(353,'2019-06-28 15:58:38','2019-07-09 11:36:22','2019-06-28','2019-06-28',-50000.00000000,'(SupplierInvoicePayment)',2,5,6,'LIQ','20190630',NULL,'',1,NULL,0,NULL,NULL,NULL),(354,'2019-06-28 16:01:12','2019-07-09 11:36:22','2019-06-28','2019-06-28',-450000.00000000,'(SupplierInvoicePayment)',2,5,6,'LIQ','20190630',NULL,'',1,NULL,0,NULL,NULL,NULL),(355,'2019-06-28 16:02:45','2019-07-09 11:36:22','2019-06-28','2019-06-28',-900000.00000000,'(SupplierInvoicePayment)',2,5,6,'LIQ','20190630',NULL,'',1,NULL,0,NULL,NULL,NULL),(356,'2019-06-28 16:04:53','2019-07-09 11:36:22','2019-06-28','2019-06-28',-50000.00000000,'(SupplierInvoicePayment)',2,5,6,'LIQ','20190630',NULL,'',1,NULL,0,NULL,NULL,NULL),(357,'2019-06-28 16:07:34','2019-07-09 11:36:22','2019-06-28','2019-06-28',-50000.00000000,'(SupplierInvoicePayment)',2,5,6,'LIQ','20190630',NULL,'',1,NULL,0,NULL,NULL,NULL),(358,'2019-06-28 16:10:22','2019-07-09 11:36:22','2019-06-28','2019-06-28',-200000.00000000,'(SupplierInvoicePayment)',2,5,6,'LIQ','20190630',NULL,'',1,NULL,0,NULL,NULL,NULL),(359,'2019-06-29 15:13:57','2019-07-16 10:42:41','2019-06-28','2019-06-28',-200000.00000000,'(SupplierInvoicePayment)',2,5,6,'LIQ','20190630','','',1,NULL,0,'','',NULL),(360,'2019-07-01 13:33:37','2019-07-02 16:36:37','2019-06-12','2019-06-12',7889.00000000,'Règlement client',3,2,2,'VIR','20190630','3907828730','',1,NULL,0,'','E2CI',NULL),(361,'2019-07-01 16:13:44','2019-07-09 11:36:22','2019-06-27','2019-06-27',-10000.00000000,'(SupplierInvoicePayment)',2,5,6,'LIQ','20190630',NULL,'',1,NULL,0,NULL,NULL,NULL),(362,'2019-07-01 16:18:08','2019-07-09 11:36:22','2019-07-01','2019-07-01',-80000.00000000,'(SupplierInvoicePayment)',2,5,6,'LIQ','20190630',NULL,'',1,NULL,0,NULL,NULL,NULL),(363,'2019-07-01 16:19:37','2019-07-09 11:36:22','2019-07-01','2019-07-01',-50000.00000000,'(SupplierInvoicePayment)',2,5,6,'LIQ','20190630',NULL,'',1,NULL,0,NULL,NULL,NULL),(364,'2019-07-01 16:21:22','2019-07-09 11:36:22','2019-07-01','2019-07-01',-200000.00000000,'(SupplierInvoicePayment)',2,5,6,'LIQ','20190630',NULL,'',1,NULL,0,NULL,NULL,NULL),(367,'2019-07-01 16:43:05','2019-07-09 11:36:22','2019-06-29','2019-06-29',-1500000.00000000,'(SupplierInvoicePayment)',2,5,6,'LIQ','20190630',NULL,'',1,NULL,0,NULL,NULL,NULL),(369,'2019-07-02 16:00:53','2019-07-03 09:13:23','2019-06-24','2019-06-24',39600000.00000000,'(CustomerInvoicePayment)',1,2,6,'CHQ','20190630','15267699','',1,NULL,0,'ECOBANK','Webb Fontaine',NULL),(370,'2019-07-02 16:02:40','2019-07-03 09:13:23','2019-06-24','2019-06-24',456795066.00000000,'(CustomerInvoicePayment)',1,2,6,'CHQ','20190630','15267700','',1,NULL,0,'ECOBANK','Webb Fontaine',NULL),(371,'2019-07-02 16:05:03','2019-07-03 09:13:25','2019-06-07','2019-06-07',-76000000.00000000,'Erreur banque (M.DIALLO/MTS)',1,2,6,'PRE','20190630','001','',1,NULL,0,NULL,NULL,NULL),(372,'2019-07-02 16:06:15','2019-07-03 09:13:24','2019-06-18','2019-06-18',25000000.00000000,'Remboursement N1 M.DIALLO suite à erreur banque',1,2,6,'VIR','20190630','0002','',1,NULL,0,NULL,NULL,NULL),(373,'2019-07-02 16:14:57','2019-07-02 16:36:37','2019-06-20','2019-06-20',-2000.00000000,'Pour combler erreur banque',3,2,2,'PRE','20190630','','',1,NULL,0,'','',NULL),(374,'2019-07-02 16:14:57','2019-07-03 09:13:24','2019-06-20','2019-06-20',20200000.00000000,'Pour combler erreur banque',1,2,6,'VIR','20190630','','',1,NULL,0,'','',NULL),(375,'2019-07-02 16:32:08','2019-07-02 16:36:37','2019-06-18','2019-06-18',-4718.99998245,'(SupplierInvoicePayment)',3,2,2,'VIR','20190630',NULL,'',1,NULL,0,NULL,NULL,NULL),(376,'2019-07-02 16:42:05','2019-07-02 16:43:19','2019-06-28','2019-06-28',-4.50000000,'TVA ACCOUNT MAINTENANCE',3,2,2,'PRE','20190630',NULL,'',1,NULL,0,NULL,NULL,NULL),(377,'2019-07-02 16:42:36','2019-07-02 16:43:18','2019-06-28','2019-06-28',-25.00000000,'ACCOUNT MAINTENANCE JUIN 2019',3,2,2,'PRE','20190630',NULL,'',1,NULL,0,NULL,NULL,NULL),(378,'2019-07-02 16:45:24','2019-07-02 16:45:24','2019-07-01','2019-07-01',-10000.00000000,'MISE A DISPOSITION POUR TRANSFERT FRANCE',3,2,NULL,'PRE',NULL,NULL,'',0,NULL,0,NULL,NULL,NULL),(379,'2019-07-02 16:58:31','2019-07-09 11:36:22','2019-07-01','2019-07-01',-200000.00000000,'(SupplierInvoicePayment)',2,5,6,'LIQ','20190630',NULL,'',1,NULL,0,NULL,NULL,NULL),(380,'2019-07-02 17:01:30','2019-07-09 11:36:21','2019-07-01','2019-07-01',-35000.00000000,'(SupplierInvoicePayment)',2,5,6,'LIQ','20190630',NULL,'',1,NULL,0,NULL,NULL,NULL),(381,'2019-07-02 17:04:15','2019-07-09 11:36:21','2019-07-01','2019-07-01',-20000.00000000,'(SupplierInvoicePayment)',2,5,6,'LIQ','20190630',NULL,'',1,NULL,0,NULL,NULL,NULL),(382,'2019-07-02 17:07:44','2019-07-09 11:36:21','2019-07-01','2019-07-01',-1000000.00000000,'(SupplierInvoicePayment)',2,5,6,'LIQ','20190630',NULL,'',1,NULL,0,NULL,NULL,NULL),(383,'2019-07-02 17:56:36','2019-07-09 11:36:21','2019-07-02','2019-07-02',-460000.00000000,'(SupplierInvoicePayment)',2,5,6,'LIQ','20190630',NULL,'',1,NULL,0,NULL,NULL,NULL),(384,'2019-07-02 17:58:26','2019-07-09 11:36:21','2019-07-02','2019-07-02',-960000.00000000,'(SupplierInvoicePayment)',2,5,6,'LIQ','20190630',NULL,'',1,NULL,0,NULL,NULL,NULL),(385,'2019-07-02 18:00:19','2019-07-09 11:36:21','2019-07-02','2019-07-02',-355000.00000000,'(SupplierInvoicePayment)',2,5,6,'LIQ','20190630',NULL,'',1,NULL,0,NULL,NULL,NULL),(386,'2019-07-02 18:31:33','2019-07-09 11:36:21','2019-07-02','2019-07-02',-620000.00000000,'(SupplierInvoicePayment)',2,5,6,'LIQ','20190630',NULL,'',1,NULL,0,NULL,NULL,NULL),(387,'2019-07-02 18:33:09','2019-07-09 11:36:21','2019-07-02','2019-07-02',-200000.00000000,'(SupplierInvoicePayment)',2,5,6,'LIQ','20190630',NULL,'',1,NULL,0,NULL,NULL,NULL),(388,'2019-07-02 18:34:56','2019-07-09 11:36:21','2019-07-02','2019-07-02',-25000.00000000,'(SupplierInvoicePayment)',2,5,6,'LIQ','20190630',NULL,'',1,NULL,0,NULL,NULL,NULL),(389,'2019-07-02 18:36:31','2019-07-09 11:36:21','2019-07-02','2019-07-02',-150000.00000000,'(SupplierInvoicePayment)',2,5,6,'LIQ','20190630',NULL,'',1,NULL,0,NULL,NULL,NULL),(390,'2019-07-02 18:38:09','2019-07-09 11:36:21','2019-07-02','2019-07-02',-30000.00000000,'(SupplierInvoicePayment)',2,5,6,'LIQ','20190630',NULL,'',1,NULL,0,NULL,NULL,NULL),(391,'2019-07-02 18:39:47','2019-07-09 11:36:21','2019-07-02','2019-07-02',-1000000.00000000,'(SupplierInvoicePayment)',2,5,6,'LIQ','20190630',NULL,'',1,NULL,0,NULL,NULL,NULL),(392,'2019-07-02 18:41:39','2019-07-09 11:36:21','2019-07-02','2019-07-02',-1000000.00000000,'(SupplierInvoicePayment)',2,5,6,'LIQ','20190630',NULL,'',1,NULL,0,NULL,NULL,NULL),(393,'2019-07-02 18:53:26','2019-07-19 15:44:41','2019-07-01','2019-07-01',-1690000.00000000,'Règlement fournisseur',1,5,6,'CHQ','20190730','296024','',1,NULL,0,'','',NULL),(394,'2019-07-02 18:55:15','2019-07-19 15:44:41','2019-07-01','2019-07-01',-1310000.00000000,'Règlement fournisseur',1,5,6,'CHQ','20190730','296025','',1,NULL,0,'','',NULL),(395,'2019-07-02 18:57:27','2019-07-19 15:44:41','2019-07-01','2019-07-01',-710000.00000000,'Règlement fournisseur',1,5,6,'CHQ','20190730','296026','',1,NULL,0,'','',NULL),(396,'2019-07-02 18:59:04','2019-07-19 15:44:41','2019-07-01','2019-07-01',-1520000.00000000,'Règlement fournisseur',1,5,6,'CHQ','20190730','296027','',1,NULL,0,'','',NULL),(397,'2019-07-02 19:00:38','2019-07-19 15:44:41','2019-07-01','2019-07-01',-1610000.00000000,'Règlement fournisseur',1,5,6,'CHQ','20190730','296028','',1,NULL,0,'','',NULL),(398,'2019-07-02 19:03:31','2019-07-19 15:44:41','2019-07-01','2019-07-01',-1680000.00000000,'Règlement fournisseur',1,5,6,'CHQ','20190730','296029','',1,NULL,0,'','',NULL),(399,'2019-07-02 19:05:21','2019-07-19 15:44:40','2019-07-01','2019-07-01',-1210000.00000000,'Règlement fournisseur',1,5,6,'CHQ','20190730','296030','',1,NULL,0,'','',NULL),(400,'2019-07-03 08:17:02','2019-07-19 15:44:40','2019-07-02','2019-07-02',-10000000.00000000,'Appro Caisse',1,6,6,'PRE','20190730','296035','',1,NULL,0,'','',NULL),(401,'2019-07-03 08:17:02','2019-07-09 11:36:21','2019-07-02','2019-07-02',10000000.00000000,'Appro Caisse',2,6,6,'VIR','20190630',NULL,'',1,NULL,0,NULL,NULL,NULL),(402,'2019-07-03 08:17:03','2019-07-19 15:44:40','2019-07-01','2019-07-01',-920000.00000000,'Règlement fournisseur',1,5,6,'CHQ','20190730','296031','',1,NULL,0,'','',NULL),(403,'2019-07-03 08:19:34','2019-07-19 15:44:40','2019-07-01','2019-07-01',-1160000.00000000,'Règlement fournisseur',1,5,6,'CHQ','20190730','296032','',1,NULL,0,'','',NULL),(404,'2019-07-03 08:21:01','2019-07-19 15:44:40','2019-07-01','2019-07-01',-1500000.00000000,'Règlement fournisseur',1,5,6,'CHQ','20190730','296033','',1,NULL,0,'','',NULL),(405,'2019-07-03 08:25:16','2019-07-19 15:44:40','2019-07-01','2019-07-01',-30000000.00000000,'Règlement fournisseur',1,5,6,'CHQ','20190730','296034','',1,NULL,0,'','',NULL),(407,'2019-07-03 08:30:13','2019-07-19 15:44:40','2019-07-02','2019-07-02',-3705500.00000000,'Règlement fournisseur',1,5,6,'CHQ','20190730','296036','',1,NULL,0,'','',NULL),(408,'2019-07-03 08:32:17','2019-07-19 15:44:40','2019-07-02','2019-07-02',-1000000.00000000,'Règlement fournisseur',1,5,6,'CHQ','20190730','296037','',1,NULL,0,'','',NULL),(409,'2019-07-03 08:34:18','2019-07-19 15:44:40','2019-07-02','2019-07-02',-7200000.00000000,'Règlement fournisseur',1,5,6,'CHQ','20190730','296038','',1,NULL,0,'','',NULL),(410,'2019-07-03 12:35:52','2019-07-09 11:36:21','2019-07-01','2019-07-01',-180000.00000000,'(SupplierInvoicePayment)',2,5,6,'LIQ','20190630',NULL,'',1,NULL,0,NULL,NULL,NULL),(412,'2019-07-03 15:48:39','2019-07-09 11:36:21','2019-07-03','2019-07-03',-50000.00000000,'(SupplierInvoicePayment)',2,5,6,'LIQ','20190630',NULL,'',1,NULL,0,NULL,NULL,NULL),(413,'2019-07-03 17:17:28','2019-07-09 11:36:21','2019-07-03','2019-07-03',-500000.00000000,'(SupplierInvoicePayment)',2,5,6,'LIQ','20190630',NULL,'',1,NULL,0,NULL,NULL,NULL),(414,'2019-07-03 17:19:43','2019-07-19 13:01:35','2019-07-03','2019-07-03',-40000.00000000,'(SupplierInvoicePayment)',2,5,6,'LIQ','20190730',NULL,'',1,NULL,0,NULL,NULL,NULL),(415,'2019-07-03 17:21:58','2019-07-09 11:36:21','2019-07-03','2019-07-03',-100000.00000000,'(SupplierInvoicePayment)',2,5,6,'LIQ','20190630',NULL,'',1,NULL,0,NULL,NULL,NULL),(416,'2019-07-03 17:23:56','2019-07-09 11:36:21','2019-07-03','2019-07-03',-150000.00000000,'(SupplierInvoicePayment)',2,5,6,'LIQ','20190630',NULL,'',1,NULL,0,NULL,NULL,NULL),(417,'2019-07-03 17:27:47','2019-07-09 11:36:21','2019-07-03','2019-07-03',-100000.00000000,'(SupplierInvoicePayment)',2,5,6,'LIQ','20190630',NULL,'',1,NULL,0,NULL,NULL,NULL),(418,'2019-07-04 07:56:10','2019-07-09 11:36:20','2019-07-03','2019-07-03',-500000.00000000,'(SupplierInvoicePayment)',2,5,6,'LIQ','20190630',NULL,'',1,NULL,0,NULL,NULL,NULL),(419,'2019-07-04 07:58:23','2019-07-09 11:36:20','2019-07-03','2019-07-03',-700000.00000000,'(SupplierInvoicePayment)',2,5,6,'LIQ','20190630',NULL,'',1,NULL,0,NULL,NULL,NULL),(420,'2019-07-04 08:03:06','2019-07-19 15:44:40','2019-07-03','2019-07-03',-5000000.00000000,'Règlement fournisseur',1,5,6,'CHQ','20190730','296039','',1,NULL,0,'','',NULL),(421,'2019-07-04 12:49:24','2019-07-09 11:36:20','2019-07-04','2019-07-04',-1810000.00000000,'(SupplierInvoicePayment)',2,5,6,'LIQ','20190630',NULL,'',1,NULL,0,NULL,NULL,NULL),(423,'2019-07-04 12:57:58','2019-07-09 11:36:20','2019-07-04','2019-07-04',-30000.00000000,'(SupplierInvoicePayment)',2,5,6,'LIQ','20190630',NULL,'',1,NULL,0,NULL,NULL,NULL),(424,'2019-07-04 14:51:35','2019-07-09 11:36:20','2019-07-04','2019-07-04',-40000.00000000,'(SupplierInvoicePayment)',2,5,6,'LIQ','20190630',NULL,'',1,NULL,0,NULL,NULL,NULL),(425,'2019-07-04 14:53:37','2019-07-09 11:36:20','2019-07-04','2019-07-04',-10000.00000000,'(SupplierInvoicePayment)',2,5,6,'LIQ','20190630',NULL,'',1,NULL,0,NULL,NULL,NULL),(426,'2019-07-04 14:56:10','2019-07-09 11:36:20','2019-07-04','2019-07-04',-200000.00000000,'(SupplierInvoicePayment)',2,5,6,'LIQ','20190630',NULL,'',1,NULL,0,NULL,NULL,NULL),(429,'2019-07-05 10:08:32','2019-07-09 11:43:37','2019-07-04','2019-07-04',-3000000.00000000,'(SupplierInvoicePayment)',2,5,6,'LIQ','20190630',NULL,'',1,NULL,0,NULL,NULL,NULL),(430,'2019-07-05 10:13:36','2019-07-09 11:43:37','2019-07-04','2019-07-04',-150000.00000000,'(SupplierInvoicePayment)',2,5,6,'LIQ','20190630',NULL,'',1,NULL,0,NULL,NULL,NULL),(431,'2019-07-05 10:17:16','2019-07-09 11:43:37','2019-07-05','2019-07-05',-525000.00000000,'(SupplierInvoicePayment)',2,5,6,'LIQ','20190630',NULL,'',1,NULL,0,NULL,NULL,NULL),(432,'2019-07-05 10:33:53','2019-07-19 15:44:40','2019-07-04','2019-07-04',-4000000.00000000,'Règlement fournisseur',1,5,6,'CHQ','20190730','296040','',1,NULL,0,'','',NULL),(433,'2019-07-05 10:37:05','2019-07-19 15:44:40','2019-07-04','2019-07-04',-9000000.00000000,'Règlement fournisseur',1,5,6,'CHQ','20190730','296041','',1,NULL,0,'','',NULL),(434,'2019-07-05 14:56:42','2019-07-16 12:20:34','2019-07-05','2019-07-05',-5650000.00000000,'Appro Caisse',1,6,NULL,'PRE',NULL,'296018','',0,NULL,0,'','',NULL),(436,'2019-07-05 15:09:07','2019-07-19 15:44:40','2019-07-05','2019-07-05',-4230000.00000000,'Règlement fournisseur',1,5,6,'CHQ','20190730','296042','',1,NULL,0,'','',NULL),(437,'2019-07-05 15:16:36','2019-07-09 11:52:38','2019-07-05','2019-07-05',-275000.00000000,'(SupplierInvoicePayment)',2,5,6,'LIQ','20190630',NULL,'',1,NULL,0,NULL,NULL,NULL),(438,'2019-07-05 15:19:15','2019-07-09 11:52:38','2019-07-05','2019-07-05',-100000.00000000,'(SupplierInvoicePayment)',2,5,6,'LIQ','20190630',NULL,'',1,NULL,0,NULL,NULL,NULL),(439,'2019-07-05 15:19:42','2019-07-09 11:52:38','2019-07-05','2019-07-05',-10000.00000000,'(SupplierInvoicePayment)',2,5,6,'LIQ','20190630',NULL,'',1,NULL,0,NULL,NULL,NULL),(440,'2019-07-05 16:09:48','2019-07-09 11:43:37','2019-07-04','2019-07-04',-280000.00000000,'(SupplierInvoicePayment)',2,5,6,'LIQ','20190630',NULL,'',1,NULL,0,NULL,NULL,NULL),(441,'2019-07-05 17:10:28','2019-07-09 11:52:38','2019-07-05','2019-07-05',-700000.00000000,'(SupplierInvoicePayment)',2,5,6,'LIQ','20190630',NULL,'',1,NULL,0,NULL,NULL,NULL),(442,'2019-07-05 17:12:07','2019-07-09 11:52:38','2019-07-05','2019-07-05',-500000.00000000,'(SupplierInvoicePayment)',2,5,6,'LIQ','20190630',NULL,'',1,NULL,0,NULL,NULL,NULL),(443,'2019-07-05 17:14:21','2019-07-09 11:52:38','2019-07-05','2019-07-05',-80000.00000000,'(SupplierInvoicePayment)',2,5,6,'LIQ','20190630',NULL,'',1,NULL,0,NULL,NULL,NULL),(444,'2019-07-05 17:16:13','2019-07-09 11:52:38','2019-07-05','2019-07-05',-100000.00000000,'(SupplierInvoicePayment)',2,5,6,'LIQ','20190630',NULL,'',1,NULL,0,NULL,NULL,NULL),(445,'2019-07-05 17:17:55','2019-07-09 11:52:38','2019-07-05','2019-07-05',-50000.00000000,'(SupplierInvoicePayment)',2,5,6,'LIQ','20190630',NULL,'',1,NULL,0,NULL,NULL,NULL),(446,'2019-07-05 17:19:19','2019-07-09 11:52:38','2019-07-05','2019-07-05',-50000.00000000,'(SupplierInvoicePayment)',2,5,6,'LIQ','20190630',NULL,'',1,NULL,0,NULL,NULL,NULL),(447,'2019-07-06 15:35:48','2019-07-09 11:52:38','2019-07-05','2019-07-05',-50000.00000000,'(SupplierInvoicePayment)',2,5,6,'LIQ','20190630',NULL,'',1,NULL,0,NULL,NULL,NULL),(448,'2019-07-06 15:39:11','2019-07-09 11:52:38','2019-07-05','2019-07-05',-100000.00000000,'(SupplierInvoicePayment)',2,5,6,'LIQ','20190630',NULL,'',1,NULL,0,NULL,NULL,NULL),(449,'2019-07-06 15:41:12','2019-07-09 11:52:38','2019-07-06','2019-07-06',-200000.00000000,'(SupplierInvoicePayment)',2,5,6,'LIQ','20190630',NULL,'',1,NULL,0,NULL,NULL,NULL),(450,'2019-07-06 15:45:48','2019-07-09 11:52:38','2019-07-06','2019-07-06',-150000.00000000,'(SupplierInvoicePayment)',2,5,6,'LIQ','20190630',NULL,'',1,NULL,0,NULL,NULL,NULL),(451,'2019-07-06 15:47:47','2019-07-09 11:52:37','2019-07-06','2019-07-06',-200000.00000000,'(SupplierInvoicePayment)',2,5,6,'LIQ','20190630',NULL,'',1,NULL,0,NULL,NULL,NULL),(452,'2019-07-06 15:49:29','2019-07-09 11:52:37','2019-07-06','2019-07-06',-900000.00000000,'(SupplierInvoicePayment)',2,5,6,'LIQ','20190630',NULL,'',1,NULL,0,NULL,NULL,NULL),(453,'2019-07-06 15:51:42','2019-07-09 11:52:37','2019-07-06','2019-07-06',-300000.00000000,'(SupplierInvoicePayment)',2,5,6,'LIQ','20190630',NULL,'',1,NULL,0,NULL,NULL,NULL),(454,'2019-07-08 09:42:42','2019-07-16 11:46:51','2019-06-03','2019-06-03',-21099427.00000000,'(SupplierInvoicePayment)',1,6,6,'CHQ','20190630','292876','',1,NULL,0,NULL,NULL,NULL),(455,'2019-07-08 10:41:48','2019-07-19 15:44:40','2019-07-08','2019-07-08',-5000000.00000000,'Appro Caisse',1,6,6,'PRE','20190730','296043','',1,NULL,0,'','',NULL),(456,'2019-07-08 10:41:48','2019-07-09 11:52:37','2019-07-08','2019-07-08',5000000.00000000,'Appro Caisse',2,6,6,'VIR','20190630',NULL,'',1,NULL,0,NULL,NULL,NULL),(457,'2019-07-08 14:16:04','2019-07-09 11:52:37','2019-07-08','2019-07-08',-100000.00000000,'(SupplierInvoicePayment)',2,5,6,'LIQ','20190630',NULL,'',1,NULL,0,NULL,NULL,NULL),(458,'2019-07-08 14:19:03','2019-07-09 11:52:37','2019-07-08','2019-07-08',-125000.00000000,'(SupplierInvoicePayment)',2,5,6,'LIQ','20190630',NULL,'',1,NULL,0,NULL,NULL,NULL),(459,'2019-07-08 14:21:30','2019-07-09 11:52:37','2019-07-08','2019-07-08',-50000.00000000,'(SupplierInvoicePayment)',2,5,6,'LIQ','20190630',NULL,'',1,NULL,0,NULL,NULL,NULL),(460,'2019-07-08 14:24:08','2019-07-09 11:52:37','2019-07-08','2019-07-08',-900000.00000000,'(SupplierInvoicePayment)',2,5,6,'LIQ','20190630',NULL,'',1,NULL,0,NULL,NULL,NULL),(461,'2019-07-08 14:27:55','2019-07-09 11:52:37','2019-07-08','2019-07-08',-295000.00000000,'(SupplierInvoicePayment)',2,5,6,'LIQ','20190630',NULL,'',1,NULL,0,NULL,NULL,NULL),(462,'2019-07-08 14:30:09','2019-07-09 11:52:37','2019-07-08','2019-07-08',-200000.00000000,'(SupplierInvoicePayment)',2,5,6,'LIQ','20190630',NULL,'',1,NULL,0,NULL,NULL,NULL),(463,'2019-07-08 14:34:23','2019-07-09 11:52:37','2019-07-08','2019-07-08',-10000.00000000,'(SupplierInvoicePayment)',2,5,6,'LIQ','20190630',NULL,'',1,NULL,0,NULL,NULL,NULL),(464,'2019-07-08 17:07:24','2019-07-09 11:52:37','2019-07-08','2019-07-08',-200000.00000000,'(SupplierInvoicePayment)',2,5,6,'LIQ','20190630',NULL,'',1,NULL,0,NULL,NULL,NULL),(465,'2019-07-08 17:07:54','2019-07-09 11:52:37','2019-07-08','2019-07-08',-20000.00000000,'(SupplierInvoicePayment)',2,5,6,'LIQ','20190630',NULL,'',1,NULL,0,NULL,NULL,NULL),(466,'2019-07-08 17:10:36','2019-07-09 11:52:37','2019-07-08','2019-07-08',-300000.00000000,'(SupplierInvoicePayment)',2,5,6,'LIQ','20190630',NULL,'',1,NULL,0,NULL,NULL,NULL),(467,'2019-07-08 17:12:40','2019-07-09 11:52:37','2019-07-08','2019-07-08',-165000.00000000,'(SupplierInvoicePayment)',2,5,6,'LIQ','20190630',NULL,'',1,NULL,0,NULL,NULL,NULL),(468,'2019-07-08 17:14:34','2019-07-09 11:52:37','2019-07-08','2019-07-08',-300000.00000000,'(SupplierInvoicePayment)',2,5,6,'LIQ','20190630',NULL,'',1,NULL,0,NULL,NULL,NULL),(469,'2019-07-08 17:45:10','2019-07-09 11:36:21','2019-07-01','2019-07-01',-1210000.00000000,'(SupplierInvoicePayment)',2,5,6,'LIQ','20190630',NULL,'',1,NULL,0,NULL,NULL,NULL),(470,'2019-07-08 18:02:41','2019-07-09 11:52:37','2019-07-08','2019-07-08',-200000.00000000,'(SupplierInvoicePayment)',2,5,6,'LIQ','20190630',NULL,'',1,NULL,0,NULL,NULL,NULL),(472,'2019-07-08 19:44:26','2019-07-19 15:44:40','2019-07-08','2019-07-08',10104000.00000000,'(CustomerInvoicePayment)',1,2,6,'CHQ','20190730','15267641','',1,NULL,0,'ECOBANK','Webb Fontaine',NULL),(473,'2019-07-08 19:45:30','2019-07-19 15:44:40','2019-07-08','2019-07-08',44630430.00000000,'(CustomerInvoicePayment)',1,2,6,'CHQ','20190730','15267642','',1,NULL,0,'ECOBANK','Webb Fontaine',NULL),(474,'2019-07-08 19:46:40','2019-07-19 15:44:40','2019-07-08','2019-07-08',31500000.00000000,'(CustomerInvoicePayment)',1,2,6,'CHQ','20190730','15267640','',1,NULL,0,'ECOBANK','Webb Fontaine',NULL),(475,'2019-07-09 10:29:35','2019-07-16 11:17:15','2019-07-09','2019-07-09',-50000.00000000,'(SupplierInvoicePayment)',2,5,6,'LIQ','20190730',NULL,'',1,NULL,0,NULL,NULL,NULL),(476,'2019-07-09 10:31:10','2019-07-16 11:17:15','2019-07-09','2019-07-09',-50000.00000000,'(SupplierInvoicePayment)',2,5,6,'LIQ','20190730',NULL,'',1,NULL,0,NULL,NULL,NULL),(477,'2019-07-09 11:39:22','2019-07-09 11:43:37','2019-07-04','2019-07-04',5650000.00000000,'Remboursement Cédric pour achat SK 0106114 du 27 juin',2,6,6,'LIQ','20190630',NULL,'',1,NULL,0,NULL,NULL,NULL),(478,'2019-07-09 13:12:26','2019-07-16 11:17:15','2019-07-09','2019-07-09',-450000.00000000,'(SupplierInvoicePayment)',2,5,6,'LIQ','20190730',NULL,'',1,NULL,0,NULL,NULL,NULL),(479,'2019-07-09 13:16:51','2019-07-16 11:17:15','2019-07-09','2019-07-09',-110000.00000000,'(SupplierInvoicePayment)',2,5,6,'LIQ','20190730',NULL,'',1,NULL,0,NULL,NULL,NULL),(480,'2019-07-09 15:51:25','2019-07-19 15:44:40','2019-07-09','2019-07-09',-4160000.00000000,'Règlement fournisseur',1,5,6,'CHQ','20190730','296044','',1,NULL,0,'','',NULL),(481,'2019-07-09 16:08:02','2019-07-16 11:17:15','2019-07-09','2019-07-09',-35000.00000000,'(SupplierInvoicePayment)',2,5,6,'LIQ','20190730',NULL,'',1,NULL,0,NULL,NULL,NULL),(482,'2019-07-09 16:09:51','2019-07-16 11:17:15','2019-07-09','2019-07-09',-35000.00000000,'(SupplierInvoicePayment)',2,5,6,'LIQ','20190730',NULL,'',1,NULL,0,NULL,NULL,NULL),(483,'2019-07-09 16:11:32','2019-07-16 11:17:15','2019-07-09','2019-07-09',-45000.00000000,'(SupplierInvoicePayment)',2,5,6,'LIQ','20190730',NULL,'',1,NULL,0,NULL,NULL,NULL),(484,'2019-07-10 08:24:35','2019-07-16 10:46:33','2019-06-25','2019-06-25',-1258000.00000000,'(SupplierInvoicePayment)',2,5,6,'LIQ','20190630',NULL,'',1,NULL,0,NULL,NULL,NULL),(485,'2019-07-10 08:28:58','2019-07-16 10:46:33','2019-06-25','2019-06-25',-100000.00000000,'(SupplierInvoicePayment)',2,5,6,'LIQ','20190630',NULL,'',1,NULL,0,NULL,NULL,NULL),(486,'2019-07-10 08:33:26','2019-07-16 10:32:07','2019-06-21','2019-06-21',-100000.00000000,'(SupplierInvoicePayment)',2,5,6,'LIQ','20190630',NULL,'',1,NULL,0,NULL,NULL,NULL),(487,'2019-07-10 08:36:27','2019-07-16 10:33:43','2019-06-19','2019-06-19',-180000.00000000,'(SupplierInvoicePayment)',2,5,6,'LIQ','20190630',NULL,'',1,NULL,0,NULL,NULL,NULL),(488,'2019-07-10 08:43:27','2019-07-16 10:32:07','2019-06-21','2019-06-21',-205000.00000000,'(SupplierInvoicePayment)',2,5,6,'LIQ','20190630',NULL,'',1,NULL,0,NULL,NULL,NULL),(489,'2019-07-10 08:44:54','2019-07-16 10:32:07','2019-06-21','2019-06-21',-200000.00000000,'(SupplierInvoicePayment)',2,5,6,'LIQ','20190630',NULL,'',1,NULL,0,NULL,NULL,NULL),(490,'2019-07-10 08:46:30','2019-07-16 10:32:07','2019-06-21','2019-06-21',-50000.00000000,'(SupplierInvoicePayment)',2,5,6,'LIQ','20190630',NULL,'',1,NULL,0,NULL,NULL,NULL),(491,'2019-07-10 08:48:05','2019-07-16 10:32:07','2019-06-21','2019-06-21',-20000.00000000,'(SupplierInvoicePayment)',2,5,6,'LIQ','20190630',NULL,'',1,NULL,0,NULL,NULL,NULL),(492,'2019-07-10 08:51:52','2019-07-16 10:22:06','2019-06-12','2019-06-12',-180000.00000000,'(SupplierInvoicePayment)',2,5,6,'LIQ','20190630',NULL,'',1,NULL,0,NULL,NULL,NULL),(493,'2019-07-10 09:01:15','2019-07-16 10:59:33','2019-07-03','2019-07-03',-200000.00000000,'(SupplierInvoicePayment)',2,5,6,'LIQ','20190730',NULL,'',1,NULL,0,NULL,NULL,NULL),(494,'2019-07-10 09:03:28','2019-07-16 10:59:33','2019-07-03','2019-07-03',-50000.00000000,'(SupplierInvoicePayment)',2,5,6,'LIQ','20190730',NULL,'',1,NULL,0,NULL,NULL,NULL),(495,'2019-07-10 09:05:39','2019-07-16 10:59:33','2019-07-03','2019-07-03',-25000.00000000,'(SupplierInvoicePayment)',2,5,6,'LIQ','20190730',NULL,'',1,NULL,0,NULL,NULL,NULL),(496,'2019-07-10 09:07:32','2019-07-16 10:59:32','2019-07-03','2019-07-03',-50000.00000000,'(SupplierInvoicePayment)',2,5,6,'LIQ','20190730',NULL,'',1,NULL,0,NULL,NULL,NULL),(497,'2019-07-10 09:47:37','2019-07-16 11:17:15','2019-07-10','2019-07-10',-30000.00000000,'(SupplierInvoicePayment)',2,5,6,'LIQ','20190730',NULL,'',1,NULL,0,NULL,NULL,NULL),(499,'2019-07-10 13:21:42','2019-07-16 10:05:16','2019-06-03','2019-06-03',-1690000.00000000,'(SupplierInvoicePayment)',2,5,6,'LIQ','20190630',NULL,'',1,NULL,0,NULL,NULL,NULL),(501,'2019-07-10 15:31:57','2019-07-16 11:17:15','2019-07-10','2019-07-10',-200000.00000000,'(SupplierInvoicePayment)',2,5,6,'LIQ','20190730',NULL,'',1,NULL,0,NULL,NULL,NULL),(502,'2019-07-10 15:35:16','2019-07-16 11:17:15','2019-07-10','2019-07-10',-20000.00000000,'(SupplierInvoicePayment)',2,5,6,'LIQ','20190730',NULL,'',1,NULL,0,NULL,NULL,NULL),(503,'2019-07-10 15:42:51','2019-07-16 11:17:15','2019-07-10','2019-07-10',-110000.00000000,'(SupplierInvoicePayment)',2,5,6,'LIQ','20190730',NULL,'',1,NULL,0,NULL,NULL,NULL),(504,'2019-07-11 10:45:17','2019-07-16 11:17:15','2019-07-10','2019-07-10',-300000.00000000,'(SupplierInvoicePayment)',2,5,6,'LIQ','20190730',NULL,'',1,NULL,0,NULL,NULL,NULL),(505,'2019-07-11 10:58:36','2019-07-16 11:17:15','2019-07-10','2019-07-10',-30000.00000000,'(SupplierInvoicePayment)',2,5,6,'LIQ','20190730',NULL,'',1,NULL,0,NULL,NULL,NULL),(507,'2019-07-11 11:09:25','2019-07-16 11:17:15','2019-07-10','2019-07-10',-10000.00000000,'(SupplierInvoicePayment)',2,5,6,'LIQ','20190730',NULL,'',1,NULL,0,NULL,NULL,NULL),(509,'2019-07-11 14:32:38','2019-07-19 15:44:40','2019-07-11','2019-07-11',-5000000.00000000,'Appro Caisse',1,6,6,'PRE','20190730','296045','',1,NULL,0,'','',NULL),(510,'2019-07-11 14:32:38','2019-07-16 11:17:15','2019-07-11','2019-07-11',5000000.00000000,'Appro Caisse',2,6,6,'VIR','20190730',NULL,'',1,NULL,0,NULL,NULL,NULL),(511,'2019-07-11 15:02:51','2019-07-16 11:17:15','2019-07-11','2019-07-11',-100000.00000000,'(SupplierInvoicePayment)',2,5,6,'LIQ','20190730',NULL,'',1,NULL,0,NULL,NULL,NULL),(512,'2019-07-11 15:11:35','2019-07-16 11:17:15','2019-07-11','2019-07-11',-250000.00000000,'(SupplierInvoicePayment)',2,5,6,'LIQ','20190730',NULL,'',1,NULL,0,NULL,NULL,NULL),(513,'2019-07-11 15:14:53','2019-07-16 11:17:15','2019-07-11','2019-07-11',-1250000.00000000,'(SupplierInvoicePayment)',2,5,6,'LIQ','20190730',NULL,'',1,NULL,0,NULL,NULL,NULL),(514,'2019-07-11 15:17:38','2019-07-16 11:17:15','2019-07-11','2019-07-11',-430000.00000000,'(SupplierInvoicePayment)',2,5,6,'LIQ','20190730',NULL,'',1,NULL,0,NULL,NULL,NULL),(515,'2019-07-11 15:19:24','2019-07-16 11:17:14','2019-07-11','2019-07-11',-50000.00000000,'(SupplierInvoicePayment)',2,5,6,'LIQ','20190730',NULL,'',1,NULL,0,NULL,NULL,NULL),(516,'2019-07-11 15:21:34','2019-07-16 11:17:14','2019-07-11','2019-07-11',-10000.00000000,'(SupplierInvoicePayment)',2,5,6,'LIQ','20190730',NULL,'',1,NULL,0,NULL,NULL,NULL),(518,'2019-07-15 08:34:12','2019-07-16 11:17:14','2019-07-11','2019-07-11',-100000.00000000,'(SupplierInvoicePayment)',2,5,6,'LIQ','20190730',NULL,'',1,NULL,0,NULL,NULL,NULL),(519,'2019-07-15 09:55:47','2019-07-16 11:17:14','2019-07-12','2019-07-12',-250000.00000000,'(SupplierInvoicePayment)',2,5,6,'LIQ','20190730',NULL,'',1,NULL,0,NULL,NULL,NULL),(520,'2019-07-15 10:28:51','2019-07-16 11:17:14','2019-07-12','2019-07-12',-150000.00000000,'(SupplierInvoicePayment)',2,5,6,'LIQ','20190730',NULL,'',1,NULL,0,NULL,NULL,NULL),(521,'2019-07-15 10:31:12','2019-07-16 11:17:14','2019-07-12','2019-07-12',-50000.00000000,'(SupplierInvoicePayment)',2,5,6,'LIQ','20190730',NULL,'',1,NULL,0,NULL,NULL,NULL),(522,'2019-07-15 10:33:46','2019-07-16 11:17:14','2019-07-12','2019-07-12',-50000.00000000,'(SupplierInvoicePayment)',2,5,6,'LIQ','20190730',NULL,'',1,NULL,0,NULL,NULL,NULL),(523,'2019-07-15 10:36:03','2019-07-16 11:17:14','2019-07-12','2019-07-12',-50000.00000000,'(SupplierInvoicePayment)',2,5,6,'LIQ','20190730',NULL,'',1,NULL,0,NULL,NULL,NULL),(524,'2019-07-15 10:41:58','2019-07-16 11:17:14','2019-07-12','2019-07-12',-50000.00000000,'(SupplierInvoicePayment)',2,5,6,'LIQ','20190730',NULL,'',1,NULL,0,NULL,NULL,NULL),(525,'2019-07-15 10:44:07','2019-07-16 11:17:14','2019-07-12','2019-07-12',-50000.00000000,'(SupplierInvoicePayment)',2,5,6,'LIQ','20190730',NULL,'',1,NULL,0,NULL,NULL,NULL),(526,'2019-07-15 10:46:42','2019-07-16 11:17:14','2019-07-12','2019-07-12',-200000.00000000,'(SupplierInvoicePayment)',2,5,6,'LIQ','20190730',NULL,'',1,NULL,0,NULL,NULL,NULL),(527,'2019-07-15 11:27:58','2019-07-19 15:44:40','2019-07-15','2019-07-15',-8000000.00000000,'Appro Caisse',1,6,6,'PRE','20190730','296048','',1,NULL,0,'','',NULL),(528,'2019-07-15 11:27:58','2019-07-16 11:17:14','2019-07-15','2019-07-15',8000000.00000000,'Appro Caisse',2,6,6,'VIR','20190730',NULL,'',1,NULL,0,NULL,NULL,NULL),(529,'2019-07-15 11:42:52','2019-07-16 11:17:14','2019-07-15','2019-07-15',-200000.00000000,'(SupplierInvoicePayment)',2,5,6,'LIQ','20190730',NULL,'',1,NULL,0,NULL,NULL,NULL),(530,'2019-07-15 11:45:25','2019-07-16 11:17:14','2019-07-15','2019-07-15',-100000.00000000,'(SupplierInvoicePayment)',2,5,6,'LIQ','20190730',NULL,'',1,NULL,0,NULL,NULL,NULL),(531,'2019-07-15 13:00:26','2019-07-19 15:44:39','2019-07-15','2019-07-15',-5000000.00000000,'Règlement fournisseur',1,5,6,'CHQ','20190730','296046','',1,NULL,0,'','',NULL),(532,'2019-07-15 13:02:58','2019-07-19 15:44:39','2019-07-15','2019-07-15',-6342000.00000000,'Règlement fournisseur',1,5,6,'CHQ','20190730','296047','',1,NULL,0,'','',NULL),(533,'2019-07-15 13:05:37','2019-07-19 15:44:39','2019-07-15','2019-07-15',-3000000.00000000,'Règlement fournisseur',1,5,6,'CHQ','20190730','296049','',1,NULL,0,'','',NULL),(534,'2019-07-15 13:10:13','2019-07-19 15:44:39','2019-07-15','2019-07-15',-12240000.00000000,'Règlement fournisseur',1,5,6,'CHQ','20190730','296050','',1,NULL,0,'','',NULL),(535,'2019-07-15 14:14:46','2019-07-16 11:17:13','2019-07-15','2019-07-15',-2000000.00000000,'(SupplierInvoicePayment)',2,5,6,'LIQ','20190730',NULL,'',1,NULL,0,NULL,NULL,NULL),(536,'2019-07-15 14:18:44','2019-07-16 11:17:13','2019-07-15','2019-07-15',-385000.00000000,'(SupplierInvoicePayment)',2,5,6,'LIQ','20190730',NULL,'',1,NULL,0,NULL,NULL,NULL),(537,'2019-07-15 14:24:20','2019-07-16 11:17:13','2019-07-15','2019-07-15',-10000.00000000,'(SupplierInvoicePayment)',2,5,6,'LIQ','20190730',NULL,'',1,NULL,0,NULL,NULL,NULL),(538,'2019-07-15 14:25:52','2019-07-16 11:17:13','2019-07-15','2019-07-15',-30000.00000000,'(SupplierInvoicePayment)',2,5,6,'LIQ','20190730',NULL,'',1,NULL,0,NULL,NULL,NULL),(539,'2019-07-15 14:29:00','2019-07-16 11:17:13','2019-07-15','2019-07-15',-1355000.00000000,'(SupplierInvoicePayment)',2,5,6,'LIQ','20190730',NULL,'',1,NULL,0,NULL,NULL,NULL),(540,'2019-07-15 14:36:44','2019-07-16 11:17:13','2019-07-15','2019-07-15',-100000.00000000,'(SupplierInvoicePayment)',2,5,6,'LIQ','20190730',NULL,'',1,NULL,0,NULL,NULL,NULL),(542,'2019-07-15 15:33:31','2019-07-16 11:17:13','2019-07-15','2019-07-15',-480000.00000000,'(SupplierInvoicePayment)',2,5,6,'LIQ','20190730',NULL,'',1,NULL,0,NULL,NULL,NULL),(543,'2019-07-15 16:55:22','2019-07-16 11:17:13','2019-07-15','2019-07-15',-150000.00000000,'(SupplierInvoicePayment)',2,5,6,'LIQ','20190730',NULL,'',1,NULL,0,NULL,NULL,NULL),(544,'2019-07-15 16:58:14','2019-07-16 11:17:13','2019-07-15','2019-07-15',-300000.00000000,'(SupplierInvoicePayment)',2,5,6,'LIQ','20190730',NULL,'',1,NULL,0,NULL,NULL,NULL),(545,'2019-07-15 17:05:57','2019-07-16 11:17:13','2019-07-15','2019-07-15',-50000.00000000,'(SupplierInvoicePayment)',2,5,6,'LIQ','20190730',NULL,'',1,NULL,0,NULL,NULL,NULL),(546,'2019-07-15 17:08:25','2019-07-16 11:17:13','2019-07-15','2019-07-15',-30000.00000000,'(SupplierInvoicePayment)',2,5,6,'LIQ','20190730',NULL,'',1,NULL,0,NULL,NULL,NULL),(547,'2019-07-15 17:11:46','2019-07-16 11:17:13','2019-07-15','2019-07-15',-150000.00000000,'(SupplierInvoicePayment)',2,5,6,'LIQ','20190730',NULL,'',1,NULL,0,NULL,NULL,NULL),(548,'2019-07-15 17:16:56','2019-07-16 11:17:13','2019-07-15','2019-07-15',-50000.00000000,'(SupplierInvoicePayment)',2,5,6,'LIQ','20190730',NULL,'',1,NULL,0,NULL,NULL,NULL),(549,'2019-07-15 17:19:18','2019-07-16 11:17:13','2019-07-15','2019-07-15',-200000.00000000,'(SupplierInvoicePayment)',2,5,6,'LIQ','20190730',NULL,'',1,NULL,0,NULL,NULL,NULL),(550,'2019-07-15 17:26:42','2019-07-16 11:17:13','2019-07-15','2019-07-15',-1330000.00000000,'(SupplierInvoicePayment)',2,5,6,'LIQ','20190730',NULL,'',1,NULL,0,NULL,NULL,NULL),(551,'2019-07-15 17:28:55','2019-07-16 11:17:13','2019-07-15','2019-07-15',-150000.00000000,'(SupplierInvoicePayment)',2,5,6,'LIQ','20190730',NULL,'',1,NULL,0,NULL,NULL,NULL),(552,'2019-07-16 09:32:57','2019-07-16 11:17:12','2019-07-16','2019-07-16',-200000.00000000,'(SupplierInvoicePayment)',2,5,6,'LIQ','20190730',NULL,'',1,NULL,0,NULL,NULL,NULL),(553,'2019-07-16 10:45:41','2019-07-19 12:17:59','2019-07-16','2019-07-16',-50000.00000000,'(SupplierInvoicePayment)',2,5,6,'LIQ','20190730',NULL,'',1,NULL,0,NULL,NULL,NULL),(554,'2019-07-16 10:55:18','2019-07-19 15:26:06','2019-06-27','2019-06-27',-2500000.00000000,'Règlement fournisseur',1,5,6,'CHQ','20190630','296016','',1,NULL,0,'','',NULL),(555,'2019-07-16 11:59:35','2019-07-19 15:26:06','2019-06-07','2019-06-07',-169500.00000000,'(SupplierInvoicePayment)',1,5,6,'PRE','20190630','1201906043','',1,NULL,0,NULL,NULL,NULL),(556,'2019-07-16 15:18:37','2019-07-19 12:17:59','2019-07-16','2019-07-16',-700000.00000000,'(SupplierInvoicePayment)',2,5,6,'LIQ','20190730',NULL,'',1,NULL,0,NULL,NULL,NULL),(557,'2019-07-16 16:33:54','2019-07-19 12:17:59','2019-07-16','2019-07-16',-200000.00000000,'(SupplierInvoicePayment)',2,5,6,'LIQ','20190730',NULL,'',1,NULL,0,NULL,NULL,NULL),(559,'2019-07-16 16:49:33','2019-07-19 12:17:58','2019-07-16','2019-07-16',-50000.00000000,'(SupplierInvoicePayment)',2,5,6,'LIQ','20190730',NULL,'',1,NULL,0,NULL,NULL,NULL),(561,'2019-07-17 09:20:06','2019-07-19 12:17:58','2019-07-16','2019-07-16',-100000.00000000,'(SupplierInvoicePayment)',2,5,6,'LIQ','20190730',NULL,'',1,NULL,0,NULL,NULL,NULL),(562,'2019-07-17 10:07:15','2019-07-19 12:17:58','2019-07-17','2019-07-17',-25000.00000000,'(SupplierInvoicePayment)',2,5,6,'LIQ','20190730',NULL,'',1,NULL,0,NULL,NULL,NULL),(563,'2019-07-17 11:39:41','2019-07-19 12:17:58','2019-07-17','2019-07-17',-250000.00000000,'(SupplierInvoicePayment)',2,5,6,'LIQ','20190730',NULL,'',1,NULL,0,NULL,NULL,NULL),(564,'2019-07-17 16:47:01','2019-07-19 12:17:58','2019-07-17','2019-07-17',-120000.00000000,'Règlement fournisseur',2,5,6,'LIQ','20190730','','',1,NULL,0,'','',NULL),(565,'2019-07-17 16:52:15','2019-07-19 12:17:58','2019-07-17','2019-07-17',-5000.00000000,'(SupplierInvoicePayment)',2,5,6,'LIQ','20190730',NULL,'',1,NULL,0,NULL,NULL,NULL),(566,'2019-07-17 16:56:41','2019-07-19 12:17:58','2019-07-17','2019-07-17',-200000.00000000,'(SupplierInvoicePayment)',2,5,6,'LIQ','20190730',NULL,'',1,NULL,0,NULL,NULL,NULL),(567,'2019-07-18 09:57:49','2019-07-19 12:17:58','2019-07-18','2019-07-18',-20000.00000000,'(SupplierInvoicePayment)',2,5,6,'LIQ','20190730',NULL,'',1,NULL,0,NULL,NULL,NULL),(568,'2019-07-18 10:01:37','2019-07-19 12:17:58','2019-07-18','2019-07-18',-200000.00000000,'Règlement fournisseur',2,5,6,'LIQ','20190730','','',1,NULL,0,'','',NULL),(569,'2019-07-18 10:48:02','2019-07-19 12:17:58','2019-07-18','2019-07-18',-50000.00000000,'(SupplierInvoicePayment)',2,5,6,'LIQ','20190730',NULL,'',1,NULL,0,NULL,NULL,NULL),(570,'2019-07-18 10:55:05','2019-07-19 12:17:58','2019-07-18','2019-07-18',-1200000.00000000,'(SupplierInvoicePayment)',2,5,6,'LIQ','20190730',NULL,'',1,NULL,0,NULL,NULL,NULL),(571,'2019-07-18 11:10:47','2019-07-19 12:17:58','2019-07-18','2019-07-18',-100000.00000000,'(SupplierInvoicePayment)',2,5,6,'LIQ','20190730',NULL,'',1,NULL,0,NULL,NULL,NULL),(573,'2019-07-18 11:40:25','2019-07-19 12:17:58','2019-07-18','2019-07-18',-20000.00000000,'(SupplierInvoicePayment)',2,5,6,'LIQ','20190730',NULL,'',1,NULL,0,NULL,NULL,NULL),(574,'2019-07-18 11:42:52','2019-07-19 12:17:58','2019-07-18','2019-07-18',-15000.00000000,'(SupplierInvoicePayment)',2,5,6,'LIQ','20190730',NULL,'',1,NULL,0,NULL,NULL,NULL),(575,'2019-07-18 15:42:20','2019-07-19 12:17:58','2019-07-18','2019-07-18',-637500.00000000,'(SupplierInvoicePayment)',2,5,6,'LIQ','20190730',NULL,'',1,NULL,0,NULL,NULL,NULL),(576,'2019-07-18 15:45:57','2019-07-19 12:17:58','2019-07-18','2019-07-18',-30000.00000000,'(SupplierInvoicePayment)',2,5,6,'LIQ','20190730',NULL,'',1,NULL,0,NULL,NULL,NULL),(577,'2019-07-18 17:10:31','2019-07-19 15:44:39','2019-07-18','2019-07-18',-8000000.00000000,'Appro Caisse',1,6,6,'PRE','20190730',NULL,'',1,NULL,0,NULL,NULL,NULL),(578,'2019-07-18 17:10:31','2019-07-19 12:17:58','2019-07-18','2019-07-18',8000000.00000000,'Appro Caisse',2,6,6,'VIR','20190730',NULL,'',1,NULL,0,NULL,NULL,NULL),(579,'2019-07-18 17:22:43','2019-07-19 15:44:39','2019-07-18','2019-07-18',90000000.00000000,'(CustomerInvoicePayment)',1,6,6,'LIQ','20190730','Reçu n° 218 95','',1,NULL,0,NULL,NULL,NULL),(580,'2019-07-19 09:22:05','2019-07-19 13:01:35','2019-06-01','2019-06-01',1350000.00000000,'Régul pour mise à jour',2,6,6,'LIQ','20190730',NULL,'',1,NULL,0,NULL,NULL,NULL),(581,'2019-07-19 09:42:42','2019-07-19 12:17:58','2019-07-18','2019-07-18',-1500000.00000000,'(SupplierInvoicePayment)',2,5,6,'LIQ','20190730',NULL,'',1,NULL,0,NULL,NULL,NULL),(582,'2019-07-19 09:47:32','2019-07-19 12:17:58','2019-07-18','2019-07-18',-200000.00000000,'(SupplierInvoicePayment)',2,5,6,'LIQ','20190730',NULL,'',1,NULL,0,NULL,NULL,NULL),(583,'2019-07-19 09:50:40','2019-07-19 12:17:58','2019-07-19','2019-07-19',-100000.00000000,'(SupplierInvoicePayment)',2,5,6,'LIQ','20190730',NULL,'',1,NULL,0,NULL,NULL,NULL),(584,'2019-07-19 09:54:50','2019-07-19 12:17:58','2019-07-19','2019-07-19',-355000.00000000,'(SupplierInvoicePayment)',2,5,6,'LIQ','20190730',NULL,'',1,NULL,0,NULL,NULL,NULL),(585,'2019-07-19 09:58:20','2019-07-19 12:17:58','2019-07-19','2019-07-19',-50000.00000000,'(SupplierInvoicePayment)',2,5,6,'LIQ','20190730',NULL,'',1,NULL,0,NULL,NULL,NULL),(586,'2019-07-19 10:58:57','2019-07-19 12:17:57','2019-07-19','2019-07-19',-50000.00000000,'(SupplierInvoicePayment)',2,5,6,'LIQ','20190730',NULL,'',1,NULL,0,NULL,NULL,NULL),(587,'2019-07-19 11:01:57','2019-07-19 12:17:57','2019-07-19','2019-07-19',-30000.00000000,'(SupplierInvoicePayment)',2,5,6,'LIQ','20190730',NULL,'',1,NULL,0,NULL,NULL,NULL),(588,'2019-07-19 11:05:06','2019-07-19 12:17:58','2019-07-18','2019-07-18',-250000.00000000,'(SupplierInvoicePayment)',2,5,6,'LIQ','20190730',NULL,'',1,NULL,0,NULL,NULL,NULL),(589,'2019-07-19 11:30:00','2019-07-19 12:17:57','2019-07-19','2019-07-19',-1070000.00000000,'(SupplierInvoicePayment)',2,5,6,'LIQ','20190730',NULL,'',1,NULL,0,NULL,NULL,NULL),(590,'2019-07-19 11:32:45','2019-07-19 12:19:34','2019-07-19','2019-07-19',-150000.00000000,'(SupplierInvoicePayment)',2,5,6,'LIQ','20190730',NULL,'',1,NULL,0,NULL,NULL,NULL),(591,'2019-07-19 12:31:23','2019-07-27 16:05:29','2019-07-19','2019-07-19',-300000.00000000,'(SupplierInvoicePayment)',2,5,6,'LIQ','20190730',NULL,'',1,NULL,0,NULL,NULL,NULL),(592,'2019-07-19 12:59:46','2019-07-19 13:01:35','2019-07-10','2019-07-10',-100000.00000000,'(SupplierInvoicePayment)',2,5,6,'LIQ','20190730',NULL,'',1,NULL,0,NULL,NULL,NULL),(593,'2019-07-19 13:57:00','2019-07-27 16:05:29','2019-07-17','2019-07-17',-200000.00000000,'(SupplierInvoicePayment)',2,5,6,'LIQ','20190730',NULL,'',1,NULL,0,NULL,NULL,NULL),(594,'2019-07-19 14:18:09','2019-07-23 12:10:59','2019-07-19','2019-07-19',-1300000.00000000,'Règlement fournisseur',1,5,NULL,'CHQ',NULL,'300552','',0,NULL,0,'','',NULL),(595,'2019-07-19 15:01:40','2019-07-19 15:26:06','2019-06-03','2019-06-03',12.00000000,'Cash deposit regul chq 292883 Sekou Mansare',1,6,6,'CHQ','20190630','292883','',1,NULL,0,NULL,NULL,NULL),(596,'2019-07-19 15:06:02','2019-07-19 15:08:17','2019-06-01','2019-06-01',-10475592.04000000,'REGUL POUR MISE A JOUR AU 1ER JUIN',1,6,NULL,'LIQ',NULL,'','',0,NULL,0,'','',NULL),(597,'2019-07-19 15:47:12','2019-07-19 15:53:35','2019-06-27','2019-06-27',20.00000000,'CASH WITHDRAWAL ALPHA OUMAR DIALLO',1,6,6,'CHQ','20190630','296010','',1,NULL,0,NULL,NULL,NULL),(598,'2019-07-19 15:49:03','2019-07-19 15:49:03','2019-07-01','2019-07-01',-10427.55000000,'Intérêt Bancaires',1,6,NULL,'PRE',NULL,NULL,'',0,NULL,0,NULL,NULL,NULL),(599,'2019-07-19 15:50:34','2019-07-19 15:50:34','2019-07-01','2019-07-01',-254998.63000000,'SERVICE CHARGE',1,6,NULL,'PRE',NULL,NULL,'',0,NULL,0,NULL,NULL,NULL),(600,'2019-07-19 15:51:32','2019-07-19 15:51:32','2019-07-01','2019-07-01',-33149.82000000,'WITHHOLDINGDRAWAL TAX PAYABLE ON INT INC',1,6,NULL,'PRE',NULL,NULL,'',0,NULL,0,NULL,NULL,NULL),(601,'2019-07-19 16:04:57','2019-07-19 16:04:57','2019-07-19','2019-07-19',-169500.00000000,'GENERAL ENTRIES ENDORSEMENT DDI',1,6,NULL,'PRE',NULL,'12019070396','',0,NULL,0,NULL,NULL,NULL),(602,'2019-07-19 16:13:09','2019-07-27 16:05:29','2019-07-19','2019-07-19',-200000.00000000,'(SupplierInvoicePayment)',2,5,6,'LIQ','20190730',NULL,'',1,NULL,0,NULL,NULL,NULL),(603,'2019-07-19 16:21:49','2019-07-27 16:05:29','2019-07-19','2019-07-19',-200000.00000000,'(SupplierInvoicePayment)',2,5,6,'LIQ','20190730',NULL,'',1,NULL,0,NULL,NULL,NULL),(604,'2019-07-20 13:29:24','2019-07-27 16:05:29','2019-07-19','2019-07-19',-200000.00000000,'(SupplierInvoicePayment)',2,5,6,'LIQ','20190730',NULL,'',1,NULL,0,NULL,NULL,NULL),(605,'2019-07-20 13:31:52','2019-07-27 16:05:29','2019-07-20','2019-07-20',-200000.00000000,'(SupplierInvoicePayment)',2,5,6,'LIQ','20190730',NULL,'',1,NULL,0,NULL,NULL,NULL),(606,'2019-07-20 13:33:48','2019-07-27 16:05:29','2019-07-20','2019-07-20',-10000.00000000,'(SupplierInvoicePayment)',2,5,6,'LIQ','20190730',NULL,'',1,NULL,0,NULL,NULL,NULL),(607,'2019-07-20 13:36:21','2019-07-27 16:05:29','2019-07-20','2019-07-20',-50000.00000000,'(SupplierInvoicePayment)',2,5,6,'LIQ','20190730',NULL,'',1,NULL,0,NULL,NULL,NULL),(608,'2019-07-22 09:18:43','2019-07-27 16:05:29','2019-07-20','2019-07-20',-300000.00000000,'(SupplierInvoicePayment)',2,5,6,'LIQ','20190730',NULL,'',1,NULL,0,NULL,NULL,NULL),(609,'2019-07-22 09:22:26','2019-07-27 16:05:28','2019-07-20','2019-07-20',-200000.00000000,'(SupplierInvoicePayment)',2,5,6,'LIQ','20190730',NULL,'',1,NULL,0,NULL,NULL,NULL),(610,'2019-07-22 09:26:49','2019-07-27 16:05:28','2019-07-20','2019-07-20',-500000.00000000,'(SupplierInvoicePayment)',2,5,6,'LIQ','20190730',NULL,'',1,NULL,0,NULL,NULL,NULL),(611,'2019-07-22 09:28:55','2019-07-27 16:05:28','2019-07-20','2019-07-20',-200000.00000000,'(SupplierInvoicePayment)',2,5,6,'LIQ','20190730',NULL,'',1,NULL,0,NULL,NULL,NULL),(612,'2019-07-22 09:35:27','2019-07-27 16:05:28','2019-07-22','2019-07-22',-25000.00000000,'(SupplierInvoicePayment)',2,5,6,'LIQ','20190730',NULL,'',1,NULL,0,NULL,NULL,NULL),(613,'2019-07-22 10:14:54','2019-07-22 10:14:54','2019-07-20','2019-07-20',-19830000.00000000,'(SupplierInvoicePayment)',1,5,NULL,'CHQ',NULL,'300553','',0,NULL,0,NULL,NULL,NULL),(614,'2019-07-22 10:17:58','2019-07-22 10:17:58','2019-07-20','2019-07-20',-2950000.00000000,'(SupplierInvoicePayment)',1,5,NULL,'CHQ',NULL,'300556','',0,NULL,0,NULL,NULL,NULL),(615,'2019-07-22 10:20:56','2019-07-22 10:20:56','2019-07-20','2019-07-20',-1500000.00000000,'(SupplierInvoicePayment)',1,5,NULL,'CHQ',NULL,'300555','',0,NULL,0,NULL,NULL,NULL),(616,'2019-07-22 12:36:05','2019-07-22 12:43:30','2019-07-22','2019-07-22',-8000000.00000000,'Appro Caisse',1,6,NULL,'PRE',NULL,'300554','',0,NULL,0,'','',NULL),(617,'2019-07-22 12:36:05','2019-07-27 16:05:28','2019-07-22','2019-07-22',8000000.00000000,'Appro Caisse',2,6,6,'VIR','20190730',NULL,'',1,NULL,0,NULL,NULL,NULL),(618,'2019-07-22 12:39:42','2019-07-22 12:39:42','2019-07-20','2019-07-20',-8000000.00000000,'(SupplierInvoicePayment)',1,5,NULL,'CHQ',NULL,'300554','',0,NULL,0,NULL,NULL,NULL),(619,'2019-07-22 13:06:33','2019-07-27 16:05:28','2019-07-22','2019-07-22',-1175000.00000000,'(SupplierInvoicePayment)',2,5,6,'LIQ','20190730',NULL,'',1,NULL,0,NULL,NULL,NULL),(620,'2019-07-22 13:08:39','2019-07-27 16:05:28','2019-07-22','2019-07-22',-35000.00000000,'(SupplierInvoicePayment)',2,5,6,'LIQ','20190730',NULL,'',1,NULL,0,NULL,NULL,NULL),(621,'2019-07-22 13:22:23','2019-07-27 16:05:28','2019-07-22','2019-07-22',-250000.00000000,'(SupplierInvoicePayment)',2,5,6,'LIQ','20190730',NULL,'',1,NULL,0,NULL,NULL,NULL),(622,'2019-07-22 13:32:13','2019-07-27 16:05:28','2019-07-22','2019-07-22',-20000.00000000,'(SupplierInvoicePayment)',2,5,6,'LIQ','20190730',NULL,'',1,NULL,0,NULL,NULL,NULL),(623,'2019-07-22 13:40:36','2019-07-27 16:05:28','2019-07-22','2019-07-22',-500000.00000000,'(SupplierInvoicePayment)',2,5,6,'LIQ','20190730',NULL,'',1,NULL,0,NULL,NULL,NULL),(624,'2019-07-22 15:55:05','2019-07-27 16:05:28','2019-07-22','2019-07-22',-10000.00000000,'(SupplierInvoicePayment)',2,5,6,'LIQ','20190730',NULL,'',1,NULL,0,NULL,NULL,NULL),(625,'2019-07-22 15:57:49','2019-07-27 16:05:28','2019-07-22','2019-07-22',-30000.00000000,'(SupplierInvoicePayment)',2,5,6,'LIQ','20190730',NULL,'',1,NULL,0,NULL,NULL,NULL),(626,'2019-07-22 16:16:35','2019-07-27 16:05:28','2019-07-22','2019-07-22',-200000.00000000,'(SupplierInvoicePayment)',2,5,6,'LIQ','20190730',NULL,'',1,NULL,0,NULL,NULL,NULL),(627,'2019-07-22 16:35:01','2019-07-27 16:05:28','2019-07-22','2019-07-22',-200000.00000000,'(SupplierInvoicePayment)',2,5,6,'LIQ','20190730',NULL,'',1,NULL,0,NULL,NULL,NULL),(628,'2019-07-23 11:04:27','2019-07-27 16:05:28','2019-07-23','2019-07-23',-50000.00000000,'(SupplierInvoicePayment)',2,5,6,'LIQ','20190730',NULL,'',1,NULL,0,NULL,NULL,NULL),(629,'2019-07-23 11:45:30','2019-07-23 12:09:15','2019-07-22','2019-07-22',-7594000.00000000,'Règlement fournisseur',1,5,NULL,'CHQ',NULL,'300557','',0,NULL,0,'','',NULL),(630,'2019-07-23 11:49:28','2019-07-23 12:08:47','2019-07-22','2019-07-22',-4.82000000,'Règlement fournisseur',1,5,NULL,'CHQ',NULL,'300557','',0,NULL,0,'','',NULL),(631,'2019-07-23 11:50:27','2019-07-23 12:08:18','2019-07-22','2019-07-22',0.36000000,'Règlement fournisseur',1,5,NULL,'CHQ',NULL,'300557','',0,NULL,0,'','',NULL),(633,'2019-07-23 12:05:49','2019-07-23 12:07:14','2019-07-22','2019-07-22',-1920000.42000000,'Règlement fournisseur',1,5,NULL,'CHQ',NULL,'300557','',0,NULL,0,'','',NULL),(634,'2019-07-23 12:36:38','2019-07-27 16:05:28','2019-07-23','2019-07-23',-700000.00000000,'(SupplierInvoicePayment)',2,5,6,'LIQ','20190730',NULL,'',1,NULL,0,NULL,NULL,NULL),(635,'2019-07-23 12:39:07','2019-07-27 16:05:28','2019-07-23','2019-07-23',-50000.00000000,'(SupplierInvoicePayment)',2,5,6,'LIQ','20190730',NULL,'',1,NULL,0,NULL,NULL,NULL),(636,'2019-07-23 12:42:05','2019-07-27 16:05:27','2019-07-23','2019-07-23',-1475000.00000000,'(SupplierInvoicePayment)',2,5,6,'LIQ','20190730',NULL,'',1,NULL,0,NULL,NULL,NULL),(637,'2019-07-23 12:59:00','2019-07-23 13:00:11','2019-07-23','2019-07-23',-1535000.00000000,'Règlement fournisseur',1,5,NULL,'CHQ',NULL,'300559','',0,NULL,0,'','',NULL),(638,'2019-07-23 15:06:09','2019-07-27 16:05:29','2019-06-06','2019-06-06',-500000.00000000,'(SupplierInvoicePayment)',2,5,6,'LIQ','20190730',NULL,'',1,NULL,0,NULL,NULL,NULL),(640,'2019-07-24 10:12:28','2019-07-27 16:05:27','2019-07-24','2019-07-24',-50000.00000000,'(SupplierInvoicePayment)',2,5,6,'LIQ','20190730',NULL,'',1,NULL,0,NULL,NULL,NULL),(641,'2019-07-24 10:24:47','2019-07-27 16:05:27','2019-07-23','2019-07-23',-400000.00000000,'(SupplierInvoicePayment)',2,5,6,'LIQ','20190730',NULL,'',1,NULL,0,NULL,NULL,NULL),(642,'2019-07-24 16:02:37','2019-07-27 16:05:27','2019-07-24','2019-07-24',-150000.00000000,'(SupplierInvoicePayment)',2,5,6,'LIQ','20190730',NULL,'',1,NULL,0,NULL,NULL,NULL),(643,'2019-07-24 16:04:30','2019-07-27 16:05:27','2019-07-24','2019-07-24',-30000.00000000,'(SupplierInvoicePayment)',2,5,6,'LIQ','20190730',NULL,'',1,NULL,0,NULL,NULL,NULL),(644,'2019-07-24 16:07:04','2019-07-27 16:05:27','2019-07-24','2019-07-24',-301000.00000000,'(SupplierInvoicePayment)',2,5,6,'LIQ','20190730',NULL,'',1,NULL,0,NULL,NULL,NULL),(645,'2019-07-24 16:08:54','2019-07-27 16:05:27','2019-07-24','2019-07-24',-50000.00000000,'(SupplierInvoicePayment)',2,5,6,'LIQ','20190730',NULL,'',1,NULL,0,NULL,NULL,NULL),(646,'2019-07-24 16:13:49','2019-07-27 16:05:27','2019-07-24','2019-07-24',-1000000.00000000,'(SupplierInvoicePayment)',2,5,6,'LIQ','20190730',NULL,'',1,NULL,0,NULL,NULL,NULL),(647,'2019-07-24 16:23:54','2019-07-24 16:23:54','2019-07-24','2019-07-24',-3350000.00000000,'(SupplierInvoicePayment)',1,5,NULL,'CHQ',NULL,'300560','',0,NULL,0,NULL,NULL,NULL),(648,'2019-07-24 16:26:19','2019-07-24 16:26:19','2019-07-24','2019-07-24',-2500000.00000000,'(SupplierInvoicePayment)',1,5,NULL,'CHQ',NULL,'300561','',0,NULL,0,NULL,NULL,NULL),(649,'2019-07-24 16:46:22','2019-07-27 16:05:28','2019-07-22','2019-07-22',-200000.00000000,'(SupplierInvoicePayment)',2,5,6,'LIQ','20190730',NULL,'',1,NULL,0,NULL,NULL,NULL),(650,'2019-07-24 17:48:02','2019-07-24 17:48:02','2019-07-24','2019-07-24',-23948200.00000000,'(SupplierInvoicePayment)',1,5,NULL,'CHQ',NULL,'300562','',0,NULL,0,NULL,NULL,NULL),(651,'2019-07-25 09:51:46','2019-07-27 16:05:27','2019-07-24','2019-07-24',-100000.00000000,'(SupplierInvoicePayment)',2,5,6,'LIQ','20190730',NULL,'',1,NULL,0,NULL,NULL,NULL),(652,'2019-07-25 09:55:07','2019-07-27 16:05:27','2019-07-25','2019-07-25',-200000.00000000,'(SupplierInvoicePayment)',2,5,6,'LIQ','20190730',NULL,'',1,NULL,0,NULL,NULL,NULL),(653,'2019-07-25 11:32:25','2019-07-27 16:05:27','2019-07-25','2019-07-25',-50000.00000000,'(SupplierInvoicePayment)',2,5,6,'LIQ','20190730',NULL,'',1,NULL,0,NULL,NULL,NULL),(655,'2019-07-25 12:47:59','2019-07-27 16:05:27','2019-07-25','2019-07-25',-640000.00000000,'(SupplierInvoicePayment)',2,5,6,'LIQ','20190730',NULL,'',1,NULL,0,NULL,NULL,NULL),(656,'2019-07-25 12:50:06','2019-07-27 16:05:27','2019-07-25','2019-07-25',-200000.00000000,'(SupplierInvoicePayment)',2,5,6,'LIQ','20190730',NULL,'',1,NULL,0,NULL,NULL,NULL),(657,'2019-07-25 15:00:17','2019-07-27 16:05:27','2019-07-25','2019-07-25',-20000.00000000,'(SupplierInvoicePayment)',2,5,6,'LIQ','20190730',NULL,'',1,NULL,0,NULL,NULL,NULL),(658,'2019-07-25 15:04:34','2019-07-27 16:05:29','2019-06-21','2019-06-21',-101000.00000000,'(SupplierInvoicePayment)',2,5,6,'LIQ','20190730',NULL,'',1,NULL,0,NULL,NULL,NULL),(659,'2019-07-26 13:38:41','2019-07-26 13:38:41','2019-07-26','2019-07-26',-8000000.00000000,'Appro Caisse',1,6,NULL,'PRE',NULL,NULL,'',0,NULL,0,NULL,NULL,NULL),(660,'2019-07-26 13:38:41','2019-07-27 16:05:27','2019-07-26','2019-07-26',8000000.00000000,'Appro Caisse',2,6,6,'VIR','20190730',NULL,'',1,NULL,0,NULL,NULL,NULL),(661,'2019-07-26 14:59:15','2019-07-27 16:05:27','2019-07-26','2019-07-26',-130000.00000000,'(SupplierInvoicePayment)',2,5,6,'LIQ','20190730',NULL,'',1,NULL,0,NULL,NULL,NULL),(662,'2019-07-26 15:01:39','2019-07-27 16:05:27','2019-07-26','2019-07-26',-10000.00000000,'(SupplierInvoicePayment)',2,5,6,'LIQ','20190730',NULL,'',1,NULL,0,NULL,NULL,NULL),(663,'2019-07-26 15:04:09','2019-07-27 16:05:27','2019-07-26','2019-07-26',-375000.00000000,'(SupplierInvoicePayment)',2,5,6,'LIQ','20190730',NULL,'',1,NULL,0,NULL,NULL,NULL),(664,'2019-07-26 15:06:42','2019-07-27 16:05:27','2019-07-26','2019-07-26',-10000.00000000,'(SupplierInvoicePayment)',2,5,6,'LIQ','20190730',NULL,'',1,NULL,0,NULL,NULL,NULL),(665,'2019-07-26 15:09:48','2019-07-27 16:05:27','2019-07-26','2019-07-26',-280000.00000000,'(SupplierInvoicePayment)',2,5,6,'LIQ','20190730',NULL,'',1,NULL,0,NULL,NULL,NULL),(666,'2019-07-26 16:12:06','2019-07-27 16:05:26','2019-07-26','2019-07-26',-100000.00000000,'(SupplierInvoicePayment)',2,5,6,'LIQ','20190730',NULL,'',1,NULL,0,NULL,NULL,NULL),(667,'2019-07-26 16:13:46','2019-07-27 16:05:26','2019-07-26','2019-07-26',-10000.00000000,'(SupplierInvoicePayment)',2,5,6,'LIQ','20190730',NULL,'',1,NULL,0,NULL,NULL,NULL),(668,'2019-07-26 16:15:40','2019-07-27 16:05:26','2019-07-26','2019-07-26',-50000.00000000,'(SupplierInvoicePayment)',2,5,6,'LIQ','20190730',NULL,'',1,NULL,0,NULL,NULL,NULL),(669,'2019-07-26 16:17:25','2019-07-27 16:05:26','2019-07-26','2019-07-26',-50000.00000000,'(SupplierInvoicePayment)',2,5,6,'LIQ','20190730',NULL,'',1,NULL,0,NULL,NULL,NULL),(670,'2019-07-26 17:02:44','2019-07-27 16:05:26','2019-07-26','2019-07-26',-200000.00000000,'(SupplierInvoicePayment)',2,5,6,'LIQ','20190730',NULL,'',1,NULL,0,NULL,NULL,NULL),(671,'2019-07-26 17:04:44','2019-07-27 16:05:26','2019-07-26','2019-07-26',-200000.00000000,'(SupplierInvoicePayment)',2,5,6,'LIQ','20190730',NULL,'',1,NULL,0,NULL,NULL,NULL),(672,'2019-07-26 17:08:14','2019-07-27 16:05:26','2019-07-26','2019-07-26',-100000.00000000,'(SupplierInvoicePayment)',2,5,6,'LIQ','20190730',NULL,'',1,NULL,0,NULL,NULL,NULL),(673,'2019-07-26 17:14:21','2019-07-26 17:16:30','2019-07-26','2019-07-26',-4920000.00000000,'Règlement fournisseur',1,5,NULL,'CHQ',NULL,'300565','',0,NULL,0,'','',NULL),(674,'2019-07-27 13:18:14','2019-07-27 16:05:26','2019-07-26','2019-07-26',-100000.00000000,'(SupplierInvoicePayment)',2,5,6,'LIQ','20190730',NULL,'',1,NULL,0,NULL,NULL,NULL),(675,'2019-07-27 13:20:01','2019-07-27 16:05:26','2019-07-26','2019-07-26',-50000.00000000,'(SupplierInvoicePayment)',2,5,6,'LIQ','20190730',NULL,'',1,NULL,0,NULL,NULL,NULL),(676,'2019-07-27 13:26:18','2019-07-27 16:07:32','2019-07-27','2019-07-27',-200000.00000000,'(SupplierInvoicePayment)',2,5,6,'LIQ','20190730',NULL,'',1,NULL,0,NULL,NULL,NULL),(677,'2019-07-27 13:34:07','2019-07-27 16:07:32','2019-07-26','2019-07-26',-200000.00000000,'(SupplierInvoicePayment)',2,5,6,'LIQ','20190730',NULL,'',1,NULL,0,NULL,NULL,NULL),(678,'2019-07-27 14:21:17','2019-07-27 16:07:32','2019-07-27','2019-07-27',-100000.00000000,'(SupplierInvoicePayment)',2,5,6,'LIQ','20190730',NULL,'',1,NULL,0,NULL,NULL,NULL),(679,'2019-07-27 14:50:56','2019-07-27 16:07:32','2019-07-27','2019-07-27',-500000.00000000,'(SupplierInvoicePayment)',2,5,6,'LIQ','20190730',NULL,'',1,NULL,0,NULL,NULL,NULL),(680,'2019-07-27 15:00:28','2019-07-27 16:07:32','2019-07-27','2019-07-27',-45000.00000000,'(SupplierInvoicePayment)',2,5,6,'LIQ','20190730',NULL,'',1,NULL,0,NULL,NULL,NULL),(681,'2019-07-27 15:01:59','2019-07-27 16:07:32','2019-07-27','2019-07-27',-105000.00000000,'(SupplierInvoicePayment)',2,5,6,'LIQ','20190730',NULL,'',1,NULL,0,NULL,NULL,NULL),(682,'2019-07-27 15:21:20','2019-07-27 16:07:32','2019-07-27','2019-07-27',-500000.00000000,'(SupplierInvoicePayment)',2,5,6,'LIQ','20190730',NULL,'',1,NULL,0,NULL,NULL,NULL),(683,'2019-07-27 16:27:13','2019-07-27 16:27:13','2019-07-27','2019-07-27',-133000.00000000,'(SupplierInvoicePayment)',2,5,NULL,'LIQ',NULL,NULL,'',0,NULL,0,NULL,NULL,NULL),(684,'2019-07-27 16:45:46','2019-07-27 16:45:46','2019-07-25','2019-07-25',7080000.00000000,'(CustomerInvoicePayment)',1,6,NULL,'VIR',NULL,'P19072416345357','',0,NULL,0,'SGBG','CAPAGO GUINEE',NULL),(685,'2019-07-27 16:48:52','2019-07-27 16:48:52','2019-07-25','2019-07-25',26486976.00000000,'(CustomerInvoicePayment)',1,6,NULL,'VIR',NULL,'P19072416400946','',0,NULL,0,'SGBG','CAPAGO GUINEE',NULL),(688,'2019-07-27 17:42:37','2019-07-27 17:42:37','2019-07-27','2019-07-27',-280000.00000000,'(SupplierInvoicePayment)',2,5,NULL,'LIQ',NULL,NULL,'',0,NULL,0,NULL,NULL,NULL),(689,'2019-07-29 08:55:17','2019-07-29 08:55:17','2019-07-27','2019-07-27',-600000.00000000,'(SupplierInvoicePayment)',2,5,NULL,'LIQ',NULL,NULL,'',0,NULL,0,NULL,NULL,NULL),(690,'2019-07-29 09:07:08','2019-07-29 09:07:08','2019-07-29','2019-07-29',-180000.00000000,'(SupplierInvoicePayment)',2,5,NULL,'LIQ',NULL,NULL,'',0,NULL,0,NULL,NULL,NULL),(691,'2019-07-29 12:00:25','2019-07-29 12:00:25','2019-07-29','2019-07-29',-355000.00000000,'(SupplierInvoicePayment)',2,5,NULL,'LIQ',NULL,NULL,'',0,NULL,0,NULL,NULL,NULL),(692,'2019-07-29 13:19:40','2019-07-29 13:19:40','2019-07-29','2019-07-29',-8145086.00000000,'(SupplierInvoicePayment)',1,5,NULL,'CHQ',NULL,'300567','',0,NULL,0,NULL,NULL,NULL),(693,'2019-07-29 13:41:48','2019-07-29 13:41:48','2019-07-29','2019-07-29',-40000.00000000,'(SupplierInvoicePayment)',2,5,NULL,'LIQ',NULL,NULL,'',0,NULL,0,NULL,NULL,NULL),(694,'2019-07-29 15:07:28','2019-07-29 15:07:28','2019-07-29','2019-07-29',-200000.00000000,'(SupplierInvoicePayment)',2,5,NULL,'LIQ',NULL,NULL,'',0,NULL,0,NULL,NULL,NULL),(695,'2019-07-29 15:09:19','2019-07-29 15:09:19','2019-07-29','2019-07-29',-325000.00000000,'(SupplierInvoicePayment)',2,5,NULL,'LIQ',NULL,NULL,'',0,NULL,0,NULL,NULL,NULL),(696,'2019-07-29 15:11:32','2019-07-29 15:11:32','2019-07-29','2019-07-29',-100000.00000000,'(SupplierInvoicePayment)',2,5,NULL,'LIQ',NULL,NULL,'',0,NULL,0,NULL,NULL,NULL),(697,'2019-07-29 15:13:15','2019-07-29 15:13:15','2019-07-29','2019-07-29',-50000.00000000,'(SupplierInvoicePayment)',2,5,NULL,'LIQ',NULL,NULL,'',0,NULL,0,NULL,NULL,NULL),(698,'2019-07-29 15:44:10','2019-07-29 15:44:10','2019-07-29','2019-07-29',-3270000.00000000,'(SupplierInvoicePayment)',1,5,NULL,'CHQ',NULL,'300568','',0,NULL,0,NULL,NULL,NULL),(699,'2019-07-29 15:51:18','2019-07-29 15:51:18','2019-07-29','2019-07-29',-50000.00000000,'(SupplierInvoicePayment)',2,5,NULL,'LIQ',NULL,NULL,'',0,NULL,0,NULL,NULL,NULL),(700,'2019-07-30 08:55:56','2019-07-30 08:55:56','2019-06-14','2019-06-14',-235000.00000000,'(SupplierInvoicePayment)',2,5,NULL,'LIQ',NULL,NULL,'',0,NULL,0,NULL,NULL,NULL),(701,'2019-07-30 08:58:10','2019-07-30 08:58:10','2019-06-19','2019-06-19',-200000.00000000,'(SupplierInvoicePayment)',2,5,NULL,'LIQ',NULL,NULL,'',0,NULL,0,NULL,NULL,NULL),(702,'2019-07-30 09:22:12','2019-07-30 09:22:12','2019-07-29','2019-07-29',-25000.00000000,'(SupplierInvoicePayment)',2,5,NULL,'LIQ',NULL,NULL,'',0,NULL,0,NULL,NULL,NULL),(703,'2019-07-30 09:23:54','2019-07-30 09:23:54','2019-07-29','2019-07-29',-10000.00000000,'(SupplierInvoicePayment)',2,5,NULL,'LIQ',NULL,NULL,'',0,NULL,0,NULL,NULL,NULL),(704,'2019-07-30 09:26:24','2019-07-30 09:26:24','2019-07-30','2019-07-30',-50000.00000000,'(SupplierInvoicePayment)',2,5,NULL,'LIQ',NULL,NULL,'',0,NULL,0,NULL,NULL,NULL),(705,'2019-07-30 11:39:18','2019-07-30 11:39:18','2019-07-30','2019-07-30',-20000.00000000,'(SupplierInvoicePayment)',2,5,NULL,'LIQ',NULL,NULL,'',0,NULL,0,NULL,NULL,NULL),(706,'2019-07-30 13:36:34','2019-07-30 13:36:34','2019-07-30','2019-07-30',-208000.00000000,'(SupplierInvoicePayment)',2,5,NULL,'LIQ',NULL,NULL,'',0,NULL,0,NULL,NULL,NULL),(707,'2019-07-30 13:59:24','2019-07-30 13:59:24','2019-07-30','2019-07-30',-100000.00000000,'(SupplierInvoicePayment)',2,5,NULL,'LIQ',NULL,NULL,'',0,NULL,0,NULL,NULL,NULL),(708,'2019-07-30 15:33:57','2019-07-30 15:33:57','2019-07-30','2019-07-30',-50000.00000000,'(SupplierInvoicePayment)',1,5,NULL,'PRE',NULL,NULL,'',0,NULL,0,NULL,NULL,NULL),(709,'2019-07-30 15:37:40','2019-07-30 15:37:40','2019-07-30','2019-07-30',-9000.00000000,'(SupplierInvoicePayment)',1,5,NULL,'PRE',NULL,NULL,'',0,NULL,0,NULL,NULL,NULL),(710,'2019-07-30 16:50:38','2019-07-30 16:50:38','2019-07-30','2019-07-30',-520000.00000000,'(SupplierInvoicePayment)',2,5,NULL,'LIQ',NULL,NULL,'',0,NULL,0,NULL,NULL,NULL),(711,'2019-07-31 09:10:58','2019-07-31 09:10:58','2019-07-30','2019-07-30',-300000.00000000,'(SupplierInvoicePayment)',2,5,NULL,'LIQ',NULL,NULL,'',0,NULL,0,NULL,NULL,NULL),(712,'2019-07-31 09:14:49','2019-07-31 09:14:49','2019-07-30','2019-07-30',-250000.00000000,'(SupplierInvoicePayment)',2,5,NULL,'LIQ',NULL,NULL,'',0,NULL,0,NULL,NULL,NULL),(713,'2019-07-31 09:27:06','2019-07-31 09:27:06','2019-07-31','2019-07-31',-10000.00000000,'(SupplierInvoicePayment)',2,5,NULL,'LIQ',NULL,NULL,'',0,NULL,0,NULL,NULL,NULL),(714,'2019-07-31 09:27:27','2019-07-31 09:27:27','2019-07-31','2019-07-31',-25000.00000000,'(SupplierInvoicePayment)',2,5,NULL,'LIQ',NULL,NULL,'',0,NULL,0,NULL,NULL,NULL);

--
-- Table structure for table `llx_bank_account`
--

CREATE TABLE `llx_bank_account` (
  `rowid` int(11) NOT NULL AUTO_INCREMENT,
  `datec` datetime DEFAULT NULL,
  `tms` timestamp NOT NULL DEFAULT CURRENT_TIMESTAMP ON UPDATE CURRENT_TIMESTAMP,
  `ref` varchar(12) COLLATE utf8_unicode_ci NOT NULL,
  `label` varchar(30) COLLATE utf8_unicode_ci NOT NULL,
  `entity` int(11) NOT NULL DEFAULT '1',
  `fk_user_author` int(11) DEFAULT NULL,
  `fk_user_modif` int(11) DEFAULT NULL,
  `bank` varchar(60) COLLATE utf8_unicode_ci DEFAULT NULL,
  `code_banque` varchar(128) COLLATE utf8_unicode_ci DEFAULT NULL,
  `code_guichet` varchar(6) COLLATE utf8_unicode_ci DEFAULT NULL,
  `number` varchar(255) COLLATE utf8_unicode_ci DEFAULT NULL,
  `cle_rib` varchar(5) COLLATE utf8_unicode_ci DEFAULT NULL,
  `bic` varchar(11) COLLATE utf8_unicode_ci DEFAULT NULL,
  `iban_prefix` varchar(34) COLLATE utf8_unicode_ci DEFAULT NULL,
  `country_iban` varchar(2) COLLATE utf8_unicode_ci DEFAULT NULL,
  `cle_iban` varchar(2) COLLATE utf8_unicode_ci DEFAULT NULL,
  `domiciliation` varchar(255) COLLATE utf8_unicode_ci DEFAULT NULL,
  `state_id` int(11) DEFAULT NULL,
  `fk_pays` int(11) NOT NULL,
  `proprio` varchar(60) COLLATE utf8_unicode_ci DEFAULT NULL,
  `owner_address` varchar(255) COLLATE utf8_unicode_ci DEFAULT NULL,
  `courant` smallint(6) NOT NULL DEFAULT '0',
  `clos` smallint(6) NOT NULL DEFAULT '0',
  `rappro` smallint(6) DEFAULT '1',
  `url` varchar(128) COLLATE utf8_unicode_ci DEFAULT NULL,
  `account_number` varchar(32) COLLATE utf8_unicode_ci DEFAULT NULL,
  `fk_accountancy_journal` int(11) DEFAULT NULL,
  `currency_code` varchar(3) COLLATE utf8_unicode_ci NOT NULL,
  `min_allowed` int(11) DEFAULT '0',
  `min_desired` int(11) DEFAULT '0',
  `comment` text COLLATE utf8_unicode_ci,
  `note_public` text COLLATE utf8_unicode_ci,
  `model_pdf` varchar(255) COLLATE utf8_unicode_ci DEFAULT NULL,
  `import_key` varchar(14) COLLATE utf8_unicode_ci DEFAULT NULL,
  `extraparams` varchar(255) COLLATE utf8_unicode_ci DEFAULT NULL,
  PRIMARY KEY (`rowid`),
  UNIQUE KEY `uk_bank_account_label` (`label`,`entity`),
  KEY `idx_fk_accountancy_journal` (`fk_accountancy_journal`),
  CONSTRAINT `fk_bank_account_accountancy_journal` FOREIGN KEY (`fk_accountancy_journal`) REFERENCES `llx_accounting_journal` (`rowid`)
) ENGINE=InnoDB AUTO_INCREMENT=4 DEFAULT CHARSET=utf8 COLLATE=utf8_unicode_ci;

--
-- Dumping data for table `llx_bank_account`
--

INSERT INTO `llx_bank_account` (`rowid`, `datec`, `tms`, `ref`, `label`, `entity`, `fk_user_author`, `fk_user_modif`, `bank`, `code_banque`, `code_guichet`, `number`, `cle_rib`, `bic`, `iban_prefix`, `country_iban`, `cle_iban`, `domiciliation`, `state_id`, `fk_pays`, `proprio`, `owner_address`, `courant`, `clos`, `rappro`, `url`, `account_number`, `fk_accountancy_journal`, `currency_code`, `min_allowed`, `min_desired`, `comment`, `note_public`, `model_pdf`, `import_key`, `extraparams`) VALUES (1,'2019-01-14 16:02:57','2019-01-29 18:19:47','102019787020','SKYEBANK GNF',1,NULL,NULL,'SKYE BANK','','','0197870201','','012','FR16 0121 0201 9787 0201 89',NULL,NULL,'KALOUM',NULL,108,'MTS GUINEE SARL','',1,0,1,NULL,'',NULL,'GNF',NULL,NULL,'',NULL,NULL,NULL,NULL),(2,'2019-01-21 14:40:09','2019-01-21 18:14:46','CAISSE','CAISSE MTS',1,NULL,NULL,'','','','','','','',NULL,NULL,'',NULL,108,'','',1,0,1,NULL,'',NULL,'GNF',NULL,NULL,'',NULL,NULL,NULL,NULL),(3,'2019-03-18 14:39:19','2019-03-19 18:11:02','102019787060','SKYEBANK EUROS',1,NULL,NULL,'SKYE BANK','','','1020197870601','','PRDTNGLA','GB35CITI18500811817167(GBP)',NULL,NULL,'Immeuble Immovie 5ème Avenbue Sandervalia Kaloum \r\nCONAKRY - GUINEE',NULL,108,'MTS GUINEE SARL','Immeuble Airwell Quartier Almamya\r\nCommune de Kaloum\r\nCONAKRY - GUINEE',1,0,1,NULL,'',NULL,'EUR',NULL,NULL,'',NULL,NULL,NULL,NULL);

--
-- Table structure for table `llx_bank_account_extrafields`
--

CREATE TABLE `llx_bank_account_extrafields` (
  `rowid` int(11) NOT NULL AUTO_INCREMENT,
  `tms` timestamp NOT NULL DEFAULT CURRENT_TIMESTAMP ON UPDATE CURRENT_TIMESTAMP,
  `fk_object` int(11) NOT NULL,
  `import_key` varchar(14) COLLATE utf8_unicode_ci DEFAULT NULL,
  `test` text COLLATE utf8_unicode_ci,
  PRIMARY KEY (`rowid`),
  KEY `idx_bank_account_extrafields` (`fk_object`)
) ENGINE=InnoDB DEFAULT CHARSET=utf8 COLLATE=utf8_unicode_ci;

--
-- Dumping data for table `llx_bank_account_extrafields`
--


--
-- Table structure for table `llx_bank_categ`
--

CREATE TABLE `llx_bank_categ` (
  `rowid` int(11) NOT NULL AUTO_INCREMENT,
  `label` varchar(255) COLLATE utf8_unicode_ci DEFAULT NULL,
  `entity` int(11) NOT NULL DEFAULT '1',
  PRIMARY KEY (`rowid`)
) ENGINE=InnoDB AUTO_INCREMENT=3 DEFAULT CHARSET=utf8 COLLATE=utf8_unicode_ci;

--
-- Dumping data for table `llx_bank_categ`
--

INSERT INTO `llx_bank_categ` (`rowid`, `label`, `entity`) VALUES (1,'BUREAU',1),(2,'CARBURANT',1);

--
-- Table structure for table `llx_bank_class`
--

CREATE TABLE `llx_bank_class` (
  `lineid` int(11) NOT NULL,
  `fk_categ` int(11) NOT NULL,
  UNIQUE KEY `uk_bank_class_lineid` (`lineid`,`fk_categ`)
) ENGINE=InnoDB DEFAULT CHARSET=utf8 COLLATE=utf8_unicode_ci;

--
-- Dumping data for table `llx_bank_class`
--

INSERT INTO `llx_bank_class` (`lineid`, `fk_categ`) VALUES (7,-1),(8,-1),(9,-1),(10,-1),(11,-1),(12,-1),(13,-1),(14,-1),(15,-1),(16,-1),(17,-1),(18,-1),(19,-1),(20,-1),(21,-1),(21,1),(22,-1),(23,-1),(24,-1),(25,-1),(43,-1),(44,-1),(45,-1),(46,-1),(47,-1),(49,-1),(51,-1),(52,-1),(53,-1),(61,-1),(65,-1),(69,-1),(70,-1),(71,-1),(73,1),(76,1),(77,1),(78,1),(79,1),(81,1),(82,1),(85,1),(86,1),(87,1),(88,1),(89,1),(90,1),(91,1),(92,1),(94,1),(96,1),(97,1),(98,1),(101,1),(102,1),(105,1),(106,1),(107,1),(109,1),(110,1),(111,1),(113,1),(114,1),(115,1),(116,1),(117,1),(118,1),(119,1),(120,1),(121,1),(122,1),(123,1),(124,1),(125,1),(126,1),(127,1),(128,1),(130,1),(132,-1),(133,1),(134,1),(135,1),(136,1),(137,1),(138,1),(139,1),(141,1),(142,1),(143,1),(146,1),(147,1),(148,1),(149,1),(150,1),(151,1),(152,1),(153,1),(154,1),(155,1),(156,-1),(157,-1),(158,-1),(159,-1),(160,-1),(161,-1),(162,-1),(163,-1),(164,-1),(165,-1),(166,-1),(171,-1),(172,1),(173,1),(174,1),(175,1),(178,1),(179,1),(180,1),(182,1),(183,1),(184,1),(185,1),(186,1),(188,1),(189,1),(190,1),(191,1),(192,1),(193,1),(194,1),(195,1),(196,1),(197,1),(198,1),(199,1),(200,1),(201,1),(202,1),(203,1),(205,1),(206,1),(207,1),(208,1),(209,1),(210,1),(211,1),(212,1),(213,1),(214,1),(216,1),(223,1),(224,1),(225,1),(226,1),(227,1),(228,1),(229,1),(231,1),(232,1),(233,1),(234,1),(235,1),(236,1),(237,1),(238,1),(239,1),(240,1),(241,1),(242,1),(243,1),(245,1),(246,1),(248,-1),(249,-1),(251,-1),(252,-1),(253,-1),(255,-1),(256,-1),(258,-1),(262,1),(263,1),(264,1),(268,1),(270,1),(271,1),(272,1),(273,1),(274,1),(275,1),(276,1),(277,-1),(278,-1),(279,-1),(280,1),(282,1),(283,1),(284,1),(285,1),(286,1),(288,1),(289,1),(290,1),(291,1),(292,1),(293,1),(295,1),(298,1),(299,1),(300,1),(301,1),(302,1),(303,1),(304,1),(305,1),(306,1),(307,1),(308,1),(310,1),(311,1),(312,1),(313,1),(314,1),(315,1),(316,1),(318,1),(321,1),(324,1),(325,1),(326,1),(327,1),(328,1),(330,1),(331,1),(335,1),(337,1),(340,1),(344,-1),(345,-1),(347,1),(348,-1),(350,1),(351,-1),(352,-1),(353,1),(354,1),(355,1),(356,1),(357,1),(358,1),(359,1),(360,-1),(361,1),(362,1),(363,1),(364,1),(367,1),(369,-1),(370,-1),(371,-1),(372,-1),(373,-1),(374,-1),(375,-1),(376,-1),(377,-1),(379,1),(380,1),(381,1),(382,1),(383,1),(384,1),(385,1),(386,1),(387,1),(388,1),(389,1),(390,1),(391,1),(392,1),(393,1),(394,1),(395,1),(396,1),(397,1),(398,1),(399,1),(400,1),(401,1),(402,1),(403,1),(404,1),(405,1),(407,1),(408,1),(409,1),(410,1),(412,1),(413,1),(414,1),(415,1),(416,1),(417,1),(418,1),(419,1),(420,1),(421,1),(423,1),(424,1),(425,1),(426,1),(429,1),(430,1),(431,1),(432,1),(433,1),(436,1),(437,1),(438,1),(439,1),(440,1),(441,1),(442,1),(443,1),(444,1),(445,1),(446,1),(447,1),(448,1),(449,1),(450,1),(451,1),(452,1),(453,1),(454,1),(455,1),(456,1),(457,1),(458,1),(459,1),(460,1),(461,1),(462,1),(463,1),(464,1),(465,1),(466,1),(467,1),(468,1),(469,1),(470,1),(472,1),(473,1),(474,1),(475,1),(476,1),(477,1),(478,1),(479,1),(480,1),(481,1),(482,1),(483,1),(484,1),(485,1),(486,1),(487,1),(488,1),(489,1),(490,1),(491,1),(492,1),(493,1),(494,1),(495,1),(496,1),(497,1),(499,1),(501,1),(502,1),(503,1),(504,1),(505,1),(507,1),(509,1),(510,1),(511,1),(512,1),(513,1),(514,1),(515,1),(516,1),(518,1),(519,1),(520,1),(521,1),(522,1),(523,1),(524,1),(525,1),(526,1),(527,1),(528,1),(529,1),(530,1),(531,1),(532,1),(533,1),(534,1),(535,1),(536,1),(537,1),(538,1),(539,1),(540,1),(542,1),(543,1),(544,1),(545,1),(546,1),(547,1),(548,1),(549,1),(550,1),(551,1),(552,1),(553,1),(554,1),(555,1),(556,1),(557,1),(559,1),(561,1),(562,1),(563,1),(564,1),(565,1),(566,1),(567,1),(568,1),(569,1),(570,1),(571,1),(573,1),(574,1),(575,1),(576,1),(577,1),(578,1),(579,1),(580,1),(581,1),(582,1),(583,1),(584,1),(585,1),(586,1),(587,1),(588,1),(589,1),(590,1),(591,1),(592,1),(593,1),(595,1),(597,-1),(602,1),(603,1),(604,1),(605,1),(606,1),(607,1),(608,1),(609,1),(610,1),(611,1),(612,1),(617,1),(619,1),(620,1),(621,1),(622,1),(623,1),(624,1),(625,1),(626,1),(627,1),(628,1),(634,1),(635,1),(636,1),(638,1),(640,1),(641,1),(642,1),(643,1),(644,1),(645,1),(646,1),(649,1),(651,1),(652,1),(653,1),(655,1),(656,1),(657,1),(658,1),(660,1),(661,1),(662,1),(663,1),(664,1),(665,1),(666,1),(667,1),(668,1),(669,1),(670,1),(671,1),(672,1),(674,1),(675,1),(676,1),(677,1),(678,1),(679,1),(680,1),(681,1),(682,1);

--
-- Table structure for table `llx_bank_url`
--

CREATE TABLE `llx_bank_url` (
  `rowid` int(11) NOT NULL AUTO_INCREMENT,
  `fk_bank` int(11) DEFAULT NULL,
  `url_id` int(11) DEFAULT NULL,
  `url` varchar(255) COLLATE utf8_unicode_ci DEFAULT NULL,
  `label` varchar(255) COLLATE utf8_unicode_ci DEFAULT NULL,
  `type` varchar(24) COLLATE utf8_unicode_ci NOT NULL,
  PRIMARY KEY (`rowid`),
  UNIQUE KEY `uk_bank_url` (`fk_bank`,`type`)
) ENGINE=InnoDB AUTO_INCREMENT=1319 DEFAULT CHARSET=utf8 COLLATE=utf8_unicode_ci;

--
-- Dumping data for table `llx_bank_url`
--

INSERT INTO `llx_bank_url` (`rowid`, `fk_bank`, `url_id`, `url`, `label`, `type`) VALUES (3,3,2,'/dolibarr/compta/paiement/card.php?id=','(paiement)','payment'),(4,3,5,'/dolibarr/comm/card.php?socid=','HASTINE','company'),(5,4,3,'/dolibarr/compta/paiement/card.php?id=','(paiement)','payment'),(6,4,5,'/dolibarr/comm/card.php?socid=','HASTINE','company'),(9,8,1,'/dolibarr/fourn/paiement/card.php?id=','(paiement)','payment_supplier'),(10,8,8,'/dolibarr/fourn/card.php?socid=','MTN','company'),(11,9,2,'/dolibarr/fourn/paiement/card.php?id=','(paiement)','payment_supplier'),(12,9,9,'/dolibarr/fourn/card.php?socid=','MARCHE','company'),(13,10,3,'/dolibarr/fourn/paiement/card.php?id=','(paiement)','payment_supplier'),(14,10,9,'/dolibarr/fourn/card.php?socid=','MARCHE','company'),(15,11,4,'/dolibarr/fourn/paiement/card.php?id=','(paiement)','payment_supplier'),(16,11,10,'/dolibarr/fourn/card.php?socid=','TELEPHONIE','company'),(17,12,5,'/dolibarr/fourn/paiement/card.php?id=','(paiement)','payment_supplier'),(18,12,11,'/dolibarr/fourn/card.php?socid=','SERVICE MÉNAGE','company'),(19,14,6,'/dolibarr/fourn/paiement/card.php?id=','(paiement)','payment_supplier'),(20,14,12,'/dolibarr/fourn/card.php?socid=','KIOSQUE','company'),(21,15,7,'/dolibarr/fourn/paiement/card.php?id=','(paiement)','payment_supplier'),(22,15,13,'/dolibarr/fourn/card.php?socid=','BATEQUIP','company'),(23,16,8,'/dolibarr/fourn/paiement/card.php?id=','(paiement)','payment_supplier'),(24,16,14,'/dolibarr/fourn/card.php?socid=','CARBURANT','company'),(25,17,9,'/dolibarr/fourn/paiement/card.php?id=','(paiement)','payment_supplier'),(26,17,15,'/dolibarr/fourn/card.php?socid=','DAHI','company'),(27,18,10,'/dolibarr/fourn/paiement/card.php?id=','(paiement)','payment_supplier'),(28,18,16,'/dolibarr/fourn/card.php?socid=','HEROES COFFEE','company'),(29,19,11,'/dolibarr/fourn/paiement/card.php?id=','(paiement)','payment_supplier'),(30,19,17,'/dolibarr/fourn/card.php?socid=','BARRY Alhassane','company'),(31,20,12,'/dolibarr/fourn/paiement/card.php?id=','(paiement)','payment_supplier'),(32,20,18,'/dolibarr/fourn/card.php?socid=','CELESTIN','company'),(33,21,13,'/dolibarr/fourn/paiement/card.php?id=','(paiement)','payment_supplier'),(34,21,10,'/dolibarr/fourn/card.php?socid=','TELEPHONIE','company'),(35,22,1,'/dolibarr/compta/salaries/card.php?id=','(SalaryPayment)','payment_salary'),(36,22,4,'/dolibarr/user/card.php?id=','Charlotte LOUA','user'),(37,23,2,'/dolibarr/compta/salaries/card.php?id=','(SalaryPayment)','payment_salary'),(38,23,2,'/dolibarr/user/card.php?id=','cedric','user'),(39,24,5,'/dolibarr/compta/paiement/card.php?id=','(paiement)','payment'),(40,24,19,'/dolibarr/comm/card.php?socid=','HELENE K LA BOUTIQUE','company'),(41,25,6,'/dolibarr/compta/paiement/card.php?id=','(paiement)','payment'),(42,25,19,'/dolibarr/comm/card.php?socid=','HELENE K LA BOUTIQUE','company'),(43,26,7,'/dolibarr/compta/paiement/card.php?id=','(paiement)','payment'),(44,26,6,'/dolibarr/comm/card.php?socid=','GUILAB','company'),(45,27,8,'/dolibarr/compta/paiement/card.php?id=','(paiement)','payment'),(46,27,6,'/dolibarr/comm/card.php?socid=','GUILAB','company'),(47,38,9,'/dolibarr/compta/paiement/card.php?id=','(paiement)','payment'),(48,38,5,'/dolibarr/comm/card.php?socid=','HASTINE','company'),(49,40,14,'/dolibarr/fourn/paiement/card.php?id=','(paiement)','payment_supplier'),(50,40,3,'/dolibarr/fourn/card.php?socid=','EMMANUEL BOU','company'),(51,41,10,'/dolibarr/compta/paiement/card.php?id=','(paiement)','payment'),(52,41,6,'/dolibarr/comm/card.php?socid=','GUILAB','company'),(53,42,11,'/dolibarr/compta/paiement/card.php?id=','(paiement)','payment'),(54,42,5,'/dolibarr/comm/card.php?socid=','HASTINE','company'),(55,43,12,'/dolibarr/compta/paiement/card.php?id=','(paiement)','payment'),(56,43,19,'/dolibarr/comm/card.php?socid=','HELENE K LA BOUTIQUE','company'),(57,44,13,'/dolibarr/compta/paiement/card.php?id=','(paiement)','payment'),(58,44,19,'/dolibarr/comm/card.php?socid=','HELENE K LA BOUTIQUE','company'),(59,45,14,'/dolibarr/compta/paiement/card.php?id=','(paiement)','payment'),(60,45,29,'/dolibarr/comm/card.php?socid=','Carine REBOUL','company'),(61,46,15,'/dolibarr/compta/paiement/card.php?id=','(paiement)','payment'),(62,46,19,'/dolibarr/comm/card.php?socid=','HELENE K LA BOUTIQUE','company'),(63,48,16,'/dolibarr/compta/paiement/card.php?id=','(paiement)','payment'),(64,48,22,'/dolibarr/comm/card.php?socid=','SOCK Marcel','company'),(65,49,17,'/dolibarr/compta/paiement/card.php?id=','(paiement)','payment'),(66,49,19,'/dolibarr/comm/card.php?socid=','HELENE K LA BOUTIQUE','company'),(67,50,18,'/dolibarr/compta/paiement/card.php?id=','(paiement)','payment'),(68,50,29,'/dolibarr/comm/card.php?socid=','Carine REBOUL','company'),(69,51,19,'/dolibarr/compta/paiement/card.php?id=','(paiement)','payment'),(70,51,26,'/dolibarr/comm/card.php?socid=','E2CI','company'),(71,52,20,'/dolibarr/compta/paiement/card.php?id=','(paiement)','payment'),(72,52,26,'/dolibarr/comm/card.php?socid=','E2CI','company'),(73,53,21,'/dolibarr/compta/paiement/card.php?id=','(paiement)','payment'),(74,53,27,'/dolibarr/comm/card.php?socid=','BARRY Saïkou','company'),(75,54,22,'/dolibarr/compta/paiement/card.php?id=','(paiement)','payment'),(76,54,5,'/dolibarr/comm/card.php?socid=','HASTINE','company'),(77,55,23,'/dolibarr/compta/paiement/card.php?id=','(paiement)','payment'),(78,55,35,'/dolibarr/comm/card.php?socid=','Webb Fontaine','company'),(79,56,24,'/dolibarr/compta/paiement/card.php?id=','(paiement)','payment'),(80,56,35,'/dolibarr/comm/card.php?socid=','Webb Fontaine','company'),(81,57,25,'/dolibarr/compta/paiement/card.php?id=','(paiement)','payment'),(82,57,35,'/dolibarr/comm/card.php?socid=','Webb Fontaine','company'),(83,58,26,'/dolibarr/compta/paiement/card.php?id=','(paiement)','payment'),(84,58,6,'/dolibarr/comm/card.php?socid=','GUILAB','company'),(87,60,28,'/dolibarr/compta/paiement/card.php?id=','(paiement)','payment'),(88,60,29,'/dolibarr/comm/card.php?socid=','Carine REBOUL','company'),(89,61,29,'/dolibarr/compta/paiement/card.php?id=','(paiement)','payment'),(90,61,34,'/dolibarr/comm/card.php?socid=','PARQUE Véronique','company'),(91,62,30,'/dolibarr/compta/paiement/card.php?id=','(paiement)','payment'),(92,62,4,'/dolibarr/comm/card.php?socid=','ARPT','company'),(93,63,31,'/dolibarr/compta/paiement/card.php?id=','(paiement)','payment'),(94,63,4,'/dolibarr/comm/card.php?socid=','ARPT','company'),(95,64,32,'/dolibarr/compta/paiement/card.php?id=','(paiement)','payment'),(96,64,35,'/dolibarr/comm/card.php?socid=','Webb Fontaine','company'),(97,65,33,'/dolibarr/compta/paiement/card.php?id=','(paiement)','payment'),(98,65,19,'/dolibarr/comm/card.php?socid=','HELENE K LA BOUTIQUE','company'),(99,66,34,'/dolibarr/compta/paiement/card.php?id=','(paiement)','payment'),(100,66,35,'/dolibarr/comm/card.php?socid=','Webb Fontaine','company'),(101,67,35,'/dolibarr/compta/paiement/card.php?id=','(paiement)','payment'),(102,67,35,'/dolibarr/comm/card.php?socid=','Webb Fontaine','company'),(103,68,36,'/dolibarr/compta/paiement/card.php?id=','(paiement)','payment'),(104,68,35,'/dolibarr/comm/card.php?socid=','Webb Fontaine','company'),(105,69,37,'/dolibarr/compta/paiement/card.php?id=','(paiement)','payment'),(106,69,35,'/dolibarr/comm/card.php?socid=','Webb Fontaine','company'),(107,70,38,'/dolibarr/compta/paiement/card.php?id=','(paiement)','payment'),(108,70,35,'/dolibarr/comm/card.php?socid=','Webb Fontaine','company'),(109,71,39,'/dolibarr/compta/paiement/card.php?id=','(paiement)','payment'),(110,71,26,'/dolibarr/comm/card.php?socid=','E2CI','company'),(111,76,15,'/dolibarr/fourn/paiement/card.php?id=','(paiement)','payment_supplier'),(112,76,44,'/dolibarr/fourn/card.php?socid=','TOTAL','company'),(113,78,16,'/dolibarr/fourn/paiement/card.php?id=','(paiement)','payment_supplier'),(114,78,45,'/dolibarr/fourn/card.php?socid=','Restaurant CEDRE','company'),(115,79,17,'/dolibarr/fourn/paiement/card.php?id=','(paiement)','payment_supplier'),(116,79,9,'/dolibarr/fourn/card.php?socid=','MARCHE','company'),(119,81,19,'/dolibarr/fourn/paiement/card.php?id=','(paiement)','payment_supplier'),(120,81,9,'/dolibarr/fourn/card.php?socid=','MARCHE','company'),(121,82,20,'/dolibarr/fourn/paiement/card.php?id=','(paiement)','payment_supplier'),(122,82,10,'/dolibarr/fourn/card.php?socid=','TELEPHONIE','company'),(127,85,23,'/dolibarr/fourn/paiement/card.php?id=','(paiement)','payment_supplier'),(128,85,54,'/dolibarr/fourn/card.php?socid=','PRESTATAIRE TRANSPORT','company'),(129,86,24,'/dolibarr/fourn/paiement/card.php?id=','(paiement)','payment_supplier'),(130,86,56,'/dolibarr/fourn/card.php?socid=','PRESTATAIRE VITRIER','company'),(131,87,25,'/dolibarr/fourn/paiement/card.php?id=','(paiement)','payment_supplier'),(132,87,52,'/dolibarr/fourn/card.php?socid=','RESTAURATION RAPIDE','company'),(133,88,26,'/dolibarr/fourn/paiement/card.php?id=','(paiement)','payment_supplier'),(134,88,11,'/dolibarr/fourn/card.php?socid=','PRESTATAIRE MÉNAGE','company'),(135,89,27,'/dolibarr/fourn/paiement/card.php?id=','(paiement)','payment_supplier'),(136,89,53,'/dolibarr/fourn/card.php?socid=','PRESTATAIRE DEMOLITION','company'),(137,90,28,'/dolibarr/fourn/paiement/card.php?id=','(paiement)','payment_supplier'),(138,90,52,'/dolibarr/fourn/card.php?socid=','RESTAURATION RAPIDE','company'),(139,91,29,'/dolibarr/fourn/paiement/card.php?id=','(paiement)','payment_supplier'),(140,91,47,'/dolibarr/fourn/card.php?socid=','PRESTATAIRE MACON','company'),(141,92,30,'/dolibarr/fourn/paiement/card.php?id=','(paiement)','payment_supplier'),(142,92,50,'/dolibarr/fourn/card.php?socid=','PRESTATAIRE AUTRE','company'),(145,94,32,'/dolibarr/fourn/paiement/card.php?id=','(paiement)','payment_supplier'),(146,94,9,'/dolibarr/fourn/card.php?socid=','MARCHE','company'),(149,96,34,'/dolibarr/fourn/paiement/card.php?id=','(paiement)','payment_supplier'),(150,96,10,'/dolibarr/fourn/card.php?socid=','TELEPHONIE','company'),(151,97,35,'/dolibarr/fourn/paiement/card.php?id=','(paiement)','payment_supplier'),(152,97,50,'/dolibarr/fourn/card.php?socid=','PRESTATAIRE AUTRE','company'),(153,98,36,'/dolibarr/fourn/paiement/card.php?id=','(paiement)','payment_supplier'),(154,98,9,'/dolibarr/fourn/card.php?socid=','MARCHE','company'),(159,101,39,'/dolibarr/fourn/paiement/card.php?id=','(paiement)','payment_supplier'),(160,101,9,'/dolibarr/fourn/card.php?socid=','MARCHE','company'),(161,102,40,'/dolibarr/fourn/paiement/card.php?id=','(paiement)','payment_supplier'),(162,102,54,'/dolibarr/fourn/card.php?socid=','PRESTATAIRE TRANSPORT','company'),(167,105,43,'/dolibarr/fourn/paiement/card.php?id=','(paiement)','payment_supplier'),(168,105,51,'/dolibarr/fourn/card.php?socid=','PRESTATAIRE SANTE','company'),(169,106,44,'/dolibarr/fourn/paiement/card.php?id=','(paiement)','payment_supplier'),(170,106,44,'/dolibarr/fourn/card.php?socid=','TOTAL','company'),(171,108,109,'/dolibarr/compta/bank/ligne.php?rowid=','(banktransfert)','banktransfert'),(172,109,108,'/dolibarr/compta/bank/ligne.php?rowid=','(banktransfert)','banktransfert'),(173,110,45,'/dolibarr/fourn/paiement/card.php?id=','(paiement)','payment_supplier'),(174,110,46,'/dolibarr/fourn/card.php?socid=','PRESTATAIRE CARRELEUR','company'),(175,111,46,'/dolibarr/fourn/paiement/card.php?id=','(paiement)','payment_supplier'),(176,111,14,'/dolibarr/fourn/card.php?socid=','CARBURANT','company'),(179,113,48,'/dolibarr/fourn/paiement/card.php?id=','(paiement)','payment_supplier'),(180,113,14,'/dolibarr/fourn/card.php?socid=','CARBURANT','company'),(181,114,49,'/dolibarr/fourn/paiement/card.php?id=','(paiement)','payment_supplier'),(182,114,10,'/dolibarr/fourn/card.php?socid=','TELEPHONIE','company'),(183,115,50,'/dolibarr/fourn/paiement/card.php?id=','(paiement)','payment_supplier'),(184,115,10,'/dolibarr/fourn/card.php?socid=','TELEPHONIE','company'),(185,116,51,'/dolibarr/fourn/paiement/card.php?id=','(paiement)','payment_supplier'),(186,116,14,'/dolibarr/fourn/card.php?socid=','CARBURANT','company'),(187,117,52,'/dolibarr/fourn/paiement/card.php?id=','(paiement)','payment_supplier'),(188,117,49,'/dolibarr/fourn/card.php?socid=','PRESTATAIRE ELECTRICIEN','company'),(189,118,53,'/dolibarr/fourn/paiement/card.php?id=','(paiement)','payment_supplier'),(190,118,14,'/dolibarr/fourn/card.php?socid=','CARBURANT','company'),(191,119,54,'/dolibarr/fourn/paiement/card.php?id=','(paiement)','payment_supplier'),(192,119,11,'/dolibarr/fourn/card.php?socid=','PRESTATAIRE MÉNAGE','company'),(193,120,55,'/dolibarr/fourn/paiement/card.php?id=','(paiement)','payment_supplier'),(194,120,48,'/dolibarr/fourn/card.php?socid=','PRESTATIARE PLOMBIER','company'),(195,121,56,'/dolibarr/fourn/paiement/card.php?id=','(paiement)','payment_supplier'),(196,121,54,'/dolibarr/fourn/card.php?socid=','PRESTATAIRE TRANSPORT','company'),(197,122,57,'/dolibarr/fourn/paiement/card.php?id=','(paiement)','payment_supplier'),(198,122,10,'/dolibarr/fourn/card.php?socid=','TELEPHONIE','company'),(199,123,58,'/dolibarr/fourn/paiement/card.php?id=','(paiement)','payment_supplier'),(200,123,10,'/dolibarr/fourn/card.php?socid=','TELEPHONIE','company'),(201,124,59,'/dolibarr/fourn/paiement/card.php?id=','(paiement)','payment_supplier'),(202,124,10,'/dolibarr/fourn/card.php?socid=','TELEPHONIE','company'),(203,125,60,'/dolibarr/fourn/paiement/card.php?id=','(paiement)','payment_supplier'),(204,125,10,'/dolibarr/fourn/card.php?socid=','TELEPHONIE','company'),(205,126,61,'/dolibarr/fourn/paiement/card.php?id=','(paiement)','payment_supplier'),(206,126,50,'/dolibarr/fourn/card.php?socid=','PRESTATAIRE AUTRE','company'),(207,127,62,'/dolibarr/fourn/paiement/card.php?id=','(paiement)','payment_supplier'),(208,127,54,'/dolibarr/fourn/card.php?socid=','PRESTATAIRE TRANSPORT','company'),(209,128,63,'/dolibarr/fourn/paiement/card.php?id=','(paiement)','payment_supplier'),(210,128,54,'/dolibarr/fourn/card.php?socid=','PRESTATAIRE TRANSPORT','company'),(211,129,130,'/dolibarr/compta/bank/ligne.php?rowid=','(banktransfert)','banktransfert'),(212,130,129,'/dolibarr/compta/bank/ligne.php?rowid=','(banktransfert)','banktransfert'),(213,132,64,'/dolibarr/fourn/paiement/card.php?id=','(paiement)','payment_supplier'),(214,132,50,'/dolibarr/fourn/card.php?socid=','PRESTATAIRE AUTRE','company'),(215,133,65,'/dolibarr/fourn/paiement/card.php?id=','(paiement)','payment_supplier'),(216,133,9,'/dolibarr/fourn/card.php?socid=','MARCHE','company'),(217,134,66,'/dolibarr/fourn/paiement/card.php?id=','(paiement)','payment_supplier'),(218,134,50,'/dolibarr/fourn/card.php?socid=','PRESTATAIRE AUTRE','company'),(219,135,67,'/dolibarr/fourn/paiement/card.php?id=','(paiement)','payment_supplier'),(220,135,54,'/dolibarr/fourn/card.php?socid=','PRESTATAIRE TRANSPORT','company'),(221,136,68,'/dolibarr/fourn/paiement/card.php?id=','(paiement)','payment_supplier'),(222,136,14,'/dolibarr/fourn/card.php?socid=','CARBURANT','company'),(223,137,69,'/dolibarr/fourn/paiement/card.php?id=','(paiement)','payment_supplier'),(224,137,9,'/dolibarr/fourn/card.php?socid=','MARCHE','company'),(225,138,70,'/dolibarr/fourn/paiement/card.php?id=','(paiement)','payment_supplier'),(226,138,11,'/dolibarr/fourn/card.php?socid=','PRESTATAIRE MÉNAGE','company'),(227,139,71,'/dolibarr/fourn/paiement/card.php?id=','(paiement)','payment_supplier'),(228,139,10,'/dolibarr/fourn/card.php?socid=','TELEPHONIE','company'),(229,140,141,'/dolibarr/compta/bank/ligne.php?rowid=','(banktransfert)','banktransfert'),(230,141,140,'/dolibarr/compta/bank/ligne.php?rowid=','(banktransfert)','banktransfert'),(231,142,72,'/dolibarr/fourn/paiement/card.php?id=','(paiement)','payment_supplier'),(232,142,57,'/dolibarr/fourn/card.php?socid=','Déclarations','company'),(233,143,73,'/dolibarr/fourn/paiement/card.php?id=','(paiement)','payment_supplier'),(234,143,9,'/dolibarr/fourn/card.php?socid=','MARCHE','company'),(239,146,76,'/dolibarr/fourn/paiement/card.php?id=','(paiement)','payment_supplier'),(240,146,14,'/dolibarr/fourn/card.php?socid=','CARBURANT','company'),(241,147,77,'/dolibarr/fourn/paiement/card.php?id=','(paiement)','payment_supplier'),(242,147,14,'/dolibarr/fourn/card.php?socid=','CARBURANT','company'),(243,148,78,'/dolibarr/fourn/paiement/card.php?id=','(paiement)','payment_supplier'),(244,148,54,'/dolibarr/fourn/card.php?socid=','PRESTATAIRE TRANSPORT','company'),(245,149,79,'/dolibarr/fourn/paiement/card.php?id=','(paiement)','payment_supplier'),(246,149,58,'/dolibarr/fourn/card.php?socid=','PRESTATAIRE PEINTRE','company'),(247,150,80,'/dolibarr/fourn/paiement/card.php?id=','(paiement)','payment_supplier'),(248,150,9,'/dolibarr/fourn/card.php?socid=','MARCHE','company'),(249,151,81,'/dolibarr/fourn/paiement/card.php?id=','(paiement)','payment_supplier'),(250,151,50,'/dolibarr/fourn/card.php?socid=','PRESTATAIRE AUTRE','company'),(251,152,82,'/dolibarr/fourn/paiement/card.php?id=','(paiement)','payment_supplier'),(252,152,9,'/dolibarr/fourn/card.php?socid=','MARCHE','company'),(253,153,83,'/dolibarr/fourn/paiement/card.php?id=','(paiement)','payment_supplier'),(254,153,9,'/dolibarr/fourn/card.php?socid=','MARCHE','company'),(255,154,84,'/dolibarr/fourn/paiement/card.php?id=','(paiement)','payment_supplier'),(256,154,9,'/dolibarr/fourn/card.php?socid=','MARCHE','company'),(257,155,85,'/dolibarr/fourn/paiement/card.php?id=','(paiement)','payment_supplier'),(258,155,54,'/dolibarr/fourn/card.php?socid=','PRESTATAIRE TRANSPORT','company'),(259,156,86,'/dolibarr/fourn/paiement/card.php?id=','(paiement)','payment_supplier'),(260,156,50,'/dolibarr/fourn/card.php?socid=','PRESTATAIRE AUTRE','company'),(261,157,87,'/dolibarr/fourn/paiement/card.php?id=','(paiement)','payment_supplier'),(262,157,50,'/dolibarr/fourn/card.php?socid=','PRESTATAIRE AUTRE','company'),(263,158,88,'/dolibarr/fourn/paiement/card.php?id=','(paiement)','payment_supplier'),(264,158,50,'/dolibarr/fourn/card.php?socid=','PRESTATAIRE AUTRE','company'),(265,159,89,'/dolibarr/fourn/paiement/card.php?id=','(paiement)','payment_supplier'),(266,159,50,'/dolibarr/fourn/card.php?socid=','PRESTATAIRE AUTRE','company'),(267,160,90,'/dolibarr/fourn/paiement/card.php?id=','(paiement)','payment_supplier'),(268,160,59,'/dolibarr/fourn/card.php?socid=','TRANS NET','company'),(269,161,91,'/dolibarr/fourn/paiement/card.php?id=','(paiement)','payment_supplier'),(270,161,50,'/dolibarr/fourn/card.php?socid=','PRESTATAIRE AUTRE','company'),(271,162,92,'/dolibarr/fourn/paiement/card.php?id=','(paiement)','payment_supplier'),(272,162,60,'/dolibarr/fourn/card.php?socid=','HI TECH','company'),(273,163,93,'/dolibarr/fourn/paiement/card.php?id=','(paiement)','payment_supplier'),(274,163,60,'/dolibarr/fourn/card.php?socid=','HI TECH','company'),(275,164,94,'/dolibarr/fourn/paiement/card.php?id=','(paiement)','payment_supplier'),(276,164,61,'/dolibarr/fourn/card.php?socid=','Alpha Oumar Diallo','company'),(277,165,95,'/dolibarr/fourn/paiement/card.php?id=','(paiement)','payment_supplier'),(278,165,50,'/dolibarr/fourn/card.php?socid=','PRESTATAIRE AUTRE','company'),(279,166,96,'/dolibarr/fourn/paiement/card.php?id=','(paiement)','payment_supplier'),(280,166,63,'/dolibarr/fourn/card.php?socid=','Cambistes','company'),(289,171,101,'/dolibarr/fourn/paiement/card.php?id=','(paiement)','payment_supplier'),(290,171,1,'/dolibarr/fourn/card.php?socid=','GESNY AFRICA','company'),(291,172,102,'/dolibarr/fourn/paiement/card.php?id=','(paiement)','payment_supplier'),(292,172,10,'/dolibarr/fourn/card.php?socid=','TELEPHONIE','company'),(293,173,103,'/dolibarr/fourn/paiement/card.php?id=','(paiement)','payment_supplier'),(294,173,50,'/dolibarr/fourn/card.php?socid=','PRESTATAIRE AUTRE','company'),(295,174,104,'/dolibarr/fourn/paiement/card.php?id=','(paiement)','payment_supplier'),(296,174,14,'/dolibarr/fourn/card.php?socid=','CARBURANT','company'),(297,175,105,'/dolibarr/fourn/paiement/card.php?id=','(paiement)','payment_supplier'),(298,175,9,'/dolibarr/fourn/card.php?socid=','MARCHE','company'),(301,177,178,'/dolibarr/compta/bank/ligne.php?rowid=','(banktransfert)','banktransfert'),(302,178,177,'/dolibarr/compta/bank/ligne.php?rowid=','(banktransfert)','banktransfert'),(303,179,107,'/dolibarr/fourn/paiement/card.php?id=','(paiement)','payment_supplier'),(304,179,9,'/dolibarr/fourn/card.php?socid=','MARCHE','company'),(305,180,108,'/dolibarr/fourn/paiement/card.php?id=','(paiement)','payment_supplier'),(306,180,9,'/dolibarr/fourn/card.php?socid=','MARCHE','company'),(309,182,110,'/dolibarr/fourn/paiement/card.php?id=','(paiement)','payment_supplier'),(310,182,10,'/dolibarr/fourn/card.php?socid=','TELEPHONIE','company'),(311,183,111,'/dolibarr/fourn/paiement/card.php?id=','(paiement)','payment_supplier'),(312,183,54,'/dolibarr/fourn/card.php?socid=','PRESTATAIRE TRANSPORT','company'),(313,184,112,'/dolibarr/fourn/paiement/card.php?id=','(paiement)','payment_supplier'),(314,184,50,'/dolibarr/fourn/card.php?socid=','PRESTATAIRE AUTRE','company'),(315,185,113,'/dolibarr/fourn/paiement/card.php?id=','(paiement)','payment_supplier'),(316,185,66,'/dolibarr/fourn/card.php?socid=','Prestataire Maçon','company'),(317,186,114,'/dolibarr/fourn/paiement/card.php?id=','(paiement)','payment_supplier'),(318,186,9,'/dolibarr/fourn/card.php?socid=','MARCHE','company'),(321,188,116,'/dolibarr/fourn/paiement/card.php?id=','(paiement)','payment_supplier'),(322,188,9,'/dolibarr/fourn/card.php?socid=','MARCHE','company'),(323,189,117,'/dolibarr/fourn/paiement/card.php?id=','(paiement)','payment_supplier'),(324,189,50,'/dolibarr/fourn/card.php?socid=','PRESTATAIRE AUTRE','company'),(325,190,118,'/dolibarr/fourn/paiement/card.php?id=','(paiement)','payment_supplier'),(326,190,10,'/dolibarr/fourn/card.php?socid=','TELEPHONIE','company'),(327,191,119,'/dolibarr/fourn/paiement/card.php?id=','(paiement)','payment_supplier'),(328,191,10,'/dolibarr/fourn/card.php?socid=','TELEPHONIE','company'),(329,192,120,'/dolibarr/fourn/paiement/card.php?id=','(paiement)','payment_supplier'),(330,192,14,'/dolibarr/fourn/card.php?socid=','CARBURANT','company'),(331,193,121,'/dolibarr/fourn/paiement/card.php?id=','(paiement)','payment_supplier'),(332,193,9,'/dolibarr/fourn/card.php?socid=','MARCHE','company'),(333,194,122,'/dolibarr/fourn/paiement/card.php?id=','(paiement)','payment_supplier'),(334,194,50,'/dolibarr/fourn/card.php?socid=','PRESTATAIRE AUTRE','company'),(335,195,123,'/dolibarr/fourn/paiement/card.php?id=','(paiement)','payment_supplier'),(336,195,51,'/dolibarr/fourn/card.php?socid=','PRESTATAIRE SANTE','company'),(337,196,124,'/dolibarr/fourn/paiement/card.php?id=','(paiement)','payment_supplier'),(338,196,54,'/dolibarr/fourn/card.php?socid=','PRESTATAIRE TRANSPORT','company'),(339,197,125,'/dolibarr/fourn/paiement/card.php?id=','(paiement)','payment_supplier'),(340,197,10,'/dolibarr/fourn/card.php?socid=','TELEPHONIE','company'),(341,198,126,'/dolibarr/fourn/paiement/card.php?id=','(paiement)','payment_supplier'),(342,198,10,'/dolibarr/fourn/card.php?socid=','TELEPHONIE','company'),(343,199,127,'/dolibarr/fourn/paiement/card.php?id=','(paiement)','payment_supplier'),(344,199,10,'/dolibarr/fourn/card.php?socid=','TELEPHONIE','company'),(345,200,128,'/dolibarr/fourn/paiement/card.php?id=','(paiement)','payment_supplier'),(346,200,50,'/dolibarr/fourn/card.php?socid=','PRESTATAIRE AUTRE','company'),(347,201,129,'/dolibarr/fourn/paiement/card.php?id=','(paiement)','payment_supplier'),(348,201,14,'/dolibarr/fourn/card.php?socid=','CARBURANT','company'),(349,202,130,'/dolibarr/fourn/paiement/card.php?id=','(paiement)','payment_supplier'),(350,202,50,'/dolibarr/fourn/card.php?socid=','PRESTATAIRE AUTRE','company'),(351,203,131,'/dolibarr/fourn/paiement/card.php?id=','(paiement)','payment_supplier'),(352,203,54,'/dolibarr/fourn/card.php?socid=','PRESTATAIRE TRANSPORT','company'),(355,205,133,'/dolibarr/fourn/paiement/card.php?id=','(paiement)','payment_supplier'),(356,205,11,'/dolibarr/fourn/card.php?socid=','PRESTATAIRE MÉNAGE','company'),(357,206,134,'/dolibarr/fourn/paiement/card.php?id=','(paiement)','payment_supplier'),(358,206,67,'/dolibarr/fourn/card.php?socid=','Wi Max','company'),(359,207,135,'/dolibarr/fourn/paiement/card.php?id=','(paiement)','payment_supplier'),(360,207,9,'/dolibarr/fourn/card.php?socid=','MARCHE','company'),(361,208,136,'/dolibarr/fourn/paiement/card.php?id=','(paiement)','payment_supplier'),(362,208,14,'/dolibarr/fourn/card.php?socid=','CARBURANT','company'),(363,209,137,'/dolibarr/fourn/paiement/card.php?id=','(paiement)','payment_supplier'),(364,209,46,'/dolibarr/fourn/card.php?socid=','PRESTATAIRE CARRELEUR','company'),(365,210,138,'/dolibarr/fourn/paiement/card.php?id=','(paiement)','payment_supplier'),(366,210,9,'/dolibarr/fourn/card.php?socid=','MARCHE','company'),(367,211,139,'/dolibarr/fourn/paiement/card.php?id=','(paiement)','payment_supplier'),(368,211,49,'/dolibarr/fourn/card.php?socid=','PRESTATAIRE ELECTRICIEN','company'),(369,212,140,'/dolibarr/fourn/paiement/card.php?id=','(paiement)','payment_supplier'),(370,212,51,'/dolibarr/fourn/card.php?socid=','PRESTATAIRE SANTE','company'),(371,213,141,'/dolibarr/fourn/paiement/card.php?id=','(paiement)','payment_supplier'),(372,213,54,'/dolibarr/fourn/card.php?socid=','PRESTATAIRE TRANSPORT','company'),(373,214,142,'/dolibarr/fourn/paiement/card.php?id=','(paiement)','payment_supplier'),(374,214,14,'/dolibarr/fourn/card.php?socid=','CARBURANT','company'),(375,215,216,'/dolibarr/compta/bank/ligne.php?rowid=','(banktransfert)','banktransfert'),(376,216,215,'/dolibarr/compta/bank/ligne.php?rowid=','(banktransfert)','banktransfert'),(389,223,149,'/dolibarr/fourn/paiement/card.php?id=','(paiement)','payment_supplier'),(390,223,48,'/dolibarr/fourn/card.php?socid=','PRESTATIARE PLOMBIER','company'),(391,224,150,'/dolibarr/fourn/paiement/card.php?id=','(paiement)','payment_supplier'),(392,224,9,'/dolibarr/fourn/card.php?socid=','MARCHE','company'),(393,225,151,'/dolibarr/fourn/paiement/card.php?id=','(paiement)','payment_supplier'),(394,225,50,'/dolibarr/fourn/card.php?socid=','PRESTATAIRE AUTRE','company'),(395,226,152,'/dolibarr/fourn/paiement/card.php?id=','(paiement)','payment_supplier'),(396,226,11,'/dolibarr/fourn/card.php?socid=','PRESTATAIRE MÉNAGE','company'),(397,227,153,'/dolibarr/fourn/paiement/card.php?id=','(paiement)','payment_supplier'),(398,227,50,'/dolibarr/fourn/card.php?socid=','PRESTATAIRE AUTRE','company'),(399,228,154,'/dolibarr/fourn/paiement/card.php?id=','(paiement)','payment_supplier'),(400,228,54,'/dolibarr/fourn/card.php?socid=','PRESTATAIRE TRANSPORT','company'),(401,229,155,'/dolibarr/fourn/paiement/card.php?id=','(paiement)','payment_supplier'),(402,229,50,'/dolibarr/fourn/card.php?socid=','PRESTATAIRE AUTRE','company'),(405,231,157,'/dolibarr/fourn/paiement/card.php?id=','(paiement)','payment_supplier'),(406,231,70,'/dolibarr/fourn/card.php?socid=','Prestataire MENUISIER','company'),(407,232,158,'/dolibarr/fourn/paiement/card.php?id=','(paiement)','payment_supplier'),(408,232,70,'/dolibarr/fourn/card.php?socid=','Prestataire MENUISIER','company'),(409,233,159,'/dolibarr/fourn/paiement/card.php?id=','(paiement)','payment_supplier'),(410,233,9,'/dolibarr/fourn/card.php?socid=','MARCHE','company'),(411,234,160,'/dolibarr/fourn/paiement/card.php?id=','(paiement)','payment_supplier'),(412,234,10,'/dolibarr/fourn/card.php?socid=','TELEPHONIE','company'),(413,235,161,'/dolibarr/fourn/paiement/card.php?id=','(paiement)','payment_supplier'),(414,235,9,'/dolibarr/fourn/card.php?socid=','MARCHE','company'),(415,236,162,'/dolibarr/fourn/paiement/card.php?id=','(paiement)','payment_supplier'),(416,236,9,'/dolibarr/fourn/card.php?socid=','MARCHE','company'),(417,237,163,'/dolibarr/fourn/paiement/card.php?id=','(paiement)','payment_supplier'),(418,237,54,'/dolibarr/fourn/card.php?socid=','PRESTATAIRE TRANSPORT','company'),(419,238,164,'/dolibarr/fourn/paiement/card.php?id=','(paiement)','payment_supplier'),(420,238,9,'/dolibarr/fourn/card.php?socid=','MARCHE','company'),(421,239,165,'/dolibarr/fourn/paiement/card.php?id=','(paiement)','payment_supplier'),(422,239,54,'/dolibarr/fourn/card.php?socid=','PRESTATAIRE TRANSPORT','company'),(423,240,166,'/dolibarr/fourn/paiement/card.php?id=','(paiement)','payment_supplier'),(424,240,51,'/dolibarr/fourn/card.php?socid=','PRESTATAIRE SANTE','company'),(425,241,167,'/dolibarr/fourn/paiement/card.php?id=','(paiement)','payment_supplier'),(426,241,50,'/dolibarr/fourn/card.php?socid=','PRESTATAIRE AUTRE','company'),(427,242,168,'/dolibarr/fourn/paiement/card.php?id=','(paiement)','payment_supplier'),(428,242,10,'/dolibarr/fourn/card.php?socid=','TELEPHONIE','company'),(429,243,169,'/dolibarr/fourn/paiement/card.php?id=','(paiement)','payment_supplier'),(430,243,9,'/dolibarr/fourn/card.php?socid=','MARCHE','company'),(433,245,171,'/dolibarr/fourn/paiement/card.php?id=','(paiement)','payment_supplier'),(434,245,9,'/dolibarr/fourn/card.php?socid=','MARCHE','company'),(435,246,172,'/dolibarr/fourn/paiement/card.php?id=','(paiement)','payment_supplier'),(436,246,10,'/dolibarr/fourn/card.php?socid=','TELEPHONIE','company'),(439,248,174,'/dolibarr/fourn/paiement/card.php?id=','(paiement)','payment_supplier'),(440,248,9,'/dolibarr/fourn/card.php?socid=','MARCHE','company'),(441,249,175,'/dolibarr/fourn/paiement/card.php?id=','(paiement)','payment_supplier'),(442,249,50,'/dolibarr/fourn/card.php?socid=','PRESTATAIRE AUTRE','company'),(445,251,177,'/dolibarr/fourn/paiement/card.php?id=','(paiement)','payment_supplier'),(446,251,71,'/dolibarr/fourn/card.php?socid=','Oufarez','company'),(447,252,178,'/dolibarr/fourn/paiement/card.php?id=','(paiement)','payment_supplier'),(448,252,9,'/dolibarr/fourn/card.php?socid=','MARCHE','company'),(449,253,179,'/dolibarr/fourn/paiement/card.php?id=','(paiement)','payment_supplier'),(450,253,68,'/dolibarr/fourn/card.php?socid=','DIAKELEC','company'),(453,255,181,'/dolibarr/fourn/paiement/card.php?id=','(paiement)','payment_supplier'),(454,255,9,'/dolibarr/fourn/card.php?socid=','MARCHE','company'),(455,256,182,'/dolibarr/fourn/paiement/card.php?id=','(paiement)','payment_supplier'),(456,256,69,'/dolibarr/fourn/card.php?socid=','Etablissement CISSE DECOR','company'),(459,258,184,'/dolibarr/fourn/paiement/card.php?id=','(paiement)','payment_supplier'),(460,258,65,'/dolibarr/fourn/card.php?socid=','SAFABHE VOYAGE','company'),(467,262,188,'/dolibarr/fourn/paiement/card.php?id=','(paiement)','payment_supplier'),(468,262,47,'/dolibarr/fourn/card.php?socid=','PRESTATAIRE MACON','company'),(469,263,189,'/dolibarr/fourn/paiement/card.php?id=','(paiement)','payment_supplier'),(470,263,9,'/dolibarr/fourn/card.php?socid=','MARCHE','company'),(471,264,190,'/dolibarr/fourn/paiement/card.php?id=','(paiement)','payment_supplier'),(472,264,9,'/dolibarr/fourn/card.php?socid=','MARCHE','company'),(479,268,194,'/dolibarr/fourn/paiement/card.php?id=','(paiement)','payment_supplier'),(480,268,14,'/dolibarr/fourn/card.php?socid=','CARBURANT','company'),(483,270,196,'/dolibarr/fourn/paiement/card.php?id=','(paiement)','payment_supplier'),(484,270,56,'/dolibarr/fourn/card.php?socid=','PRESTATAIRE VITRIER','company'),(485,271,197,'/dolibarr/fourn/paiement/card.php?id=','(paiement)','payment_supplier'),(486,271,54,'/dolibarr/fourn/card.php?socid=','PRESTATAIRE TRANSPORT','company'),(487,272,198,'/dolibarr/fourn/paiement/card.php?id=','(paiement)','payment_supplier'),(488,272,46,'/dolibarr/fourn/card.php?socid=','PRESTATAIRE CARRELEUR','company'),(489,273,199,'/dolibarr/fourn/paiement/card.php?id=','(paiement)','payment_supplier'),(490,273,50,'/dolibarr/fourn/card.php?socid=','PRESTATAIRE AUTRE','company'),(491,274,200,'/dolibarr/fourn/paiement/card.php?id=','(paiement)','payment_supplier'),(492,274,9,'/dolibarr/fourn/card.php?socid=','MARCHE','company'),(493,275,201,'/dolibarr/fourn/paiement/card.php?id=','(paiement)','payment_supplier'),(494,275,9,'/dolibarr/fourn/card.php?socid=','MARCHE','company'),(495,276,202,'/dolibarr/fourn/paiement/card.php?id=','(paiement)','payment_supplier'),(496,276,10,'/dolibarr/fourn/card.php?socid=','TELEPHONIE','company'),(497,277,203,'/dolibarr/fourn/paiement/card.php?id=','(paiement)','payment_supplier'),(498,277,63,'/dolibarr/fourn/card.php?socid=','Cambistes','company'),(499,278,204,'/dolibarr/fourn/paiement/card.php?id=','(paiement)','payment_supplier'),(500,278,64,'/dolibarr/fourn/card.php?socid=','ELECTROMATIQUE','company'),(501,279,205,'/dolibarr/fourn/paiement/card.php?id=','(paiement)','payment_supplier'),(502,279,2,'/dolibarr/fourn/card.php?socid=','METAL GUINEE','company'),(503,280,206,'/dolibarr/fourn/paiement/card.php?id=','(paiement)','payment_supplier'),(504,280,11,'/dolibarr/fourn/card.php?socid=','PRESTATAIRE MÉNAGE','company'),(507,282,208,'/dolibarr/fourn/paiement/card.php?id=','(paiement)','payment_supplier'),(508,282,14,'/dolibarr/fourn/card.php?socid=','CARBURANT','company'),(509,283,209,'/dolibarr/fourn/paiement/card.php?id=','(paiement)','payment_supplier'),(510,283,50,'/dolibarr/fourn/card.php?socid=','PRESTATAIRE AUTRE','company'),(511,284,210,'/dolibarr/fourn/paiement/card.php?id=','(paiement)','payment_supplier'),(512,284,9,'/dolibarr/fourn/card.php?socid=','MARCHE','company'),(513,285,211,'/dolibarr/fourn/paiement/card.php?id=','(paiement)','payment_supplier'),(514,285,9,'/dolibarr/fourn/card.php?socid=','MARCHE','company'),(515,286,212,'/dolibarr/fourn/paiement/card.php?id=','(paiement)','payment_supplier'),(516,286,10,'/dolibarr/fourn/card.php?socid=','TELEPHONIE','company'),(519,288,214,'/dolibarr/fourn/paiement/card.php?id=','(paiement)','payment_supplier'),(520,288,9,'/dolibarr/fourn/card.php?socid=','MARCHE','company'),(521,289,215,'/dolibarr/fourn/paiement/card.php?id=','(paiement)','payment_supplier'),(522,289,9,'/dolibarr/fourn/card.php?socid=','MARCHE','company'),(523,290,216,'/dolibarr/fourn/paiement/card.php?id=','(paiement)','payment_supplier'),(524,290,54,'/dolibarr/fourn/card.php?socid=','PRESTATAIRE TRANSPORT','company'),(525,291,217,'/dolibarr/fourn/paiement/card.php?id=','(paiement)','payment_supplier'),(526,291,47,'/dolibarr/fourn/card.php?socid=','PRESTATAIRE MACON','company'),(527,292,218,'/dolibarr/fourn/paiement/card.php?id=','(paiement)','payment_supplier'),(528,292,14,'/dolibarr/fourn/card.php?socid=','CARBURANT','company'),(529,293,219,'/dolibarr/fourn/paiement/card.php?id=','(paiement)','payment_supplier'),(530,293,9,'/dolibarr/fourn/card.php?socid=','MARCHE','company'),(531,294,295,'/dolibarr/compta/bank/ligne.php?rowid=','(banktransfert)','banktransfert'),(532,295,294,'/dolibarr/compta/bank/ligne.php?rowid=','(banktransfert)','banktransfert'),(535,297,221,'/dolibarr/fourn/paiement/card.php?id=','(paiement)','payment_supplier'),(536,297,69,'/dolibarr/fourn/card.php?socid=','Etablissement CISSE DECOR','company'),(537,298,222,'/dolibarr/fourn/paiement/card.php?id=','(paiement)','payment_supplier'),(538,298,49,'/dolibarr/fourn/card.php?socid=','PRESTATAIRE ELECTRICIEN','company'),(539,299,223,'/dolibarr/fourn/paiement/card.php?id=','(paiement)','payment_supplier'),(540,299,55,'/dolibarr/fourn/card.php?socid=','FOURNISSEUR DIVERS','company'),(541,300,224,'/dolibarr/fourn/paiement/card.php?id=','(paiement)','payment_supplier'),(542,300,54,'/dolibarr/fourn/card.php?socid=','PRESTATAIRE TRANSPORT','company'),(543,301,225,'/dolibarr/fourn/paiement/card.php?id=','(paiement)','payment_supplier'),(544,301,14,'/dolibarr/fourn/card.php?socid=','CARBURANT','company'),(545,302,226,'/dolibarr/fourn/paiement/card.php?id=','(paiement)','payment_supplier'),(546,302,14,'/dolibarr/fourn/card.php?socid=','CARBURANT','company'),(547,303,227,'/dolibarr/fourn/paiement/card.php?id=','(paiement)','payment_supplier'),(548,303,50,'/dolibarr/fourn/card.php?socid=','PRESTATAIRE AUTRE','company'),(549,304,228,'/dolibarr/fourn/paiement/card.php?id=','(paiement)','payment_supplier'),(550,304,9,'/dolibarr/fourn/card.php?socid=','MARCHE','company'),(551,305,229,'/dolibarr/fourn/paiement/card.php?id=','(paiement)','payment_supplier'),(552,305,50,'/dolibarr/fourn/card.php?socid=','PRESTATAIRE AUTRE','company'),(553,306,230,'/dolibarr/fourn/paiement/card.php?id=','(paiement)','payment_supplier'),(554,306,54,'/dolibarr/fourn/card.php?socid=','PRESTATAIRE TRANSPORT','company'),(555,307,231,'/dolibarr/fourn/paiement/card.php?id=','(paiement)','payment_supplier'),(556,307,9,'/dolibarr/fourn/card.php?socid=','MARCHE','company'),(557,308,232,'/dolibarr/fourn/paiement/card.php?id=','(paiement)','payment_supplier'),(558,308,9,'/dolibarr/fourn/card.php?socid=','MARCHE','company'),(561,310,234,'/dolibarr/fourn/paiement/card.php?id=','(paiement)','payment_supplier'),(562,310,10,'/dolibarr/fourn/card.php?socid=','TELEPHONIE','company'),(563,311,235,'/dolibarr/fourn/paiement/card.php?id=','(paiement)','payment_supplier'),(564,311,9,'/dolibarr/fourn/card.php?socid=','MARCHE','company'),(565,312,236,'/dolibarr/fourn/paiement/card.php?id=','(paiement)','payment_supplier'),(566,312,48,'/dolibarr/fourn/card.php?socid=','PRESTATIARE PLOMBIER','company'),(567,313,237,'/dolibarr/fourn/paiement/card.php?id=','(paiement)','payment_supplier'),(568,313,14,'/dolibarr/fourn/card.php?socid=','CARBURANT','company'),(569,314,238,'/dolibarr/fourn/paiement/card.php?id=','(paiement)','payment_supplier'),(570,314,9,'/dolibarr/fourn/card.php?socid=','MARCHE','company'),(571,315,239,'/dolibarr/fourn/paiement/card.php?id=','(paiement)','payment_supplier'),(572,315,10,'/dolibarr/fourn/card.php?socid=','TELEPHONIE','company'),(573,316,240,'/dolibarr/fourn/paiement/card.php?id=','(paiement)','payment_supplier'),(574,316,46,'/dolibarr/fourn/card.php?socid=','PRESTATAIRE CARRELEUR','company'),(575,317,241,'/dolibarr/fourn/paiement/card.php?id=','(paiement)','payment_supplier'),(576,317,74,'/dolibarr/fourn/card.php?socid=','FMR','company'),(577,318,242,'/dolibarr/fourn/paiement/card.php?id=','(paiement)','payment_supplier'),(578,318,14,'/dolibarr/fourn/card.php?socid=','CARBURANT','company'),(579,319,40,'/dolibarr/compta/paiement/card.php?id=','(paiement)','payment'),(580,319,29,'/dolibarr/comm/card.php?socid=','Carine REBOUL','company'),(581,320,321,'/dolibarr/compta/bank/ligne.php?rowid=','(banktransfert)','banktransfert'),(582,321,320,'/dolibarr/compta/bank/ligne.php?rowid=','(banktransfert)','banktransfert'),(587,324,245,'/dolibarr/fourn/paiement/card.php?id=','(paiement)','payment_supplier'),(588,324,11,'/dolibarr/fourn/card.php?socid=','PRESTATAIRE MÉNAGE','company'),(589,325,246,'/dolibarr/fourn/paiement/card.php?id=','(paiement)','payment_supplier'),(590,325,9,'/dolibarr/fourn/card.php?socid=','MARCHE','company'),(591,326,247,'/dolibarr/fourn/paiement/card.php?id=','(paiement)','payment_supplier'),(592,326,54,'/dolibarr/fourn/card.php?socid=','PRESTATAIRE TRANSPORT','company'),(593,327,248,'/dolibarr/fourn/paiement/card.php?id=','(paiement)','payment_supplier'),(594,327,49,'/dolibarr/fourn/card.php?socid=','PRESTATAIRE ELECTRICIEN','company'),(595,328,249,'/dolibarr/fourn/paiement/card.php?id=','(paiement)','payment_supplier'),(596,328,48,'/dolibarr/fourn/card.php?socid=','PRESTATIARE PLOMBIER','company'),(599,330,251,'/dolibarr/fourn/paiement/card.php?id=','(paiement)','payment_supplier'),(600,330,47,'/dolibarr/fourn/card.php?socid=','PRESTATAIRE MACON','company'),(601,331,252,'/dolibarr/fourn/paiement/card.php?id=','(paiement)','payment_supplier'),(602,331,10,'/dolibarr/fourn/card.php?socid=','TELEPHONIE','company'),(603,332,253,'/dolibarr/fourn/paiement/card.php?id=','(paiement)','payment_supplier'),(604,332,61,'/dolibarr/fourn/card.php?socid=','Alpha Oumar Diallo','company'),(605,333,254,'/dolibarr/fourn/paiement/card.php?id=','(paiement)','payment_supplier'),(606,333,24,'/dolibarr/fourn/card.php?socid=','MT-SOLUTIONS','company'),(607,334,255,'/dolibarr/fourn/paiement/card.php?id=','(paiement)','payment_supplier'),(608,334,9,'/dolibarr/fourn/card.php?socid=','MARCHE','company'),(609,335,256,'/dolibarr/fourn/paiement/card.php?id=','(paiement)','payment_supplier'),(610,335,50,'/dolibarr/fourn/card.php?socid=','PRESTATAIRE AUTRE','company'),(613,337,258,'/dolibarr/fourn/paiement/card.php?id=','(paiement)','payment_supplier'),(614,337,24,'/dolibarr/fourn/card.php?socid=','MT-SOLUTIONS','company'),(617,339,260,'/dolibarr/fourn/paiement/card.php?id=','(paiement)','payment_supplier'),(618,339,13,'/dolibarr/fourn/card.php?socid=','BATEQUIP','company'),(619,340,261,'/dolibarr/fourn/paiement/card.php?id=','(paiement)','payment_supplier'),(620,340,69,'/dolibarr/fourn/card.php?socid=','Etablissement CISSE DECOR','company'),(621,341,262,'/dolibarr/fourn/paiement/card.php?id=','(paiement)','payment_supplier'),(622,341,9,'/dolibarr/fourn/card.php?socid=','MARCHE','company'),(623,342,263,'/dolibarr/fourn/paiement/card.php?id=','(paiement)','payment_supplier'),(624,342,50,'/dolibarr/fourn/card.php?socid=','PRESTATAIRE AUTRE','company'),(625,343,264,'/dolibarr/fourn/paiement/card.php?id=','(paiement)','payment_supplier'),(626,343,71,'/dolibarr/fourn/card.php?socid=','Oufarez','company'),(627,344,41,'/dolibarr/compta/paiement/card.php?id=','(paiement)','payment'),(628,344,29,'/dolibarr/comm/card.php?socid=','Carine REBOUL','company'),(629,345,42,'/dolibarr/compta/paiement/card.php?id=','(paiement)','payment'),(630,345,29,'/dolibarr/comm/card.php?socid=','Carine REBOUL','company'),(631,346,265,'/dolibarr/fourn/paiement/card.php?id=','(paiement)','payment_supplier'),(632,346,24,'/dolibarr/fourn/card.php?socid=','MT-SOLUTIONS','company'),(633,347,266,'/dolibarr/fourn/paiement/card.php?id=','(paiement)','payment_supplier'),(634,347,24,'/dolibarr/fourn/card.php?socid=','MT-SOLUTIONS','company'),(637,350,268,'/dolibarr/fourn/paiement/card.php?id=','(paiement)','payment_supplier'),(638,350,10,'/dolibarr/fourn/card.php?socid=','TELEPHONIE','company'),(639,351,269,'/dolibarr/fourn/paiement/card.php?id=','(paiement)','payment_supplier'),(640,351,76,'/dolibarr/fourn/card.php?socid=','Banque','company'),(641,352,270,'/dolibarr/fourn/paiement/card.php?id=','(paiement)','payment_supplier'),(642,352,76,'/dolibarr/fourn/card.php?socid=','Banque','company'),(643,353,271,'/dolibarr/fourn/paiement/card.php?id=','(paiement)','payment_supplier'),(644,353,10,'/dolibarr/fourn/card.php?socid=','TELEPHONIE','company'),(645,354,272,'/dolibarr/fourn/paiement/card.php?id=','(paiement)','payment_supplier'),(646,354,70,'/dolibarr/fourn/card.php?socid=','Prestataire MENUISIER','company'),(647,355,273,'/dolibarr/fourn/paiement/card.php?id=','(paiement)','payment_supplier'),(648,355,9,'/dolibarr/fourn/card.php?socid=','MARCHE','company'),(649,356,274,'/dolibarr/fourn/paiement/card.php?id=','(paiement)','payment_supplier'),(650,356,10,'/dolibarr/fourn/card.php?socid=','TELEPHONIE','company'),(651,357,275,'/dolibarr/fourn/paiement/card.php?id=','(paiement)','payment_supplier'),(652,357,10,'/dolibarr/fourn/card.php?socid=','TELEPHONIE','company'),(653,358,276,'/dolibarr/fourn/paiement/card.php?id=','(paiement)','payment_supplier'),(654,358,14,'/dolibarr/fourn/card.php?socid=','CARBURANT','company'),(655,359,277,'/dolibarr/fourn/paiement/card.php?id=','(paiement)','payment_supplier'),(656,359,14,'/dolibarr/fourn/card.php?socid=','CARBURANT','company'),(657,360,43,'/dolibarr/compta/paiement/card.php?id=','(paiement)','payment'),(658,360,26,'/dolibarr/comm/card.php?socid=','E2CI','company'),(659,361,278,'/dolibarr/fourn/paiement/card.php?id=','(paiement)','payment_supplier'),(660,361,54,'/dolibarr/fourn/card.php?socid=','PRESTATAIRE TRANSPORT','company'),(661,362,279,'/dolibarr/fourn/paiement/card.php?id=','(paiement)','payment_supplier'),(662,362,10,'/dolibarr/fourn/card.php?socid=','TELEPHONIE','company'),(663,363,280,'/dolibarr/fourn/paiement/card.php?id=','(paiement)','payment_supplier'),(664,363,10,'/dolibarr/fourn/card.php?socid=','TELEPHONIE','company'),(665,364,281,'/dolibarr/fourn/paiement/card.php?id=','(paiement)','payment_supplier'),(666,364,14,'/dolibarr/fourn/card.php?socid=','CARBURANT','company'),(671,367,284,'/dolibarr/fourn/paiement/card.php?id=','(paiement)','payment_supplier'),(672,367,70,'/dolibarr/fourn/card.php?socid=','Prestataire MENUISIER','company'),(675,369,45,'/dolibarr/compta/paiement/card.php?id=','(paiement)','payment'),(676,369,35,'/dolibarr/comm/card.php?socid=','Webb Fontaine','company'),(677,370,46,'/dolibarr/compta/paiement/card.php?id=','(paiement)','payment'),(678,370,35,'/dolibarr/comm/card.php?socid=','Webb Fontaine','company'),(679,373,374,'/dolibarr/compta/bank/ligne.php?rowid=','(banktransfert)','banktransfert'),(680,374,373,'/dolibarr/compta/bank/ligne.php?rowid=','(banktransfert)','banktransfert'),(681,375,285,'/dolibarr/fourn/paiement/card.php?id=','(paiement)','payment_supplier'),(682,375,23,'/dolibarr/fourn/card.php?socid=','PLADIS','company'),(683,379,286,'/dolibarr/fourn/paiement/card.php?id=','(paiement)','payment_supplier'),(684,379,50,'/dolibarr/fourn/card.php?socid=','PRESTATAIRE AUTRE','company'),(685,380,287,'/dolibarr/fourn/paiement/card.php?id=','(paiement)','payment_supplier'),(686,380,54,'/dolibarr/fourn/card.php?socid=','PRESTATAIRE TRANSPORT','company'),(687,381,288,'/dolibarr/fourn/paiement/card.php?id=','(paiement)','payment_supplier'),(688,381,54,'/dolibarr/fourn/card.php?socid=','PRESTATAIRE TRANSPORT','company'),(689,382,289,'/dolibarr/fourn/paiement/card.php?id=','(paiement)','payment_supplier'),(690,382,70,'/dolibarr/fourn/card.php?socid=','Prestataire MENUISIER','company'),(691,383,290,'/dolibarr/fourn/paiement/card.php?id=','(paiement)','payment_supplier'),(692,383,24,'/dolibarr/fourn/card.php?socid=','MT-SOLUTIONS','company'),(693,384,291,'/dolibarr/fourn/paiement/card.php?id=','(paiement)','payment_supplier'),(694,384,24,'/dolibarr/fourn/card.php?socid=','MT-SOLUTIONS','company'),(695,385,292,'/dolibarr/fourn/paiement/card.php?id=','(paiement)','payment_supplier'),(696,385,67,'/dolibarr/fourn/card.php?socid=','Wi Max','company'),(697,386,293,'/dolibarr/fourn/paiement/card.php?id=','(paiement)','payment_supplier'),(698,386,24,'/dolibarr/fourn/card.php?socid=','MT-SOLUTIONS','company'),(699,387,294,'/dolibarr/fourn/paiement/card.php?id=','(paiement)','payment_supplier'),(700,387,14,'/dolibarr/fourn/card.php?socid=','CARBURANT','company'),(701,388,295,'/dolibarr/fourn/paiement/card.php?id=','(paiement)','payment_supplier'),(702,388,54,'/dolibarr/fourn/card.php?socid=','PRESTATAIRE TRANSPORT','company'),(703,389,296,'/dolibarr/fourn/paiement/card.php?id=','(paiement)','payment_supplier'),(704,389,9,'/dolibarr/fourn/card.php?socid=','MARCHE','company'),(705,390,297,'/dolibarr/fourn/paiement/card.php?id=','(paiement)','payment_supplier'),(706,390,54,'/dolibarr/fourn/card.php?socid=','PRESTATAIRE TRANSPORT','company'),(707,391,298,'/dolibarr/fourn/paiement/card.php?id=','(paiement)','payment_supplier'),(708,391,50,'/dolibarr/fourn/card.php?socid=','PRESTATAIRE AUTRE','company'),(709,392,299,'/dolibarr/fourn/paiement/card.php?id=','(paiement)','payment_supplier'),(710,392,50,'/dolibarr/fourn/card.php?socid=','PRESTATAIRE AUTRE','company'),(711,393,300,'/dolibarr/fourn/paiement/card.php?id=','(paiement)','payment_supplier'),(712,393,76,'/dolibarr/fourn/card.php?socid=','Banque','company'),(713,394,301,'/dolibarr/fourn/paiement/card.php?id=','(paiement)','payment_supplier'),(714,394,76,'/dolibarr/fourn/card.php?socid=','Banque','company'),(715,395,302,'/dolibarr/fourn/paiement/card.php?id=','(paiement)','payment_supplier'),(716,395,76,'/dolibarr/fourn/card.php?socid=','Banque','company'),(717,396,303,'/dolibarr/fourn/paiement/card.php?id=','(paiement)','payment_supplier'),(718,396,76,'/dolibarr/fourn/card.php?socid=','Banque','company'),(719,397,304,'/dolibarr/fourn/paiement/card.php?id=','(paiement)','payment_supplier'),(720,397,76,'/dolibarr/fourn/card.php?socid=','Banque','company'),(721,398,305,'/dolibarr/fourn/paiement/card.php?id=','(paiement)','payment_supplier'),(722,398,76,'/dolibarr/fourn/card.php?socid=','Banque','company'),(723,399,306,'/dolibarr/fourn/paiement/card.php?id=','(paiement)','payment_supplier'),(724,399,76,'/dolibarr/fourn/card.php?socid=','Banque','company'),(725,400,401,'/dolibarr/compta/bank/ligne.php?rowid=','(banktransfert)','banktransfert'),(726,401,400,'/dolibarr/compta/bank/ligne.php?rowid=','(banktransfert)','banktransfert'),(727,402,307,'/dolibarr/fourn/paiement/card.php?id=','(paiement)','payment_supplier'),(728,402,76,'/dolibarr/fourn/card.php?socid=','Banque','company'),(729,403,308,'/dolibarr/fourn/paiement/card.php?id=','(paiement)','payment_supplier'),(730,403,76,'/dolibarr/fourn/card.php?socid=','Banque','company'),(731,404,309,'/dolibarr/fourn/paiement/card.php?id=','(paiement)','payment_supplier'),(732,404,76,'/dolibarr/fourn/card.php?socid=','Banque','company'),(733,405,310,'/dolibarr/fourn/paiement/card.php?id=','(paiement)','payment_supplier'),(734,405,76,'/dolibarr/fourn/card.php?socid=','Banque','company'),(737,407,312,'/dolibarr/fourn/paiement/card.php?id=','(paiement)','payment_supplier'),(738,407,76,'/dolibarr/fourn/card.php?socid=','Banque','company'),(739,408,313,'/dolibarr/fourn/paiement/card.php?id=','(paiement)','payment_supplier'),(740,408,76,'/dolibarr/fourn/card.php?socid=','Banque','company'),(741,409,314,'/dolibarr/fourn/paiement/card.php?id=','(paiement)','payment_supplier'),(742,409,76,'/dolibarr/fourn/card.php?socid=','Banque','company'),(743,410,315,'/dolibarr/fourn/paiement/card.php?id=','(paiement)','payment_supplier'),(744,410,9,'/dolibarr/fourn/card.php?socid=','MARCHE','company'),(747,412,317,'/dolibarr/fourn/paiement/card.php?id=','(paiement)','payment_supplier'),(748,412,54,'/dolibarr/fourn/card.php?socid=','PRESTATAIRE TRANSPORT','company'),(749,413,318,'/dolibarr/fourn/paiement/card.php?id=','(paiement)','payment_supplier'),(750,413,70,'/dolibarr/fourn/card.php?socid=','Prestataire MENUISIER','company'),(751,414,319,'/dolibarr/fourn/paiement/card.php?id=','(paiement)','payment_supplier'),(752,414,11,'/dolibarr/fourn/card.php?socid=','PRESTATAIRE MÉNAGE','company'),(753,415,320,'/dolibarr/fourn/paiement/card.php?id=','(paiement)','payment_supplier'),(754,415,10,'/dolibarr/fourn/card.php?socid=','TELEPHONIE','company'),(755,416,321,'/dolibarr/fourn/paiement/card.php?id=','(paiement)','payment_supplier'),(756,416,10,'/dolibarr/fourn/card.php?socid=','TELEPHONIE','company'),(757,417,322,'/dolibarr/fourn/paiement/card.php?id=','(paiement)','payment_supplier'),(758,417,24,'/dolibarr/fourn/card.php?socid=','MT-SOLUTIONS','company'),(759,418,323,'/dolibarr/fourn/paiement/card.php?id=','(paiement)','payment_supplier'),(760,418,47,'/dolibarr/fourn/card.php?socid=','PRESTATAIRE MACON','company'),(761,419,324,'/dolibarr/fourn/paiement/card.php?id=','(paiement)','payment_supplier'),(762,419,50,'/dolibarr/fourn/card.php?socid=','PRESTATAIRE AUTRE','company'),(763,420,325,'/dolibarr/fourn/paiement/card.php?id=','(paiement)','payment_supplier'),(764,420,49,'/dolibarr/fourn/card.php?socid=','PRESTATAIRE ELECTRICIEN','company'),(765,421,326,'/dolibarr/fourn/paiement/card.php?id=','(paiement)','payment_supplier'),(766,421,24,'/dolibarr/fourn/card.php?socid=','MT-SOLUTIONS','company'),(769,423,328,'/dolibarr/fourn/paiement/card.php?id=','(paiement)','payment_supplier'),(770,423,24,'/dolibarr/fourn/card.php?socid=','MT-SOLUTIONS','company'),(771,424,329,'/dolibarr/fourn/paiement/card.php?id=','(paiement)','payment_supplier'),(772,424,54,'/dolibarr/fourn/card.php?socid=','PRESTATAIRE TRANSPORT','company'),(773,425,330,'/dolibarr/fourn/paiement/card.php?id=','(paiement)','payment_supplier'),(774,425,54,'/dolibarr/fourn/card.php?socid=','PRESTATAIRE TRANSPORT','company'),(775,426,331,'/dolibarr/fourn/paiement/card.php?id=','(paiement)','payment_supplier'),(776,426,14,'/dolibarr/fourn/card.php?socid=','CARBURANT','company'),(781,429,334,'/dolibarr/fourn/paiement/card.php?id=','(paiement)','payment_supplier'),(782,429,9,'/dolibarr/fourn/card.php?socid=','MARCHE','company'),(783,430,335,'/dolibarr/fourn/paiement/card.php?id=','(paiement)','payment_supplier'),(784,430,14,'/dolibarr/fourn/card.php?socid=','CARBURANT','company'),(785,431,336,'/dolibarr/fourn/paiement/card.php?id=','(paiement)','payment_supplier'),(786,431,9,'/dolibarr/fourn/card.php?socid=','MARCHE','company'),(787,432,337,'/dolibarr/fourn/paiement/card.php?id=','(paiement)','payment_supplier'),(788,432,76,'/dolibarr/fourn/card.php?socid=','Banque','company'),(789,433,338,'/dolibarr/fourn/paiement/card.php?id=','(paiement)','payment_supplier'),(790,433,76,'/dolibarr/fourn/card.php?socid=','Banque','company'),(791,434,435,'/dolibarr/compta/bank/ligne.php?rowid=','(banktransfert)','banktransfert'),(793,436,339,'/dolibarr/fourn/paiement/card.php?id=','(paiement)','payment_supplier'),(794,436,80,'/dolibarr/fourn/card.php?socid=','Entreprise TM et frères','company'),(795,437,340,'/dolibarr/fourn/paiement/card.php?id=','(paiement)','payment_supplier'),(796,437,52,'/dolibarr/fourn/card.php?socid=','RESTAURATION RAPIDE','company'),(797,438,341,'/dolibarr/fourn/paiement/card.php?id=','(paiement)','payment_supplier'),(798,438,14,'/dolibarr/fourn/card.php?socid=','CARBURANT','company'),(799,439,342,'/dolibarr/fourn/paiement/card.php?id=','(paiement)','payment_supplier'),(800,439,9,'/dolibarr/fourn/card.php?socid=','MARCHE','company'),(801,440,343,'/dolibarr/fourn/paiement/card.php?id=','(paiement)','payment_supplier'),(802,440,24,'/dolibarr/fourn/card.php?socid=','MT-SOLUTIONS','company'),(803,441,344,'/dolibarr/fourn/paiement/card.php?id=','(paiement)','payment_supplier'),(804,441,48,'/dolibarr/fourn/card.php?socid=','PRESTATIARE PLOMBIER','company'),(805,442,345,'/dolibarr/fourn/paiement/card.php?id=','(paiement)','payment_supplier'),(806,442,9,'/dolibarr/fourn/card.php?socid=','MARCHE','company'),(807,443,346,'/dolibarr/fourn/paiement/card.php?id=','(paiement)','payment_supplier'),(808,443,9,'/dolibarr/fourn/card.php?socid=','MARCHE','company'),(809,444,347,'/dolibarr/fourn/paiement/card.php?id=','(paiement)','payment_supplier'),(810,444,50,'/dolibarr/fourn/card.php?socid=','PRESTATAIRE AUTRE','company'),(811,445,348,'/dolibarr/fourn/paiement/card.php?id=','(paiement)','payment_supplier'),(812,445,10,'/dolibarr/fourn/card.php?socid=','TELEPHONIE','company'),(813,446,349,'/dolibarr/fourn/paiement/card.php?id=','(paiement)','payment_supplier'),(814,446,10,'/dolibarr/fourn/card.php?socid=','TELEPHONIE','company'),(815,447,350,'/dolibarr/fourn/paiement/card.php?id=','(paiement)','payment_supplier'),(816,447,10,'/dolibarr/fourn/card.php?socid=','TELEPHONIE','company'),(817,448,351,'/dolibarr/fourn/paiement/card.php?id=','(paiement)','payment_supplier'),(818,448,9,'/dolibarr/fourn/card.php?socid=','MARCHE','company'),(819,449,352,'/dolibarr/fourn/paiement/card.php?id=','(paiement)','payment_supplier'),(820,449,14,'/dolibarr/fourn/card.php?socid=','CARBURANT','company'),(821,450,353,'/dolibarr/fourn/paiement/card.php?id=','(paiement)','payment_supplier'),(822,450,9,'/dolibarr/fourn/card.php?socid=','MARCHE','company'),(823,451,354,'/dolibarr/fourn/paiement/card.php?id=','(paiement)','payment_supplier'),(824,451,14,'/dolibarr/fourn/card.php?socid=','CARBURANT','company'),(825,452,355,'/dolibarr/fourn/paiement/card.php?id=','(paiement)','payment_supplier'),(826,452,9,'/dolibarr/fourn/card.php?socid=','MARCHE','company'),(827,453,356,'/dolibarr/fourn/paiement/card.php?id=','(paiement)','payment_supplier'),(828,453,50,'/dolibarr/fourn/card.php?socid=','PRESTATAIRE AUTRE','company'),(829,454,357,'/dolibarr/fourn/paiement/card.php?id=','(paiement)','payment_supplier'),(830,454,64,'/dolibarr/fourn/card.php?socid=','ELECTROMATIQUE','company'),(831,455,456,'/dolibarr/compta/bank/ligne.php?rowid=','(banktransfert)','banktransfert'),(832,456,455,'/dolibarr/compta/bank/ligne.php?rowid=','(banktransfert)','banktransfert'),(833,457,358,'/dolibarr/fourn/paiement/card.php?id=','(paiement)','payment_supplier'),(834,457,10,'/dolibarr/fourn/card.php?socid=','TELEPHONIE','company'),(835,458,359,'/dolibarr/fourn/paiement/card.php?id=','(paiement)','payment_supplier'),(836,458,10,'/dolibarr/fourn/card.php?socid=','TELEPHONIE','company'),(837,459,360,'/dolibarr/fourn/paiement/card.php?id=','(paiement)','payment_supplier'),(838,459,10,'/dolibarr/fourn/card.php?socid=','TELEPHONIE','company'),(839,460,361,'/dolibarr/fourn/paiement/card.php?id=','(paiement)','payment_supplier'),(840,460,24,'/dolibarr/fourn/card.php?socid=','MT-SOLUTIONS','company'),(841,461,362,'/dolibarr/fourn/paiement/card.php?id=','(paiement)','payment_supplier'),(842,461,9,'/dolibarr/fourn/card.php?socid=','MARCHE','company'),(843,462,363,'/dolibarr/fourn/paiement/card.php?id=','(paiement)','payment_supplier'),(844,462,14,'/dolibarr/fourn/card.php?socid=','CARBURANT','company'),(845,463,364,'/dolibarr/fourn/paiement/card.php?id=','(paiement)','payment_supplier'),(846,463,54,'/dolibarr/fourn/card.php?socid=','PRESTATAIRE TRANSPORT','company'),(847,464,365,'/dolibarr/fourn/paiement/card.php?id=','(paiement)','payment_supplier'),(848,464,24,'/dolibarr/fourn/card.php?socid=','MT-SOLUTIONS','company'),(849,465,366,'/dolibarr/fourn/paiement/card.php?id=','(paiement)','payment_supplier'),(850,465,54,'/dolibarr/fourn/card.php?socid=','PRESTATAIRE TRANSPORT','company'),(851,466,367,'/dolibarr/fourn/paiement/card.php?id=','(paiement)','payment_supplier'),(852,466,50,'/dolibarr/fourn/card.php?socid=','PRESTATAIRE AUTRE','company'),(853,467,368,'/dolibarr/fourn/paiement/card.php?id=','(paiement)','payment_supplier'),(854,467,52,'/dolibarr/fourn/card.php?socid=','RESTAURATION RAPIDE','company'),(855,468,369,'/dolibarr/fourn/paiement/card.php?id=','(paiement)','payment_supplier'),(856,468,50,'/dolibarr/fourn/card.php?socid=','PRESTATAIRE AUTRE','company'),(857,469,370,'/dolibarr/fourn/paiement/card.php?id=','(paiement)','payment_supplier'),(858,469,50,'/dolibarr/fourn/card.php?socid=','PRESTATAIRE AUTRE','company'),(859,470,371,'/dolibarr/fourn/paiement/card.php?id=','(paiement)','payment_supplier'),(860,470,14,'/dolibarr/fourn/card.php?socid=','CARBURANT','company'),(863,472,47,'/dolibarr/compta/paiement/card.php?id=','(paiement)','payment'),(864,472,35,'/dolibarr/comm/card.php?socid=','Webb Fontaine','company'),(865,473,48,'/dolibarr/compta/paiement/card.php?id=','(paiement)','payment'),(866,473,35,'/dolibarr/comm/card.php?socid=','Webb Fontaine','company'),(867,474,49,'/dolibarr/compta/paiement/card.php?id=','(paiement)','payment'),(868,474,35,'/dolibarr/comm/card.php?socid=','Webb Fontaine','company'),(869,475,373,'/dolibarr/fourn/paiement/card.php?id=','(paiement)','payment_supplier'),(870,475,10,'/dolibarr/fourn/card.php?socid=','TELEPHONIE','company'),(871,476,374,'/dolibarr/fourn/paiement/card.php?id=','(paiement)','payment_supplier'),(872,476,10,'/dolibarr/fourn/card.php?socid=','TELEPHONIE','company'),(873,478,375,'/dolibarr/fourn/paiement/card.php?id=','(paiement)','payment_supplier'),(874,478,9,'/dolibarr/fourn/card.php?socid=','MARCHE','company'),(875,479,376,'/dolibarr/fourn/paiement/card.php?id=','(paiement)','payment_supplier'),(876,479,52,'/dolibarr/fourn/card.php?socid=','RESTAURATION RAPIDE','company'),(877,480,377,'/dolibarr/fourn/paiement/card.php?id=','(paiement)','payment_supplier'),(878,480,24,'/dolibarr/fourn/card.php?socid=','MT-SOLUTIONS','company'),(879,481,378,'/dolibarr/fourn/paiement/card.php?id=','(paiement)','payment_supplier'),(880,481,52,'/dolibarr/fourn/card.php?socid=','RESTAURATION RAPIDE','company'),(881,482,379,'/dolibarr/fourn/paiement/card.php?id=','(paiement)','payment_supplier'),(882,482,54,'/dolibarr/fourn/card.php?socid=','PRESTATAIRE TRANSPORT','company'),(883,483,380,'/dolibarr/fourn/paiement/card.php?id=','(paiement)','payment_supplier'),(884,483,24,'/dolibarr/fourn/card.php?socid=','MT-SOLUTIONS','company'),(885,484,381,'/dolibarr/fourn/paiement/card.php?id=','(paiement)','payment_supplier'),(886,484,68,'/dolibarr/fourn/card.php?socid=','DIAKELEC','company'),(887,485,382,'/dolibarr/fourn/paiement/card.php?id=','(paiement)','payment_supplier'),(888,485,9,'/dolibarr/fourn/card.php?socid=','MARCHE','company'),(889,486,383,'/dolibarr/fourn/paiement/card.php?id=','(paiement)','payment_supplier'),(890,486,9,'/dolibarr/fourn/card.php?socid=','MARCHE','company'),(891,487,384,'/dolibarr/fourn/paiement/card.php?id=','(paiement)','payment_supplier'),(892,487,9,'/dolibarr/fourn/card.php?socid=','MARCHE','company'),(893,488,385,'/dolibarr/fourn/paiement/card.php?id=','(paiement)','payment_supplier'),(894,488,9,'/dolibarr/fourn/card.php?socid=','MARCHE','company'),(895,489,386,'/dolibarr/fourn/paiement/card.php?id=','(paiement)','payment_supplier'),(896,489,14,'/dolibarr/fourn/card.php?socid=','CARBURANT','company'),(897,490,387,'/dolibarr/fourn/paiement/card.php?id=','(paiement)','payment_supplier'),(898,490,10,'/dolibarr/fourn/card.php?socid=','TELEPHONIE','company'),(899,491,388,'/dolibarr/fourn/paiement/card.php?id=','(paiement)','payment_supplier'),(900,491,9,'/dolibarr/fourn/card.php?socid=','MARCHE','company'),(901,492,389,'/dolibarr/fourn/paiement/card.php?id=','(paiement)','payment_supplier'),(902,492,9,'/dolibarr/fourn/card.php?socid=','MARCHE','company'),(903,493,390,'/dolibarr/fourn/paiement/card.php?id=','(paiement)','payment_supplier'),(904,493,14,'/dolibarr/fourn/card.php?socid=','CARBURANT','company'),(905,494,391,'/dolibarr/fourn/paiement/card.php?id=','(paiement)','payment_supplier'),(906,494,10,'/dolibarr/fourn/card.php?socid=','TELEPHONIE','company'),(907,495,392,'/dolibarr/fourn/paiement/card.php?id=','(paiement)','payment_supplier'),(908,495,11,'/dolibarr/fourn/card.php?socid=','PRESTATAIRE MÉNAGE','company'),(909,496,393,'/dolibarr/fourn/paiement/card.php?id=','(paiement)','payment_supplier'),(910,496,52,'/dolibarr/fourn/card.php?socid=','RESTAURATION RAPIDE','company'),(911,497,394,'/dolibarr/fourn/paiement/card.php?id=','(paiement)','payment_supplier'),(912,497,11,'/dolibarr/fourn/card.php?socid=','PRESTATAIRE MÉNAGE','company'),(915,499,396,'/dolibarr/fourn/paiement/card.php?id=','(paiement)','payment_supplier'),(916,499,24,'/dolibarr/fourn/card.php?socid=','MT-SOLUTIONS','company'),(919,501,398,'/dolibarr/fourn/paiement/card.php?id=','(paiement)','payment_supplier'),(920,501,14,'/dolibarr/fourn/card.php?socid=','CARBURANT','company'),(921,502,399,'/dolibarr/fourn/paiement/card.php?id=','(paiement)','payment_supplier'),(922,502,54,'/dolibarr/fourn/card.php?socid=','PRESTATAIRE TRANSPORT','company'),(923,503,400,'/dolibarr/fourn/paiement/card.php?id=','(paiement)','payment_supplier'),(924,503,24,'/dolibarr/fourn/card.php?socid=','MT-SOLUTIONS','company'),(925,504,401,'/dolibarr/fourn/paiement/card.php?id=','(paiement)','payment_supplier'),(926,504,14,'/dolibarr/fourn/card.php?socid=','CARBURANT','company'),(927,505,402,'/dolibarr/fourn/paiement/card.php?id=','(paiement)','payment_supplier'),(928,505,24,'/dolibarr/fourn/card.php?socid=','MT-SOLUTIONS','company'),(931,507,404,'/dolibarr/fourn/paiement/card.php?id=','(paiement)','payment_supplier'),(932,507,24,'/dolibarr/fourn/card.php?socid=','MT-SOLUTIONS','company'),(935,509,510,'/dolibarr/compta/bank/ligne.php?rowid=','(banktransfert)','banktransfert'),(936,510,509,'/dolibarr/compta/bank/ligne.php?rowid=','(banktransfert)','banktransfert'),(937,511,406,'/dolibarr/fourn/paiement/card.php?id=','(paiement)','payment_supplier'),(938,511,14,'/dolibarr/fourn/card.php?socid=','CARBURANT','company'),(939,512,407,'/dolibarr/fourn/paiement/card.php?id=','(paiement)','payment_supplier'),(940,512,24,'/dolibarr/fourn/card.php?socid=','MT-SOLUTIONS','company'),(941,513,408,'/dolibarr/fourn/paiement/card.php?id=','(paiement)','payment_supplier'),(942,513,24,'/dolibarr/fourn/card.php?socid=','MT-SOLUTIONS','company'),(943,514,409,'/dolibarr/fourn/paiement/card.php?id=','(paiement)','payment_supplier'),(944,514,24,'/dolibarr/fourn/card.php?socid=','MT-SOLUTIONS','company'),(945,515,410,'/dolibarr/fourn/paiement/card.php?id=','(paiement)','payment_supplier'),(946,515,10,'/dolibarr/fourn/card.php?socid=','TELEPHONIE','company'),(947,516,411,'/dolibarr/fourn/paiement/card.php?id=','(paiement)','payment_supplier'),(948,516,54,'/dolibarr/fourn/card.php?socid=','PRESTATAIRE TRANSPORT','company'),(951,518,413,'/dolibarr/fourn/paiement/card.php?id=','(paiement)','payment_supplier'),(952,518,24,'/dolibarr/fourn/card.php?socid=','MT-SOLUTIONS','company'),(953,519,414,'/dolibarr/fourn/paiement/card.php?id=','(paiement)','payment_supplier'),(954,519,77,'/dolibarr/fourn/card.php?socid=','Pharmacie Printania','company'),(955,520,415,'/dolibarr/fourn/paiement/card.php?id=','(paiement)','payment_supplier'),(956,520,24,'/dolibarr/fourn/card.php?socid=','MT-SOLUTIONS','company'),(957,521,416,'/dolibarr/fourn/paiement/card.php?id=','(paiement)','payment_supplier'),(958,521,10,'/dolibarr/fourn/card.php?socid=','TELEPHONIE','company'),(959,522,417,'/dolibarr/fourn/paiement/card.php?id=','(paiement)','payment_supplier'),(960,522,10,'/dolibarr/fourn/card.php?socid=','TELEPHONIE','company'),(961,523,418,'/dolibarr/fourn/paiement/card.php?id=','(paiement)','payment_supplier'),(962,523,10,'/dolibarr/fourn/card.php?socid=','TELEPHONIE','company'),(963,524,419,'/dolibarr/fourn/paiement/card.php?id=','(paiement)','payment_supplier'),(964,524,10,'/dolibarr/fourn/card.php?socid=','TELEPHONIE','company'),(965,525,420,'/dolibarr/fourn/paiement/card.php?id=','(paiement)','payment_supplier'),(966,525,10,'/dolibarr/fourn/card.php?socid=','TELEPHONIE','company'),(967,526,421,'/dolibarr/fourn/paiement/card.php?id=','(paiement)','payment_supplier'),(968,526,14,'/dolibarr/fourn/card.php?socid=','CARBURANT','company'),(969,527,528,'/dolibarr/compta/bank/ligne.php?rowid=','(banktransfert)','banktransfert'),(970,528,527,'/dolibarr/compta/bank/ligne.php?rowid=','(banktransfert)','banktransfert'),(971,529,422,'/dolibarr/fourn/paiement/card.php?id=','(paiement)','payment_supplier'),(972,529,14,'/dolibarr/fourn/card.php?socid=','CARBURANT','company'),(973,530,423,'/dolibarr/fourn/paiement/card.php?id=','(paiement)','payment_supplier'),(974,530,24,'/dolibarr/fourn/card.php?socid=','MT-SOLUTIONS','company'),(975,531,424,'/dolibarr/fourn/paiement/card.php?id=','(paiement)','payment_supplier'),(976,531,49,'/dolibarr/fourn/card.php?socid=','PRESTATAIRE ELECTRICIEN','company'),(977,532,425,'/dolibarr/fourn/paiement/card.php?id=','(paiement)','payment_supplier'),(978,532,24,'/dolibarr/fourn/card.php?socid=','MT-SOLUTIONS','company'),(979,533,426,'/dolibarr/fourn/paiement/card.php?id=','(paiement)','payment_supplier'),(980,533,24,'/dolibarr/fourn/card.php?socid=','MT-SOLUTIONS','company'),(981,534,427,'/dolibarr/fourn/paiement/card.php?id=','(paiement)','payment_supplier'),(982,534,50,'/dolibarr/fourn/card.php?socid=','PRESTATAIRE AUTRE','company'),(983,535,428,'/dolibarr/fourn/paiement/card.php?id=','(paiement)','payment_supplier'),(984,535,66,'/dolibarr/fourn/card.php?socid=','PRESTATAIRE PLAFOND','company'),(985,536,429,'/dolibarr/fourn/paiement/card.php?id=','(paiement)','payment_supplier'),(986,536,51,'/dolibarr/fourn/card.php?socid=','PRESTATAIRE SANTE','company'),(987,537,430,'/dolibarr/fourn/paiement/card.php?id=','(paiement)','payment_supplier'),(988,537,54,'/dolibarr/fourn/card.php?socid=','PRESTATAIRE TRANSPORT','company'),(989,538,431,'/dolibarr/fourn/paiement/card.php?id=','(paiement)','payment_supplier'),(990,538,54,'/dolibarr/fourn/card.php?socid=','PRESTATAIRE TRANSPORT','company'),(991,539,432,'/dolibarr/fourn/paiement/card.php?id=','(paiement)','payment_supplier'),(992,539,24,'/dolibarr/fourn/card.php?socid=','MT-SOLUTIONS','company'),(993,540,433,'/dolibarr/fourn/paiement/card.php?id=','(paiement)','payment_supplier'),(994,540,24,'/dolibarr/fourn/card.php?socid=','MT-SOLUTIONS','company'),(997,542,435,'/dolibarr/fourn/paiement/card.php?id=','(paiement)','payment_supplier'),(998,542,50,'/dolibarr/fourn/card.php?socid=','PRESTATAIRE AUTRE','company'),(999,543,436,'/dolibarr/fourn/paiement/card.php?id=','(paiement)','payment_supplier'),(1000,543,45,'/dolibarr/fourn/card.php?socid=','Restaurant CEDRE','company'),(1001,544,437,'/dolibarr/fourn/paiement/card.php?id=','(paiement)','payment_supplier'),(1002,544,14,'/dolibarr/fourn/card.php?socid=','CARBURANT','company'),(1003,545,438,'/dolibarr/fourn/paiement/card.php?id=','(paiement)','payment_supplier'),(1004,545,14,'/dolibarr/fourn/card.php?socid=','CARBURANT','company'),(1005,546,439,'/dolibarr/fourn/paiement/card.php?id=','(paiement)','payment_supplier'),(1006,546,24,'/dolibarr/fourn/card.php?socid=','MT-SOLUTIONS','company'),(1007,547,440,'/dolibarr/fourn/paiement/card.php?id=','(paiement)','payment_supplier'),(1008,547,10,'/dolibarr/fourn/card.php?socid=','TELEPHONIE','company'),(1009,548,441,'/dolibarr/fourn/paiement/card.php?id=','(paiement)','payment_supplier'),(1010,548,10,'/dolibarr/fourn/card.php?socid=','TELEPHONIE','company'),(1011,549,442,'/dolibarr/fourn/paiement/card.php?id=','(paiement)','payment_supplier'),(1012,549,9,'/dolibarr/fourn/card.php?socid=','MARCHE','company'),(1013,550,443,'/dolibarr/fourn/paiement/card.php?id=','(paiement)','payment_supplier'),(1014,550,24,'/dolibarr/fourn/card.php?socid=','MT-SOLUTIONS','company'),(1015,551,444,'/dolibarr/fourn/paiement/card.php?id=','(paiement)','payment_supplier'),(1016,551,24,'/dolibarr/fourn/card.php?socid=','MT-SOLUTIONS','company'),(1017,552,445,'/dolibarr/fourn/paiement/card.php?id=','(paiement)','payment_supplier'),(1018,552,14,'/dolibarr/fourn/card.php?socid=','CARBURANT','company'),(1019,553,446,'/dolibarr/fourn/paiement/card.php?id=','(paiement)','payment_supplier'),(1020,553,10,'/dolibarr/fourn/card.php?socid=','TELEPHONIE','company'),(1021,554,447,'/dolibarr/fourn/paiement/card.php?id=','(paiement)','payment_supplier'),(1022,554,58,'/dolibarr/fourn/card.php?socid=','PRESTATAIRE PEINTRE','company'),(1023,555,448,'/dolibarr/fourn/paiement/card.php?id=','(paiement)','payment_supplier'),(1024,555,76,'/dolibarr/fourn/card.php?socid=','Banque','company'),(1025,556,449,'/dolibarr/fourn/paiement/card.php?id=','(paiement)','payment_supplier'),(1026,556,9,'/dolibarr/fourn/card.php?socid=','MARCHE','company'),(1027,557,450,'/dolibarr/fourn/paiement/card.php?id=','(paiement)','payment_supplier'),(1028,557,14,'/dolibarr/fourn/card.php?socid=','CARBURANT','company'),(1031,559,452,'/dolibarr/fourn/paiement/card.php?id=','(paiement)','payment_supplier'),(1032,559,10,'/dolibarr/fourn/card.php?socid=','TELEPHONIE','company'),(1035,561,454,'/dolibarr/fourn/paiement/card.php?id=','(paiement)','payment_supplier'),(1036,561,9,'/dolibarr/fourn/card.php?socid=','MARCHE','company'),(1037,562,455,'/dolibarr/fourn/paiement/card.php?id=','(paiement)','payment_supplier'),(1038,562,24,'/dolibarr/fourn/card.php?socid=','MT-SOLUTIONS','company'),(1039,563,456,'/dolibarr/fourn/paiement/card.php?id=','(paiement)','payment_supplier'),(1040,563,9,'/dolibarr/fourn/card.php?socid=','MARCHE','company'),(1041,564,457,'/dolibarr/fourn/paiement/card.php?id=','(paiement)','payment_supplier'),(1042,564,24,'/dolibarr/fourn/card.php?socid=','MT-SOLUTIONS','company'),(1043,565,458,'/dolibarr/fourn/paiement/card.php?id=','(paiement)','payment_supplier'),(1044,565,54,'/dolibarr/fourn/card.php?socid=','PRESTATAIRE TRANSPORT','company'),(1045,566,459,'/dolibarr/fourn/paiement/card.php?id=','(paiement)','payment_supplier'),(1046,566,50,'/dolibarr/fourn/card.php?socid=','PRESTATAIRE AUTRE','company'),(1047,567,460,'/dolibarr/fourn/paiement/card.php?id=','(paiement)','payment_supplier'),(1048,567,54,'/dolibarr/fourn/card.php?socid=','PRESTATAIRE TRANSPORT','company'),(1049,568,461,'/dolibarr/fourn/paiement/card.php?id=','(paiement)','payment_supplier'),(1050,568,14,'/dolibarr/fourn/card.php?socid=','CARBURANT','company'),(1051,569,462,'/dolibarr/fourn/paiement/card.php?id=','(paiement)','payment_supplier'),(1052,569,14,'/dolibarr/fourn/card.php?socid=','CARBURANT','company'),(1053,570,463,'/dolibarr/fourn/paiement/card.php?id=','(paiement)','payment_supplier'),(1054,570,24,'/dolibarr/fourn/card.php?socid=','MT-SOLUTIONS','company'),(1055,571,464,'/dolibarr/fourn/paiement/card.php?id=','(paiement)','payment_supplier'),(1056,571,10,'/dolibarr/fourn/card.php?socid=','TELEPHONIE','company'),(1059,573,466,'/dolibarr/fourn/paiement/card.php?id=','(paiement)','payment_supplier'),(1060,573,54,'/dolibarr/fourn/card.php?socid=','PRESTATAIRE TRANSPORT','company'),(1061,574,467,'/dolibarr/fourn/paiement/card.php?id=','(paiement)','payment_supplier'),(1062,574,54,'/dolibarr/fourn/card.php?socid=','PRESTATAIRE TRANSPORT','company'),(1063,575,468,'/dolibarr/fourn/paiement/card.php?id=','(paiement)','payment_supplier'),(1064,575,44,'/dolibarr/fourn/card.php?socid=','TOTAL','company'),(1065,576,469,'/dolibarr/fourn/paiement/card.php?id=','(paiement)','payment_supplier'),(1066,576,54,'/dolibarr/fourn/card.php?socid=','PRESTATAIRE TRANSPORT','company'),(1067,577,578,'/dolibarr/compta/bank/ligne.php?rowid=','(banktransfert)','banktransfert'),(1068,578,577,'/dolibarr/compta/bank/ligne.php?rowid=','(banktransfert)','banktransfert'),(1069,579,50,'/dolibarr/compta/paiement/card.php?id=','(paiement)','payment'),(1070,579,83,'/dolibarr/comm/card.php?socid=','HUAYA GOP','company'),(1071,581,470,'/dolibarr/fourn/paiement/card.php?id=','(paiement)','payment_supplier'),(1072,581,70,'/dolibarr/fourn/card.php?socid=','Prestataire MENUISIER','company'),(1073,582,471,'/dolibarr/fourn/paiement/card.php?id=','(paiement)','payment_supplier'),(1074,582,14,'/dolibarr/fourn/card.php?socid=','CARBURANT','company'),(1075,583,472,'/dolibarr/fourn/paiement/card.php?id=','(paiement)','payment_supplier'),(1076,583,10,'/dolibarr/fourn/card.php?socid=','TELEPHONIE','company'),(1077,584,473,'/dolibarr/fourn/paiement/card.php?id=','(paiement)','payment_supplier'),(1078,584,67,'/dolibarr/fourn/card.php?socid=','Wi Max','company'),(1079,585,474,'/dolibarr/fourn/paiement/card.php?id=','(paiement)','payment_supplier'),(1080,585,10,'/dolibarr/fourn/card.php?socid=','TELEPHONIE','company'),(1081,586,475,'/dolibarr/fourn/paiement/card.php?id=','(paiement)','payment_supplier'),(1082,586,10,'/dolibarr/fourn/card.php?socid=','TELEPHONIE','company'),(1083,587,476,'/dolibarr/fourn/paiement/card.php?id=','(paiement)','payment_supplier'),(1084,587,54,'/dolibarr/fourn/card.php?socid=','PRESTATAIRE TRANSPORT','company'),(1085,588,477,'/dolibarr/fourn/paiement/card.php?id=','(paiement)','payment_supplier'),(1086,588,31,'/dolibarr/fourn/card.php?socid=','Hôtel MLYS','company'),(1087,589,478,'/dolibarr/fourn/paiement/card.php?id=','(paiement)','payment_supplier'),(1088,589,9,'/dolibarr/fourn/card.php?socid=','MARCHE','company'),(1089,590,479,'/dolibarr/fourn/paiement/card.php?id=','(paiement)','payment_supplier'),(1090,590,9,'/dolibarr/fourn/card.php?socid=','MARCHE','company'),(1091,591,480,'/dolibarr/fourn/paiement/card.php?id=','(paiement)','payment_supplier'),(1092,591,80,'/dolibarr/fourn/card.php?socid=','Entreprise TM et frères','company'),(1093,592,481,'/dolibarr/fourn/paiement/card.php?id=','(paiement)','payment_supplier'),(1094,592,10,'/dolibarr/fourn/card.php?socid=','TELEPHONIE','company'),(1095,593,482,'/dolibarr/fourn/paiement/card.php?id=','(paiement)','payment_supplier'),(1096,593,14,'/dolibarr/fourn/card.php?socid=','CARBURANT','company'),(1097,594,483,'/dolibarr/fourn/paiement/card.php?id=','(paiement)','payment_supplier'),(1098,594,9,'/dolibarr/fourn/card.php?socid=','MARCHE','company'),(1099,602,484,'/dolibarr/fourn/paiement/card.php?id=','(paiement)','payment_supplier'),(1100,602,24,'/dolibarr/fourn/card.php?socid=','MT-SOLUTIONS','company'),(1101,603,485,'/dolibarr/fourn/paiement/card.php?id=','(paiement)','payment_supplier'),(1102,603,24,'/dolibarr/fourn/card.php?socid=','MT-SOLUTIONS','company'),(1103,604,486,'/dolibarr/fourn/paiement/card.php?id=','(paiement)','payment_supplier'),(1104,604,14,'/dolibarr/fourn/card.php?socid=','CARBURANT','company'),(1105,605,487,'/dolibarr/fourn/paiement/card.php?id=','(paiement)','payment_supplier'),(1106,605,14,'/dolibarr/fourn/card.php?socid=','CARBURANT','company'),(1107,606,488,'/dolibarr/fourn/paiement/card.php?id=','(paiement)','payment_supplier'),(1108,606,54,'/dolibarr/fourn/card.php?socid=','PRESTATAIRE TRANSPORT','company'),(1109,607,489,'/dolibarr/fourn/paiement/card.php?id=','(paiement)','payment_supplier'),(1110,607,10,'/dolibarr/fourn/card.php?socid=','TELEPHONIE','company'),(1111,608,490,'/dolibarr/fourn/paiement/card.php?id=','(paiement)','payment_supplier'),(1112,608,24,'/dolibarr/fourn/card.php?socid=','MT-SOLUTIONS','company'),(1113,609,491,'/dolibarr/fourn/paiement/card.php?id=','(paiement)','payment_supplier'),(1114,609,24,'/dolibarr/fourn/card.php?socid=','MT-SOLUTIONS','company'),(1115,610,492,'/dolibarr/fourn/paiement/card.php?id=','(paiement)','payment_supplier'),(1116,610,46,'/dolibarr/fourn/card.php?socid=','PRESTATAIRE CARRELEUR','company'),(1117,611,493,'/dolibarr/fourn/paiement/card.php?id=','(paiement)','payment_supplier'),(1118,611,14,'/dolibarr/fourn/card.php?socid=','CARBURANT','company'),(1119,612,494,'/dolibarr/fourn/paiement/card.php?id=','(paiement)','payment_supplier'),(1120,612,24,'/dolibarr/fourn/card.php?socid=','MT-SOLUTIONS','company'),(1121,613,495,'/dolibarr/fourn/paiement/card.php?id=','(paiement)','payment_supplier'),(1122,613,24,'/dolibarr/fourn/card.php?socid=','MT-SOLUTIONS','company'),(1123,614,496,'/dolibarr/fourn/paiement/card.php?id=','(paiement)','payment_supplier'),(1124,614,24,'/dolibarr/fourn/card.php?socid=','MT-SOLUTIONS','company'),(1125,615,497,'/dolibarr/fourn/paiement/card.php?id=','(paiement)','payment_supplier'),(1126,615,24,'/dolibarr/fourn/card.php?socid=','MT-SOLUTIONS','company'),(1127,616,617,'/dolibarr/compta/bank/ligne.php?rowid=','(banktransfert)','banktransfert'),(1128,617,616,'/dolibarr/compta/bank/ligne.php?rowid=','(banktransfert)','banktransfert'),(1129,618,498,'/dolibarr/fourn/paiement/card.php?id=','(paiement)','payment_supplier'),(1130,618,24,'/dolibarr/fourn/card.php?socid=','MT-SOLUTIONS','company'),(1131,619,499,'/dolibarr/fourn/paiement/card.php?id=','(paiement)','payment_supplier'),(1132,619,9,'/dolibarr/fourn/card.php?socid=','MARCHE','company'),(1133,620,500,'/dolibarr/fourn/paiement/card.php?id=','(paiement)','payment_supplier'),(1134,620,54,'/dolibarr/fourn/card.php?socid=','PRESTATAIRE TRANSPORT','company'),(1135,621,501,'/dolibarr/fourn/paiement/card.php?id=','(paiement)','payment_supplier'),(1136,621,50,'/dolibarr/fourn/card.php?socid=','PRESTATAIRE AUTRE','company'),(1137,622,502,'/dolibarr/fourn/paiement/card.php?id=','(paiement)','payment_supplier'),(1138,622,54,'/dolibarr/fourn/card.php?socid=','PRESTATAIRE TRANSPORT','company'),(1139,623,503,'/dolibarr/fourn/paiement/card.php?id=','(paiement)','payment_supplier'),(1140,623,50,'/dolibarr/fourn/card.php?socid=','PRESTATAIRE AUTRE','company'),(1141,624,504,'/dolibarr/fourn/paiement/card.php?id=','(paiement)','payment_supplier'),(1142,624,54,'/dolibarr/fourn/card.php?socid=','PRESTATAIRE TRANSPORT','company'),(1143,625,505,'/dolibarr/fourn/paiement/card.php?id=','(paiement)','payment_supplier'),(1144,625,54,'/dolibarr/fourn/card.php?socid=','PRESTATAIRE TRANSPORT','company'),(1145,626,506,'/dolibarr/fourn/paiement/card.php?id=','(paiement)','payment_supplier'),(1146,626,46,'/dolibarr/fourn/card.php?socid=','PRESTATAIRE CARRELEUR','company'),(1147,627,507,'/dolibarr/fourn/paiement/card.php?id=','(paiement)','payment_supplier'),(1148,627,24,'/dolibarr/fourn/card.php?socid=','MT-SOLUTIONS','company'),(1149,628,508,'/dolibarr/fourn/paiement/card.php?id=','(paiement)','payment_supplier'),(1150,628,54,'/dolibarr/fourn/card.php?socid=','PRESTATAIRE TRANSPORT','company'),(1151,629,509,'/dolibarr/fourn/paiement/card.php?id=','(paiement)','payment_supplier'),(1152,629,2,'/dolibarr/fourn/card.php?socid=','METAL GUINEE','company'),(1153,630,510,'/dolibarr/fourn/paiement/card.php?id=','(paiement)','payment_supplier'),(1154,630,2,'/dolibarr/fourn/card.php?socid=','METAL GUINEE','company'),(1155,631,511,'/dolibarr/fourn/paiement/card.php?id=','(paiement)','payment_supplier'),(1156,631,2,'/dolibarr/fourn/card.php?socid=','METAL GUINEE','company'),(1159,633,513,'/dolibarr/fourn/paiement/card.php?id=','(paiement)','payment_supplier'),(1160,633,2,'/dolibarr/fourn/card.php?socid=','METAL GUINEE','company'),(1161,634,514,'/dolibarr/fourn/paiement/card.php?id=','(paiement)','payment_supplier'),(1162,634,14,'/dolibarr/fourn/card.php?socid=','CARBURANT','company'),(1163,635,515,'/dolibarr/fourn/paiement/card.php?id=','(paiement)','payment_supplier'),(1164,635,10,'/dolibarr/fourn/card.php?socid=','TELEPHONIE','company'),(1165,636,516,'/dolibarr/fourn/paiement/card.php?id=','(paiement)','payment_supplier'),(1166,636,9,'/dolibarr/fourn/card.php?socid=','MARCHE','company'),(1167,637,517,'/dolibarr/fourn/paiement/card.php?id=','(paiement)','payment_supplier'),(1168,637,80,'/dolibarr/fourn/card.php?socid=','Entreprise TM et frères','company'),(1169,638,518,'/dolibarr/fourn/paiement/card.php?id=','(paiement)','payment_supplier'),(1170,638,50,'/dolibarr/fourn/card.php?socid=','PRESTATAIRE AUTRE','company'),(1173,640,520,'/dolibarr/fourn/paiement/card.php?id=','(paiement)','payment_supplier'),(1174,640,10,'/dolibarr/fourn/card.php?socid=','TELEPHONIE','company'),(1175,641,521,'/dolibarr/fourn/paiement/card.php?id=','(paiement)','payment_supplier'),(1176,641,14,'/dolibarr/fourn/card.php?socid=','CARBURANT','company'),(1177,642,522,'/dolibarr/fourn/paiement/card.php?id=','(paiement)','payment_supplier'),(1178,642,9,'/dolibarr/fourn/card.php?socid=','MARCHE','company'),(1179,643,523,'/dolibarr/fourn/paiement/card.php?id=','(paiement)','payment_supplier'),(1180,643,54,'/dolibarr/fourn/card.php?socid=','PRESTATAIRE TRANSPORT','company'),(1181,644,524,'/dolibarr/fourn/paiement/card.php?id=','(paiement)','payment_supplier'),(1182,644,51,'/dolibarr/fourn/card.php?socid=','PRESTATAIRE SANTE','company'),(1183,645,525,'/dolibarr/fourn/paiement/card.php?id=','(paiement)','payment_supplier'),(1184,645,10,'/dolibarr/fourn/card.php?socid=','TELEPHONIE','company'),(1185,646,526,'/dolibarr/fourn/paiement/card.php?id=','(paiement)','payment_supplier'),(1186,646,24,'/dolibarr/fourn/card.php?socid=','MT-SOLUTIONS','company'),(1187,647,527,'/dolibarr/fourn/paiement/card.php?id=','(paiement)','payment_supplier'),(1188,647,79,'/dolibarr/fourn/card.php?socid=','Maitre Youssouf Diallo','company'),(1189,648,528,'/dolibarr/fourn/paiement/card.php?id=','(paiement)','payment_supplier'),(1190,648,78,'/dolibarr/fourn/card.php?socid=','Maitre Ahmadou Diallo','company'),(1191,649,529,'/dolibarr/fourn/paiement/card.php?id=','(paiement)','payment_supplier'),(1192,649,14,'/dolibarr/fourn/card.php?socid=','CARBURANT','company'),(1193,650,530,'/dolibarr/fourn/paiement/card.php?id=','(paiement)','payment_supplier'),(1194,650,74,'/dolibarr/fourn/card.php?socid=','FMR','company'),(1195,651,531,'/dolibarr/fourn/paiement/card.php?id=','(paiement)','payment_supplier'),(1196,651,10,'/dolibarr/fourn/card.php?socid=','TELEPHONIE','company'),(1197,652,532,'/dolibarr/fourn/paiement/card.php?id=','(paiement)','payment_supplier'),(1198,652,14,'/dolibarr/fourn/card.php?socid=','CARBURANT','company'),(1199,653,533,'/dolibarr/fourn/paiement/card.php?id=','(paiement)','payment_supplier'),(1200,653,10,'/dolibarr/fourn/card.php?socid=','TELEPHONIE','company'),(1203,655,535,'/dolibarr/fourn/paiement/card.php?id=','(paiement)','payment_supplier'),(1204,655,54,'/dolibarr/fourn/card.php?socid=','PRESTATAIRE TRANSPORT','company'),(1205,656,536,'/dolibarr/fourn/paiement/card.php?id=','(paiement)','payment_supplier'),(1206,656,14,'/dolibarr/fourn/card.php?socid=','CARBURANT','company'),(1207,657,537,'/dolibarr/fourn/paiement/card.php?id=','(paiement)','payment_supplier'),(1208,657,54,'/dolibarr/fourn/card.php?socid=','PRESTATAIRE TRANSPORT','company'),(1209,658,538,'/dolibarr/fourn/paiement/card.php?id=','(paiement)','payment_supplier'),(1210,658,9,'/dolibarr/fourn/card.php?socid=','MARCHE','company'),(1211,659,660,'/dolibarr/compta/bank/ligne.php?rowid=','(banktransfert)','banktransfert'),(1212,660,659,'/dolibarr/compta/bank/ligne.php?rowid=','(banktransfert)','banktransfert'),(1213,661,539,'/dolibarr/fourn/paiement/card.php?id=','(paiement)','payment_supplier'),(1214,661,9,'/dolibarr/fourn/card.php?socid=','MARCHE','company'),(1215,662,540,'/dolibarr/fourn/paiement/card.php?id=','(paiement)','payment_supplier'),(1216,662,54,'/dolibarr/fourn/card.php?socid=','PRESTATAIRE TRANSPORT','company'),(1217,663,541,'/dolibarr/fourn/paiement/card.php?id=','(paiement)','payment_supplier'),(1218,663,9,'/dolibarr/fourn/card.php?socid=','MARCHE','company'),(1219,664,542,'/dolibarr/fourn/paiement/card.php?id=','(paiement)','payment_supplier'),(1220,664,54,'/dolibarr/fourn/card.php?socid=','PRESTATAIRE TRANSPORT','company'),(1221,665,543,'/dolibarr/fourn/paiement/card.php?id=','(paiement)','payment_supplier'),(1222,665,52,'/dolibarr/fourn/card.php?socid=','RESTAURATION RAPIDE','company'),(1223,666,544,'/dolibarr/fourn/paiement/card.php?id=','(paiement)','payment_supplier'),(1224,666,50,'/dolibarr/fourn/card.php?socid=','PRESTATAIRE AUTRE','company'),(1225,667,545,'/dolibarr/fourn/paiement/card.php?id=','(paiement)','payment_supplier'),(1226,667,54,'/dolibarr/fourn/card.php?socid=','PRESTATAIRE TRANSPORT','company'),(1227,668,546,'/dolibarr/fourn/paiement/card.php?id=','(paiement)','payment_supplier'),(1228,668,10,'/dolibarr/fourn/card.php?socid=','TELEPHONIE','company'),(1229,669,547,'/dolibarr/fourn/paiement/card.php?id=','(paiement)','payment_supplier'),(1230,669,10,'/dolibarr/fourn/card.php?socid=','TELEPHONIE','company'),(1231,670,548,'/dolibarr/fourn/paiement/card.php?id=','(paiement)','payment_supplier'),(1232,670,14,'/dolibarr/fourn/card.php?socid=','CARBURANT','company'),(1233,671,549,'/dolibarr/fourn/paiement/card.php?id=','(paiement)','payment_supplier'),(1234,671,14,'/dolibarr/fourn/card.php?socid=','CARBURANT','company'),(1235,672,550,'/dolibarr/fourn/paiement/card.php?id=','(paiement)','payment_supplier'),(1236,672,24,'/dolibarr/fourn/card.php?socid=','MT-SOLUTIONS','company'),(1237,673,551,'/dolibarr/fourn/paiement/card.php?id=','(paiement)','payment_supplier'),(1238,673,9,'/dolibarr/fourn/card.php?socid=','MARCHE','company'),(1239,674,552,'/dolibarr/fourn/paiement/card.php?id=','(paiement)','payment_supplier'),(1240,674,10,'/dolibarr/fourn/card.php?socid=','TELEPHONIE','company'),(1241,675,553,'/dolibarr/fourn/paiement/card.php?id=','(paiement)','payment_supplier'),(1242,675,10,'/dolibarr/fourn/card.php?socid=','TELEPHONIE','company'),(1243,676,554,'/dolibarr/fourn/paiement/card.php?id=','(paiement)','payment_supplier'),(1244,676,14,'/dolibarr/fourn/card.php?socid=','CARBURANT','company'),(1245,677,555,'/dolibarr/fourn/paiement/card.php?id=','(paiement)','payment_supplier'),(1246,677,24,'/dolibarr/fourn/card.php?socid=','MT-SOLUTIONS','company'),(1247,678,556,'/dolibarr/fourn/paiement/card.php?id=','(paiement)','payment_supplier'),(1248,678,9,'/dolibarr/fourn/card.php?socid=','MARCHE','company'),(1249,679,557,'/dolibarr/fourn/paiement/card.php?id=','(paiement)','payment_supplier'),(1250,679,9,'/dolibarr/fourn/card.php?socid=','MARCHE','company'),(1251,680,558,'/dolibarr/fourn/paiement/card.php?id=','(paiement)','payment_supplier'),(1252,680,9,'/dolibarr/fourn/card.php?socid=','MARCHE','company'),(1253,681,559,'/dolibarr/fourn/paiement/card.php?id=','(paiement)','payment_supplier'),(1254,681,9,'/dolibarr/fourn/card.php?socid=','MARCHE','company'),(1255,682,560,'/dolibarr/fourn/paiement/card.php?id=','(paiement)','payment_supplier'),(1256,682,46,'/dolibarr/fourn/card.php?socid=','PRESTATAIRE CARRELEUR','company'),(1257,683,561,'/dolibarr/fourn/paiement/card.php?id=','(paiement)','payment_supplier'),(1258,683,46,'/dolibarr/fourn/card.php?socid=','PRESTATAIRE CARRELEUR','company'),(1259,684,51,'/dolibarr/compta/paiement/card.php?id=','(paiement)','payment'),(1260,684,40,'/dolibarr/comm/card.php?socid=','CAPAGO GUINEE','company'),(1261,685,52,'/dolibarr/compta/paiement/card.php?id=','(paiement)','payment'),(1262,685,40,'/dolibarr/comm/card.php?socid=','CAPAGO GUINEE','company'),(1265,688,562,'/dolibarr/fourn/paiement/card.php?id=','(paiement)','payment_supplier'),(1266,688,48,'/dolibarr/fourn/card.php?socid=','PRESTATIARE PLOMBIER','company'),(1267,689,563,'/dolibarr/fourn/paiement/card.php?id=','(paiement)','payment_supplier'),(1268,689,50,'/dolibarr/fourn/card.php?socid=','PRESTATAIRE AUTRE','company'),(1269,690,564,'/dolibarr/fourn/paiement/card.php?id=','(paiement)','payment_supplier'),(1270,690,50,'/dolibarr/fourn/card.php?socid=','PRESTATAIRE AUTRE','company'),(1271,691,565,'/dolibarr/fourn/paiement/card.php?id=','(paiement)','payment_supplier'),(1272,691,67,'/dolibarr/fourn/card.php?socid=','Wi Max','company'),(1273,692,566,'/dolibarr/fourn/paiement/card.php?id=','(paiement)','payment_supplier'),(1274,692,3,'/dolibarr/fourn/card.php?socid=','EMMANUEL BOU','company'),(1275,693,567,'/dolibarr/fourn/paiement/card.php?id=','(paiement)','payment_supplier'),(1276,693,52,'/dolibarr/fourn/card.php?socid=','RESTAURATION RAPIDE','company'),(1277,694,568,'/dolibarr/fourn/paiement/card.php?id=','(paiement)','payment_supplier'),(1278,694,14,'/dolibarr/fourn/card.php?socid=','CARBURANT','company'),(1279,695,569,'/dolibarr/fourn/paiement/card.php?id=','(paiement)','payment_supplier'),(1280,695,51,'/dolibarr/fourn/card.php?socid=','PRESTATAIRE SANTE','company'),(1281,696,570,'/dolibarr/fourn/paiement/card.php?id=','(paiement)','payment_supplier'),(1282,696,10,'/dolibarr/fourn/card.php?socid=','TELEPHONIE','company'),(1283,697,571,'/dolibarr/fourn/paiement/card.php?id=','(paiement)','payment_supplier'),(1284,697,10,'/dolibarr/fourn/card.php?socid=','TELEPHONIE','company'),(1285,698,572,'/dolibarr/fourn/paiement/card.php?id=','(paiement)','payment_supplier'),(1286,698,9,'/dolibarr/fourn/card.php?socid=','MARCHE','company'),(1287,699,573,'/dolibarr/fourn/paiement/card.php?id=','(paiement)','payment_supplier'),(1288,699,10,'/dolibarr/fourn/card.php?socid=','TELEPHONIE','company'),(1289,700,574,'/dolibarr/fourn/paiement/card.php?id=','(paiement)','payment_supplier'),(1290,700,51,'/dolibarr/fourn/card.php?socid=','PRESTATAIRE SANTE','company'),(1291,701,575,'/dolibarr/fourn/paiement/card.php?id=','(paiement)','payment_supplier'),(1292,701,47,'/dolibarr/fourn/card.php?socid=','PRESTATAIRE MACON','company'),(1293,702,576,'/dolibarr/fourn/paiement/card.php?id=','(paiement)','payment_supplier'),(1294,702,11,'/dolibarr/fourn/card.php?socid=','PRESTATAIRE MÉNAGE','company'),(1295,703,577,'/dolibarr/fourn/paiement/card.php?id=','(paiement)','payment_supplier'),(1296,703,54,'/dolibarr/fourn/card.php?socid=','PRESTATAIRE TRANSPORT','company'),(1297,704,578,'/dolibarr/fourn/paiement/card.php?id=','(paiement)','payment_supplier'),(1298,704,9,'/dolibarr/fourn/card.php?socid=','MARCHE','company'),(1299,705,579,'/dolibarr/fourn/paiement/card.php?id=','(paiement)','payment_supplier'),(1300,705,54,'/dolibarr/fourn/card.php?socid=','PRESTATAIRE TRANSPORT','company'),(1301,706,580,'/dolibarr/fourn/paiement/card.php?id=','(paiement)','payment_supplier'),(1302,706,14,'/dolibarr/fourn/card.php?socid=','CARBURANT','company'),(1303,707,581,'/dolibarr/fourn/paiement/card.php?id=','(paiement)','payment_supplier'),(1304,707,14,'/dolibarr/fourn/card.php?socid=','CARBURANT','company'),(1305,708,582,'/dolibarr/fourn/paiement/card.php?id=','(paiement)','payment_supplier'),(1306,708,76,'/dolibarr/fourn/card.php?socid=','Banque','company'),(1307,709,583,'/dolibarr/fourn/paiement/card.php?id=','(paiement)','payment_supplier'),(1308,709,76,'/dolibarr/fourn/card.php?socid=','Banque','company'),(1309,710,584,'/dolibarr/fourn/paiement/card.php?id=','(paiement)','payment_supplier'),(1310,710,9,'/dolibarr/fourn/card.php?socid=','MARCHE','company'),(1311,711,585,'/dolibarr/fourn/paiement/card.php?id=','(paiement)','payment_supplier'),(1312,711,14,'/dolibarr/fourn/card.php?socid=','CARBURANT','company'),(1313,712,586,'/dolibarr/fourn/paiement/card.php?id=','(paiement)','payment_supplier'),(1314,712,24,'/dolibarr/fourn/card.php?socid=','MT-SOLUTIONS','company'),(1315,713,587,'/dolibarr/fourn/paiement/card.php?id=','(paiement)','payment_supplier'),(1316,713,54,'/dolibarr/fourn/card.php?socid=','PRESTATAIRE TRANSPORT','company'),(1317,714,588,'/dolibarr/fourn/paiement/card.php?id=','(paiement)','payment_supplier'),(1318,714,11,'/dolibarr/fourn/card.php?socid=','PRESTATAIRE MÉNAGE','company');

--
-- Table structure for table `llx_blockedlog`
--

CREATE TABLE `llx_blockedlog` (
  `rowid` int(11) NOT NULL AUTO_INCREMENT,
  `entity` int(11) NOT NULL DEFAULT '1',
  `date_creation` datetime DEFAULT NULL,
  `tms` timestamp NOT NULL DEFAULT CURRENT_TIMESTAMP ON UPDATE CURRENT_TIMESTAMP,
  `action` varchar(50) COLLATE utf8_unicode_ci DEFAULT NULL,
  `amounts` double(24,8) NOT NULL,
  `element` varchar(50) COLLATE utf8_unicode_ci DEFAULT NULL,
  `fk_user` int(11) DEFAULT NULL,
  `user_fullname` varchar(255) COLLATE utf8_unicode_ci DEFAULT NULL,
  `fk_object` int(11) DEFAULT NULL,
  `ref_object` varchar(255) COLLATE utf8_unicode_ci DEFAULT NULL,
  `date_object` datetime DEFAULT NULL,
  `signature` varchar(100) COLLATE utf8_unicode_ci NOT NULL,
  `signature_line` varchar(100) COLLATE utf8_unicode_ci NOT NULL,
  `object_data` text COLLATE utf8_unicode_ci,
  `certified` int(11) DEFAULT NULL,
  PRIMARY KEY (`rowid`),
  KEY `signature` (`signature`),
  KEY `fk_object_element` (`fk_object`,`element`),
  KEY `entity` (`entity`),
  KEY `fk_user` (`fk_user`),
  KEY `entity_action` (`entity`,`action`),
  KEY `entity_action_certified` (`entity`,`action`,`certified`)
) ENGINE=InnoDB DEFAULT CHARSET=utf8 COLLATE=utf8_unicode_ci;

--
-- Dumping data for table `llx_blockedlog`
--


--
-- Table structure for table `llx_blockedlog_authority`
--

CREATE TABLE `llx_blockedlog_authority` (
  `rowid` int(11) NOT NULL AUTO_INCREMENT,
  `blockchain` longtext COLLATE utf8_unicode_ci NOT NULL,
  `signature` varchar(100) COLLATE utf8_unicode_ci NOT NULL,
  `tms` timestamp NOT NULL DEFAULT CURRENT_TIMESTAMP ON UPDATE CURRENT_TIMESTAMP,
  PRIMARY KEY (`rowid`),
  KEY `signature` (`signature`)
) ENGINE=InnoDB DEFAULT CHARSET=utf8 COLLATE=utf8_unicode_ci;

--
-- Dumping data for table `llx_blockedlog_authority`
--


--
-- Table structure for table `llx_bookmark`
--

CREATE TABLE `llx_bookmark` (
  `rowid` int(11) NOT NULL AUTO_INCREMENT,
  `fk_user` int(11) NOT NULL,
  `dateb` datetime DEFAULT NULL,
  `url` varchar(255) COLLATE utf8_unicode_ci NOT NULL,
  `target` varchar(16) COLLATE utf8_unicode_ci DEFAULT NULL,
  `title` varchar(64) COLLATE utf8_unicode_ci DEFAULT NULL,
  `favicon` varchar(24) COLLATE utf8_unicode_ci DEFAULT NULL,
  `position` int(11) DEFAULT '0',
  `entity` int(11) NOT NULL DEFAULT '1',
  PRIMARY KEY (`rowid`),
  UNIQUE KEY `uk_bookmark_url` (`fk_user`,`url`),
  UNIQUE KEY `uk_bookmark_title` (`fk_user`,`title`)
) ENGINE=InnoDB DEFAULT CHARSET=utf8 COLLATE=utf8_unicode_ci;

--
-- Dumping data for table `llx_bookmark`
--


--
-- Table structure for table `llx_bordereau_cheque`
--

CREATE TABLE `llx_bordereau_cheque` (
  `rowid` int(11) NOT NULL AUTO_INCREMENT,
  `ref` varchar(30) COLLATE utf8_unicode_ci NOT NULL,
  `ref_ext` varchar(255) COLLATE utf8_unicode_ci DEFAULT NULL,
  `datec` datetime NOT NULL,
  `date_bordereau` date DEFAULT NULL,
  `amount` double(24,8) NOT NULL,
  `nbcheque` smallint(6) NOT NULL,
  `fk_bank_account` int(11) DEFAULT NULL,
  `fk_user_author` int(11) DEFAULT NULL,
  `statut` smallint(6) NOT NULL DEFAULT '0',
  `tms` timestamp NOT NULL DEFAULT CURRENT_TIMESTAMP ON UPDATE CURRENT_TIMESTAMP,
  `note` text COLLATE utf8_unicode_ci,
  `entity` int(11) NOT NULL DEFAULT '1',
  PRIMARY KEY (`rowid`),
  UNIQUE KEY `uk_bordereau_cheque` (`ref`,`entity`)
) ENGINE=InnoDB AUTO_INCREMENT=2 DEFAULT CHARSET=utf8 COLLATE=utf8_unicode_ci;

--
-- Dumping data for table `llx_bordereau_cheque`
--

INSERT INTO `llx_bordereau_cheque` (`rowid`, `ref`, `ref_ext`, `datec`, `date_bordereau`, `amount`, `nbcheque`, `fk_bank_account`, `fk_user_author`, `statut`, `tms`, `note`, `entity`) VALUES (1,'CHK1903-0001','','2019-03-04 15:48:40','2019-03-04',469051234.00000000,8,1,2,1,'2019-03-04 15:49:06',NULL,1);

--
-- Table structure for table `llx_boxes`
--

CREATE TABLE `llx_boxes` (
  `rowid` int(11) NOT NULL AUTO_INCREMENT,
  `entity` int(11) NOT NULL DEFAULT '1',
  `box_id` int(11) NOT NULL,
  `position` smallint(6) NOT NULL,
  `box_order` varchar(3) COLLATE utf8_unicode_ci NOT NULL,
  `fk_user` int(11) NOT NULL DEFAULT '0',
  `maxline` int(11) DEFAULT NULL,
  `params` varchar(255) COLLATE utf8_unicode_ci DEFAULT NULL,
  PRIMARY KEY (`rowid`),
  UNIQUE KEY `uk_boxes` (`entity`,`box_id`,`position`,`fk_user`),
  KEY `idx_boxes_boxid` (`box_id`),
  KEY `idx_boxes_fk_user` (`fk_user`),
  CONSTRAINT `fk_boxes_box_id` FOREIGN KEY (`box_id`) REFERENCES `llx_boxes_def` (`rowid`)
) ENGINE=InnoDB AUTO_INCREMENT=31 DEFAULT CHARSET=utf8 COLLATE=utf8_unicode_ci;

--
-- Dumping data for table `llx_boxes`
--

INSERT INTO `llx_boxes` (`rowid`, `entity`, `box_id`, `position`, `box_order`, `fk_user`, `maxline`, `params`) VALUES (1,1,1,0,'A01',0,NULL,NULL),(2,1,2,0,'A15',0,NULL,NULL),(3,1,3,0,'B16',0,NULL,NULL),(4,1,4,0,'A17',0,NULL,NULL),(5,1,5,0,'B18',0,NULL,NULL),(6,1,6,0,'A19',0,NULL,NULL),(7,1,7,0,'B20',0,NULL,NULL),(8,1,8,0,'A21',0,NULL,NULL),(9,1,9,0,'B22',0,NULL,NULL),(10,1,10,0,'A23',0,NULL,NULL),(11,1,11,0,'B24',0,NULL,NULL),(12,1,12,0,'B14',0,NULL,NULL),(13,1,13,0,'A13',0,NULL,NULL),(14,1,14,0,'B12',0,NULL,NULL),(15,1,15,0,'B02',0,NULL,NULL),(16,1,16,0,'A03',0,NULL,NULL),(17,1,17,0,'B04',0,NULL,NULL),(18,1,18,0,'A05',0,NULL,NULL),(19,1,19,0,'B06',0,NULL,NULL),(20,1,20,0,'A07',0,NULL,NULL),(21,1,21,0,'B08',0,NULL,NULL),(22,1,22,0,'A09',0,NULL,NULL),(23,1,23,0,'B10',0,NULL,NULL),(24,1,24,0,'A11',0,NULL,NULL),(25,1,25,0,'A25',0,NULL,NULL),(26,1,26,0,'0',0,NULL,NULL),(27,1,27,0,'0',0,NULL,NULL),(28,1,28,0,'0',0,NULL,NULL),(29,1,29,0,'0',0,NULL,NULL),(30,1,30,0,'0',0,NULL,NULL);

--
-- Table structure for table `llx_boxes_def`
--

CREATE TABLE `llx_boxes_def` (
  `rowid` int(11) NOT NULL AUTO_INCREMENT,
  `file` varchar(200) COLLATE utf8_unicode_ci NOT NULL,
  `entity` int(11) NOT NULL DEFAULT '1',
  `tms` timestamp NOT NULL DEFAULT CURRENT_TIMESTAMP ON UPDATE CURRENT_TIMESTAMP,
  `note` varchar(130) COLLATE utf8_unicode_ci DEFAULT NULL,
  PRIMARY KEY (`rowid`),
  UNIQUE KEY `uk_boxes_def` (`file`,`entity`,`note`)
) ENGINE=InnoDB AUTO_INCREMENT=31 DEFAULT CHARSET=utf8 COLLATE=utf8_unicode_ci;

--
-- Dumping data for table `llx_boxes_def`
--

INSERT INTO `llx_boxes_def` (`rowid`, `file`, `entity`, `tms`, `note`) VALUES (1,'box_lastlogin.php',1,'2019-01-14 14:21:07',NULL),(2,'box_clients.php',1,'2019-01-14 15:34:29',NULL),(3,'box_prospect.php',1,'2019-01-14 15:34:29',NULL),(4,'box_contacts.php',1,'2019-01-14 15:34:29',NULL),(5,'box_activity.php',1,'2019-01-14 15:34:29','(WarningUsingThisBoxSlowDown)'),(6,'box_goodcustomers.php',1,'2019-01-14 15:34:29','(WarningUsingThisBoxSlowDown)'),(7,'box_graph_propales_permonth.php',1,'2019-01-14 15:34:36',NULL),(8,'box_propales.php',1,'2019-01-14 15:34:36',NULL),(9,'box_graph_invoices_supplier_permonth.php',1,'2019-01-14 15:35:25',NULL),(10,'box_graph_orders_supplier_permonth.php',1,'2019-01-14 15:35:25',NULL),(11,'box_fournisseurs.php',1,'2019-01-14 15:35:25',NULL),(12,'box_factures_fourn_imp.php',1,'2019-01-14 15:35:25',NULL),(13,'box_factures_fourn.php',1,'2019-01-14 15:35:25',NULL),(14,'box_supplier_orders.php',1,'2019-01-14 15:35:25',NULL),(15,'box_factures_imp.php',1,'2019-01-14 15:35:45',NULL),(16,'box_factures.php',1,'2019-01-14 15:35:45',NULL),(17,'box_graph_invoices_permonth.php',1,'2019-01-14 15:35:45',NULL),(18,'box_comptes.php',1,'2019-01-14 15:36:23',NULL),(19,'box_produits.php',1,'2019-01-14 15:36:48',NULL),(20,'box_produits_alerte_stock.php',1,'2019-01-14 15:36:48',NULL),(21,'box_graph_product_distribution.php',1,'2019-01-14 15:36:48',NULL),(22,'box_services_contracts.php',1,'2019-01-14 15:37:23',NULL),(23,'box_project.php',1,'2019-01-21 18:21:05',NULL),(24,'box_task.php',1,'2019-01-21 18:21:05',NULL),(25,'box_actions.php',1,'2019-01-21 18:21:14',NULL),(26,'box_ficheinter.php',1,'2019-07-02 19:52:08',NULL),(27,'box_contracts.php',1,'2019-07-02 19:58:25',NULL),(28,'box_services_expired.php',1,'2019-07-02 19:58:25',NULL),(29,'box_last_ticketsup@ticketsup',1,'2019-07-26 13:02:31',NULL),(30,'box_last_modified_ticketsup@ticketsup',1,'2019-07-26 13:02:31',NULL);

--
-- Table structure for table `llx_budget`
--

CREATE TABLE `llx_budget` (
  `rowid` int(11) NOT NULL AUTO_INCREMENT,
  `entity` int(11) NOT NULL DEFAULT '1',
  `label` varchar(255) COLLATE utf8_unicode_ci NOT NULL,
  `status` int(11) DEFAULT NULL,
  `note` text COLLATE utf8_unicode_ci,
  `date_start` date DEFAULT NULL,
  `date_end` date DEFAULT NULL,
  `datec` datetime DEFAULT NULL,
  `tms` timestamp NOT NULL DEFAULT CURRENT_TIMESTAMP ON UPDATE CURRENT_TIMESTAMP,
  `fk_user_creat` int(11) DEFAULT NULL,
  `fk_user_modif` int(11) DEFAULT NULL,
  `import_key` int(11) DEFAULT NULL,
  PRIMARY KEY (`rowid`)
) ENGINE=InnoDB DEFAULT CHARSET=utf8 COLLATE=utf8_unicode_ci;

--
-- Dumping data for table `llx_budget`
--


--
-- Table structure for table `llx_budget_lines`
--

CREATE TABLE `llx_budget_lines` (
  `rowid` int(11) NOT NULL AUTO_INCREMENT,
  `fk_budget` int(11) NOT NULL,
  `fk_project_ids` varchar(180) COLLATE utf8_unicode_ci NOT NULL,
  `amount` double(24,8) NOT NULL,
  `datec` datetime DEFAULT NULL,
  `tms` timestamp NOT NULL DEFAULT CURRENT_TIMESTAMP ON UPDATE CURRENT_TIMESTAMP,
  `fk_user_creat` int(11) DEFAULT NULL,
  `fk_user_modif` int(11) DEFAULT NULL,
  `import_key` int(11) DEFAULT NULL,
  PRIMARY KEY (`rowid`),
  UNIQUE KEY `uk_budget_lines` (`fk_budget`,`fk_project_ids`),
  CONSTRAINT `fk_budget_lines_budget` FOREIGN KEY (`fk_budget`) REFERENCES `llx_budget` (`rowid`)
) ENGINE=InnoDB DEFAULT CHARSET=utf8 COLLATE=utf8_unicode_ci;

--
-- Dumping data for table `llx_budget_lines`
--


--
-- Table structure for table `llx_c_accounting_category`
--

CREATE TABLE `llx_c_accounting_category` (
  `rowid` int(11) NOT NULL AUTO_INCREMENT,
  `entity` int(11) NOT NULL DEFAULT '1',
  `code` varchar(16) COLLATE utf8_unicode_ci NOT NULL,
  `label` varchar(255) COLLATE utf8_unicode_ci NOT NULL,
  `range_account` varchar(255) COLLATE utf8_unicode_ci NOT NULL,
  `sens` tinyint(4) NOT NULL DEFAULT '0',
  `category_type` tinyint(4) NOT NULL DEFAULT '0',
  `formula` varchar(255) COLLATE utf8_unicode_ci NOT NULL,
  `position` int(11) DEFAULT '0',
  `fk_country` int(11) DEFAULT NULL,
  `active` int(11) DEFAULT '1',
  PRIMARY KEY (`rowid`),
  UNIQUE KEY `uk_c_accounting_category` (`code`,`entity`)
) ENGINE=InnoDB AUTO_INCREMENT=4 DEFAULT CHARSET=utf8 COLLATE=utf8_unicode_ci;

--
-- Dumping data for table `llx_c_accounting_category`
--

INSERT INTO `llx_c_accounting_category` (`rowid`, `entity`, `code`, `label`, `range_account`, `sens`, `category_type`, `formula`, `position`, `fk_country`, `active`) VALUES (1,1,'INCOMES','Income of products/services','Example: 7xxxxx',0,0,'',10,0,1),(2,1,'EXPENSES','Expenses of products/services','Example: 6xxxxx',0,0,'',20,0,1),(3,1,'PROFIT','Balance','',0,1,'INCOMES+EXPENSES',30,0,1);

--
-- Table structure for table `llx_c_action_trigger`
--

CREATE TABLE `llx_c_action_trigger` (
  `rowid` int(11) NOT NULL AUTO_INCREMENT,
  `elementtype` varchar(24) COLLATE utf8_unicode_ci NOT NULL,
  `code` varchar(32) COLLATE utf8_unicode_ci NOT NULL,
  `label` varchar(128) COLLATE utf8_unicode_ci NOT NULL,
  `description` varchar(255) COLLATE utf8_unicode_ci DEFAULT NULL,
  `rang` int(11) DEFAULT '0',
  PRIMARY KEY (`rowid`),
  UNIQUE KEY `uk_action_trigger_code` (`code`),
  KEY `idx_action_trigger_rang` (`rang`)
) ENGINE=InnoDB AUTO_INCREMENT=67 DEFAULT CHARSET=utf8 COLLATE=utf8_unicode_ci;

--
-- Dumping data for table `llx_c_action_trigger`
--

INSERT INTO `llx_c_action_trigger` (`rowid`, `elementtype`, `code`, `label`, `description`, `rang`) VALUES (1,'societe','COMPANY_CREATE','Third party created','Executed when a third party is created',1),(2,'societe','COMPANY_SENTBYMAIL','Mails sent from third party card','Executed when you send email from third party card',1),(3,'propal','PROPAL_VALIDATE','Customer proposal validated','Executed when a commercial proposal is validated',2),(4,'propal','PROPAL_SENTBYMAIL','Commercial proposal sent by mail','Executed when a commercial proposal is sent by mail',3),(5,'propal','PROPAL_CLOSE_SIGNED','Customer proposal closed signed','Executed when a customer proposal is closed signed',2),(6,'propal','PROPAL_CLOSE_REFUSED','Customer proposal closed refused','Executed when a customer proposal is closed refused',2),(7,'propal','PROPAL_CLASSIFY_BILLED','Customer proposal set billed','Executed when a customer proposal is set to billed',2),(8,'commande','ORDER_VALIDATE','Customer order validate','Executed when a customer order is validated',4),(9,'commande','ORDER_CLOSE','Customer order classify delivered','Executed when a customer order is set delivered',5),(10,'commande','ORDER_CLASSIFY_BILLED','Customer order classify billed','Executed when a customer order is set to billed',5),(11,'commande','ORDER_CANCEL','Customer order canceled','Executed when a customer order is canceled',5),(12,'commande','ORDER_SENTBYMAIL','Customer order sent by mail','Executed when a customer order is sent by mail ',5),(13,'facture','BILL_VALIDATE','Customer invoice validated','Executed when a customer invoice is approved',6),(14,'facture','BILL_PAYED','Customer invoice payed','Executed when a customer invoice is payed',7),(15,'facture','BILL_CANCEL','Customer invoice canceled','Executed when a customer invoice is conceled',8),(16,'facture','BILL_SENTBYMAIL','Customer invoice sent by mail','Executed when a customer invoice is sent by mail',9),(17,'facture','BILL_UNVALIDATE','Customer invoice unvalidated','Executed when a customer invoice status set back to draft',9),(18,'proposal_supplier','PROPOSAL_SUPPLIER_VALIDATE','Price request validated','Executed when a commercial proposal is validated',10),(19,'proposal_supplier','PROPOSAL_SUPPLIER_SENTBYMAIL','Price request sent by mail','Executed when a commercial proposal is sent by mail',10),(20,'proposal_supplier','PROPOSAL_SUPPLIER_CLOSE_SIGNED','Price request closed signed','Executed when a customer proposal is closed signed',10),(21,'proposal_supplier','PROPOSAL_SUPPLIER_CLOSE_REFUSED','Price request closed refused','Executed when a customer proposal is closed refused',10),(22,'order_supplier','ORDER_SUPPLIER_VALIDATE','Supplier order validated','Executed when a supplier order is validated',12),(23,'order_supplier','ORDER_SUPPLIER_APPROVE','Supplier order request approved','Executed when a supplier order is approved',13),(24,'order_supplier','ORDER_SUPPLIER_SUBMIT','Supplier order request submited','Executed when a supplier order is approved',13),(25,'order_supplier','ORDER_SUPPLIER_RECEIVE','Supplier order request received','Executed when a supplier order is received',13),(26,'order_supplier','ORDER_SUPPLIER_REFUSE','Supplier order request refused','Executed when a supplier order is refused',13),(27,'order_supplier','ORDER_SUPPLIER_SENTBYMAIL','Supplier order sent by mail','Executed when a supplier order is sent by mail',14),(28,'order_supplier','ORDER_SUPPLIER_CLASSIFY_BILLED','Supplier order set billed','Executed when a supplier order is set as billed',14),(29,'invoice_supplier','BILL_SUPPLIER_VALIDATE','Supplier invoice validated','Executed when a supplier invoice is validated',15),(30,'invoice_supplier','BILL_SUPPLIER_UNVALIDATE','Supplier invoice unvalidated','Executed when a supplier invoice status is set back to draft',15),(31,'invoice_supplier','BILL_SUPPLIER_PAYED','Supplier invoice payed','Executed when a supplier invoice is payed',16),(32,'invoice_supplier','BILL_SUPPLIER_SENTBYMAIL','Supplier invoice sent by mail','Executed when a supplier invoice is sent by mail',17),(33,'invoice_supplier','BILL_SUPPLIER_CANCELED','Supplier invoice cancelled','Executed when a supplier invoice is cancelled',17),(34,'contrat','CONTRACT_VALIDATE','Contract validated','Executed when a contract is validated',18),(35,'contrat','CONTRACT_SENTBYMAIL','Contract sent by mail','Executed when a contract is sent by mail',18),(36,'shipping','SHIPPING_VALIDATE','Shipping validated','Executed when a shipping is validated',20),(37,'shipping','SHIPPING_SENTBYMAIL','Shipping sent by mail','Executed when a shipping is sent by mail',21),(38,'member','MEMBER_VALIDATE','Member validated','Executed when a member is validated',22),(39,'member','MEMBER_SENTBYMAIL','Mails sent from member card','Executed when you send email from member card',23),(40,'member','MEMBER_SUBSCRIPTION_CREATE','Member subscribtion recorded','Executed when a member subscribtion is deleted',24),(41,'member','MEMBER_SUBSCRIPTION_MODIFY','Member subscribtion modified','Executed when a member subscribtion is modified',24),(42,'member','MEMBER_SUBSCRIPTION_DELETE','Member subscribtion deleted','Executed when a member subscribtion is deleted',24),(43,'member','MEMBER_RESILIATE','Member resiliated','Executed when a member is resiliated',25),(44,'member','MEMBER_DELETE','Member deleted','Executed when a member is deleted',26),(45,'ficheinter','FICHINTER_VALIDATE','Intervention validated','Executed when a intervention is validated',30),(46,'ficheinter','FICHINTER_CLASSIFY_BILLED','Intervention set billed','Executed when a intervention is set to billed (when option FICHINTER_CLASSIFY_BILLED is set)',32),(47,'ficheinter','FICHINTER_CLASSIFY_UNBILLED','Intervention set unbilled','Executed when a intervention is set to unbilled (when option FICHINTER_CLASSIFY_BILLED is set)',33),(48,'ficheinter','FICHINTER_REOPEN','Intervention opened','Executed when a intervention is re-opened',34),(49,'ficheinter','FICHINTER_SENTBYMAIL','Intervention sent by mail','Executed when a intervention is sent by mail',35),(50,'product','PRODUCT_CREATE','Product or service created','Executed when a product or sevice is created',40),(51,'product','PRODUCT_DELETE','Product or service deleted','Executed when a product or sevice is deleted',42),(52,'expensereport','EXPENSE_REPORT_CREATE','Expense report created','Executed when an expense report is created',201),(53,'expensereport','EXPENSE_REPORT_VALIDATE','Expense report validated','Executed when an expense report is validated',202),(54,'expensereport','EXPENSE_REPORT_APPROVE','Expense report approved','Executed when an expense report is approved',203),(55,'expensereport','EXPENSE_REPORT_PAYED','Expense report billed','Executed when an expense report is set as billed',204),(56,'project','PROJECT_VALIDATE','Project validation','Executed when a project is validated',141),(57,'project','PROJECT_DELETE','Project deleted','Executed when a project is deleted',143),(58,'product','PRODUCT_MODIFY','Product or service modified','Executed when a product or sevice is modified',41),(59,'member','MEMBER_MODIFY','Member modified','Executed when a member is modified',23),(60,'ficheinter','FICHINTER_MODIFY','Intervention modified','Executed when a intervention is modified',31),(61,'project','PROJECT_CREATE','Project creation','Executed when a project is created',140),(62,'project','PROJECT_MODIFY','Project modified','Executed when a project is modified',142),(63,'project','TASK_CREATE','Task created','Executed when a project task is created',150),(64,'project','TASK_MODIFY','Task modified','Executed when a project task is modified',151),(65,'project','TASK_DELETE','Task deleted','Executed when a project task is deleted',152),(66,'ticketsup','TICKETMESSAGE_SENTBYMAIL','Envoi message de réponse par mail','Executed when a response is made on a ticket',0);

--
-- Table structure for table `llx_c_actioncomm`
--

CREATE TABLE `llx_c_actioncomm` (
  `id` int(11) NOT NULL,
  `code` varchar(12) COLLATE utf8_unicode_ci NOT NULL,
  `type` varchar(50) COLLATE utf8_unicode_ci NOT NULL DEFAULT 'system',
  `libelle` varchar(48) COLLATE utf8_unicode_ci NOT NULL,
  `module` varchar(16) COLLATE utf8_unicode_ci DEFAULT NULL,
  `active` tinyint(4) NOT NULL DEFAULT '1',
  `todo` tinyint(4) DEFAULT NULL,
  `color` varchar(9) COLLATE utf8_unicode_ci DEFAULT NULL,
  `picto` varchar(48) COLLATE utf8_unicode_ci DEFAULT NULL,
  `position` int(11) NOT NULL DEFAULT '0',
  PRIMARY KEY (`id`),
  UNIQUE KEY `uk_c_actioncomm` (`code`)
) ENGINE=InnoDB DEFAULT CHARSET=utf8 COLLATE=utf8_unicode_ci;

--
-- Dumping data for table `llx_c_actioncomm`
--

INSERT INTO `llx_c_actioncomm` (`id`, `code`, `type`, `libelle`, `module`, `active`, `todo`, `color`, `picto`, `position`) VALUES (1,'AC_TEL','system','Phone call',NULL,1,NULL,NULL,NULL,2),(2,'AC_FAX','system','Send Fax',NULL,1,NULL,NULL,NULL,3),(4,'AC_EMAIL','system','Send Email',NULL,1,NULL,NULL,NULL,4),(5,'AC_RDV','system','Rendez-vous',NULL,1,NULL,NULL,NULL,1),(11,'AC_INT','system','Intervention on site',NULL,1,NULL,NULL,NULL,4),(40,'AC_OTH_AUTO','systemauto','Other (automatically inserted events)',NULL,1,NULL,NULL,NULL,20),(50,'AC_OTH','system','Other (manually inserted events)',NULL,1,NULL,NULL,NULL,5);

--
-- Table structure for table `llx_c_availability`
--

CREATE TABLE `llx_c_availability` (
  `rowid` int(11) NOT NULL AUTO_INCREMENT,
  `code` varchar(30) COLLATE utf8_unicode_ci NOT NULL,
  `label` varchar(60) COLLATE utf8_unicode_ci NOT NULL,
  `active` tinyint(4) NOT NULL DEFAULT '1',
  PRIMARY KEY (`rowid`),
  UNIQUE KEY `uk_c_availability` (`code`)
) ENGINE=InnoDB AUTO_INCREMENT=5 DEFAULT CHARSET=utf8 COLLATE=utf8_unicode_ci;

--
-- Dumping data for table `llx_c_availability`
--

INSERT INTO `llx_c_availability` (`rowid`, `code`, `label`, `active`) VALUES (1,'AV_4W','4 semaines',1),(2,'AV_1W','1 week',1),(3,'AV_2W','2 weeks',1),(4,'AV_3W','3 weeks',1);

--
-- Table structure for table `llx_c_barcode_type`
--

CREATE TABLE `llx_c_barcode_type` (
  `rowid` int(11) NOT NULL AUTO_INCREMENT,
  `code` varchar(16) COLLATE utf8_unicode_ci NOT NULL,
  `entity` int(11) NOT NULL DEFAULT '1',
  `libelle` varchar(50) COLLATE utf8_unicode_ci NOT NULL,
  `coder` varchar(16) COLLATE utf8_unicode_ci NOT NULL,
  `example` varchar(16) COLLATE utf8_unicode_ci NOT NULL,
  PRIMARY KEY (`rowid`),
  UNIQUE KEY `uk_c_barcode_type` (`code`,`entity`)
) ENGINE=InnoDB AUTO_INCREMENT=9 DEFAULT CHARSET=utf8 COLLATE=utf8_unicode_ci;

--
-- Dumping data for table `llx_c_barcode_type`
--

INSERT INTO `llx_c_barcode_type` (`rowid`, `code`, `entity`, `libelle`, `coder`, `example`) VALUES (1,'EAN8',1,'EAN8','0','1234567'),(2,'EAN13',1,'EAN13','0','123456789012'),(3,'UPC',1,'UPC','0','123456789012'),(4,'ISBN',1,'ISBN','0','123456789'),(5,'C39',1,'Code 39','0','1234567890'),(6,'C128',1,'Code 128','0','ABCD1234567890'),(7,'DATAMATRIX',1,'Datamatrix','0','1234567xyz'),(8,'QRCODE',1,'Qr Code','tcpdfbarcode','www.dolibarr.org');

--
-- Table structure for table `llx_c_chargesociales`
--

CREATE TABLE `llx_c_chargesociales` (
  `id` int(11) NOT NULL AUTO_INCREMENT,
  `libelle` varchar(80) COLLATE utf8_unicode_ci DEFAULT NULL,
  `deductible` smallint(6) NOT NULL DEFAULT '0',
  `active` tinyint(4) NOT NULL DEFAULT '1',
  `code` varchar(12) COLLATE utf8_unicode_ci NOT NULL,
  `accountancy_code` varchar(32) COLLATE utf8_unicode_ci DEFAULT NULL,
  `fk_pays` int(11) NOT NULL DEFAULT '1',
  `module` varchar(32) COLLATE utf8_unicode_ci DEFAULT NULL,
  PRIMARY KEY (`id`)
) ENGINE=InnoDB AUTO_INCREMENT=4110 DEFAULT CHARSET=utf8 COLLATE=utf8_unicode_ci;

--
-- Dumping data for table `llx_c_chargesociales`
--

INSERT INTO `llx_c_chargesociales` (`id`, `libelle`, `deductible`, `active`, `code`, `accountancy_code`, `fk_pays`, `module`) VALUES (1,'Allocations familiales',1,1,'TAXFAM',NULL,1,NULL),(2,'CSG Deductible',1,1,'TAXCSGD',NULL,1,NULL),(3,'CSG/CRDS NON Deductible',0,1,'TAXCSGND',NULL,1,NULL),(10,'Taxe apprentissage',0,1,'TAXAPP',NULL,1,NULL),(11,'Taxe professionnelle',0,1,'TAXPRO',NULL,1,NULL),(12,'Cotisation fonciere des entreprises',0,1,'TAXCFE',NULL,1,NULL),(13,'Cotisation sur la valeur ajoutee des entreprises',0,1,'TAXCVAE',NULL,1,NULL),(20,'Impots locaux/fonciers',0,1,'TAXFON',NULL,1,NULL),(25,'Impots revenus',0,1,'TAXREV',NULL,1,NULL),(30,'Assurance Sante',0,1,'TAXSECU',NULL,1,NULL),(40,'Mutuelle',0,1,'TAXMUT',NULL,1,NULL),(50,'Assurance vieillesse',0,1,'TAXRET',NULL,1,NULL),(60,'Assurance Chomage',0,1,'TAXCHOM',NULL,1,NULL),(201,'ONSS',1,1,'TAXBEONSS',NULL,2,NULL),(210,'Precompte professionnel',1,1,'TAXBEPREPRO',NULL,2,NULL),(220,'Prime existence',1,1,'TAXBEPRIEXI',NULL,2,NULL),(230,'Precompte immobilier',1,1,'TAXBEPREIMMO',NULL,2,NULL),(4101,'Krankenversicherung',1,1,'TAXATKV',NULL,41,NULL),(4102,'Unfallversicherung',1,1,'TAXATUV',NULL,41,NULL),(4103,'Pensionsversicherung',1,1,'TAXATPV',NULL,41,NULL),(4104,'Arbeitslosenversicherung',1,1,'TAXATAV',NULL,41,NULL),(4105,'Insolvenzentgeltsicherungsfond',1,1,'TAXATIESG',NULL,41,NULL),(4106,'Wohnbauförderung',1,1,'TAXATWF',NULL,41,NULL),(4107,'Arbeiterkammerumlage',1,1,'TAXATAK',NULL,41,NULL),(4108,'Mitarbeitervorsorgekasse',1,1,'TAXATMVK',NULL,41,NULL),(4109,'Familienlastenausgleichsfond',1,1,'TAXATFLAF',NULL,41,NULL);

--
-- Table structure for table `llx_c_civility`
--

CREATE TABLE `llx_c_civility` (
  `rowid` int(11) NOT NULL,
  `code` varchar(6) COLLATE utf8_unicode_ci NOT NULL,
  `label` varchar(50) COLLATE utf8_unicode_ci DEFAULT NULL,
  `active` tinyint(4) NOT NULL DEFAULT '1',
  `module` varchar(32) COLLATE utf8_unicode_ci DEFAULT NULL,
  PRIMARY KEY (`rowid`),
  UNIQUE KEY `uk_c_civility` (`code`)
) ENGINE=InnoDB DEFAULT CHARSET=utf8 COLLATE=utf8_unicode_ci;

--
-- Dumping data for table `llx_c_civility`
--

INSERT INTO `llx_c_civility` (`rowid`, `code`, `label`, `active`, `module`) VALUES (1,'MME','Madame',1,NULL),(3,'MR','Monsieur',1,NULL),(5,'MLE','Mademoiselle',1,NULL),(7,'MTRE','Maître',1,NULL),(8,'DR','Docteur',1,NULL);

--
-- Table structure for table `llx_c_country`
--

CREATE TABLE `llx_c_country` (
  `rowid` int(11) NOT NULL,
  `code` varchar(2) COLLATE utf8_unicode_ci NOT NULL,
  `code_iso` varchar(3) COLLATE utf8_unicode_ci DEFAULT NULL,
  `label` varchar(50) COLLATE utf8_unicode_ci NOT NULL,
  `active` tinyint(4) NOT NULL DEFAULT '1',
  `favorite` tinyint(4) NOT NULL DEFAULT '0',
  PRIMARY KEY (`rowid`),
  UNIQUE KEY `idx_c_country_code` (`code`),
  UNIQUE KEY `idx_c_country_label` (`label`),
  UNIQUE KEY `idx_c_country_code_iso` (`code_iso`)
) ENGINE=InnoDB DEFAULT CHARSET=utf8 COLLATE=utf8_unicode_ci;

--
-- Dumping data for table `llx_c_country`
--

INSERT INTO `llx_c_country` (`rowid`, `code`, `code_iso`, `label`, `active`, `favorite`) VALUES (0,'',NULL,'-',1,1),(1,'FR','FRA','France',1,0),(2,'BE','BEL','Belgium',1,0),(3,'IT','ITA','Italy',1,0),(4,'ES','ESP','Spain',1,0),(5,'DE','DEU','Germany',1,0),(6,'CH','CHE','Switzerland',1,0),(7,'GB','GBR','United Kingdom',1,0),(8,'IE','IRL','Irland',1,0),(9,'CN','CHN','China',1,0),(10,'TN','TUN','Tunisia',1,0),(11,'US','USA','United States',1,0),(12,'MA','MAR','Maroc',1,0),(13,'DZ','DZA','Algeria',1,0),(14,'CA','CAN','Canada',1,0),(15,'TG','TGO','Togo',1,0),(16,'GA','GAB','Gabon',1,0),(17,'NL','NLD','Nederland',1,0),(18,'HU','HUN','Hongrie',1,0),(19,'RU','RUS','Russia',1,0),(20,'SE','SWE','Sweden',1,0),(21,'CI','CIV','Côte d\'Ivoire',1,0),(22,'SN','SEN','Senegal',1,0),(23,'AR','ARG','Argentine',1,0),(24,'CM','CMR','Cameroun',1,0),(25,'PT','PRT','Portugal',1,0),(26,'SA','SAU','Saudi Arabia',1,0),(27,'MC','MCO','Monaco',1,0),(28,'AU','AUS','Australia',1,0),(29,'SG','SGP','Singapour',1,0),(30,'AF','AFG','Afghanistan',1,0),(31,'AX','ALA','Iles Aland',1,0),(32,'AL','ALB','Albanie',1,0),(33,'AS','ASM','Samoa américaines',1,0),(34,'AD','AND','Andorre',1,0),(35,'AO','AGO','Angola',1,0),(36,'AI','AIA','Anguilla',1,0),(37,'AQ','ATA','Antarctique',1,0),(38,'AG','ATG','Antigua-et-Barbuda',1,0),(39,'AM','ARM','Arménie',1,0),(40,'AW','ABW','Aruba',1,0),(41,'AT','AUT','Autriche',1,0),(42,'AZ','AZE','Azerbaïdjan',1,0),(43,'BS','BHS','Bahamas',1,0),(44,'BH','BHR','Bahreïn',1,0),(45,'BD','BGD','Bangladesh',1,0),(46,'BB','BRB','Barbade',1,0),(47,'BY','BLR','Biélorussie',1,0),(48,'BZ','BLZ','Belize',1,0),(49,'BJ','BEN','Bénin',1,0),(50,'BM','BMU','Bermudes',1,0),(51,'BT','BTN','Bhoutan',1,0),(52,'BO','BOL','Bolivie',1,0),(53,'BA','BIH','Bosnie-Herzégovine',1,0),(54,'BW','BWA','Botswana',1,0),(55,'BV','BVT','Ile Bouvet',1,0),(56,'BR','BRA','Brazil',1,0),(57,'IO','IOT','Territoire britannique de l\'Océan Indien',1,0),(58,'BN','BRN','Brunei',1,0),(59,'BG','BGR','Bulgarie',1,0),(60,'BF','BFA','Burkina Faso',1,0),(61,'BI','BDI','Burundi',1,0),(62,'KH','KHM','Cambodge',1,0),(63,'CV','CPV','Cap-Vert',1,0),(64,'KY','CYM','Iles Cayman',1,0),(65,'CF','CAF','République centrafricaine',1,0),(66,'TD','TCD','Tchad',1,0),(67,'CL','CHL','Chili',1,0),(68,'CX','CXR','Ile Christmas',1,0),(69,'CC','CCK','Iles des Cocos (Keeling)',1,0),(70,'CO','COL','Colombie',1,0),(71,'KM','COM','Comores',1,0),(72,'CG','COG','Congo',1,0),(73,'CD','COD','République démocratique du Congo',1,0),(74,'CK','COK','Iles Cook',1,0),(75,'CR','CRI','Costa Rica',1,0),(76,'HR','HRV','Croatie',1,0),(77,'CU','CUB','Cuba',1,0),(78,'CY','CYP','Cyprus',1,0),(79,'CZ','CZE','République Tchèque',1,0),(80,'DK','DNK','Danemark',1,0),(81,'DJ','DJI','Djibouti',1,0),(82,'DM','DMA','Dominique',1,0),(83,'DO','DOM','République Dominicaine',1,0),(84,'EC','ECU','Equateur',1,0),(85,'EG','EGY','Egypte',1,0),(86,'SV','SLV','Salvador',1,0),(87,'GQ','GNQ','Guinée Equatoriale',1,0),(88,'ER','ERI','Erythrée',1,0),(89,'EE','EST','Estonia',1,0),(90,'ET','ETH','Ethiopie',1,0),(91,'FK','FLK','Iles Falkland',1,0),(92,'FO','FRO','Iles Féroé',1,0),(93,'FJ','FJI','Iles Fidji',1,0),(94,'FI','FIN','Finlande',1,0),(95,'GF','GUF','Guyane française',1,0),(96,'PF','PYF','Polynésie française',1,0),(97,'TF','ATF','Terres australes françaises',1,0),(98,'GM','GMB','Gambie',1,0),(99,'GE','GEO','Georgia',1,0),(100,'GH','GHA','Ghana',1,0),(101,'GI','GIB','Gibraltar',1,0),(102,'GR','GRC','Greece',1,0),(103,'GL','GRL','Groenland',1,0),(104,'GD','GRD','Grenade',1,0),(106,'GU','GUM','Guam',1,0),(107,'GT','GTM','Guatemala',1,0),(108,'GN','GIN','Guinea',1,0),(109,'GW','GNB','Guinea-Bissao',1,0),(111,'HT','HTI','Haiti',1,0),(112,'HM','HMD','Iles Heard et McDonald',1,0),(113,'VA','VAT','Saint-Siège (Vatican)',1,0),(114,'HN','HND','Honduras',1,0),(115,'HK','HKG','Hong Kong',1,0),(116,'IS','ISL','Islande',1,0),(117,'IN','IND','India',1,0),(118,'ID','IDN','Indonésie',1,0),(119,'IR','IRN','Iran',1,0),(120,'IQ','IRQ','Iraq',1,0),(121,'IL','ISR','Israel',1,0),(122,'JM','JAM','Jamaïque',1,0),(123,'JP','JPN','Japon',1,0),(124,'JO','JOR','Jordanie',1,0),(125,'KZ','KAZ','Kazakhstan',1,0),(126,'KE','KEN','Kenya',1,0),(127,'KI','KIR','Kiribati',1,0),(128,'KP','PRK','North Corea',1,0),(129,'KR','KOR','South Corea',1,0),(130,'KW','KWT','Koweït',1,0),(131,'KG','KGZ','Kirghizistan',1,0),(132,'LA','LAO','Laos',1,0),(133,'LV','LVA','Lettonie',1,0),(134,'LB','LBN','Liban',1,0),(135,'LS','LSO','Lesotho',1,0),(136,'LR','LBR','Liberia',1,0),(137,'LY','LBY','Libye',1,0),(138,'LI','LIE','Liechtenstein',1,0),(139,'LT','LTU','Lituanie',1,0),(140,'LU','LUX','Luxembourg',1,0),(141,'MO','MAC','Macao',1,0),(142,'MK','MKD','ex-République yougoslave de Macédoine',1,0),(143,'MG','MDG','Madagascar',1,0),(144,'MW','MWI','Malawi',1,0),(145,'MY','MYS','Malaisie',1,0),(146,'MV','MDV','Maldives',1,0),(147,'ML','MLI','Mali',1,0),(148,'MT','MLT','Malte',1,0),(149,'MH','MHL','Iles Marshall',1,0),(151,'MR','MRT','Mauritanie',1,0),(152,'MU','MUS','Maurice',1,0),(153,'YT','MYT','Mayotte',1,0),(154,'MX','MEX','Mexique',1,0),(155,'FM','FSM','Micronésie',1,0),(156,'MD','MDA','Moldavie',1,0),(157,'MN','MNG','Mongolie',1,0),(158,'MS','MSR','Monserrat',1,0),(159,'MZ','MOZ','Mozambique',1,0),(160,'MM','MMR','Birmanie (Myanmar)',1,0),(161,'NA','NAM','Namibie',1,0),(162,'NR','NRU','Nauru',1,0),(163,'NP','NPL','Népal',1,0),(165,'NC','NCL','Nouvelle-Calédonie',1,0),(166,'NZ','NZL','Nouvelle-Zélande',1,0),(167,'NI','NIC','Nicaragua',1,0),(168,'NE','NER','Niger',1,0),(169,'NG','NGA','Nigeria',1,0),(170,'NU','NIU','Nioué',1,0),(171,'NF','NFK','Ile Norfolk',1,0),(172,'MP','MNP','Mariannes du Nord',1,0),(173,'NO','NOR','Norvège',1,0),(174,'OM','OMN','Oman',1,0),(175,'PK','PAK','Pakistan',1,0),(176,'PW','PLW','Palaos',1,0),(177,'PS','PSE','Territoire Palestinien Occupé',1,0),(178,'PA','PAN','Panama',1,0),(179,'PG','PNG','Papouasie-Nouvelle-Guinée',1,0),(180,'PY','PRY','Paraguay',1,0),(181,'PE','PER','Peru',1,0),(182,'PH','PHL','Philippines',1,0),(183,'PN','PCN','Iles Pitcairn',1,0),(184,'PL','POL','Pologne',1,0),(185,'PR','PRI','Porto Rico',1,0),(186,'QA','QAT','Qatar',1,0),(188,'RO','ROU','Roumanie',1,0),(189,'RW','RWA','Rwanda',1,0),(190,'SH','SHN','Sainte-Hélène',1,0),(191,'KN','KNA','Saint-Christophe-et-Niévès',1,0),(192,'LC','LCA','Sainte-Lucie',1,0),(193,'PM','SPM','Saint-Pierre-et-Miquelon',1,0),(194,'VC','VCT','Saint-Vincent-et-les-Grenadines',1,0),(195,'WS','WSM','Samoa',1,0),(196,'SM','SMR','Saint-Marin',1,0),(197,'ST','STP','Sao Tomé-et-Principe',1,0),(198,'RS','SRB','Serbie',1,0),(199,'SC','SYC','Seychelles',1,0),(200,'SL','SLE','Sierra Leone',1,0),(201,'SK','SVK','Slovaquie',1,0),(202,'SI','SVN','Slovénie',1,0),(203,'SB','SLB','Iles Salomon',1,0),(204,'SO','SOM','Somalie',1,0),(205,'ZA','ZAF','South Africa',1,0),(206,'GS','SGS','Iles Géorgie du Sud et Sandwich du Sud',1,0),(207,'LK','LKA','Sri Lanka',1,0),(208,'SD','SDN','Soudan',1,0),(209,'SR','SUR','Suriname',1,0),(210,'SJ','SJM','Iles Svalbard et Jan Mayen',1,0),(211,'SZ','SWZ','Swaziland',1,0),(212,'SY','SYR','Syrie',1,0),(213,'TW','TWN','Taïwan',1,0),(214,'TJ','TJK','Tadjikistan',1,0),(215,'TZ','TZA','Tanzanie',1,0),(216,'TH','THA','Thaïlande',1,0),(217,'TL','TLS','Timor Oriental',1,0),(218,'TK','TKL','Tokélaou',1,0),(219,'TO','TON','Tonga',1,0),(220,'TT','TTO','Trinité-et-Tobago',1,0),(221,'TR','TUR','Turquie',1,0),(222,'TM','TKM','Turkménistan',1,0),(223,'TC','TCA','Iles Turks-et-Caicos',1,0),(224,'TV','TUV','Tuvalu',1,0),(225,'UG','UGA','Ouganda',1,0),(226,'UA','UKR','Ukraine',1,0),(227,'AE','ARE','United Arab Emirates',1,0),(228,'UM','UMI','Iles mineures éloignées des États-Unis',1,0),(229,'UY','URY','Uruguay',1,0),(230,'UZ','UZB','Ouzbékistan',1,0),(231,'VU','VUT','Vanuatu',1,0),(232,'VE','VEN','Vénézuela',1,0),(233,'VN','VNM','Viêt Nam',1,0),(234,'VG','VGB','Iles Vierges britanniques',1,0),(235,'VI','VIR','Iles Vierges américaines',1,0),(236,'WF','WLF','Wallis-et-Futuna',1,0),(237,'EH','ESH','Sahara occidental',1,0),(238,'YE','YEM','Yémen',1,0),(239,'ZM','ZMB','Zambie',1,0),(240,'ZW','ZWE','Zimbabwe',1,0),(241,'GG','GGY','Guernesey',1,0),(242,'IM','IMN','Ile de Man',1,0),(243,'JE','JEY','Jersey',1,0),(244,'ME','MNE','Monténégro',1,0),(245,'BL','BLM','Saint-Barthélemy',1,0),(246,'MF','MAF','Saint-Martin',1,0),(300,'CW','CUW','Curaçao',1,0),(301,'SX','SXM','Sint Maarten',1,0);

--
